504
CDUS45 KTFX 222330
CLILWT


CLIMATE REPORT
NATIONAL WEATHER SERVICE GREAT FALLS MT
430 PM MST MON JAN 22 2018


...................................

...THE LEWISTOWN MT CLIMATE SUMMARY FOR JANUARY 22 2018...
VALID TODAY AS OF 0400 PM LOCAL TIME.

CLIMATE NORMAL PERIOD 1981 TO 2010
CLIMATE RECORD PERIOD 1896 TO 2018


WEATHER ITEM   OBSERVED TIME   RECORD YEAR NORMAL DEPARTURE LAST
                VALUE   (LST)  VALUE       VALUE  FROM      YEAR
                                                  NORMAL
..................................................................
TEMPERATURE (F)
 TODAY
  MAXIMUM         35    216 PM  73    1981  35      0       40
  MINIMUM         17    252 AM -28    1943  14      3       16
  AVERAGE         26                        24      2       28

PRECIPITATION (IN)
  TODAY            0.00          0.42 1989   0.01  -0.01     0.00
  MONTH TO DATE    0.41                      0.41   0.00     0.31
  SINCE OCT 1      2.41                      2.91  -0.50     4.71
  SINCE JAN 1      0.41                      0.41   0.00     0.31

DEGREE DAYS
 HEATING
  TODAY           39                        41     -2       37
  MONTH TO DATE  934                       914     20     1126
  SINCE DEC 1   2306                      2208     98     2673
  SINCE JUL 1   4280                      4336    -56     4399

 COOLING
  TODAY            0                         0      0        0
  MONTH TO DATE    0                         0      0        0
  SINCE DEC 1      0                         0      0        0
  SINCE JAN 1      0                         0      0        0
..................................................................


WIND (MPH)
  HIGHEST WIND SPEED    26   HIGHEST WIND DIRECTION    SW (240)
  HIGHEST GUST SPEED    32   HIGHEST GUST DIRECTION    SW (240)
  AVERAGE WIND SPEED    10.6


SKY COVER
  AVERAGE SKY COVER 0.3


WEATHER CONDITIONS
 THE FOLLOWING WEATHER WAS RECORDED TODAY.
  NO SIGNIFICANT WEATHER WAS OBSERVED.


RELATIVE HUMIDITY (PERCENT)
 HIGHEST    75
 LOWEST     53
 AVERAGE    64

..........................................................


THE LEWISTOWN MT CLIMATE NORMALS FOR TOMORROW
                         NORMAL    RECORD    YEAR
 MAXIMUM TEMPERATURE (F)   35        64      2005
 MINIMUM TEMPERATURE (F)   14       -38      1929


SUNRISE AND SUNSET
JANUARY 22 2018.......SUNRISE   754 AM MST   SUNSET   506 PM MST
JANUARY 23 2018.......SUNRISE   753 AM MST   SUNSET   507 PM MST


-  INDICATES NEGATIVE NUMBERS.
R  INDICATES RECORD WAS SET OR TIED.
MM INDICATES DATA IS MISSING.
T  INDICATES TRACE AMOUNT.




$$
