000
CDUS45 KTFX 121120
CLILWT


CLIMATE REPORT
NATIONAL WEATHER SERVICE GREAT FALLS MT
420 AM MST FRI FEB 12 2016


...................................

...THE LEWISTOWN MT CLIMATE SUMMARY FOR FEBRUARY 11 2016...

CLIMATE NORMAL PERIOD 1981 TO 2010
CLIMATE RECORD PERIOD 1896 TO 2016


WEATHER ITEM   OBSERVED TIME   RECORD YEAR NORMAL DEPARTURE LAST
                VALUE   (LST)  VALUE       VALUE  FROM      YEAR
                                                  NORMAL
..................................................................
TEMPERATURE (F)
 YESTERDAY
  MAXIMUM         51    219 PM  63    2005  36     15       32
  MINIMUM         34   1158 PM -33    1905  14     20       24
  AVERAGE         43                        25     18       28

PRECIPITATION (IN)
  YESTERDAY        0.00          0.38 1926   0.01  -0.01     0.01
  MONTH TO DATE    0.05                      0.17  -0.12     0.27
  SINCE OCT 1      2.80                      3.24  -0.44     3.39
  SINCE JAN 1      0.72                      0.74  -0.02     1.08

SNOWFALL (IN)
  YESTERDAY       MM
  SNOW DEPTH       0

DEGREE DAYS
 HEATING
  YESTERDAY       22                        40    -18       37
  MONTH TO DATE  364                       443    -79      329
  SINCE DEC 1   2728                      3020   -292     2637
  SINCE JUL 1   4485                      5148   -663     4554

 COOLING
  YESTERDAY        0                         0      0        0
  MONTH TO DATE    0                         0      0        0
  SINCE DEC 1      0                         0      0        0
  SINCE JAN 1      0                         0      0        0
..................................................................


WIND (MPH)
  HIGHEST WIND SPEED    28   HIGHEST WIND DIRECTION     W (270)
  HIGHEST GUST SPEED    35   HIGHEST GUST DIRECTION     W (270)
  AVERAGE WIND SPEED    12.5


SKY COVER
  AVERAGE SKY COVER 0.1


WEATHER CONDITIONS
 THE FOLLOWING WEATHER WAS RECORDED YESTERDAY.
  NO SIGNIFICANT WEATHER WAS OBSERVED.


RELATIVE HUMIDITY (PERCENT)
 HIGHEST    82          1000 PM
 LOWEST     35           100 PM
 AVERAGE    59

..........................................................


THE LEWISTOWN MT CLIMATE NORMALS FOR TODAY
                         NORMAL    RECORD    YEAR
 MAXIMUM TEMPERATURE (F)   36        60      1921
 MINIMUM TEMPERATURE (F)   14       -30      1905


SUNRISE AND SUNSET
FEBRUARY 12 2016......SUNRISE   728 AM MST   SUNSET   537 PM MST
FEBRUARY 13 2016......SUNRISE   726 AM MST   SUNSET   539 PM MST


-  INDICATES NEGATIVE NUMBERS.
R  INDICATES RECORD WAS SET OR TIED.
MM INDICATES DATA IS MISSING.
T  INDICATES TRACE AMOUNT.




$$
