000
CDUS45 KTFX 232230
CLILWT


CLIMATE REPORT
NATIONAL WEATHER SERVICE GREAT FALLS MT
430 PM MDT FRI JUN 23 2017


...................................

...THE LEWISTOWN MT CLIMATE SUMMARY FOR JUNE 23 2017...
VALID TODAY AS OF 0400 PM LOCAL TIME.

CLIMATE NORMAL PERIOD 1981 TO 2010
CLIMATE RECORD PERIOD 1896 TO 2017


WEATHER ITEM   OBSERVED TIME   RECORD YEAR NORMAL DEPARTURE LAST
                VALUE   (LST)  VALUE       VALUE  FROM      YEAR
                                                  NORMAL
..................................................................
TEMPERATURE (F)
 TODAY
  MAXIMUM         65    258 PM  97    1941  73     -8       93
  MINIMUM         35    352 AM  32    1905  47    -12       49
  AVERAGE         50                        60    -10       71

PRECIPITATION (IN)
  TODAY            0.00          1.60 1907   0.09  -0.09     0.00
  MONTH TO DATE    1.68                      2.49  -0.81     0.65
  SINCE OCT 1     11.89                     11.25   0.64    10.42
  SINCE JAN 1      7.49                      8.75  -1.26     8.34

DEGREE DAYS
 HEATING
  TODAY           15                         6      9        0
  MONTH TO DATE  142                       191    -49       75
  SINCE JUN 1    142                       191    -49       75
  SINCE JUL 1   7919                      8165   -246     6797

 COOLING
  TODAY            0                         1     -1        6
  MONTH TO DATE   19                         9     10       35
  SINCE JUN 1     19                         9     10       35
  SINCE JAN 1     20                        11      9       35
..................................................................


WIND (MPH)
  HIGHEST WIND SPEED    14   HIGHEST WIND DIRECTION     W (290)
  HIGHEST GUST SPEED    25   HIGHEST GUST DIRECTION    NW (310)
  AVERAGE WIND SPEED     6.5


SKY COVER
  AVERAGE SKY COVER 0.3


WEATHER CONDITIONS
 THE FOLLOWING WEATHER WAS RECORDED TODAY.
  NO SIGNIFICANT WEATHER WAS OBSERVED.


RELATIVE HUMIDITY (PERCENT)
 HIGHEST    89
 LOWEST     37
 AVERAGE    63

..........................................................


THE LEWISTOWN MT CLIMATE NORMALS FOR TOMORROW
                         NORMAL    RECORD    YEAR
 MAXIMUM TEMPERATURE (F)   74        93      1900
 MINIMUM TEMPERATURE (F)   47        33      1905


SUNRISE AND SUNSET
JUNE 23 2017..........SUNRISE   523 AM MDT   SUNSET   917 PM MDT
JUNE 24 2017..........SUNRISE   523 AM MDT   SUNSET   917 PM MDT


-  INDICATES NEGATIVE NUMBERS.
R  INDICATES RECORD WAS SET OR TIED.
MM INDICATES DATA IS MISSING.
T  INDICATES TRACE AMOUNT.




$$
