000
CDUS45 KTFX 062230
CLILWT


CLIMATE REPORT
NATIONAL WEATHER SERVICE GREAT FALLS MT
430 PM MDT FRI MAY 6 2016


...................................

...THE LEWISTOWN MT CLIMATE SUMMARY FOR MAY 6 2016...
VALID TODAY AS OF 0400 PM LOCAL TIME.

CLIMATE NORMAL PERIOD 1981 TO 2010
CLIMATE RECORD PERIOD 1896 TO 2016


WEATHER ITEM   OBSERVED TIME   RECORD YEAR NORMAL DEPARTURE LAST
                VALUE   (LST)  VALUE       VALUE  FROM      YEAR
                                                  NORMAL
..................................................................
TEMPERATURE (F)
 TODAY
  MAXIMUM         57   1241 AM  85    1966  60     -3       55
  MINIMUM         46    505 AM  11    1929  34     12       34
  AVERAGE         52                        47      5       45

PRECIPITATION (IN)
  TODAY            T             1.62 1936   0.07  -0.07     0.01
  MONTH TO DATE    T                         0.40  -0.40     0.15
  SINCE OCT 1      5.79                      6.31  -0.52     6.51
  SINCE JAN 1      3.71                      3.81  -0.10     4.20

DEGREE DAYS
 HEATING
  TODAY           13                        18     -5       20
  MONTH TO DATE   50                       112    -62       70
  SINCE MAR 1   1394                      1815   -421     1397
  SINCE JUL 1   6352                      7619  -1267     6595

 COOLING
  TODAY            0                         0      0        0
  MONTH TO DATE    0                         0      0        0
  SINCE MAR 1      0                         0      0        0
  SINCE JAN 1      0                         0      0        0
..................................................................


WIND (MPH)
  HIGHEST WIND SPEED    17   HIGHEST WIND DIRECTION     W (260)
  HIGHEST GUST SPEED    25   HIGHEST GUST DIRECTION     N (10)
  AVERAGE WIND SPEED     5.9


SKY COVER
  AVERAGE SKY COVER 0.9


WEATHER CONDITIONS
 THE FOLLOWING WEATHER WAS RECORDED TODAY.
  LIGHT RAIN
  FOG


RELATIVE HUMIDITY (PERCENT)
 HIGHEST    93
 LOWEST     66
 AVERAGE    80

..........................................................


THE LEWISTOWN MT CLIMATE NORMALS FOR TOMORROW
                         NORMAL    RECORD    YEAR
 MAXIMUM TEMPERATURE (F)   60        89      1908
 MINIMUM TEMPERATURE (F)   35        21      1914


SUNRISE AND SUNSET
MAY  6 2016...........SUNRISE   554 AM MDT   SUNSET   836 PM MDT
MAY  7 2016...........SUNRISE   552 AM MDT   SUNSET   837 PM MDT


-  INDICATES NEGATIVE NUMBERS.
R  INDICATES RECORD WAS SET OR TIED.
MM INDICATES DATA IS MISSING.
T  INDICATES TRACE AMOUNT.




$$
