000
CDUS45 KTFX 260751
CLILWT


CLIMATE REPORT
NATIONAL WEATHER SERVICE GREAT FALLS MT
151 AM MDT THU MAY 26 2016


...................................

...THE LEWISTOWN MT CLIMATE SUMMARY FOR MAY 25 2016...

CLIMATE NORMAL PERIOD 1981 TO 2010
CLIMATE RECORD PERIOD 1896 TO 2016


WEATHER ITEM   OBSERVED TIME   RECORD YEAR NORMAL DEPARTURE LAST
                VALUE   (LST)  VALUE       VALUE  FROM      YEAR
                                                  NORMAL
..................................................................
TEMPERATURE (F)
 YESTERDAY
  MAXIMUM         64    256 PM  92    1928  65     -1       71
  MINIMUM         36    317 AM  26    2004  40     -4       44
  AVERAGE         50                        53     -3       58

PRECIPITATION (IN)
  YESTERDAY        0.21          1.67 1980   0.11   0.10     0.00
  MONTH TO DATE    3.06                      2.17   0.89     2.15
  SINCE OCT 1      8.85                      8.08   0.77     8.51
  SINCE JAN 1      6.77                      5.58   1.19     6.20

SNOWFALL (IN)
  YESTERDAY       MM
  SNOW DEPTH       0

DEGREE DAYS
 HEATING
  YESTERDAY       15                        12      3        7
  MONTH TO DATE  342                       397    -55      410
  SINCE MAR 1   1686                      2100   -414     1737
  SINCE JUL 1   6644                      7904  -1260     6935

 COOLING
  YESTERDAY        0                         0      0        0
  MONTH TO DATE    0                         0      0        0
  SINCE MAR 1      0                         0      0        0
  SINCE JAN 1      0                         0      0        0
..................................................................


WIND (MPH)
  HIGHEST WIND SPEED    24   HIGHEST WIND DIRECTION    NW (310)
  HIGHEST GUST SPEED    34   HIGHEST GUST DIRECTION    NW (310)
  AVERAGE WIND SPEED     5.5


SKY COVER
  AVERAGE SKY COVER 0.3


WEATHER CONDITIONS
 THE FOLLOWING WEATHER WAS RECORDED YESTERDAY.
  THUNDERSTORM
  HEAVY RAIN
  RAIN
  LIGHT RAIN


RELATIVE HUMIDITY (PERCENT)
 HIGHEST    85          1200 AM
 LOWEST     36          1200 PM
 AVERAGE    61

..........................................................


THE LEWISTOWN MT CLIMATE NORMALS FOR TODAY
                         NORMAL    RECORD    YEAR
 MAXIMUM TEMPERATURE (F)   65        90      1936
 MINIMUM TEMPERATURE (F)   41        26      1975


SUNRISE AND SUNSET
MAY 26 2016...........SUNRISE   530 AM MDT   SUNSET   900 PM MDT
MAY 27 2016...........SUNRISE   530 AM MDT   SUNSET   901 PM MDT


-  INDICATES NEGATIVE NUMBERS.
R  INDICATES RECORD WAS SET OR TIED.
MM INDICATES DATA IS MISSING.
T  INDICATES TRACE AMOUNT.




$$
