000
CDUS45 KTFX 012227
CLILWT


CLIMATE REPORT
NATIONAL WEATHER SERVICE GREAT FALLS MT
426 PM MDT WED JUL 1 2015


...................................

...THE LEWISTOWN MT CLIMATE SUMMARY FOR JULY 1 2015...
VALID TODAY AS OF 0400 PM LOCAL TIME.

CLIMATE NORMAL PERIOD 1981 TO 2010
CLIMATE RECORD PERIOD 1896 TO 2015


WEATHER ITEM   OBSERVED TIME   RECORD YEAR NORMAL DEPARTURE LAST
                VALUE   (LST)  VALUE       VALUE  FROM      YEAR
                                                  NORMAL
..................................................................
TEMPERATURE (F)
 TODAY
  MAXIMUM         87    242 PM  95    1990  76     11       74
  MINIMUM         55    423 AM  34    1901  48      7       47
  AVERAGE         71                        62      9       61

PRECIPITATION (IN)
  TODAY            0.00          0.74 1997   0.07  -0.07     0.00
  MONTH TO DATE    0.00                      0.07  -0.07     0.00
  SINCE OCT 1     10.61                     11.91  -1.30    10.18
  SINCE JAN 1      8.30                      9.41  -1.11     8.10

SNOWFALL (IN)
  TODAY            0.0
  SNOW DEPTH       0

DEGREE DAYS
 HEATING
  TODAY            0                         4     -4        4
  MONTH TO DATE    0                         4     -4        4
  SINCE JUN 1     86                       231   -145      290
  SINCE JUL 1      0                         4     -4        4

 COOLING
  TODAY            6                         2      4        0
  MONTH TO DATE    6                         2      4        0
  SINCE JUN 1     81                        22     59        1
  SINCE JAN 1     81                        24     57        1
..................................................................


WIND (MPH)
  HIGHEST WIND SPEED    13   HIGHEST WIND DIRECTION    NW (300)
  HIGHEST GUST SPEED    18   HIGHEST GUST DIRECTION    NW (320)
  AVERAGE WIND SPEED     5.3


SKY COVER
  AVERAGE SKY COVER 0.1


WEATHER CONDITIONS
 THE FOLLOWING WEATHER WAS RECORDED TODAY.
  NO SIGNIFICANT WEATHER WAS OBSERVED.


RELATIVE HUMIDITY (PERCENT)
 HIGHEST    83
 LOWEST     26
 AVERAGE    55

..........................................................


THE LEWISTOWN MT CLIMATE NORMALS FOR TOMORROW
                         NORMAL    RECORD    YEAR
 MAXIMUM TEMPERATURE (F)   77       102      1908
 MINIMUM TEMPERATURE (F)   48        34      1915


SUNRISE AND SUNSET
JULY  1 2015..........SUNRISE   527 AM MDT   SUNSET   917 PM MDT
JULY  2 2015..........SUNRISE   527 AM MDT   SUNSET   916 PM MDT


-  INDICATES NEGATIVE NUMBERS.
R  INDICATES RECORD WAS SET OR TIED.
MM INDICATES DATA IS MISSING.
T  INDICATES TRACE AMOUNT.




$$
