000
CDUS45 KTFX 240837
CLILWT


CLIMATE REPORT
NATIONAL WEATHER SERVICE GREAT FALLS MT
237 AM MDT TUE OCT 24 2017


...................................

...THE LEWISTOWN MT CLIMATE SUMMARY FOR OCTOBER 23 2017...

CLIMATE NORMAL PERIOD 1981 TO 2010
CLIMATE RECORD PERIOD 1896 TO 2017


WEATHER ITEM   OBSERVED TIME   RECORD YEAR NORMAL DEPARTURE LAST
                VALUE   (LST)  VALUE       VALUE  FROM      YEAR
                                                  NORMAL
..................................................................
TEMPERATURE (F)
 YESTERDAY
  MAXIMUM         53    251 PM  81    1903  54     -1       62
  MINIMUM         29   1110 PM   3    1957  29      0       31
  AVERAGE         41                        41      0       47

PRECIPITATION (IN)
  YESTERDAY        0.00          0.68 1983   0.03  -0.03     0.00
  MONTH TO DATE    0.45                      0.90  -0.45     3.06
  SINCE OCT 1      0.45                      0.90  -0.45     3.06
  SINCE JAN 1     11.06                     15.25  -4.19    19.09

SNOWFALL (IN)
  YESTERDAY       MM
  SNOW DEPTH       0

DEGREE DAYS
 HEATING
  YESTERDAY       24                        24      0       18
  MONTH TO DATE  457                       459     -2      490
  SINCE SEP 1    769                       778     -9      804
  SINCE JUL 1    807                       936   -129      915

 COOLING
  YESTERDAY        0                         0      0        0
  MONTH TO DATE    0                         0      0        0
  SINCE SEP 1     33                        14     19       14
  SINCE JAN 1    375                       210    165      259
..................................................................


WIND (MPH)
  HIGHEST WIND SPEED    28   HIGHEST WIND DIRECTION    NW (300)
  HIGHEST GUST SPEED    36   HIGHEST GUST DIRECTION    NW (300)
  AVERAGE WIND SPEED    10.4


SKY COVER
  AVERAGE SKY COVER 0.1


WEATHER CONDITIONS
 THE FOLLOWING WEATHER WAS RECORDED YESTERDAY.
  NO SIGNIFICANT WEATHER WAS OBSERVED.


RELATIVE HUMIDITY (PERCENT)
 HIGHEST    69          1100 PM
 LOWEST     26           400 PM
 AVERAGE    48

..........................................................


THE LEWISTOWN MT CLIMATE NORMALS FOR TODAY
                         NORMAL    RECORD    YEAR
 MAXIMUM TEMPERATURE (F)   54        82      2007
 MINIMUM TEMPERATURE (F)   28        -1      1919


SUNRISE AND SUNSET
OCTOBER 24 2017.......SUNRISE   749 AM MDT   SUNSET   614 PM MDT
OCTOBER 25 2017.......SUNRISE   751 AM MDT   SUNSET   612 PM MDT


-  INDICATES NEGATIVE NUMBERS.
R  INDICATES RECORD WAS SET OR TIED.
MM INDICATES DATA IS MISSING.
T  INDICATES TRACE AMOUNT.




$$
