000
CDUS45 KTFX 281011
CLILWT


CLIMATE REPORT
NATIONAL WEATHER SERVICE GREAT FALLS MT
310 AM MST WED JAN 28 2015


...................................

...THE LEWISTOWN MT CLIMATE SUMMARY FOR JANUARY 27 2015...

CLIMATE NORMAL PERIOD 1981 TO 2010
CLIMATE RECORD PERIOD 1896 TO 2015


WEATHER ITEM   OBSERVED TIME   RECORD YEAR NORMAL DEPARTURE LAST
                VALUE   (LST)  VALUE       VALUE  FROM      YEAR
                                                  NORMAL
..................................................................
TEMPERATURE (F)
 YESTERDAY
  MAXIMUM         61R   129 PM  60    1906  35     26       14
  MINIMUM         39    846 PM -41    1916  14     25       -4
  AVERAGE         50                        24     26        5

PRECIPITATION (IN)
  YESTERDAY        0.00          0.30 1950   0.01  -0.01     0.00
  MONTH TO DATE    0.59                      0.50   0.09     0.64
  SINCE OCT 1      2.78                      3.00  -0.22     2.72
  SINCE JAN 1      0.59                      0.50   0.09     0.64

SNOWFALL (IN)
  YESTERDAY       MM
  SNOW DEPTH       0

DEGREE DAYS
 HEATING
  YESTERDAY       15                        41    -26       60
  MONTH TO DATE 1074                      1119    -45     1013
  SINCE DEC 1   2174                      2413   -239     2428
  SINCE JUL 1   4091                      4541   -450     4406

 COOLING
  YESTERDAY        0                         0      0        0
  MONTH TO DATE    0                         0      0        0
  SINCE DEC 1      0                         0      0        0
  SINCE JAN 1      0                         0      0        0
..................................................................


WIND (MPH)
  HIGHEST WIND SPEED    22   HIGHEST WIND DIRECTION    SW (240)
  HIGHEST GUST SPEED    24   HIGHEST GUST DIRECTION    SW (240)
  AVERAGE WIND SPEED     8.9


SKY COVER
  AVERAGE SKY COVER 0.0


WEATHER CONDITIONS
 THE FOLLOWING WEATHER WAS RECORDED YESTERDAY.
  NO SIGNIFICANT WEATHER WAS OBSERVED.


RELATIVE HUMIDITY (PERCENT)
 HIGHEST    62           700 PM
 LOWEST     36          1200 PM
 AVERAGE    49

..........................................................


THE LEWISTOWN MT CLIMATE NORMALS FOR TODAY
                         NORMAL    RECORD    YEAR
 MAXIMUM TEMPERATURE (F)   35        66      1941
 MINIMUM TEMPERATURE (F)   14       -46      1929


SUNRISE AND SUNSET
JANUARY 28 2015.......SUNRISE   748 AM MST   SUNSET   514 PM MST
JANUARY 29 2015.......SUNRISE   747 AM MST   SUNSET   516 PM MST


-  INDICATES NEGATIVE NUMBERS.
R  INDICATES RECORD WAS SET OR TIED.
MM INDICATES DATA IS MISSING.
T  INDICATES TRACE AMOUNT.




$$
