000
CDUS43 KILX 212154
CLILWV


CLIMATE REPORT
NATIONAL WEATHER SERVICE LINCOLN IL
444 PM CDT THU AUG 21 2014


...................................

...THE LAWRENCEVILLE IL AIRPORT CLIMATE SUMMARY FOR AUGUST 21 2014...
VALID TODAY AS OF 0400 PM LOCAL TIME.

CLIMATE NORMAL PERIOD 1981 TO 2010
CLIMATE RECORD PERIOD 9999 TO 9999


WEATHER ITEM   OBSERVED TIME   RECORD YEAR NORMAL DEPARTURE LAST
                VALUE   (LST)  VALUE       VALUE  FROM      YEAR
                                                  NORMAL
..................................................................
TEMPERATURE (F)
 TODAY
  MAXIMUM         90    218 PM  MM      MM  88      2       90
  MINIMUM         70    230 AM  MM      MM  65      5       64
  AVERAGE         80                        76      4       77

PRECIPITATION (IN)
  TODAY            T            MM      MM   0.12  -0.12     0.00
  MONTH TO DATE    4.22                      2.25   1.97     0.79
  SINCE JUN 1     12.65                     10.65   2.00    15.69
  SINCE JAN 1     28.26                     28.21   0.05    40.72

DEGREE DAYS
 HEATING
  TODAY            0                         0      0        0
  MONTH TO DATE    0                         0      0        4
  SINCE JUN 1      0                         7     -7        8
  SINCE JUL 1      0                         0      0        5

 COOLING
  TODAY           15                        11      4       12
  MONTH TO DATE  179                       249    -70      170
  SINCE JUN 1    726                       937   -211      735
  SINCE JAN 1    917                      1076   -159      903
..................................................................


WIND (MPH)
  HIGHEST WIND SPEED    14   HIGHEST WIND DIRECTION    SW (210)
  HIGHEST GUST SPEED    24   HIGHEST GUST DIRECTION    SW (220)
  AVERAGE WIND SPEED     8.5


SKY COVER
  POSSIBLE SUNSHINE  MM
  AVERAGE SKY COVER 0.3


WEATHER CONDITIONS
 THE FOLLOWING WEATHER WAS RECORDED TODAY.
  THUNDERSTORM
  LIGHT RAIN


RELATIVE HUMIDITY (PERCENT)
 HIGHEST    93          1200 AM
 LOWEST     64           300 PM
 AVERAGE    79

..........................................................


THE LAWRENCEVILLE IL AIRPORT CLIMATE NORMALS FOR TOMORROW
                         NORMAL    RECORD    YEAR
 MAXIMUM TEMPERATURE (F)   88        MM        MM
 MINIMUM TEMPERATURE (F)   65        MM        MM


SUNRISE AND SUNSET
AUGUST 21 2014........SUNRISE   610 AM CDT   SUNSET   737 PM CDT
AUGUST 22 2014........SUNRISE   610 AM CDT   SUNSET   735 PM CDT


-  INDICATES NEGATIVE NUMBERS.
R  INDICATES RECORD WAS SET OR TIED.
MM INDICATES DATA IS MISSING.
T  INDICATES TRACE AMOUNT.




$$
