000
CDUS43 KILX 250638
CLILWV


CLIMATE REPORT
NATIONAL WEATHER SERVICE LINCOLN IL
138 AM CDT TUE APR 25 2017


...................................

...THE LAWRENCEVILLE IL AIRPORT CLIMATE SUMMARY FOR APRIL 24 2017...

CLIMATE NORMAL PERIOD 1981 TO 2010
CLIMATE RECORD PERIOD 9999 TO 9999


WEATHER ITEM   OBSERVED TIME   RECORD YEAR NORMAL DEPARTURE LAST
                VALUE   (LST)  VALUE       VALUE  FROM      YEAR
                                                  NORMAL
..................................................................
TEMPERATURE (F)
 YESTERDAY
  MAXIMUM         78    403 PM  MM      MM  70      8       77
  MINIMUM         46    529 AM  MM      MM  49     -3       43
  AVERAGE         62                        59      3       60

PRECIPITATION (IN)
  YESTERDAY        0.00         MM      MM   0.18  -0.18     0.00
  MONTH TO DATE    1.89                      2.97  -1.08     3.42
  SINCE MAR 1      4.72                      6.40  -1.68     7.58
  SINCE JAN 1      8.87                     10.79  -1.92    11.82

DEGREE DAYS
 HEATING
  YESTERDAY        3                         7     -4        5
  MONTH TO DATE  150                       260   -110      274
  SINCE MAR 1    715                       882   -167      717
  SINCE JUL 1   3770                      4557   -787     3944

 COOLING
  YESTERDAY        0                         1     -1        0
  MONTH TO DATE   31                        18     13        9
  SINCE MAR 1     33                        20     13        9
  SINCE JAN 1     33                        20     13        9
..................................................................


WIND (MPH)
  HIGHEST WIND SPEED    20   HIGHEST WIND DIRECTION     E (80)
  HIGHEST GUST SPEED    24   HIGHEST GUST DIRECTION     E (80)
  AVERAGE WIND SPEED     8.5


SKY COVER
  POSSIBLE SUNSHINE  MM
  AVERAGE SKY COVER 0.0


WEATHER CONDITIONS
 THE FOLLOWING WEATHER WAS RECORDED YESTERDAY.
  HAZE


RELATIVE HUMIDITY (PERCENT)
 HIGHEST    72          1100 PM
 LOWEST     18           200 PM
 AVERAGE    45

..........................................................


THE LAWRENCEVILLE IL AIRPORT CLIMATE NORMALS FOR TODAY
                         NORMAL    RECORD    YEAR
 MAXIMUM TEMPERATURE (F)   70        MM        MM
 MINIMUM TEMPERATURE (F)   49        MM        MM


SUNRISE AND SUNSET
APRIL 25 2017.........SUNRISE   600 AM CDT   SUNSET   737 PM CDT
APRIL 26 2017.........SUNRISE   559 AM CDT   SUNSET   738 PM CDT


-  INDICATES NEGATIVE NUMBERS.
R  INDICATES RECORD WAS SET OR TIED.
MM INDICATES DATA IS MISSING.
T  INDICATES TRACE AMOUNT.




$$
