000
CDUS43 KILX 280700
CLILWV


CLIMATE REPORT
NATIONAL WEATHER SERVICE LINCOLN IL
1258 AM CST TUE FEB 28 2017


...................................

...THE LAWRENCEVILLE IL AIRPORT CLIMATE SUMMARY FOR FEBRUARY 27 2017...

CLIMATE NORMAL PERIOD 1981 TO 2010
CLIMATE RECORD PERIOD 9999 TO 9999


WEATHER ITEM   OBSERVED TIME   RECORD YEAR NORMAL DEPARTURE LAST
                VALUE   (LST)  VALUE       VALUE  FROM      YEAR
                                                  NORMAL
..................................................................
TEMPERATURE (F)
 YESTERDAY
  MAXIMUM         57    219 PM  MM      MM  48      9       57
  MINIMUM         42    441 AM  MM      MM  30     12       26
  AVERAGE         50                        39     11       42

PRECIPITATION (IN)
  YESTERDAY        0.00         MM      MM   0.06  -0.06     0.00
  MONTH TO DATE    0.46                      1.95  -1.49     3.12
  SINCE DEC 1      5.57                      7.72  -2.15     9.12
  SINCE JAN 1      3.90                      4.33  -0.43     4.18

DEGREE DAYS
 HEATING
  YESTERDAY       15                        26    -11       23
  MONTH TO DATE  562                       800   -238      788
  SINCE DEC 1   2427                      2793   -366     2498
  SINCE JUL 1   3049                      3651   -602     3195

 COOLING
  YESTERDAY        0                         0      0        0
  MONTH TO DATE    0                         0      0        0
  SINCE DEC 1      0                         0      0        0
  SINCE JAN 1      0                         0      0        0
..................................................................


WIND (MPH)
  HIGHEST WIND SPEED    18   HIGHEST WIND DIRECTION     S (170)
  HIGHEST GUST SPEED    22   HIGHEST GUST DIRECTION     S (170)
  AVERAGE WIND SPEED     8.9


SKY COVER
  POSSIBLE SUNSHINE  MM
  AVERAGE SKY COVER 0.7


WEATHER CONDITIONS
 THE FOLLOWING WEATHER WAS RECORDED YESTERDAY.
  NO SIGNIFICANT WEATHER WAS OBSERVED.


RELATIVE HUMIDITY (PERCENT)
 HIGHEST    86           700 PM
 LOWEST     62          1200 AM
 AVERAGE    74

..........................................................


THE LAWRENCEVILLE IL AIRPORT CLIMATE NORMALS FOR TODAY
                         NORMAL    RECORD    YEAR
 MAXIMUM TEMPERATURE (F)   49        MM        MM
 MINIMUM TEMPERATURE (F)   30        MM        MM


SUNRISE AND SUNSET
FEBRUARY 28 2017......SUNRISE   624 AM CST   SUNSET   542 PM CST
MARCH  1 2017.........SUNRISE   622 AM CST   SUNSET   544 PM CST


-  INDICATES NEGATIVE NUMBERS.
R  INDICATES RECORD WAS SET OR TIED.
MM INDICATES DATA IS MISSING.
T  INDICATES TRACE AMOUNT.




$$
