000
CDUS43 KILX 252139
CLILWV


CLIMATE REPORT
NATIONAL WEATHER SERVICE LINCOLN IL
428 PM CDT MON SEP 25 2017


...................................

...THE LAWRENCEVILLE IL AIRPORT CLIMATE SUMMARY FOR SEPTEMBER 25 2017...
VALID TODAY AS OF 0400 PM LOCAL TIME.

CLIMATE NORMAL PERIOD 1981 TO 2010
CLIMATE RECORD PERIOD 9999 TO 9999


WEATHER ITEM   OBSERVED TIME   RECORD YEAR NORMAL DEPARTURE LAST
                VALUE   (LST)  VALUE       VALUE  FROM      YEAR
                                                  NORMAL
..................................................................
TEMPERATURE (F)
 TODAY
  MAXIMUM         93    230 PM  MM      MM  78     15       91
  MINIMUM         65    616 AM  MM      MM  53     12       65
  AVERAGE         79                        66     13       78

PRECIPITATION (IN)
  TODAY            0.00         MM      MM   0.09  -0.09     0.00
  MONTH TO DATE    0.75                      2.57  -1.82     2.22
  SINCE SEP 1      0.75                      2.57  -1.82     2.22
  SINCE JAN 1     25.11                     31.92  -6.81    34.48

DEGREE DAYS
 HEATING
  TODAY            0                         3     -3        0
  MONTH TO DATE   10                        19     -9        0
  SINCE SEP 1     10                        19     -9        0
  SINCE JUL 1     10                        20    -10        0

 COOLING
  TODAY           14                         3     11       13
  MONTH TO DATE  183                       156     27      241
  SINCE SEP 1    183                       156     27      241
  SINCE JAN 1   1326                      1339    -13     1532
..................................................................


WIND (MPH)
  HIGHEST WIND SPEED    10   HIGHEST WIND DIRECTION     S (180)
  HIGHEST GUST SPEED    15   HIGHEST GUST DIRECTION    SE (150)
  AVERAGE WIND SPEED     2.5


SKY COVER
  POSSIBLE SUNSHINE  MM
  AVERAGE SKY COVER 0.1


WEATHER CONDITIONS
 THE FOLLOWING WEATHER WAS RECORDED TODAY.
  NO SIGNIFICANT WEATHER WAS OBSERVED.


RELATIVE HUMIDITY (PERCENT)
 HIGHEST    93           300 AM
 LOWEST     38           200 PM
 AVERAGE    66

..........................................................


THE LAWRENCEVILLE IL AIRPORT CLIMATE NORMALS FOR TOMORROW
                         NORMAL    RECORD    YEAR
 MAXIMUM TEMPERATURE (F)   78        MM        MM
 MINIMUM TEMPERATURE (F)   53        MM        MM


SUNRISE AND SUNSET
SEPTEMBER 25 2017.....SUNRISE   641 AM CDT   SUNSET   642 PM CDT
SEPTEMBER 26 2017.....SUNRISE   642 AM CDT   SUNSET   641 PM CDT


-  INDICATES NEGATIVE NUMBERS.
R  INDICATES RECORD WAS SET OR TIED.
MM INDICATES DATA IS MISSING.
T  INDICATES TRACE AMOUNT.




$$
