000
CDUS43 KILX 250650
CLILWV


CLIMATE REPORT
NATIONAL WEATHER SERVICE LINCOLN IL
1249 AM CST SUN FEB 25 2018


...................................

...THE LAWRENCEVILLE IL AIRPORT CLIMATE SUMMARY FOR FEBRUARY 24 2018...

CLIMATE NORMAL PERIOD 1981 TO 2010
CLIMATE RECORD PERIOD 9999 TO 9999


WEATHER ITEM   OBSERVED TIME   RECORD YEAR NORMAL DEPARTURE LAST
                VALUE   (LST)  VALUE       VALUE  FROM      YEAR
                                                  NORMAL
..................................................................
TEMPERATURE (F)
 YESTERDAY
  MAXIMUM         61   1146 PM  MM      MM  47     14       72
  MINIMUM         45    617 AM  MM      MM  29     16       43
  AVERAGE         53                        38     15       58

PRECIPITATION (IN)
  YESTERDAY        1.80         MM      MM   0.06   1.74     0.15
  MONTH TO DATE    5.27                      1.77   3.50     0.46
  SINCE DEC 1      8.66                      7.54   1.12     5.57
  SINCE JAN 1      7.62                      4.15   3.47     3.90

DEGREE DAYS
 HEATING
  YESTERDAY       12                        27    -15        7
  MONTH TO DATE  635                       722    -87      488
  SINCE DEC 1   2780                      2715     65     2353
  SINCE JUL 1   3549                      3573    -24     2975

 COOLING
  YESTERDAY        0                         0      0        0
  MONTH TO DATE    1                         0      1        0
  SINCE DEC 1      1                         0      1        0
  SINCE JAN 1      1                         0      1        0
..................................................................


WIND (MPH)
  HIGHEST WIND SPEED    32   HIGHEST WIND DIRECTION     W (250)
  HIGHEST GUST SPEED    41   HIGHEST GUST DIRECTION     W (250)
  AVERAGE WIND SPEED    11.8


SKY COVER
  POSSIBLE SUNSHINE  MM
  AVERAGE SKY COVER 0.9


WEATHER CONDITIONS
 THE FOLLOWING WEATHER WAS RECORDED YESTERDAY.
  HEAVY RAIN
  RAIN
  LIGHT RAIN
  FOG


RELATIVE HUMIDITY (PERCENT)
 HIGHEST   100           400 AM
 LOWEST     86           200 PM
 AVERAGE    93

..........................................................


THE LAWRENCEVILLE IL AIRPORT CLIMATE NORMALS FOR TODAY
                         NORMAL    RECORD    YEAR
 MAXIMUM TEMPERATURE (F)   48        MM        MM
 MINIMUM TEMPERATURE (F)   30        MM        MM


SUNRISE AND SUNSET
FEBRUARY 25 2018......SUNRISE   628 AM CST   SUNSET   539 PM CST
FEBRUARY 26 2018......SUNRISE   627 AM CST   SUNSET   540 PM CST


-  INDICATES NEGATIVE NUMBERS.
R  INDICATES RECORD WAS SET OR TIED.
MM INDICATES DATA IS MISSING.
T  INDICATES TRACE AMOUNT.




$$
