000
CDUS41 KRNK 020703
CLILYH


CLIMATE REPORT
NATIONAL WEATHER SERVICE BLACKSBURG VA
301 AM EDT THU JUL 2 2015


...................................

...THE LYNCHBURG VA CLIMATE SUMMARY FOR JULY 1 2015...

CLIMATE NORMAL PERIOD 1981 TO 2010
CLIMATE RECORD PERIOD 1893 TO 2015


WEATHER ITEM   OBSERVED TIME   RECORD YEAR NORMAL DEPARTURE LAST
                VALUE   (LST)  VALUE       VALUE  FROM      YEAR
                                                  NORMAL
..................................................................
TEMPERATURE (F)
 YESTERDAY
  MAXIMUM         84    409 PM  98    1970  86     -2       91
                                      1931
  MINIMUM         59    523 AM  53    1980  63     -4       68
                                      1919
                                      1899
  AVERAGE         72                        75     -3       80

PRECIPITATION (IN)
  YESTERDAY        0.00          2.21 1897   0.12  -0.12     0.00
  MONTH TO DATE    0.00                      0.12  -0.12     0.00
  SINCE JUN 1      5.59                      3.74   1.85     2.40
  SINCE JAN 1     18.97                     20.43  -1.46    23.42

SNOWFALL (IN)
  YESTERDAY        0.0                                       0.0
  MONTH TO DATE    0.0                                       0.0
  SINCE JUN 1      0.0                                       0.0
  SINCE JUL 1      0.0                                       0.0
  SNOW DEPTH       0

DEGREE DAYS
 HEATING
  YESTERDAY        0                         0      0        0
  MONTH TO DATE    0                         0      0        0
  SINCE JUN 1     13                        14     -1        1
  SINCE JUL 1      0                         0      0        0

 COOLING
  YESTERDAY        7                        10     -3       15
  MONTH TO DATE    7                        10     -3       15
  SINCE JUN 1    285                       224     61      270
  SINCE JAN 1    433                       306    127      384
..................................................................


WIND (MPH)
  HIGHEST WIND SPEED    13   HIGHEST WIND DIRECTION     S (200)
  HIGHEST GUST SPEED    18   HIGHEST GUST DIRECTION     W (290)
  AVERAGE WIND SPEED     4.2


SKY COVER
  AVERAGE SKY COVER 0.1


WEATHER CONDITIONS
 THE FOLLOWING WEATHER WAS RECORDED YESTERDAY.
  FOG


RELATIVE HUMIDITY (PERCENT)
 HIGHEST   100           100 AM
 LOWEST     51           200 PM
 AVERAGE    76

..........................................................


THE LYNCHBURG VA CLIMATE NORMALS FOR TODAY
                         NORMAL    RECORD    YEAR
 MAXIMUM TEMPERATURE (F)   86        99      1898
 MINIMUM TEMPERATURE (F)   64        49      1988


SUNRISE AND SUNSET
JULY  2 2015..........SUNRISE   600 AM EDT   SUNSET   841 PM EDT
JULY  3 2015..........SUNRISE   601 AM EDT   SUNSET   841 PM EDT


-  INDICATES NEGATIVE NUMBERS.
R  INDICATES RECORD WAS SET OR TIED.
MM INDICATES DATA IS MISSING.
T  INDICATES TRACE AMOUNT.

$$

RAB
