000
CDUS41 KRNK 172216
CLILYH


CLIMATE REPORT
NATIONAL WEATHER SERVICE BLACKSBURG VA
515 PM EST SAT FEB 17 2018


...................................

...THE LYNCHBURG VA CLIMATE SUMMARY FOR FEBRUARY 17 2018...
VALID TODAY AS OF 0500 PM LOCAL TIME.

CLIMATE NORMAL PERIOD 1981 TO 2010
CLIMATE RECORD PERIOD 1893 TO 2018


WEATHER ITEM   OBSERVED TIME   RECORD YEAR NORMAL DEPARTURE LAST
                VALUE   (LST)  VALUE       VALUE  FROM      YEAR
                                                  NORMAL
..................................................................
TEMPERATURE (F)
 TODAY
  MAXIMUM         45   1239 AM  74    1927  50     -5       65
  MINIMUM         34    259 PM   2    1958  27      7       28
  AVERAGE         40                        38      2       47

PRECIPITATION (IN)
  TODAY            0.10          1.36 1910   0.10   0.00     0.00
  MONTH TO DATE    5.45                      1.78   3.67     0.33
  SINCE DEC 1      9.08                      8.16   0.92     7.21
  SINCE JAN 1      8.39                      4.92   3.47     4.11

SNOWFALL (IN)
  TODAY            0.0                                       0.0
  MONTH TO DATE    0.2                                       0.0
  SINCE DEC 1      5.7                                       5.9
  SINCE JUL 1      5.7                                       5.9
  SNOW DEPTH       0

DEGREE DAYS
 HEATING
  TODAY           25                        27     -2       18
  MONTH TO DATE  430                       475    -45      357
  SINCE DEC 1   2271                      2253     18     1935
  SINCE JUL 1   3086                      3147    -61     2565

 COOLING
  TODAY            0                         0      0        0
  MONTH TO DATE    0                         0      0        1
  SINCE DEC 1      0                         0      0        1
  SINCE JAN 1      0                         0      0        1
..................................................................


WIND (MPH)
  HIGHEST WIND SPEED     9   HIGHEST WIND DIRECTION    NE (60)
  HIGHEST GUST SPEED    11   HIGHEST GUST DIRECTION    NE (50)
  AVERAGE WIND SPEED     5.3


SKY COVER
  AVERAGE SKY COVER 0.5


WEATHER CONDITIONS
 THE FOLLOWING WEATHER WAS RECORDED TODAY.
  LIGHT RAIN
  FOG


RELATIVE HUMIDITY (PERCENT)
 HIGHEST    96           300 PM
 LOWEST     58           100 AM
 AVERAGE    77

..........................................................


THE LYNCHBURG VA CLIMATE NORMALS FOR TOMORROW
                         NORMAL    RECORD    YEAR
 MAXIMUM TEMPERATURE (F)   50        75      2011
                                             1927
 MINIMUM TEMPERATURE (F)   28         2      2015


SUNRISE AND SUNSET
FEBRUARY 17 2018......SUNRISE   703 AM EST   SUNSET   559 PM EST
FEBRUARY 18 2018......SUNRISE   702 AM EST   SUNSET   600 PM EST


-  INDICATES NEGATIVE NUMBERS.
R  INDICATES RECORD WAS SET OR TIED.
MM INDICATES DATA IS MISSING.
T  INDICATES TRACE AMOUNT.




$$
