000
CDUS41 KRNK 220704
CLILYH


CLIMATE REPORT
NATIONAL WEATHER SERVICE BLACKSBURG VA
252 AM EDT FRI MAY 22 2015


...................................

...THE LYNCHBURG VA CLIMATE SUMMARY FOR MAY 21 2015...

CLIMATE NORMAL PERIOD 1981 TO 2010
CLIMATE RECORD PERIOD 1893 TO 2015


WEATHER ITEM   OBSERVED TIME   RECORD YEAR NORMAL DEPARTURE LAST
                VALUE   (LST)  VALUE       VALUE  FROM      YEAR
                                                  NORMAL
..................................................................
TEMPERATURE (F)
 YESTERDAY
  MAXIMUM         61    121 AM  96    1941  76    -15       84
  MINIMUM         50   1118 PM  39    2002  52     -2       59
  AVERAGE         56                        64     -8       72

PRECIPITATION (IN)
  YESTERDAY        0.12          2.26 1942   0.12   0.00     0.00
  MONTH TO DATE    1.56                      2.42  -0.86     3.57
  SINCE MAR 1      8.90                      9.31  -0.41    12.12
  SINCE JAN 1     13.28                     15.38  -2.10    19.20

SNOWFALL (IN)
  YESTERDAY        0.0
  MONTH TO DATE    0.0
  SINCE MAR 1      2.5
  SINCE JUL 1     22.9
  SNOW DEPTH       0

DEGREE DAYS
 HEATING
  YESTERDAY        9                         3      6        0
  MONTH TO DATE   48                        98    -50       64
  SINCE MAR 1    927                       997    -70      925
  SINCE JUL 1   4616                      4421    195     4439

 COOLING
  YESTERDAY        0                         2     -2        7
  MONTH TO DATE   83                        31     52       50
  SINCE MAR 1     91                        49     42       69
  SINCE JAN 1     91                        49     42       69
..................................................................


WIND (MPH)
  HIGHEST WIND SPEED    15   HIGHEST WIND DIRECTION    NE (40)
  HIGHEST GUST SPEED    21   HIGHEST GUST DIRECTION    NE (30)
  AVERAGE WIND SPEED     7.3


SKY COVER
  POSSIBLE SUNSHINE  MM
  AVERAGE SKY COVER 1.0


WEATHER CONDITIONS
 THE FOLLOWING WEATHER WAS RECORDED YESTERDAY.
  RAIN
  LIGHT RAIN
  FOG


RELATIVE HUMIDITY (PERCENT)
 HIGHEST   100          1000 AM
 LOWEST     60           200 AM
 AVERAGE    80

..........................................................


THE LYNCHBURG VA CLIMATE NORMALS FOR TODAY
                         NORMAL    RECORD    YEAR
 MAXIMUM TEMPERATURE (F)   77       100      1941
 MINIMUM TEMPERATURE (F)   53        36      1997


SUNRISE AND SUNSET
MAY 22 2015...........SUNRISE   603 AM EDT   SUNSET   824 PM EDT
MAY 23 2015...........SUNRISE   602 AM EDT   SUNSET   825 PM EDT


-  INDICATES NEGATIVE NUMBERS.
R  INDICATES RECORD WAS SET OR TIED.
MM INDICATES DATA IS MISSING.
T  INDICATES TRACE AMOUNT.




$$
