000
CDUS41 KRNK 200913
CLILYH


CLIMATE REPORT
NATIONAL WEATHER SERVICE BLACKSBURG VA
511 AM EDT SUN APR 20 2014


...................................

...THE LYNCHBURG VA CLIMATE SUMMARY FOR APRIL 19 2014...

CLIMATE NORMAL PERIOD 1981 TO 2010
CLIMATE RECORD PERIOD 1893 TO 2014


WEATHER ITEM   OBSERVED TIME   RECORD YEAR NORMAL DEPARTURE LAST
                VALUE   (LST)  VALUE       VALUE  FROM      YEAR
                                                  NORMAL
..................................................................
TEMPERATURE (F)
 YESTERDAY
  MAXIMUM         66    453 PM  92    1941  69     -3       75
                                      1896
  MINIMUM         48   1223 AM  28    2001  44      4       53
                                      1936
  AVERAGE         57                        56      1       64

PRECIPITATION (IN)
  YESTERDAY        0.00          1.64 1943   0.11  -0.11     0.88
  MONTH TO DATE    3.41                      2.11   1.30     2.88
  SINCE MAR 1      6.34                      5.69   0.65     6.19
  SINCE JAN 1     13.42                     11.76   1.66    13.82

SNOWFALL (IN)
  YESTERDAY        0.0
  MONTH TO DATE    T
  SINCE MAR 1      9.4
  SINCE JUL 1     21.4
  SNOW DEPTH       0

DEGREE DAYS
 HEATING
  YESTERDAY        8                         9     -1        1
  MONTH TO DATE  138                       218    -80      146
  SINCE MAR 1    788                       813    -25      865
  SINCE JUL 1   4302                      4237     65     4040

 COOLING
  YESTERDAY        0                         1     -1        0
  MONTH TO DATE   19                         7     12       40
  SINCE MAR 1     19                         9     10       40
  SINCE JAN 1     19                         9     10       40
..................................................................


WIND (MPH)
  HIGHEST WIND SPEED    20   HIGHEST WIND DIRECTION    NE (50)
  HIGHEST GUST SPEED    26   HIGHEST GUST DIRECTION    NE (60)
  AVERAGE WIND SPEED     5.8


SKY COVER
  POSSIBLE SUNSHINE  MM
  AVERAGE SKY COVER 0.3


WEATHER CONDITIONS
 THE FOLLOWING WEATHER WAS RECORDED YESTERDAY.
  NO SIGNIFICANT WEATHER WAS OBSERVED.


RELATIVE HUMIDITY (PERCENT)
 HIGHEST    80           100 AM
 LOWEST     37           200 PM
 AVERAGE    59

..........................................................


THE LYNCHBURG VA CLIMATE NORMALS FOR TODAY
                         NORMAL    RECORD    YEAR
 MAXIMUM TEMPERATURE (F)   70        91      1985
 MINIMUM TEMPERATURE (F)   44        30      1997


SUNRISE AND SUNSET
APRIL 20 2014.........SUNRISE   635 AM EDT   SUNSET   756 PM EDT
APRIL 21 2014.........SUNRISE   634 AM EDT   SUNSET   757 PM EDT


-  INDICATES NEGATIVE NUMBERS.
R  INDICATES RECORD WAS SET OR TIED.
MM INDICATES DATA IS MISSING.
T  INDICATES TRACE AMOUNT.




$$
