123
CDUS41 KRNK 112207
CLILYH


CLIMATE REPORT
NATIONAL WEATHER SERVICE BLACKSBURG VA
506 PM EST MON DEC 11 2017


...................................

...THE LYNCHBURG VA CLIMATE SUMMARY FOR DECEMBER 11 2017...
VALID TODAY AS OF 0500 PM LOCAL TIME.

CLIMATE NORMAL PERIOD 1981 TO 2010
CLIMATE RECORD PERIOD 1893 TO 2017


WEATHER ITEM   OBSERVED TIME   RECORD YEAR NORMAL DEPARTURE LAST
                VALUE   (LST)  VALUE       VALUE  FROM      YEAR
                                                  NORMAL
..................................................................
TEMPERATURE (F)
 TODAY
  MAXIMUM         49    259 PM  71    2015  49      0       41
                                      1897
  MINIMUM         24    721 AM   7    1968  28     -4       25
  AVERAGE         37                        38     -1       33

PRECIPITATION (IN)
  TODAY            0.00          2.14 2008   0.12  -0.12     0.00
  MONTH TO DATE    0.45                      1.26  -0.81     1.62
  SINCE DEC 1      0.45                      1.26  -0.81     1.62
  SINCE JAN 1     32.68                     39.59  -6.91    41.02

SNOWFALL (IN)
  TODAY            0.0                                       0.0
  MONTH TO DATE    1.5                                       0.0
  SINCE DEC 1      1.5                                       0.0
  SINCE JUL 1      1.5                                       0.0
  SNOW DEPTH      MM

DEGREE DAYS
 HEATING
  TODAY           28                        27      1       32
  MONTH TO DATE  268                       278    -10      296
  SINCE DEC 1    268                       278    -10      296
  SINCE JUL 1   1083                      1172    -89      926

 COOLING
  TODAY            0                         0      0        0
  MONTH TO DATE    0                         0      0        0
  SINCE DEC 1      0                         0      0        0
  SINCE JAN 1   1174                      1032    142     1358
..................................................................


WIND (MPH)
  HIGHEST WIND SPEED    14   HIGHEST WIND DIRECTION     S (180)
  HIGHEST GUST SPEED    16   HIGHEST GUST DIRECTION     S (190)
  AVERAGE WIND SPEED     5.6


SKY COVER
  AVERAGE SKY COVER 0.0


WEATHER CONDITIONS
 THE FOLLOWING WEATHER WAS RECORDED TODAY.
  NO SIGNIFICANT WEATHER WAS OBSERVED.


RELATIVE HUMIDITY (PERCENT)
 HIGHEST    75           100 AM
 LOWEST     39           200 PM
 AVERAGE    57

..........................................................


THE LYNCHBURG VA CLIMATE NORMALS FOR TOMORROW
                         NORMAL    RECORD    YEAR
 MAXIMUM TEMPERATURE (F)   48        76      2015
                                             2007
 MINIMUM TEMPERATURE (F)   28         8      1962
                                             1957


SUNRISE AND SUNSET
DECEMBER 11 2017......SUNRISE   721 AM EST   SUNSET   459 PM EST
DECEMBER 12 2017......SUNRISE   722 AM EST   SUNSET   500 PM EST


-  INDICATES NEGATIVE NUMBERS.
R  INDICATES RECORD WAS SET OR TIED.
MM INDICATES DATA IS MISSING.
T  INDICATES TRACE AMOUNT.

REMARKS:
DUE TO MISSING TEMPERATURES ON FEBRUARY 23 AND JULY 24-25...ALL
TEMPERATURE AND DEGREE DAY INFORMATION WILL BE CALCULATED WITHOUT
DATA FROM THESE DATES.


$$
