000
CDUS41 KRNK 031046
CLILYH


CLIMATE REPORT
NATIONAL WEATHER SERVICE BLACKSBURG VA
539 AM EST TUE MAR 3 2015


...................................

...THE LYNCHBURG VA CLIMATE SUMMARY FOR MARCH 2 2015...

CLIMATE NORMAL PERIOD 1981 TO 2010
CLIMATE RECORD PERIOD 1893 TO 2015


WEATHER ITEM   OBSERVED TIME   RECORD YEAR NORMAL DEPARTURE LAST
                VALUE   (LST)  VALUE       VALUE  FROM      YEAR
                                                  NORMAL
..................................................................
TEMPERATURE (F)
 YESTERDAY
  MAXIMUM         52    437 PM  77    1992  53     -1       67
                                      1976
  MINIMUM         30    205 AM  11    1980  30      0       27
  AVERAGE         41                        42     -1       47

PRECIPITATION (IN)
  YESTERDAY        0.00          1.26 1994   0.11  -0.11     0.07
  MONTH TO DATE    0.09                      0.21  -0.12     0.07
  SINCE MAR 1      0.09                      0.21  -0.12     0.07
  SINCE JAN 1      4.47                      6.28  -1.81     7.15

SNOWFALL (IN)
  YESTERDAY        0.0
  MONTH TO DATE    0.0
  SINCE MAR 1      0.0
  SINCE JUL 1     20.4
  SNOW DEPTH       0

DEGREE DAYS
 HEATING
  YESTERDAY       24                        23      1       18
  MONTH TO DATE   63                        47     16       49
  SINCE MAR 1     63                        47     16       49
  SINCE JUL 1   3752                      3471    281     3563

 COOLING
  YESTERDAY        0                         0      0        0
  MONTH TO DATE    0                         0      0        0
  SINCE MAR 1      0                         0      0        0
  SINCE JAN 1      0                         0      0        0
..................................................................


WIND (MPH)
  HIGHEST WIND SPEED    15   HIGHEST WIND DIRECTION     W (260)
  HIGHEST GUST SPEED    25   HIGHEST GUST DIRECTION     W (260)
  AVERAGE WIND SPEED     5.5


SKY COVER
  POSSIBLE SUNSHINE  MM
  AVERAGE SKY COVER 0.1


WEATHER CONDITIONS
 THE FOLLOWING WEATHER WAS RECORDED YESTERDAY.
  FOG


RELATIVE HUMIDITY (PERCENT)
 HIGHEST   100          1200 AM
 LOWEST     22           500 PM
 AVERAGE    61

..........................................................


THE LYNCHBURG VA CLIMATE NORMALS FOR TODAY
                         NORMAL    RECORD    YEAR
 MAXIMUM TEMPERATURE (F)   53        81      1976
 MINIMUM TEMPERATURE (F)   30         5      2009


SUNRISE AND SUNSET
MARCH  3 2015.........SUNRISE   646 AM EST   SUNSET   612 PM EST
MARCH  4 2015.........SUNRISE   644 AM EST   SUNSET   613 PM EST


-  INDICATES NEGATIVE NUMBERS.
R  INDICATES RECORD WAS SET OR TIED.
MM INDICATES DATA IS MISSING.
T  INDICATES TRACE AMOUNT.




$$
