000
CDUS41 KRNK 250618
CLILYH


CLIMATE REPORT
NATIONAL WEATHER SERVICE BLACKSBURG VA
217 AM EDT MON JUL 25 2016


...................................

...THE LYNCHBURG VA CLIMATE SUMMARY FOR JULY 24 2016...

CLIMATE NORMAL PERIOD 1981 TO 2010
CLIMATE RECORD PERIOD 1893 TO 2016


WEATHER ITEM   OBSERVED TIME   RECORD YEAR NORMAL DEPARTURE LAST
                VALUE   (LST)  VALUE       VALUE  FROM      YEAR
                                                  NORMAL
..................................................................
TEMPERATURE (F)
 YESTERDAY
  MAXIMUM         95    315 PM 100    2010  86      9       85
  MINIMUM         69    502 AM  54    1977  64      5       63
  AVERAGE         82                        75      7       74

PRECIPITATION (IN)
  YESTERDAY        0.00          4.03 1916   0.14  -0.14     0.00
  MONTH TO DATE    1.52                      3.33  -1.81     2.73
  SINCE JUN 1      7.79                      6.95   0.84     8.32
  SINCE JAN 1     27.45                     23.64   3.81    21.70

SNOWFALL (IN)
  YESTERDAY        0.0                                       0.0
  MONTH TO DATE    0.0                                       0.0
  SINCE JUN 1      0.0                                       0.0
  SINCE JUL 1      0.0                                       0.0
  SNOW DEPTH       0

DEGREE DAYS
 HEATING
  YESTERDAY        0                         0      0        0
  MONTH TO DATE    0                         0      0        0
  SINCE JUN 1      1                        14    -13       13
  SINCE JUL 1      0                         0      0        0

 COOLING
  YESTERDAY       17                        10      7        9
  MONTH TO DATE  284                       240     44      243
  SINCE JUN 1    513                       454     59      521
  SINCE JAN 1    584                       536     48      669
..................................................................


WIND (MPH)
  HIGHEST WIND SPEED    12   HIGHEST WIND DIRECTION     S (180)
  HIGHEST GUST SPEED    15   HIGHEST GUST DIRECTION     S (190)
  AVERAGE WIND SPEED     3.7


SKY COVER
  AVERAGE SKY COVER 0.0


WEATHER CONDITIONS
 THE FOLLOWING WEATHER WAS RECORDED YESTERDAY.
  NO SIGNIFICANT WEATHER WAS OBSERVED.


RELATIVE HUMIDITY (PERCENT)
 HIGHEST   100           200 AM
 LOWEST     41           300 PM
 AVERAGE    71

..........................................................


THE LYNCHBURG VA CLIMATE NORMALS FOR TODAY
                         NORMAL    RECORD    YEAR
 MAXIMUM TEMPERATURE (F)   86       102      1934
 MINIMUM TEMPERATURE (F)   64        53      1909


SUNRISE AND SUNSET
JULY 25 2016..........SUNRISE   616 AM EDT   SUNSET   830 PM EDT
JULY 26 2016..........SUNRISE   617 AM EDT   SUNSET   829 PM EDT


-  INDICATES NEGATIVE NUMBERS.
R  INDICATES RECORD WAS SET OR TIED.
MM INDICATES DATA IS MISSING.
T  INDICATES TRACE AMOUNT.




$$
