000
CDUS41 KRNK 212113
CLILYH


CLIMATE REPORT
NATIONAL WEATHER SERVICE BLACKSBURG VA
509 PM EDT TUE OCT 21 2014


...................................

...THE LYNCHBURG VA CLIMATE SUMMARY FOR OCTOBER 21 2014...
VALID TODAY AS OF 0500 PM LOCAL TIME.

CLIMATE NORMAL PERIOD 1981 TO 2010
CLIMATE RECORD PERIOD 1893 TO 2014


WEATHER ITEM   OBSERVED TIME   RECORD YEAR NORMAL DEPARTURE LAST
                VALUE   (LST)  VALUE       VALUE  FROM      YEAR
                                                  NORMAL
..................................................................
TEMPERATURE (F)
 TODAY
  MAXIMUM         67   1156 AM  85    1947  67      0       66
  MINIMUM         44    659 AM  23    1952  42      2       39
  AVERAGE         56                        55      1       53

PRECIPITATION (IN)
  TODAY            0.00          2.41 1893   0.11  -0.11     0.00
  MONTH TO DATE    3.53                      2.08   1.45     1.71
  SINCE SEP 1      5.15                      5.96  -0.81     2.19
  SINCE JAN 1     39.14                     33.89   5.25    35.91

SNOWFALL (IN)
  TODAY            0.0
  MONTH TO DATE    0.0
  SINCE SEP 1      0.0
  SINCE JUL 1      0.0
  SNOW DEPTH       0

DEGREE DAYS
 HEATING
  TODAY            9                        11     -2       12
  MONTH TO DATE  145                       165    -20       88
  SINCE SEP 1    176                       223    -47      131
  SINCE JUL 1    176                       226    -50      136

 COOLING
  TODAY            0                         0      0        0
  MONTH TO DATE   15                        11      4       35
  SINCE SEP 1    137                       129      8      155
  SINCE JAN 1    967                      1027    -60     1184
..................................................................


WIND (MPH)
  HIGHEST WIND SPEED    16   HIGHEST WIND DIRECTION    NW (310)
  HIGHEST GUST SPEED    24   HIGHEST GUST DIRECTION     W (270)
  AVERAGE WIND SPEED     4.0


SKY COVER
  POSSIBLE SUNSHINE  MM
  AVERAGE SKY COVER 0.3


WEATHER CONDITIONS
 THE FOLLOWING WEATHER WAS RECORDED TODAY.
  NO SIGNIFICANT WEATHER WAS OBSERVED.


RELATIVE HUMIDITY (PERCENT)
 HIGHEST   100           400 AM
 LOWEST     48          1200 PM
 AVERAGE    74

..........................................................


THE LYNCHBURG VA CLIMATE NORMALS FOR TOMORROW
                         NORMAL    RECORD    YEAR
 MAXIMUM TEMPERATURE (F)   67        87      1935
 MINIMUM TEMPERATURE (F)   42        26      1974
                                             1930


SUNRISE AND SUNSET
OCTOBER 21 2014.......SUNRISE   730 AM EDT   SUNSET   632 PM EDT
OCTOBER 22 2014.......SUNRISE   731 AM EDT   SUNSET   631 PM EDT


-  INDICATES NEGATIVE NUMBERS.
R  INDICATES RECORD WAS SET OR TIED.
MM INDICATES DATA IS MISSING.
T  INDICATES TRACE AMOUNT.

REMARKS:
DUE TO A SYSTEM FAILURE CAUSING MISSING TEMPERATURES ON
AUGUST 21-24...THE SEASONAL TOTAL AND DEPARTURE FROM NORMAL
FOR CDD WILL BE CALCULATED WITHOUT DATA FROM THOSE DATES.


$$
