000
CDUS41 KRNK 270846
CLILYH


CLIMATE REPORT
NATIONAL WEATHER SERVICE BLACKSBURG VA
442 AM EDT SAT MAY 27 2017


...................................

...THE LYNCHBURG VA CLIMATE SUMMARY FOR MAY 26 2017...

CLIMATE NORMAL PERIOD 1981 TO 2010
CLIMATE RECORD PERIOD 1893 TO 2017


WEATHER ITEM   OBSERVED TIME   RECORD YEAR NORMAL DEPARTURE LAST
                VALUE   (LST)  VALUE       VALUE  FROM      YEAR
                                                  NORMAL
..................................................................
TEMPERATURE (F)
 YESTERDAY
  MAXIMUM         78    414 PM  93    1933  78      0       85
  MINIMUM         57   1159 PM  38    1988  54      3       59
  AVERAGE         68                        66      2       72

PRECIPITATION (IN)
  YESTERDAY        0.00          2.91 1921   0.14  -0.14     0.00
  MONTH TO DATE    7.52                      3.07   4.45     6.76
  SINCE MAR 1     14.36                      9.96   4.40    12.24
  SINCE JAN 1     18.74                     16.03   2.71    19.53

SNOWFALL (IN)
  YESTERDAY        0.0                                       0.0
  MONTH TO DATE    0.0                                       0.0
  SINCE MAR 1      T                                          T
  SINCE JUL 1      5.9                                      15.6
  SNOW DEPTH       0

DEGREE DAYS
 HEATING
  YESTERDAY        0                         2     -2        0
  MONTH TO DATE   94                       112    -18      117
  SINCE MAR 1    793                      1011   -218      799
  SINCE JUL 1   3502                      4435   -933     3765

 COOLING
  YESTERDAY        3                         3      0        7
  MONTH TO DATE   55                        46      9       16
  SINCE MAR 1    107                        64     43       33
  SINCE JAN 1    108                        64     44       33
..................................................................


WIND (MPH)
  HIGHEST WIND SPEED    16   HIGHEST WIND DIRECTION     W (260)
  HIGHEST GUST SPEED    27   HIGHEST GUST DIRECTION     W (280)
  AVERAGE WIND SPEED     5.7


SKY COVER
  AVERAGE SKY COVER 0.2


WEATHER CONDITIONS
 THE FOLLOWING WEATHER WAS RECORDED YESTERDAY.
  NO SIGNIFICANT WEATHER WAS OBSERVED.


RELATIVE HUMIDITY (PERCENT)
 HIGHEST    86          1200 AM
 LOWEST     39           300 PM
 AVERAGE    63

..........................................................


THE LYNCHBURG VA CLIMATE NORMALS FOR TODAY
                         NORMAL    RECORD    YEAR
 MAXIMUM TEMPERATURE (F)   78        95      1936
                                             1914
 MINIMUM TEMPERATURE (F)   54        40      1925


SUNRISE AND SUNSET
MAY 27 2017...........SUNRISE   600 AM EDT   SUNSET   829 PM EDT
MAY 28 2017...........SUNRISE   559 AM EDT   SUNSET   829 PM EDT


-  INDICATES NEGATIVE NUMBERS.
R  INDICATES RECORD WAS SET OR TIED.
MM INDICATES DATA IS MISSING.
T  INDICATES TRACE AMOUNT.

REMARKS:
DOE TO A POWER OUTAGE CAUSING A MISSING LOW TEMPERATURE ON FEBRUARY 23...
THE SEASONAL HEATING DEGREE DAY TOTAL AND DEPARTURE FROM NORMAL WILL BE
CALCULATED WITHOUT DATA FROM THIS DATE.

$$

RAB
