000
CDUS41 KRNK 200935
CLILYH


CLIMATE REPORT
NATIONAL WEATHER SERVICE BLACKSBURG VA
533 AM EDT WED AUG 20 2014


...................................

...THE LYNCHBURG VA CLIMATE SUMMARY FOR AUGUST 19 2014...

CLIMATE NORMAL PERIOD 1981 TO 2010
CLIMATE RECORD PERIOD 1893 TO 2014


WEATHER ITEM   OBSERVED TIME   RECORD YEAR NORMAL DEPARTURE LAST
                VALUE   (LST)  VALUE       VALUE  FROM      YEAR
                                                  NORMAL
..................................................................
TEMPERATURE (F)
 YESTERDAY
  MAXIMUM         85    331 PM  98    1914  85      0       75
  MINIMUM         68    618 AM  54    1998  63      5       63
  AVERAGE         77                        74      3       69

PRECIPITATION (IN)
  YESTERDAY        0.23          2.65 1920   0.10   0.13     0.16
  MONTH TO DATE    4.27                      1.99   2.28     2.71
  SINCE JUN 1     12.46                      9.97   2.49    12.44
  SINCE JAN 1     33.48                     26.66   6.82    32.88

SNOWFALL (IN)
  YESTERDAY        0.0
  MONTH TO DATE    0.0
  SINCE JUN 1      0.0
  SINCE JUL 1      0.0
  SNOW DEPTH       0

DEGREE DAYS
 HEATING
  YESTERDAY        0                         0      0        0
  MONTH TO DATE    0                         0      0        5
  SINCE JUN 1      1                        15    -14        6
  SINCE JUL 1      0                         1     -1        5

 COOLING
  YESTERDAY       12                         9      3        4
  MONTH TO DATE  107                       185    -78      159
  SINCE JUN 1    652                       717    -65      791
  SINCE JAN 1    766                       799    -33      926
..................................................................


WIND (MPH)
  HIGHEST WIND SPEED     8   HIGHEST WIND DIRECTION    NW (300)
  HIGHEST GUST SPEED    12   HIGHEST GUST DIRECTION     W (280)
  AVERAGE WIND SPEED     1.8


SKY COVER
  POSSIBLE SUNSHINE  MM
  AVERAGE SKY COVER 0.7


WEATHER CONDITIONS
 THE FOLLOWING WEATHER WAS RECORDED YESTERDAY.
  THUNDERSTORM
  HEAVY RAIN
  RAIN
  LIGHT RAIN
  FOG


RELATIVE HUMIDITY (PERCENT)
 HIGHEST   100           200 AM
 LOWEST     58           200 PM
 AVERAGE    79

..........................................................


THE LYNCHBURG VA CLIMATE NORMALS FOR TODAY
                         NORMAL    RECORD    YEAR
 MAXIMUM TEMPERATURE (F)   85       102      1983
 MINIMUM TEMPERATURE (F)   63        50      1998


SUNRISE AND SUNSET
AUGUST 20 2014........SUNRISE   637 AM EDT   SUNSET   802 PM EDT
AUGUST 21 2014........SUNRISE   638 AM EDT   SUNSET   801 PM EDT


-  INDICATES NEGATIVE NUMBERS.
R  INDICATES RECORD WAS SET OR TIED.
MM INDICATES DATA IS MISSING.
T  INDICATES TRACE AMOUNT.




$$
