000
CDUS41 KRNK 302125
CLILYH


CLIMATE REPORT
NATIONAL WEATHER SERVICE BLACKSBURG VA
523 PM EDT TUE SEP 30 2014


...................................

...THE LYNCHBURG VA CLIMATE SUMMARY FOR SEPTEMBER 30 2014...
VALID TODAY AS OF 0500 PM LOCAL TIME.

CLIMATE NORMAL PERIOD 1981 TO 2010
CLIMATE RECORD PERIOD 1893 TO 2014


WEATHER ITEM   OBSERVED TIME   RECORD YEAR NORMAL DEPARTURE LAST
                VALUE   (LST)  VALUE       VALUE  FROM      YEAR
                                                  NORMAL
..................................................................
TEMPERATURE (F)
 TODAY
  MAXIMUM         79   1254 PM  89    1919  73      6       77
  MINIMUM         61    638 AM  36    2003  50     11       47
                                      1967
                                      1942
  AVERAGE         70                        62      8       62

PRECIPITATION (IN)
  TODAY            0.00          2.89 2010   0.12  -0.12     0.00
  MONTH TO DATE    1.62                      3.88  -2.26     0.48
  SINCE SEP 1      1.62                      3.88  -2.26     0.48
  SINCE JAN 1     35.61                     31.81   3.80    34.20

SNOWFALL (IN)
  TODAY            0.0
  MONTH TO DATE    0.0
  SINCE SEP 1      0.0
  SINCE JUL 1      0.0
  SNOW DEPTH       0

DEGREE DAYS
 HEATING
  TODAY            0                         5     -5        3
  MONTH TO DATE   31                        55    -24       43
  SINCE SEP 1     31                        58    -27       43
  SINCE JUL 1     31                        61    -30       48

 COOLING
  TODAY            5                         1      4        0
  MONTH TO DATE  122                       118      4      120
  SINCE SEP 1    122                       118      4      120
  SINCE JAN 1    952                      1016    -64     1149
..................................................................


WIND (MPH)
  HIGHEST WIND SPEED     9   HIGHEST WIND DIRECTION    SE (130)
  HIGHEST GUST SPEED    12   HIGHEST GUST DIRECTION    SE (120)
  AVERAGE WIND SPEED     3.7


SKY COVER
  POSSIBLE SUNSHINE  MM
  AVERAGE SKY COVER 0.7


WEATHER CONDITIONS
 THE FOLLOWING WEATHER WAS RECORDED TODAY.
  FOG
  FOG W/VISIBILITY <= 1/4 MILE


RELATIVE HUMIDITY (PERCENT)
 HIGHEST   100          1200 AM
 LOWEST     54           100 PM
 AVERAGE    77

..........................................................


THE LYNCHBURG VA CLIMATE NORMALS FOR TOMORROW
                         NORMAL    RECORD    YEAR
 MAXIMUM TEMPERATURE (F)   73        93      1933
 MINIMUM TEMPERATURE (F)   49        34      2001
                                             1993
                                             1947


SUNRISE AND SUNSET
SEPTEMBER 30 2014.....SUNRISE   711 AM EDT   SUNSET   702 PM EDT
OCTOBER  1 2014.......SUNRISE   712 AM EDT   SUNSET   700 PM EDT


-  INDICATES NEGATIVE NUMBERS.
R  INDICATES RECORD WAS SET OR TIED.
MM INDICATES DATA IS MISSING.
T  INDICATES TRACE AMOUNT.

REMARKS

DUE TO A SYSTEM FAILURE CAUSING MISSING TEMPERATURES ON
AUGUST 21-24...THE SEASONAL TOTAL AND DEPARTURE FROM NORMAL
FOR CDD WILL BE CALCULATED WITHOUT DATA FROM THOSE DATES.

$$

MBS
