000
CDUS41 KRNK 260912
CLILYH


CLIMATE REPORT
NATIONAL WEATHER SERVICE BLACKSBURG VA
509 AM EDT SAT JUL 26 2014


...................................

...THE LYNCHBURG VA CLIMATE SUMMARY FOR JULY 25 2014...

CLIMATE NORMAL PERIOD 1981 TO 2010
CLIMATE RECORD PERIOD 1893 TO 2014


WEATHER ITEM   OBSERVED TIME   RECORD YEAR NORMAL DEPARTURE LAST
                VALUE   (LST)  VALUE       VALUE  FROM      YEAR
                                                  NORMAL
..................................................................
TEMPERATURE (F)
 YESTERDAY
  MAXIMUM         81    342 PM 102    1934  86     -5       82
  MINIMUM         65    408 AM  53    1909  64      1       67
  AVERAGE         73                        75     -2       75

PRECIPITATION (IN)
  YESTERDAY        0.00          2.04 1908   0.14  -0.14     0.00
  MONTH TO DATE    5.61                      3.47   2.14     3.35
  SINCE JUN 1      8.01                      7.09   0.92     9.67
  SINCE JAN 1     29.03                     23.78   5.25    30.11

SNOWFALL (IN)
  YESTERDAY        0.0
  MONTH TO DATE    0.0
  SINCE JUN 1      0.0
  SINCE JUL 1      0.0
  SNOW DEPTH       0

DEGREE DAYS
 HEATING
  YESTERDAY        0                         0      0        0
  MONTH TO DATE    0                         0      0        0
  SINCE JUN 1      1                        14    -13        1
  SINCE JUL 1      0                         0      0        0

 COOLING
  YESTERDAY        8                        10     -2       10
  MONTH TO DATE  253                       250      3      338
  SINCE JUN 1    508                       464     44      593
  SINCE JAN 1    622                       546     76      728
..................................................................


WIND (MPH)
  HIGHEST WIND SPEED    12   HIGHEST WIND DIRECTION    SE (150)
  HIGHEST GUST SPEED    16   HIGHEST GUST DIRECTION     S (160)
  AVERAGE WIND SPEED     3.0


SKY COVER
  POSSIBLE SUNSHINE  MM
  AVERAGE SKY COVER 0.6


WEATHER CONDITIONS
 THE FOLLOWING WEATHER WAS RECORDED YESTERDAY.
  FOG


RELATIVE HUMIDITY (PERCENT)
 HIGHEST   100          1200 AM
 LOWEST     54           300 PM
 AVERAGE    77

..........................................................


THE LYNCHBURG VA CLIMATE NORMALS FOR TODAY
                         NORMAL    RECORD    YEAR
 MAXIMUM TEMPERATURE (F)   86       104      1934
 MINIMUM TEMPERATURE (F)   64        56      1911


SUNRISE AND SUNSET
JULY 26 2014..........SUNRISE   616 AM EDT   SUNSET   830 PM EDT
JULY 27 2014..........SUNRISE   617 AM EDT   SUNSET   829 PM EDT


-  INDICATES NEGATIVE NUMBERS.
R  INDICATES RECORD WAS SET OR TIED.
MM INDICATES DATA IS MISSING.
T  INDICATES TRACE AMOUNT.




$$
