000
CDUS41 KRNK 230925
CLILYH


CLIMATE REPORT
NATIONAL WEATHER SERVICE BLACKSBURG VA
524 AM EDT TUE SEP 23 2014


...................................

...THE LYNCHBURG VA CLIMATE SUMMARY FOR SEPTEMBER 22 2014...

CLIMATE NORMAL PERIOD 1981 TO 2010
CLIMATE RECORD PERIOD 1893 TO 2014


WEATHER ITEM   OBSERVED TIME   RECORD YEAR NORMAL DEPARTURE LAST
                VALUE   (LST)  VALUE       VALUE  FROM      YEAR
                                                  NORMAL
..................................................................
TEMPERATURE (F)
 YESTERDAY
  MAXIMUM         74    351 PM  98    1895  76     -2       77
  MINIMUM         57   1159 PM  41    1962  53      4       53
                                      1918
                                      1897
  AVERAGE         66                        65      1       65

PRECIPITATION (IN)
  YESTERDAY        0.00          2.42 1898   0.12  -0.12     0.00
  MONTH TO DATE    1.05                      2.90  -1.85     0.48
  SINCE SEP 1      1.05                      2.90  -1.85     0.48
  SINCE JAN 1     35.04                     30.83   4.21    34.20

SNOWFALL (IN)
  YESTERDAY        0.0
  MONTH TO DATE    0.0
  SINCE SEP 1      0.0
  SINCE JUL 1      0.0
  SNOW DEPTH       0

DEGREE DAYS
 HEATING
  YESTERDAY        0                         3     -3        0
  MONTH TO DATE   10                        24    -14       20
  SINCE SEP 1     10                        24    -14       20
  SINCE JUL 1     10                        27    -17       25

 COOLING
  YESTERDAY        1                         2     -1        0
  MONTH TO DATE  115                       103     12      120
  SINCE SEP 1    115                       103     12      120
  SINCE JAN 1    945                      1001    -56     1149
..................................................................


WIND (MPH)
  HIGHEST WIND SPEED    14   HIGHEST WIND DIRECTION    NW (330)
  HIGHEST GUST SPEED    23   HIGHEST GUST DIRECTION    NW (320)
  AVERAGE WIND SPEED     5.1


SKY COVER
  POSSIBLE SUNSHINE  MM
  AVERAGE SKY COVER 0.1


WEATHER CONDITIONS
 THE FOLLOWING WEATHER WAS RECORDED YESTERDAY.
  NO SIGNIFICANT WEATHER WAS OBSERVED.


RELATIVE HUMIDITY (PERCENT)
 HIGHEST    80           700 PM
 LOWEST     44           100 PM
 AVERAGE    62

..........................................................


THE LYNCHBURG VA CLIMATE NORMALS FOR TODAY
                         NORMAL    RECORD    YEAR
 MAXIMUM TEMPERATURE (F)   76        97      1895
 MINIMUM TEMPERATURE (F)   53        36      1983


SUNRISE AND SUNSET
SEPTEMBER 23 2014.....SUNRISE   705 AM EDT   SUNSET   712 PM EDT
SEPTEMBER 24 2014.....SUNRISE   706 AM EDT   SUNSET   711 PM EDT


-  INDICATES NEGATIVE NUMBERS.
R  INDICATES RECORD WAS SET OR TIED.
MM INDICATES DATA IS MISSING.
T  INDICATES TRACE AMOUNT.

REMARKS

DUE TO A SYSTEM FAILURE CAUSING MISSING TEMPERATURES ON
AUGUST 21-24...THE SEASONAL TOTAL AND DEPARTURE FROM NORMAL
FOR CDD WILL BE CALCULATED WITHOUT DATA FROM THOSE DATES.

$$

MBS
