000
CDUS44 KLZK 031009
CLILZK


CLIMATE REPORT
NATIONAL WEATHER SERVICE LITTLE ROCK AR
409 AM CST TUE MAR 3 2015


...................................

...THE NORTH LITTLE ROCK CLIMATE SUMMARY FOR MARCH 2 2015...

CLIMATE NORMAL PERIOD 1981 TO 2010
CLIMATE RECORD PERIOD 1975 TO 2015


WEATHER ITEM   OBSERVED TIME   RECORD YEAR NORMAL DEPARTURE LAST
                VALUE   (LST)  VALUE       VALUE  FROM      YEAR
                                                  NORMAL
..................................................................
TEMPERATURE (F)
 YESTERDAY
  MAXIMUM         38        MM  80    2012  59    -21       55
                                      1976
  MINIMUM         33        MM  14    1980  40     -7       24
  AVERAGE         36                        50    -14       40

PRECIPITATION (IN)
  YESTERDAY        T             2.30 2014   0.14  -0.14     2.30
  MONTH TO DATE    0.29                      0.29   0.00     2.30
  SINCE MAR 1      0.29                      0.29   0.00     2.30
  SINCE JAN 1      6.47                      7.37  -0.90     7.62

SNOWFALL (IN)
  YESTERDAY        0.0           T    2013   0.0    0.0      1.5
                                      2002
                                      1995
  MONTH TO DATE    0.0                       0.0    0.0      1.5
  SINCE MAR 1      0.0                       0.0    0.0      1.5
  SINCE JUL 1      4.2                       4.0    0.2      5.1
  SNOW DEPTH       0

DEGREE DAYS
 HEATING
  YESTERDAY       29                        16     13       25
  MONTH TO DATE   58                        32     26       38
  SINCE MAR 1     58                        32     26       38
  SINCE JUL 1   2855                      2518    337     2865

 COOLING
  YESTERDAY        0                         0      0        0
  MONTH TO DATE    0                         0      0        0
  SINCE MAR 1      0                         0      0        0
  SINCE JAN 1      0                         2     -2        0
..................................................................


WIND (MPH)
  HIGHEST WIND SPEED    MM   HIGHEST WIND DIRECTION    MM
  HIGHEST GUST SPEED    MM   HIGHEST GUST DIRECTION    MM
  AVERAGE WIND SPEED    MM


SKY COVER
  POSSIBLE SUNSHINE  MM
  AVERAGE SKY COVER  MM


WEATHER CONDITIONS
 THE FOLLOWING WEATHER WAS RECORDED YESTERDAY.
  NO SIGNIFICANT WEATHER WAS OBSERVED.


RELATIVE HUMIDITY (PERCENT)
 HIGHEST    MM
 LOWEST     MM
 AVERAGE    MM

..........................................................


THE NORTH LITTLE ROCK CLIMATE NORMALS FOR TODAY
                         NORMAL    RECORD    YEAR
 MAXIMUM TEMPERATURE (F)   59        80      1976
 MINIMUM TEMPERATURE (F)   41        14      2014


SUNRISE AND SUNSET
MARCH  3 2015.........SUNRISE   636 AM CST   SUNSET   606 PM CST
MARCH  4 2015.........SUNRISE   635 AM CST   SUNSET   607 PM CST


-  INDICATES NEGATIVE NUMBERS.
R  INDICATES RECORD WAS SET OR TIED.
MM INDICATES DATA IS MISSING.
T  INDICATES TRACE AMOUNT.




$$
