000
CDUS44 KLZK 271003
CLILZK


CLIMATE REPORT
NATIONAL WEATHER SERVICE LITTLE ROCK AR
402 AM CST TUE JAN 27 2015


...................................

...THE NORTH LITTLE ROCK CLIMATE SUMMARY FOR JANUARY 26 2015...

CLIMATE NORMAL PERIOD 1981 TO 2010
CLIMATE RECORD PERIOD 1975 TO 2015


WEATHER ITEM   OBSERVED TIME   RECORD YEAR NORMAL DEPARTURE LAST
                VALUE   (LST)  VALUE       VALUE  FROM      YEAR
                                                  NORMAL
..................................................................
TEMPERATURE (F)
 YESTERDAY
  MAXIMUM         59        MM  67    2005  50      9       65
  MINIMUM         35        MM  12    1985  33      2       40
  AVERAGE         47                        42      5       53

PRECIPITATION (IN)
  YESTERDAY        0.00          0.95 1994   0.10  -0.10     0.00
  MONTH TO DATE    2.92                      2.86   0.06     2.31
  SINCE DEC 1      5.91                      7.87  -1.96     9.63
  SINCE JAN 1      2.92                      2.86   0.06     2.31

SNOWFALL (IN)
  YESTERDAY        0.0           T    1985   0.0    0.0      0.0
  MONTH TO DATE    T                         1.3   -1.3       T
  SINCE DEC 1      T                         1.8   -1.8      1.1
  SINCE JUL 1      0.6                       1.8   -1.2      1.1
  SNOW DEPTH       0

DEGREE DAYS
 HEATING
  YESTERDAY       18                        23     -5       12
  MONTH TO DATE  660                       623     37      677
  SINCE DEC 1   1308                      1303      5     1377
  SINCE JUL 1   1923                      1815    108     1983

 COOLING
  YESTERDAY        0                         0      0        0
  MONTH TO DATE    0                         0      0        0
  SINCE DEC 1      0                         1     -1        1
  SINCE JAN 1      0                         0      0        0
..................................................................


WIND (MPH)
  HIGHEST WIND SPEED    MM   HIGHEST WIND DIRECTION    MM
  HIGHEST GUST SPEED    MM   HIGHEST GUST DIRECTION    MM
  AVERAGE WIND SPEED    MM


SKY COVER
  POSSIBLE SUNSHINE  MM
  AVERAGE SKY COVER  MM


WEATHER CONDITIONS
 THE FOLLOWING WEATHER WAS RECORDED YESTERDAY.
  NO SIGNIFICANT WEATHER WAS OBSERVED.


RELATIVE HUMIDITY (PERCENT)
 HIGHEST    MM
 LOWEST     MM
 AVERAGE    MM

..........................................................


THE NORTH LITTLE ROCK CLIMATE NORMALS FOR TODAY
                         NORMAL    RECORD    YEAR
 MAXIMUM TEMPERATURE (F)   50        69      1999
 MINIMUM TEMPERATURE (F)   33        13      1986


SUNRISE AND SUNSET
JANUARY 27 2015.......SUNRISE   711 AM CST   SUNSET   533 PM CST
JANUARY 28 2015.......SUNRISE   710 AM CST   SUNSET   534 PM CST


-  INDICATES NEGATIVE NUMBERS.
R  INDICATES RECORD WAS SET OR TIED.
MM INDICATES DATA IS MISSING.
T  INDICATES TRACE AMOUNT.




$$
