000
CDUS44 KLZK 250906
CLILZK


CLIMATE REPORT
NATIONAL WEATHER SERVICE LITTLE ROCK AR
405 AM CDT MON MAY 25 2015


...................................

...THE NORTH LITTLE ROCK CLIMATE SUMMARY FOR MAY 24 2015...

CLIMATE NORMAL PERIOD 1981 TO 2010
CLIMATE RECORD PERIOD 1975 TO 2015


WEATHER ITEM   OBSERVED TIME   RECORD YEAR NORMAL DEPARTURE LAST
                VALUE   (LST)  VALUE       VALUE  FROM      YEAR
                                                  NORMAL
..................................................................
TEMPERATURE (F)
 YESTERDAY
  MAXIMUM         84        MM  91    2010  82      2       85
                                      1996
                                      1978
  MINIMUM         67        MM  53    1979  64      3       68
  AVERAGE         76                        73      3       77

PRECIPITATION (IN)
  YESTERDAY        0.50          2.73 2009   0.14   0.36     0.00
  MONTH TO DATE    8.30                      3.99   4.31     3.91
  SINCE MAR 1     21.91                     13.55   8.36    13.67
  SINCE JAN 1     28.09                     20.63   7.46    18.99

SNOWFALL (IN)
  YESTERDAY        0.0          MM      MM   0.0    0.0      0.0
  MONTH TO DATE    0.0                       0.0    0.0      0.0
  SINCE MAR 1      6.4                       0.4    6.0      1.6
  SINCE JUL 1     10.6                       4.4    6.2      5.2
  SNOW DEPTH       0

DEGREE DAYS
 HEATING
  YESTERDAY        0                         0      0        0
  MONTH TO DATE   18                        21     -3       67
  SINCE MAR 1    515                       517     -2      707
  SINCE JUL 1   3312                      3003    309     3534

 COOLING
  YESTERDAY       11                         8      3       12
  MONTH TO DATE  149                       142      7      141
  SINCE MAR 1    224                       229     -5      197
  SINCE JAN 1    224                       231     -7      197
..................................................................


WIND (MPH)
  HIGHEST WIND SPEED    16   HIGHEST WIND DIRECTION    SE (150)
  HIGHEST GUST SPEED    27   HIGHEST GUST DIRECTION     S (170)
  AVERAGE WIND SPEED    10.3


SKY COVER
  POSSIBLE SUNSHINE  MM
  AVERAGE SKY COVER 0.6


WEATHER CONDITIONS
 THE FOLLOWING WEATHER WAS RECORDED YESTERDAY.
  THUNDERSTORM
  HEAVY RAIN
  RAIN
  LIGHT RAIN


RELATIVE HUMIDITY (PERCENT)
 HIGHEST    97           600 PM
 LOWEST     72           200 PM
 AVERAGE    85

..........................................................


THE NORTH LITTLE ROCK CLIMATE NORMALS FOR TODAY
                         NORMAL    RECORD    YEAR
 MAXIMUM TEMPERATURE (F)   83        92      1996
 MINIMUM TEMPERATURE (F)   64        49      1979


SUNRISE AND SUNSET
MAY 25 2015...........SUNRISE   600 AM CDT   SUNSET   813 PM CDT
MAY 26 2015...........SUNRISE   559 AM CDT   SUNSET   813 PM CDT


-  INDICATES NEGATIVE NUMBERS.
R  INDICATES RECORD WAS SET OR TIED.
MM INDICATES DATA IS MISSING.
T  INDICATES TRACE AMOUNT.




$$
