335
CDUS44 KLZK 220646
CLILZK


CLIMATE REPORT
NATIONAL WEATHER SERVICE LITTLE ROCK AR
1246 AM CST THU FEB 22 2018


...................................

...THE NORTH LITTLE ROCK CLIMATE SUMMARY FOR FEBRUARY 21 2018...

CLIMATE NORMAL PERIOD 1981 TO 2010
CLIMATE RECORD PERIOD 1975 TO 2018


WEATHER ITEM   OBSERVED TIME   RECORD YEAR NORMAL DEPARTURE LAST
                VALUE   (LST)  VALUE       VALUE  FROM      YEAR
                                                  NORMAL
..................................................................
TEMPERATURE (F)
 YESTERDAY
  MAXIMUM         59        MM  79    1980  56      3       61
  MINIMUM         35        MM  18    1978  38     -3       57
  AVERAGE         47                        47      0       59

PRECIPITATION (IN)
  YESTERDAY        3.42R         1.67 2013   0.14   3.28     0.59
  MONTH TO DATE    6.61                      2.65   3.96     2.80
  SINCE DEC 1     15.93                     11.08   4.85     8.27
  SINCE JAN 1      9.10                      6.07   3.03     5.10

SNOWFALL (IN)
  YESTERDAY        0.0           T    2013   0.1   -0.1      0.0
                                      1978
  MONTH TO DATE    T                         1.5   -1.5      0.0
  SINCE DEC 1      1.5                       3.7   -2.2      0.8
  SINCE JUL 1      1.5                       3.7   -2.2      0.8
  SNOW DEPTH       0

DEGREE DAYS
 HEATING
  YESTERDAY       18                        18      0        6
  MONTH TO DATE  446                       434     12      251
  SINCE DEC 1   1945                      1855     90     1468
  SINCE JUL 1   2351                      2367    -16     1762

 COOLING
  YESTERDAY        0                         0      0        0
  MONTH TO DATE    3                         0      3       13
  SINCE DEC 1      3                         2      1       15
  SINCE JAN 1      3                         1      2       14
..................................................................


WIND (MPH)
  HIGHEST WIND SPEED    15   HIGHEST WIND DIRECTION     E (90)
  HIGHEST GUST SPEED    20   HIGHEST GUST DIRECTION    NE (50)
  AVERAGE WIND SPEED     9.4


SKY COVER
  POSSIBLE SUNSHINE  MM
  AVERAGE SKY COVER 0.0


WEATHER CONDITIONS
 THE FOLLOWING WEATHER WAS RECORDED YESTERDAY.
  HEAVY RAIN
  RAIN
  LIGHT RAIN


RELATIVE HUMIDITY (PERCENT)
 HIGHEST   100           100 AM
 LOWEST     92           700 AM
 AVERAGE    96

..........................................................


THE NORTH LITTLE ROCK CLIMATE NORMALS FOR TODAY
                         NORMAL    RECORD    YEAR
 MAXIMUM TEMPERATURE (F)   56        75      2000
 MINIMUM TEMPERATURE (F)   38        17      1978


SUNRISE AND SUNSET
FEBRUARY 22 2018......SUNRISE   647 AM CST   SUNSET   559 PM CST
FEBRUARY 23 2018......SUNRISE   646 AM CST   SUNSET   600 PM CST


-  INDICATES NEGATIVE NUMBERS.
R  INDICATES RECORD WAS SET OR TIED.
MM INDICATES DATA IS MISSING.
T  INDICATES TRACE AMOUNT.




$$
