000
CDUS44 KLZK 270640
CLILZK


CLIMATE REPORT
NATIONAL WEATHER SERVICE LITTLE ROCK AR
140 AM CDT TUE SEP 27 2016


...................................

...THE NORTH LITTLE ROCK CLIMATE SUMMARY FOR SEPTEMBER 26 2016...

CLIMATE NORMAL PERIOD 1981 TO 2010
CLIMATE RECORD PERIOD 1975 TO 2016


WEATHER ITEM   OBSERVED TIME   RECORD YEAR NORMAL DEPARTURE LAST
                VALUE   (LST)  VALUE       VALUE  FROM      YEAR
                                                  NORMAL
..................................................................
TEMPERATURE (F)
 YESTERDAY
  MAXIMUM         76        MM  91    2005  80     -4       86
                                      1998
  MINIMUM         61   1100 PM  46    2000  61      0       64
  AVERAGE         69                        70     -1       75

PRECIPITATION (IN)
  YESTERDAY        0.00          1.17 1996   0.12  -0.12     0.00
  MONTH TO DATE    0.92                      2.84  -1.92     2.92
  SINCE SEP 1      0.92                      2.84  -1.92     2.92
  SINCE JAN 1     45.11                     34.36  10.75    41.22

SNOWFALL (IN)
  YESTERDAY        0.0          MM      MM   0.0    0.0      0.0
  MONTH TO DATE    0.0                       0.0    0.0      0.0
  SINCE SEP 1      0.0                       0.0    0.0      0.0
  SINCE JUL 1      T                         0.0    0.0      0.0
  SNOW DEPTH       0

DEGREE DAYS
 HEATING
  YESTERDAY        0                         1     -1        0
  MONTH TO DATE    0                         8     -8        0
  SINCE SEP 1      0                         8     -8        0
  SINCE JUL 1      0                         8     -8        0

 COOLING
  YESTERDAY        4                         7     -3       10
  MONTH TO DATE  362                       274     88      321
  SINCE SEP 1    362                       274     88      321
  SINCE JAN 1   2157                      2051    106     2171
..................................................................


WIND (MPH)
  HIGHEST WIND SPEED     9   HIGHEST WIND DIRECTION    NE (50)
  HIGHEST GUST SPEED    18   HIGHEST GUST DIRECTION     N (20)
  AVERAGE WIND SPEED     5.6


SKY COVER
  POSSIBLE SUNSHINE  MM
  AVERAGE SKY COVER 0.0


WEATHER CONDITIONS
 THE FOLLOWING WEATHER WAS RECORDED YESTERDAY.
  NO SIGNIFICANT WEATHER WAS OBSERVED.


RELATIVE HUMIDITY (PERCENT)
 HIGHEST    90           300 AM
 LOWEST     53           300 PM
 AVERAGE    72

..........................................................


THE NORTH LITTLE ROCK CLIMATE NORMALS FOR TODAY
                         NORMAL    RECORD    YEAR
 MAXIMUM TEMPERATURE (F)   80        94      1998
 MINIMUM TEMPERATURE (F)   60        46      1985


SUNRISE AND SUNSET
SEPTEMBER 27 2016.....SUNRISE   701 AM CDT   SUNSET   658 PM CDT
SEPTEMBER 28 2016.....SUNRISE   702 AM CDT   SUNSET   656 PM CDT


-  INDICATES NEGATIVE NUMBERS.
R  INDICATES RECORD WAS SET OR TIED.
MM INDICATES DATA IS MISSING.
T  INDICATES TRACE AMOUNT.




$$
