000
CDUS44 KLZK 202107
CLILZK


CLIMATE REPORT
NATIONAL WEATHER SERVICE LITTLE ROCK AR
406 PM CDT FRI OCT 20 2017


...................................

...THE NORTH LITTLE ROCK CLIMATE SUMMARY FOR OCTOBER 20 2017...
VALID TODAY AS OF 0400 PM LOCAL TIME.

CLIMATE NORMAL PERIOD 1981 TO 2010
CLIMATE RECORD PERIOD 1975 TO 2017


WEATHER ITEM   OBSERVED TIME   RECORD YEAR NORMAL DEPARTURE LAST
                VALUE   (LST)  VALUE       VALUE  FROM      YEAR
                                                  NORMAL
..................................................................
TEMPERATURE (F)
 TODAY
  MAXIMUM         74        MM  89    2003  72      2       72
  MINIMUM         54        MM  32    1989  53      1       54
  AVERAGE         64                        62      2       63

PRECIPITATION (IN)
  TODAY            0.00          1.80 1984   0.18  -0.18     0.23
  MONTH TO DATE    0.67                      2.97  -2.30     1.69
  SINCE SEP 1      0.95                      6.28  -5.33     2.62
  SINCE JAN 1     43.54                     37.80   5.74    46.81

SNOWFALL (IN)
  TODAY            0.0          MM      MM   0.0    0.0      0.0
  MONTH TO DATE    0.0                       0.0    0.0      0.0
  SINCE SEP 1      0.0                       0.0    0.0      0.0
  SINCE JUL 1      T                         0.0    0.0       T
  SNOW DEPTH       0

DEGREE DAYS
 HEATING
  TODAY            1                         4     -3        2
  MONTH TO DATE   20                        56    -36       11
  SINCE SEP 1     21                        69    -48       11
  SINCE JUL 1     21                        69    -48       11

 COOLING
  TODAY            0                         2     -2        0
  MONTH TO DATE  127                        65     62      127
  SINCE SEP 1    451                       362     89      503
  SINCE JAN 1   2048                      2139    -91     2298
..................................................................


WIND (MPH)
  HIGHEST WIND SPEED    MM   HIGHEST WIND DIRECTION    MM
  HIGHEST GUST SPEED    MM   HIGHEST GUST DIRECTION    MM
  AVERAGE WIND SPEED    MM


SKY COVER
  POSSIBLE SUNSHINE  MM
  AVERAGE SKY COVER  MM


WEATHER CONDITIONS
 THE FOLLOWING WEATHER WAS RECORDED TODAY.
  NO SIGNIFICANT WEATHER WAS OBSERVED.


RELATIVE HUMIDITY (PERCENT)
 HIGHEST    MM
 LOWEST     MM
 AVERAGE    MM

..........................................................


THE NORTH LITTLE ROCK CLIMATE NORMALS FOR TOMORROW
                         NORMAL    RECORD    YEAR
 MAXIMUM TEMPERATURE (F)   72        91      2003
 MINIMUM TEMPERATURE (F)   53        39      1987


SUNRISE AND SUNSET
OCTOBER 20 2017.......SUNRISE   719 AM CDT   SUNSET   628 PM CDT
OCTOBER 21 2017.......SUNRISE   720 AM CDT   SUNSET   627 PM CDT


-  INDICATES NEGATIVE NUMBERS.
R  INDICATES RECORD WAS SET OR TIED.
MM INDICATES DATA IS MISSING.
T  INDICATES TRACE AMOUNT.




$$
