021
CDUS44 KLZK 260644
CLILZK


CLIMATE REPORT
NATIONAL WEATHER SERVICE LITTLE ROCK AR
144 AM CDT WED APR 26 2017


...................................

...THE NORTH LITTLE ROCK CLIMATE SUMMARY FOR APRIL 25 2017...

CLIMATE NORMAL PERIOD 1981 TO 2010
CLIMATE RECORD PERIOD 1975 TO 2017


WEATHER ITEM   OBSERVED TIME   RECORD YEAR NORMAL DEPARTURE LAST
                VALUE   (LST)  VALUE       VALUE  FROM      YEAR
                                                  NORMAL
..................................................................
TEMPERATURE (F)
 YESTERDAY
  MAXIMUM         82        MM  86    1989  75      7       80
                                      1984
  MINIMUM         53        MM  42    2013  56     -3       61
  AVERAGE         68                        65      3       71

PRECIPITATION (IN)
  YESTERDAY        0.00          2.72 1980   0.17  -0.17     0.00
  MONTH TO DATE    3.13                      3.95  -0.82     2.89
  SINCE MAR 1      6.60                      8.72  -2.12    15.41
  SINCE JAN 1     11.88                     15.80  -3.92    20.47

SNOWFALL (IN)
  YESTERDAY        0.0          MM      MM   0.0    0.0      0.0
  MONTH TO DATE    0.0                       0.0    0.0      0.0
  SINCE MAR 1      T                         0.4   -0.4       T
  SINCE JUL 1      0.8                       4.4   -3.6      7.2
  SNOW DEPTH       0

DEGREE DAYS
 HEATING
  YESTERDAY        0                         3     -3        0
  MONTH TO DATE   55                       126    -71       82
  SINCE MAR 1    326                       486   -160      326
  SINCE JUL 1   2157                      2972   -815     2287

 COOLING
  YESTERDAY        3                         3      0        6
  MONTH TO DATE   71                        51     20       30
  SINCE MAR 1     98                        68     30       47
  SINCE JAN 1    115                        70     45       50
..................................................................


WIND (MPH)
  HIGHEST WIND SPEED    12   HIGHEST WIND DIRECTION     S (180)
  HIGHEST GUST SPEED    25   HIGHEST GUST DIRECTION     S (180)
  AVERAGE WIND SPEED     7.4


SKY COVER
  POSSIBLE SUNSHINE  MM
  AVERAGE SKY COVER 0.0


WEATHER CONDITIONS
 THE FOLLOWING WEATHER WAS RECORDED YESTERDAY.
  NO SIGNIFICANT WEATHER WAS OBSERVED.


RELATIVE HUMIDITY (PERCENT)
 HIGHEST    77           600 AM
 LOWEST     46          1200 PM
 AVERAGE    62

..........................................................


THE NORTH LITTLE ROCK CLIMATE NORMALS FOR TODAY
                         NORMAL    RECORD    YEAR
 MAXIMUM TEMPERATURE (F)   75        89      1987
 MINIMUM TEMPERATURE (F)   56        39      1976


SUNRISE AND SUNSET
APRIL 26 2017.........SUNRISE   624 AM CDT   SUNSET   750 PM CDT
APRIL 27 2017.........SUNRISE   622 AM CDT   SUNSET   751 PM CDT


-  INDICATES NEGATIVE NUMBERS.
R  INDICATES RECORD WAS SET OR TIED.
MM INDICATES DATA IS MISSING.
T  INDICATES TRACE AMOUNT.




$$
