000
CDUS44 KLZK 170636
CLILZK


CLIMATE REPORT
NATIONAL WEATHER SERVICE LITTLE ROCK AR
1235 AM CST TUE JAN 17 2017


...................................

...THE NORTH LITTLE ROCK CLIMATE SUMMARY FOR JANUARY 16 2017...

CLIMATE NORMAL PERIOD 1981 TO 2010
CLIMATE RECORD PERIOD 1975 TO 2017


WEATHER ITEM   OBSERVED TIME   RECORD YEAR NORMAL DEPARTURE LAST
                VALUE   (LST)  VALUE       VALUE  FROM      YEAR
                                                  NORMAL
..................................................................
TEMPERATURE (F)
 YESTERDAY
  MAXIMUM         64        MM  68    1996  49     15       42
  MINIMUM         44        MM   5    1982  33     11       33
  AVERAGE         54                        41     13       38

PRECIPITATION (IN)
  YESTERDAY        0.85          1.60 1978   0.10   0.75     0.00
  MONTH TO DATE    1.53                      1.82  -0.29     1.66
  SINCE DEC 1      4.70                      6.83  -2.13    11.74
  SINCE JAN 1      1.53                      1.82  -0.29     1.66

SNOWFALL (IN)
  YESTERDAY        0.0           0.3  1978   0.0    0.0      0.0
  MONTH TO DATE    0.8                       0.7    0.1       T
  SINCE DEC 1      0.8                       1.2   -0.4       T
  SINCE JUL 1      0.8                       1.2   -0.4       T
  SNOW DEPTH       0

DEGREE DAYS
 HEATING
  YESTERDAY       11                        24    -13       27
  MONTH TO DATE  352                       384    -32      369
  SINCE DEC 1    998                      1064    -66      780
  SINCE JUL 1   1292                      1576   -284     1133

 COOLING
  YESTERDAY        0                         0      0        0
  MONTH TO DATE    1                         0      1        0
  SINCE DEC 1      2                         1      1        7
  SINCE JAN 1      1                         0      1        0
..................................................................


WIND (MPH)
  HIGHEST WIND SPEED     9   HIGHEST WIND DIRECTION     S (180)
  HIGHEST GUST SPEED    21   HIGHEST GUST DIRECTION     S (160)
  AVERAGE WIND SPEED     6.7


SKY COVER
  POSSIBLE SUNSHINE  MM
  AVERAGE SKY COVER 0.0


WEATHER CONDITIONS
 THE FOLLOWING WEATHER WAS RECORDED YESTERDAY.
  THUNDERSTORM
  HEAVY RAIN
  RAIN
  LIGHT RAIN
  FOG
  FOG W/VISIBILITY <= 1/4 MILE


RELATIVE HUMIDITY (PERCENT)
 HIGHEST   100           200 AM
 LOWEST     92           100 AM
 AVERAGE    96

..........................................................


THE NORTH LITTLE ROCK CLIMATE NORMALS FOR TODAY
                         NORMAL    RECORD    YEAR
 MAXIMUM TEMPERATURE (F)   49        73      1999
 MINIMUM TEMPERATURE (F)   33         1      1982


SUNRISE AND SUNSET
JANUARY 17 2017.......SUNRISE   715 AM CST   SUNSET   523 PM CST
JANUARY 18 2017.......SUNRISE   715 AM CST   SUNSET   524 PM CST


-  INDICATES NEGATIVE NUMBERS.
R  INDICATES RECORD WAS SET OR TIED.
MM INDICATES DATA IS MISSING.
T  INDICATES TRACE AMOUNT.




$$
