257
CDUS46 KHNX 230827
CLIMAE


CLIMATE REPORT
NATIONAL WEATHER SERVICE SAN JOAQUIN VALLEY, CA
1226 AM PST MON JAN 23 2017


...................................

...THE MADERA CA AIRPORT CLIMATE SUMMARY FOR JANUARY 22 2017...

CLIMATE NORMAL PERIOD 1981 TO 2010
CLIMATE RECORD PERIOD 1998 TO 2017


WEATHER ITEM   OBSERVED TIME   RECORD YEAR NORMAL DEPARTURE
                VALUE   (LST)  VALUE       VALUE  FROM
                                                  NORMAL
...............................................................
TEMPERATURE (F)
 YESTERDAY
  MAXIMUM         55    506 PM  68    2014  55      0
  MINIMUM         48   1159 PM  26    2007  38     10
  AVERAGE         52                        46      6

PRECIPITATION (IN)
  YESTERDAY        0.30          0.52 2009   0.07   0.23
  MONTH TO DATE    4.60                      2.01   2.59
  SINCE OCT 1      8.67                      5.74   2.93
  SINCE JAN 1      4.60                      2.01   2.59

SNOWFALL (IN)
  YESTERDAY       MM
  MONTH TO DATE    0.0
  SINCE DEC 1      0.0
  SINCE JUL 1      0.0
  SNOW DEPTH       0

DEGREE DAYS
 HEATING
  YESTERDAY       13
  MONTH TO DATE  344
  SINCE DEC 1    896
  SINCE JUL 1   1204

 COOLING
  YESTERDAY        0
  MONTH TO DATE    0
  SINCE DEC 1      0
  SINCE JAN 1      0
...............................................................


WIND (MPH)
  HIGHEST WIND SPEED    25   HIGHEST WIND DIRECTION    SE (120)
  HIGHEST GUST SPEED    31   HIGHEST GUST DIRECTION    SE (120)
  AVERAGE WIND SPEED    11.4




RELATIVE HUMIDITY (PERCENT)
 HIGHEST    89
 LOWEST     74
 AVERAGE    82

..........................................................


THE MADERA CA AIRPORT CLIMATE NORMALS FOR TODAY
                         NORMAL    RECORD    YEAR
 MAXIMUM TEMPERATURE (F)   55        72      2014
 MINIMUM TEMPERATURE (F)   38        25      2002


SUNRISE AND SUNSET
JANUARY 23 2017.......SUNRISE   709 AM PST   SUNSET   516 PM PST
JANUARY 24 2017.......SUNRISE   708 AM PST   SUNSET   517 PM PST


-  INDICATES NEGATIVE NUMBERS.
R  INDICATES RECORD WAS SET OR TIED.
MM INDICATES DATA IS MISSING.
T  INDICATES TRACE AMOUNT.




$$
