000
CDUS46 KHNX 110823
CLIMAE


CLIMATE REPORT
NATIONAL WEATHER SERVICE SAN JOAQUIN VALLEY, CA
1222 AM PST MON DEC 11 2017


...................................

...THE MADERA CA AIRPORT CLIMATE SUMMARY FOR DECEMBER 10 2017...

CLIMATE NORMAL PERIOD 1981 TO 2010
CLIMATE RECORD PERIOD 1998 TO 2017


WEATHER ITEM   OBSERVED TIME   RECORD YEAR NORMAL DEPARTURE
                VALUE   (LST)  VALUE       VALUE  FROM
                                                  NORMAL
...............................................................
TEMPERATURE (F)
 YESTERDAY
  MAXIMUM         64    307 PM  67    2016  55      9
                                      2010
  MINIMUM         32    618 AM  21    2013  36     -4
  AVERAGE         48                        46      2

PRECIPITATION (IN)
  YESTERDAY        0.00          0.07 2015   0.05  -0.05
                                      2015
                                      2016
  MONTH TO DATE    T                         0.38  -0.38
  SINCE OCT 1      0.32                      2.41  -2.09
  SINCE JAN 1     10.51                     10.70  -0.19

SNOWFALL (IN)
  YESTERDAY        0.0
  MONTH TO DATE    0.0
  SINCE DEC 1      0.0
  SINCE JUL 1      0.0
  SNOW DEPTH       0

DEGREE DAYS
 HEATING
  YESTERDAY       17
  MONTH TO DATE  177
  SINCE DEC 1    177
  SINCE JUL 1    504

 COOLING
  YESTERDAY        0
  MONTH TO DATE    0
  SINCE DEC 1      0
  SINCE JAN 1   2026
...............................................................


WIND (MPH)
  HIGHEST WIND SPEED     7   HIGHEST WIND DIRECTION     E (90)
  HIGHEST GUST SPEED     7   HIGHEST GUST DIRECTION     E (90)
  AVERAGE WIND SPEED     1.6




RELATIVE HUMIDITY (PERCENT)
 HIGHEST    89
 LOWEST     34
 AVERAGE    62

..........................................................


THE MADERA CA AIRPORT CLIMATE NORMALS FOR TODAY
                         NORMAL    RECORD    YEAR
 MAXIMUM TEMPERATURE (F)   55        65      2014
 MINIMUM TEMPERATURE (F)   36        26      2013


SUNRISE AND SUNSET
DECEMBER 11 2017......SUNRISE   704 AM PST   SUNSET   444 PM PST
DECEMBER 12 2017......SUNRISE   705 AM PST   SUNSET   444 PM PST


-  INDICATES NEGATIVE NUMBERS.
R  INDICATES RECORD WAS SET OR TIED.
MM INDICATES DATA IS MISSING.
T  INDICATES TRACE AMOUNT.




$$
