000
CDUS46 KHNX 220822
CLIMAE


CLIMATE REPORT
NATIONAL WEATHER SERVICE SAN JOAQUIN VALLEY, CA
1222 AM PST SAT NOV 22 2014


...................................

...THE MADERA CA AIRPORT CLIMATE SUMMARY FOR NOVEMBER 21 2014...

CLIMATE NORMAL PERIOD 1981 TO 2010
CLIMATE RECORD PERIOD 1998 TO 2014


WEATHER ITEM   OBSERVED TIME   RECORD YEAR NORMAL DEPARTURE
                VALUE   (LST)  VALUE       VALUE  FROM
                                                  NORMAL
...............................................................
TEMPERATURE (F)
 YESTERDAY
  MAXIMUM         55    329 PM  74    2005  62     -7
  MINIMUM         45    216 AM  34    2011  39      6
  AVERAGE         50                        51     -1

PRECIPITATION (IN)
  YESTERDAY        0.00          0.45 2010   0.05  -0.05
  MONTH TO DATE    0.42                      0.86  -0.44
  SINCE JUL 1      0.83                      2.03  -1.20
  SINCE JAN 1      4.44                     10.03  -5.59

SNOWFALL (IN)
  YESTERDAY        0.0
  MONTH TO DATE    0.0
  SINCE SEP 1      0.0
  SINCE JUL 1      0.0
  SNOW DEPTH       0

DEGREE DAYS
 HEATING
  YESTERDAY       15
  MONTH TO DATE  180
  SINCE SEP 1    212
  SINCE JUL 1    212

 COOLING
  YESTERDAY        0
  MONTH TO DATE    0
  SINCE SEP 1    466
  SINCE JAN 1   2952
...............................................................


WIND (MPH)
  HIGHEST WIND SPEED    10   HIGHEST WIND DIRECTION    NW (320)
  HIGHEST GUST SPEED    11   HIGHEST GUST DIRECTION    NW (300)
  AVERAGE WIND SPEED     4.8




RELATIVE HUMIDITY (PERCENT)
 HIGHEST   100
 LOWEST     77
 AVERAGE    89

..........................................................


THE MADERA CA AIRPORT CLIMATE NORMALS FOR TODAY
                         NORMAL    RECORD    YEAR
 MAXIMUM TEMPERATURE (F)   62        71      2005
 MINIMUM TEMPERATURE (F)   39        27      2003


SUNRISE AND SUNSET
NOVEMBER 22 2014......SUNRISE   646 AM PST   SUNSET   447 PM PST
NOVEMBER 23 2014......SUNRISE   647 AM PST   SUNSET   446 PM PST


-  INDICATES NEGATIVE NUMBERS.
R  INDICATES RECORD WAS SET OR TIED.
MM INDICATES DATA IS MISSING.
T  INDICATES TRACE AMOUNT.




$$
