000
CDUS46 KHNX 290824
CLIMAE


CLIMATE REPORT
NATIONAL WEATHER SERVICE SAN JOAQUIN VALLEY, CA
1223 AM PST SAT NOV 29 2014


...................................

...THE MADERA CA AIRPORT CLIMATE SUMMARY FOR NOVEMBER 28 2014...

CLIMATE NORMAL PERIOD 1981 TO 2010
CLIMATE RECORD PERIOD 1998 TO 2014


WEATHER ITEM   OBSERVED TIME   RECORD YEAR NORMAL DEPARTURE
                VALUE   (LST)  VALUE       VALUE  FROM
                                                  NORMAL
...............................................................
TEMPERATURE (F)
 YESTERDAY
  MAXIMUM         73R   350 PM  68    2013  59     14
  MINIMUM         39    438 AM  29    2004  38      1
  AVERAGE         56                        48      8

PRECIPITATION (IN)
  YESTERDAY        0.00          0.14 2012   0.03  -0.03
  MONTH TO DATE    0.42                      1.08  -0.66
  SINCE JUL 1      0.83                      2.25  -1.42
  SINCE JAN 1      4.44                     10.25  -5.81

SNOWFALL (IN)
  YESTERDAY        0.0
  MONTH TO DATE    0.0
  SINCE SEP 1      0.0
  SINCE JUL 1      0.0
  SNOW DEPTH       0

DEGREE DAYS
 HEATING
  YESTERDAY        9
  MONTH TO DATE  266
  SINCE SEP 1    298
  SINCE JUL 1    298

 COOLING
  YESTERDAY        0
  MONTH TO DATE    0
  SINCE SEP 1    466
  SINCE JAN 1   2952
...............................................................


WIND (MPH)
  HIGHEST WIND SPEED    10   HIGHEST WIND DIRECTION     E (110)
  HIGHEST GUST SPEED    12   HIGHEST GUST DIRECTION     E (110)
  AVERAGE WIND SPEED     2.7




RELATIVE HUMIDITY (PERCENT)
 HIGHEST    89
 LOWEST     33
 AVERAGE    61

..........................................................


THE MADERA CA AIRPORT CLIMATE NORMALS FOR TODAY
                         NORMAL    RECORD    YEAR
 MAXIMUM TEMPERATURE (F)   59        70      2013
 MINIMUM TEMPERATURE (F)   38        27      2010
                                             2004


SUNRISE AND SUNSET
NOVEMBER 29 2014......SUNRISE   653 AM PST   SUNSET   444 PM PST
NOVEMBER 30 2014......SUNRISE   654 AM PST   SUNSET   444 PM PST


-  INDICATES NEGATIVE NUMBERS.
R  INDICATES RECORD WAS SET OR TIED.
MM INDICATES DATA IS MISSING.
T  INDICATES TRACE AMOUNT.




$$
