000
CDUS46 KHNX 020022
CLIMAE


CLIMATE REPORT
NATIONAL WEATHER SERVICE SAN JOAQUIN VALLEY, CA
420 PM PST SUN MAR 1 2015


...................................

...THE MADERA CA CLIMATE SUMMARY FOR MARCH 1 2015...
VALID AS OF 0400 PM LOCAL TIME.

CLIMATE NORMAL PERIOD 1981 TO 2010
CLIMATE RECORD PERIOD 1998 TO 2015


WEATHER ITEM   OBSERVED TIME   RECORD YEAR NORMAL DEPARTURE LAST
                VALUE   (LST)  VALUE       VALUE  FROM      YEAR
                                                  NORMAL
..................................................................
TEMPERATURE (F)
 TODAY
  MAXIMUM         65    247 PM  73    2013  64      1       66
  MINIMUM         37    657 AM  31    2011  42     -5       50
                                      2007
  AVERAGE         51                        53     -2       58

PRECIPITATION (IN)
  TODAY            0.00          0.50 2004   0.11  -0.11     0.02
  MONTH TO DATE    0.00                      0.11  -0.11     0.02
  SINCE OCT 1      4.25                      8.42  -4.17     3.10
  SINCE JAN 1      0.57                      4.69  -4.12     2.41

SNOWFALL (IN)
  TODAY            0.0
  MONTH TO DATE    0.0
  SINCE MAR 1      0.0
  SINCE JUL 1      0.0
  SNOW DEPTH       0

DEGREE DAYS
 HEATING
  TODAY           14                                         7
  MONTH TO DATE   14                                         7
  SINCE MAR 1     14                                         7
  SINCE JUL 1   1464                                      1834

 COOLING
  TODAY            0                                         0
  MONTH TO DATE    0                                         0
  SINCE MAR 1      0                                         0
  SINCE JAN 1      2                                         0
..................................................................


WIND (MPH)
  HIGHEST WIND SPEED    10   HIGHEST WIND DIRECTION    NW (320)
  HIGHEST GUST SPEED    13   HIGHEST GUST DIRECTION     W (290)
  AVERAGE WIND SPEED     2.4




RELATIVE HUMIDITY (PERCENT)
 HIGHEST    92
 LOWEST     43
 AVERAGE    68

..........................................................


THE MADERA CA CLIMATE NORMALS FOR TOMORROW
                         NORMAL    RECORD    YEAR
 MAXIMUM TEMPERATURE (F)   64        79      2013
 MINIMUM TEMPERATURE (F)   42        34      2008


SUNRISE AND SUNSET
MARCH  1 2015.........SUNRISE   632 AM PST   SUNSET   555 PM PST
MARCH  2 2015.........SUNRISE   630 AM PST   SUNSET   556 PM PST


-  INDICATES NEGATIVE NUMBERS.
R  INDICATES RECORD WAS SET OR TIED.
MM INDICATES DATA IS MISSING.
T  INDICATES TRACE AMOUNT.




$$
