000
CDUS46 KHNX 080023
CLIMAE


CLIMATE REPORT
NATIONAL WEATHER SERVICE SAN JOAQUIN VALLEY, CA
422 PM PST WED DEC 7 2016


...................................

...THE MADERA CA CLIMATE SUMMARY FOR DECEMBER 7 2016...
VALID AS OF 0400 PM LOCAL TIME.

CLIMATE NORMAL PERIOD 1981 TO 2010
CLIMATE RECORD PERIOD 1998 TO 2016


WEATHER ITEM   OBSERVED TIME   RECORD YEAR NORMAL DEPARTURE LAST
                VALUE   (LST)  VALUE       VALUE  FROM      YEAR
                                                  NORMAL
..................................................................
TEMPERATURE (F)
 TODAY
  MAXIMUM         52    359 PM  68    2014  56     -4       64
  MINIMUM         31    739 AM  28    2013  37     -6       39
                                      2011
  AVERAGE         42                        46     -4       52

PRECIPITATION (IN)
  TODAY            0.00          0.62 2007   0.05  -0.05     0.00
  MONTH TO DATE    0.00                      0.25  -0.25     0.01
  SINCE OCT 1      2.20                      2.28  -0.08     2.24
  SINCE JAN 1     10.60                     10.57   0.03     4.56

SNOWFALL (IN)
  TODAY            0.0
  MONTH TO DATE    0.0
  SINCE DEC 1      0.0
  SINCE JUL 1      0.0
  SNOW DEPTH       0

DEGREE DAYS
 HEATING
  TODAY           23                                        13
  MONTH TO DATE  140                                       103
  SINCE DEC 1    140                                       103
  SINCE JUL 1    448                                       514

 COOLING
  TODAY            0                                         0
  MONTH TO DATE    0                                         0
  SINCE DEC 1      0                                         0
  SINCE JAN 1   1819                                      2056
..................................................................


WIND (MPH)
  HIGHEST WIND SPEED     7   HIGHEST WIND DIRECTION    NE (30)
  HIGHEST GUST SPEED     7   HIGHEST GUST DIRECTION    NE (30)
  AVERAGE WIND SPEED     0.9




RELATIVE HUMIDITY (PERCENT)
 HIGHEST    96
 LOWEST     59
 AVERAGE    78

..........................................................


THE MADERA CA CLIMATE NORMALS FOR TOMORROW
                         NORMAL    RECORD    YEAR
 MAXIMUM TEMPERATURE (F)   56        76      2006
 MINIMUM TEMPERATURE (F)   37        25      2013


SUNRISE AND SUNSET
DECEMBER  7 2016......SUNRISE   701 AM PST   SUNSET   444 PM PST
DECEMBER  8 2016......SUNRISE   702 AM PST   SUNSET   444 PM PST


-  INDICATES NEGATIVE NUMBERS.
R  INDICATES RECORD WAS SET OR TIED.
MM INDICATES DATA IS MISSING.
T  INDICATES TRACE AMOUNT.




$$
