000
CDUS46 KHNX 290822
CLIMAE


CLIMATE REPORT
NATIONAL WEATHER SERVICE SAN JOAQUIN VALLEY, CA
121 AM PDT SUN MAR 29 2015


...................................

...THE MADERA CA AIRPORT CLIMATE SUMMARY FOR MARCH 28 2015...

CLIMATE NORMAL PERIOD 1981 TO 2010
CLIMATE RECORD PERIOD 1998 TO 2015


WEATHER ITEM   OBSERVED TIME   RECORD YEAR NORMAL DEPARTURE
                VALUE   (LST)  VALUE       VALUE  FROM
                                                  NORMAL
...............................................................
TEMPERATURE (F)
 YESTERDAY
  MAXIMUM         82R   308 PM  79    2010  68     14
                                      2009
  MINIMUM         49    552 AM  34    1999  43      6
  AVERAGE         66                        55     11

PRECIPITATION (IN)
  YESTERDAY        0.00          0.15 2005   0.04  -0.04
  MONTH TO DATE    0.01                      1.66  -1.65
  SINCE OCT 1      4.26                      9.97  -5.71
  SINCE JAN 1      0.58                      6.24  -5.66

SNOWFALL (IN)
  YESTERDAY        0.0
  MONTH TO DATE    0.0
  SINCE MAR 1      0.0
  SINCE JUL 1      0.0
  SNOW DEPTH       0

DEGREE DAYS
 HEATING
  YESTERDAY        0
  MONTH TO DATE  127
  SINCE MAR 1    127
  SINCE JUL 1   1577

 COOLING
  YESTERDAY        1
  MONTH TO DATE   24
  SINCE MAR 1     24
  SINCE JAN 1     26
...............................................................


WIND (MPH)
  HIGHEST WIND SPEED    15   HIGHEST WIND DIRECTION    NW (300)
  HIGHEST GUST SPEED    26   HIGHEST GUST DIRECTION     N (10)
  AVERAGE WIND SPEED     8.2




RELATIVE HUMIDITY (PERCENT)
 HIGHEST    83
 LOWEST     30
 AVERAGE    57

..........................................................


THE MADERA CA AIRPORT CLIMATE NORMALS FOR TODAY
                         NORMAL    RECORD    YEAR
 MAXIMUM TEMPERATURE (F)   69        87      2004
 MINIMUM TEMPERATURE (F)   43        34      1999


SUNRISE AND SUNSET
MARCH 29 2015.........SUNRISE   651 AM PDT   SUNSET   720 PM PDT
MARCH 30 2015.........SUNRISE   649 AM PDT   SUNSET   721 PM PDT


-  INDICATES NEGATIVE NUMBERS.
R  INDICATES RECORD WAS SET OR TIED.
MM INDICATES DATA IS MISSING.
T  INDICATES TRACE AMOUNT.




$$
