000
CDUS46 KHNX 250821
CLIMAE


CLIMATE REPORT
NATIONAL WEATHER SERVICE SAN JOAQUIN VALLEY, CA
1221 AM PST SUN JAN 25 2015


...................................

...THE MADERA CA AIRPORT CLIMATE SUMMARY FOR JANUARY 24 2015...

CLIMATE NORMAL PERIOD 1981 TO 2010
CLIMATE RECORD PERIOD 1998 TO 2015


WEATHER ITEM   OBSERVED TIME   RECORD YEAR NORMAL DEPARTURE
                VALUE   (LST)  VALUE       VALUE  FROM
                                                  NORMAL
...............................................................
TEMPERATURE (F)
 YESTERDAY
  MAXIMUM         50    333 PM  77    2014  55     -5
  MINIMUM         42   1015 AM  28    2007  38      4
  AVERAGE         46                        46      0

PRECIPITATION (IN)
  YESTERDAY        0.00          0.69 2000   0.06  -0.06
  MONTH TO DATE    T                         2.13  -2.13
  SINCE OCT 1      3.68                      5.86  -2.18
  SINCE JAN 1      T                         2.13  -2.13

SNOWFALL (IN)
  YESTERDAY        0.0
  MONTH TO DATE    0.0
  SINCE DEC 1      0.0
  SINCE JUL 1      0.0
  SNOW DEPTH       0

DEGREE DAYS
 HEATING
  YESTERDAY       19
  MONTH TO DATE  385
  SINCE DEC 1    773
  SINCE JUL 1   1089

 COOLING
  YESTERDAY        0
  MONTH TO DATE    0
  SINCE DEC 1      1
  SINCE JAN 1      0
...............................................................


WIND (MPH)
  HIGHEST WIND SPEED    10   HIGHEST WIND DIRECTION    SE (140)
  HIGHEST GUST SPEED    13   HIGHEST GUST DIRECTION    SE (140)
  AVERAGE WIND SPEED     2.7




RELATIVE HUMIDITY (PERCENT)
 HIGHEST   100
 LOWEST     74
 AVERAGE    87

..........................................................


THE MADERA CA AIRPORT CLIMATE NORMALS FOR TODAY
                         NORMAL    RECORD    YEAR
 MAXIMUM TEMPERATURE (F)   56        74      2014
 MINIMUM TEMPERATURE (F)   38        30      2007


SUNRISE AND SUNSET
JANUARY 25 2015.......SUNRISE   708 AM PST   SUNSET   518 PM PST
JANUARY 26 2015.......SUNRISE   707 AM PST   SUNSET   519 PM PST


-  INDICATES NEGATIVE NUMBERS.
R  INDICATES RECORD WAS SET OR TIED.
MM INDICATES DATA IS MISSING.
T  INDICATES TRACE AMOUNT.




$$
