000
CDUS46 KHNX 030822
CLIMAE


CLIMATE REPORT
NATIONAL WEATHER SERVICE SAN JOAQUIN VALLEY, CA
121 AM PDT WED JUN 3 2015


...................................

...THE MADERA CA AIRPORT CLIMATE SUMMARY FOR JUNE 2 2015...

CLIMATE NORMAL PERIOD 1981 TO 2010
CLIMATE RECORD PERIOD 1998 TO 2015


WEATHER ITEM   OBSERVED TIME   RECORD YEAR NORMAL DEPARTURE
                VALUE   (LST)  VALUE       VALUE  FROM
                                                  NORMAL
...............................................................
TEMPERATURE (F)
 YESTERDAY
  MAXIMUM         86    431 PM  99    2013  87     -1
                                      2003
  MINIMUM         62   1159 PM  44    2011  55      7
  AVERAGE         74                        71      3

PRECIPITATION (IN)
  YESTERDAY        0.00          0.25 1999   0.03  -0.03
  MONTH TO DATE    0.00                      0.05  -0.05
  SINCE OCT 1      5.71                     11.59  -5.88
  SINCE JAN 1      2.03                      7.86  -5.83

SNOWFALL (IN)
  YESTERDAY        0.0
  MONTH TO DATE    0.0
  SINCE JUN 1      0.0
  SINCE JUL 1      0.0
  SNOW DEPTH      MM

DEGREE DAYS
 HEATING
  YESTERDAY        0
  MONTH TO DATE    0
  SINCE JUN 1      0
  SINCE JUL 1   1726

 COOLING
  YESTERDAY        9
  MONTH TO DATE   14
  SINCE JUN 1     14
  SINCE JAN 1    195
...............................................................


WIND (MPH)
  HIGHEST WIND SPEED    16   HIGHEST WIND DIRECTION    NW (320)
  HIGHEST GUST SPEED    22   HIGHEST GUST DIRECTION    NW (300)
  AVERAGE WIND SPEED    10.4




RELATIVE HUMIDITY (PERCENT)
 HIGHEST    67
 LOWEST     25
 AVERAGE    46

..........................................................


THE MADERA CA AIRPORT CLIMATE NORMALS FOR TODAY
                         NORMAL    RECORD    YEAR
 MAXIMUM TEMPERATURE (F)   88       103      2003
 MINIMUM TEMPERATURE (F)   55        45      2011


SUNRISE AND SUNSET
JUNE  3 2015..........SUNRISE   542 AM PDT   SUNSET   816 PM PDT
JUNE  4 2015..........SUNRISE   542 AM PDT   SUNSET   816 PM PDT


-  INDICATES NEGATIVE NUMBERS.
R  INDICATES RECORD WAS SET OR TIED.
MM INDICATES DATA IS MISSING.
T  INDICATES TRACE AMOUNT.




$$
