000
CDUS46 KHNX 180823
CLIMAE


CLIMATE REPORT
NATIONAL WEATHER SERVICE SAN JOAQUIN VALLEY, CA
123 AM PDT WED OCT 18 2017


...................................

...THE MADERA CA AIRPORT CLIMATE SUMMARY FOR OCTOBER 17 2017...

CLIMATE NORMAL PERIOD 1981 TO 2010
CLIMATE RECORD PERIOD 1998 TO 2017


WEATHER ITEM   OBSERVED TIME   RECORD YEAR NORMAL DEPARTURE
                VALUE   (LST)  VALUE       VALUE  FROM
                                                  NORMAL
...............................................................
TEMPERATURE (F)
 YESTERDAY
  MAXIMUM         79   1236 PM  91    2008  79      0
  MINIMUM         49    442 AM  42    1998  49      0
  AVERAGE         64                        64      0

PRECIPITATION (IN)
  YESTERDAY        0.00          0.27 2004   0.03  -0.03
  MONTH TO DATE    0.00                      0.27  -0.27
  SINCE OCT 1      0.00                      0.27  -0.27
  SINCE JAN 1     10.19                      8.56   1.63

SNOWFALL (IN)
  YESTERDAY        0.0
  MONTH TO DATE    0.0
  SINCE SEP 1      0.0
  SINCE JUL 1      0.0
  SNOW DEPTH       0

DEGREE DAYS
 HEATING
  YESTERDAY        1
  MONTH TO DATE   43
  SINCE SEP 1     48
  SINCE JUL 1     48

 COOLING
  YESTERDAY        0
  MONTH TO DATE    9
  SINCE SEP 1    333
  SINCE JAN 1   2004
...............................................................


WIND (MPH)
  HIGHEST WIND SPEED     8   HIGHEST WIND DIRECTION    NW (310)
  HIGHEST GUST SPEED    10   HIGHEST GUST DIRECTION    NW (310)
  AVERAGE WIND SPEED     3.1




RELATIVE HUMIDITY (PERCENT)
 HIGHEST    80
 LOWEST     27
 AVERAGE    54

..........................................................


THE MADERA CA AIRPORT CLIMATE NORMALS FOR TODAY
                         NORMAL    RECORD    YEAR
 MAXIMUM TEMPERATURE (F)   79        92      2003
 MINIMUM TEMPERATURE (F)   48        40      1998


SUNRISE AND SUNSET
OCTOBER 18 2017.......SUNRISE   711 AM PDT   SUNSET   619 PM PDT
OCTOBER 19 2017.......SUNRISE   712 AM PDT   SUNSET   618 PM PDT


-  INDICATES NEGATIVE NUMBERS.
R  INDICATES RECORD WAS SET OR TIED.
MM INDICATES DATA IS MISSING.
T  INDICATES TRACE AMOUNT.




$$
