000
CDUS44 KMAF 250731
CLIMAF


CLIMATE REPORT
NATIONAL WEATHER SERVICE MIDLAND TX
230 AM CDT TUE JUL 25 2017


...................................

...THE MIDLAND CLIMATE SUMMARY FOR JULY 24 2017...

CLIMATE NORMAL PERIOD 1981 TO 2010
CLIMATE RECORD PERIOD 1930 TO 2017


WEATHER ITEM   OBSERVED TIME   RECORD YEAR NORMAL DEPARTURE LAST
                VALUE   (LST)  VALUE       VALUE  FROM      YEAR
                                                  NORMAL
..................................................................
TEMPERATURE (F)
 YESTERDAY
  MAXIMUM         96    556 PM 106    1995  95      1      101
  MINIMUM         75    639 AM  62    1947  70      5       78
  AVERAGE         86                        82      4       90

PRECIPITATION (IN)
  YESTERDAY        0.00          2.17 1991   0.06  -0.06     0.00
  MONTH TO DATE    1.48                      1.43   0.05     0.02
  SINCE JUN 1      4.53                      3.23   1.30     3.18
  SINCE JAN 1     10.22                      7.49   2.73     6.92

DEGREE DAYS
 COOLING
  YESTERDAY       21                        17      4       25
  MONTH TO DATE  455                       408     47      578
  SINCE JUN 1   1033                       869    164     1064
  SINCE JAN 1   1594                      1258    336     1544
..................................................................


WIND (MPH)
  HIGHEST WIND SPEED    26   HIGHEST WIND DIRECTION    SE (150)
  HIGHEST GUST SPEED    33   HIGHEST GUST DIRECTION    SE (150)
  AVERAGE WIND SPEED     8.5


SKY COVER
  POSSIBLE SUNSHINE  MM
  AVERAGE SKY COVER 0.3


WEATHER CONDITIONS
 THE FOLLOWING WEATHER WAS RECORDED YESTERDAY.
  NO SIGNIFICANT WEATHER WAS OBSERVED.


RELATIVE HUMIDITY (PERCENT)
 HIGHEST    79           700 AM
 LOWEST     27           400 PM
 AVERAGE    53

..........................................................


THE MIDLAND CLIMATE NORMALS FOR TODAY
                         NORMAL    RECORD    YEAR
 MAXIMUM TEMPERATURE (F)   95       105      2000
 MINIMUM TEMPERATURE (F)   70        62      2004
                                             1976


SUNRISE AND SUNSET
JULY 25 2017..........SUNRISE   700 AM CDT   SUNSET   850 PM CDT
JULY 26 2017..........SUNRISE   700 AM CDT   SUNSET   850 PM CDT


-  INDICATES NEGATIVE NUMBERS.
R  INDICATES RECORD WAS SET OR TIED.
MM INDICATES DATA IS MISSING.
T  INDICATES TRACE AMOUNT.




$$
