138
CDUS44 KMAF 040733
CLIMAF


CLIMATE REPORT
NATIONAL WEATHER SERVICE MIDLAND TX
232 AM CDT WED MAY 4 2016


...................................

...THE MIDLAND CLIMATE SUMMARY FOR MAY 3 2016...

CLIMATE NORMAL PERIOD 1981 TO 2010
CLIMATE RECORD PERIOD 1930 TO 2016


WEATHER ITEM   OBSERVED TIME   RECORD YEAR NORMAL DEPARTURE LAST
                VALUE   (LST)  VALUE       VALUE  FROM      YEAR
                                                  NORMAL
..................................................................
TEMPERATURE (F)
 YESTERDAY
  MAXIMUM         82    453 PM  98    1947  84     -2       88
  MINIMUM         49    630 AM  32    2013  55     -6       58
  AVERAGE         66                        70     -4       73

PRECIPITATION (IN)
  YESTERDAY        T             1.45 1941   0.03  -0.03     0.00
  MONTH TO DATE    0.03                      0.09  -0.06     0.00
  SINCE MAR 1      1.82                      1.34   0.48     2.95
  SINCE JAN 1      2.30                      2.61  -0.31     5.64

DEGREE DAYS
 COOLING
  YESTERDAY        1                         6     -5        8
  MONTH TO DATE    1                        17    -16       22
  SINCE MAR 1    159                       123     36      155
  SINCE JAN 1    174                       125     49      156
..................................................................


WIND (MPH)
  HIGHEST WIND SPEED    29   HIGHEST WIND DIRECTION     N (360)
  HIGHEST GUST SPEED    36   HIGHEST GUST DIRECTION     N (360)
  AVERAGE WIND SPEED     7.9


SKY COVER
  POSSIBLE SUNSHINE  MM
  AVERAGE SKY COVER 0.0


WEATHER CONDITIONS
 THE FOLLOWING WEATHER WAS RECORDED YESTERDAY.
  LIGHT RAIN


RELATIVE HUMIDITY (PERCENT)
 HIGHEST    71           400 AM
 LOWEST     18           500 PM
 AVERAGE    45

..........................................................


THE MIDLAND CLIMATE NORMALS FOR TODAY
                         NORMAL    RECORD    YEAR
 MAXIMUM TEMPERATURE (F)   85       103      1947
 MINIMUM TEMPERATURE (F)   56        38      1978
                                             1935


SUNRISE AND SUNSET
MAY  4 2016...........SUNRISE   700 AM CDT   SUNSET   832 PM CDT
MAY  5 2016...........SUNRISE   659 AM CDT   SUNSET   832 PM CDT


-  INDICATES NEGATIVE NUMBERS.
R  INDICATES RECORD WAS SET OR TIED.
MM INDICATES DATA IS MISSING.
T  INDICATES TRACE AMOUNT.




$$
