000
CDUS44 KMAF 250731
CLIMAF


CLIMATE REPORT
NATIONAL WEATHER SERVICE MIDLAND TX
230 AM CDT MON JUL 25 2016


...................................

...THE MIDLAND CLIMATE SUMMARY FOR JULY 24 2016...

CLIMATE NORMAL PERIOD 1981 TO 2010
CLIMATE RECORD PERIOD 1930 TO 2016


WEATHER ITEM   OBSERVED TIME   RECORD YEAR NORMAL DEPARTURE LAST
                VALUE   (LST)  VALUE       VALUE  FROM      YEAR
                                                  NORMAL
..................................................................
TEMPERATURE (F)
 YESTERDAY
  MAXIMUM        101    517 PM 106    1995  95      6      100
  MINIMUM         78    629 AM  62    1947  70      8       75
  AVERAGE         90                        82      8       88

PRECIPITATION (IN)
  YESTERDAY        0.00          2.17 1991   0.06  -0.06     0.00
  MONTH TO DATE    0.02                      1.43  -1.41     0.52
  SINCE JUN 1      3.18                      3.23  -0.05     3.81
  SINCE JAN 1      6.92                      7.49  -0.57    12.80

DEGREE DAYS
 COOLING
  YESTERDAY       25                        17      8       23
  MONTH TO DATE  578                       408    170      458
  SINCE JUN 1   1064                       869    195      907
  SINCE JAN 1   1544                      1258    286     1265
..................................................................


WIND (MPH)
  HIGHEST WIND SPEED    21   HIGHEST WIND DIRECTION    SE (150)
  HIGHEST GUST SPEED    31   HIGHEST GUST DIRECTION     S (160)
  AVERAGE WIND SPEED    12.2


SKY COVER
  POSSIBLE SUNSHINE  MM
  AVERAGE SKY COVER 0.1


WEATHER CONDITIONS
 THE FOLLOWING WEATHER WAS RECORDED YESTERDAY.
  NO SIGNIFICANT WEATHER WAS OBSERVED.


RELATIVE HUMIDITY (PERCENT)
 HIGHEST    62           700 AM
 LOWEST     21           600 PM
 AVERAGE    42

..........................................................


THE MIDLAND CLIMATE NORMALS FOR TODAY
                         NORMAL    RECORD    YEAR
 MAXIMUM TEMPERATURE (F)   95       105      2000
 MINIMUM TEMPERATURE (F)   70        62      2004
                                             1976


SUNRISE AND SUNSET
JULY 25 2016..........SUNRISE   700 AM CDT   SUNSET   850 PM CDT
JULY 26 2016..........SUNRISE   701 AM CDT   SUNSET   850 PM CDT


-  INDICATES NEGATIVE NUMBERS.
R  INDICATES RECORD WAS SET OR TIED.
MM INDICATES DATA IS MISSING.
T  INDICATES TRACE AMOUNT.




$$
