000
CDUS44 KMAF 290732
CLIMAF


CLIMATE REPORT
NATIONAL WEATHER SERVICE MIDLAND TX
232 AM CDT WED MAR 29 2017


...................................

...THE MIDLAND CLIMATE SUMMARY FOR MARCH 28 2017...

CLIMATE NORMAL PERIOD 1981 TO 2010
CLIMATE RECORD PERIOD 1930 TO 2017


WEATHER ITEM   OBSERVED TIME   RECORD YEAR NORMAL DEPARTURE LAST
                VALUE   (LST)  VALUE       VALUE  FROM      YEAR
                                                  NORMAL
..................................................................
TEMPERATURE (F)
 YESTERDAY
  MAXIMUM         86    407 PM  92    1963  74     12       79
  MINIMUM         55   1159 PM  19    1931  44     11       43
  AVERAGE         71                        59     12       61

PRECIPITATION (IN)
  YESTERDAY        0.35          0.69 2006   0.02   0.33     0.00
  MONTH TO DATE    0.48                      0.54  -0.06     0.34
  SINCE MAR 1      0.48                      0.54  -0.06     0.34
  SINCE JAN 1      2.32                      1.81   0.51     0.82

SNOWFALL (IN)
  YESTERDAY        0.0
  MONTH TO DATE    0.0
  SINCE MAR 1      0.0
  SINCE JUL 1      0.3
  SNOW DEPTH       0

DEGREE DAYS
 HEATING
  YESTERDAY        0                         7     -7        4
  MONTH TO DATE  104                       287   -183      156
  SINCE MAR 1    104                       287   -183      156
  SINCE JUL 1   1604                      2524   -920     1986

 COOLING
  YESTERDAY        6                         1      5        0
  MONTH TO DATE  100                        11     89       20
  SINCE MAR 1    100                        11     89       20
  SINCE JAN 1    117                        13    104       35
..................................................................


WIND (MPH)
  HIGHEST WIND SPEED    39   HIGHEST WIND DIRECTION    NW (300)
  HIGHEST GUST SPEED    48   HIGHEST GUST DIRECTION    NW (300)
  AVERAGE WIND SPEED    14.8


SKY COVER
  POSSIBLE SUNSHINE  MM
  AVERAGE SKY COVER 0.3


WEATHER CONDITIONS
 THE FOLLOWING WEATHER WAS RECORDED YESTERDAY.
  THUNDERSTORM
  RAIN
  HAIL
  HAZE


RELATIVE HUMIDITY (PERCENT)
 HIGHEST    81           500 AM
 LOWEST     13           400 PM
 AVERAGE    47

..........................................................


THE MIDLAND CLIMATE NORMALS FOR TODAY
                         NORMAL    RECORD    YEAR
 MAXIMUM TEMPERATURE (F)   74        95      1963
 MINIMUM TEMPERATURE (F)   44        18      1944


SUNRISE AND SUNSET
MARCH 29 2017.........SUNRISE   741 AM CDT   SUNSET   807 PM CDT
MARCH 30 2017.........SUNRISE   739 AM CDT   SUNSET   807 PM CDT


-  INDICATES NEGATIVE NUMBERS.
R  INDICATES RECORD WAS SET OR TIED.
MM INDICATES DATA IS MISSING.
T  INDICATES TRACE AMOUNT.




$$
