000
CDUS44 KMAF 202211
CLIMAF


CLIMATE REPORT
NATIONAL WEATHER SERVICE MIDLAND TX
411 PM CST MON FEB 20 2017


...................................

...THE MIDLAND CLIMATE SUMMARY FOR FEBRUARY 20 2017...
VALID TODAY AS OF 0400 PM LOCAL TIME.

CLIMATE NORMAL PERIOD 1981 TO 2010
CLIMATE RECORD PERIOD 1930 TO 2017


WEATHER ITEM   OBSERVED TIME   RECORD YEAR NORMAL DEPARTURE LAST
                VALUE   (LST)  VALUE       VALUE  FROM      YEAR
                                                  NORMAL
..................................................................
TEMPERATURE (F)
 TODAY
  MAXIMUM         72    410 PM  86    1986  64      8       85
  MINIMUM         42    741 AM  18    1955  36      6       56
  AVERAGE         57                        50      7       71

PRECIPITATION (IN)
  TODAY            0.00          0.77 1997   0.03  -0.03     0.00
  MONTH TO DATE    0.72                      0.52   0.20     0.00
  SINCE DEC 1      2.25                      1.68   0.57     1.42
  SINCE JAN 1      1.84                      1.08   0.76     0.18

SNOWFALL (IN)
  TODAY            0.0
  MONTH TO DATE    0.0
  SINCE DEC 1      0.3
  SINCE JUL 1      0.3
  SNOW DEPTH       0

DEGREE DAYS
 HEATING
  TODAY            8                        15     -7        0
  MONTH TO DATE  195                       350   -155      256
  SINCE DEC 1   1254                      1643   -389     1369
  SINCE JUL 1   1465                      2122   -657     1721
..................................................................


WIND (MPH)
  HIGHEST WIND SPEED    31   HIGHEST WIND DIRECTION    NW (330)
  HIGHEST GUST SPEED    37   HIGHEST GUST DIRECTION     N (340)
  AVERAGE WIND SPEED    14.3


SKY COVER
  POSSIBLE SUNSHINE  MM
  AVERAGE SKY COVER 0.0


WEATHER CONDITIONS
 THE FOLLOWING WEATHER WAS RECORDED TODAY.
  NO SIGNIFICANT WEATHER WAS OBSERVED.


RELATIVE HUMIDITY (PERCENT)
 HIGHEST    67           700 AM
 LOWEST     15           400 PM
 AVERAGE    41

..........................................................


THE MIDLAND CLIMATE NORMALS FOR TOMORROW
                         NORMAL    RECORD    YEAR
 MAXIMUM TEMPERATURE (F)   64        88      1996
 MINIMUM TEMPERATURE (F)   36        16      1939


SUNRISE AND SUNSET
FEBRUARY 20 2017......SUNRISE   726 AM CST   SUNSET   640 PM CST
FEBRUARY 21 2017......SUNRISE   724 AM CST   SUNSET   640 PM CST


-  INDICATES NEGATIVE NUMBERS.
R  INDICATES RECORD WAS SET OR TIED.
MM INDICATES DATA IS MISSING.
T  INDICATES TRACE AMOUNT.




$$
