000
CDUS44 KMAF 280730
CLIMAF


CLIMATE REPORT
NATIONAL WEATHER SERVICE MIDLAND/ODESSA TX
230 AM CDT SAT MAR 28 2015


...................................

...THE MIDLAND CLIMATE SUMMARY FOR MARCH 27 2015...

CLIMATE NORMAL PERIOD 1981 TO 2010
CLIMATE RECORD PERIOD 1930 TO 2015


WEATHER ITEM   OBSERVED TIME   RECORD YEAR NORMAL DEPARTURE LAST
                VALUE   (LST)  VALUE       VALUE  FROM      YEAR
                                                  NORMAL
..................................................................
TEMPERATURE (F)
 YESTERDAY
  MAXIMUM         78    540 PM  95    1971  73      5       82
  MINIMUM         40    626 AM  14    1931  43     -3       53
  AVERAGE         59                        58      1       68

PRECIPITATION (IN)
  YESTERDAY        0.00          0.62 1999   0.02  -0.02     0.00
  MONTH TO DATE    1.65                      0.52   1.13     0.19
  SINCE MAR 1      1.65                      0.52   1.13     0.19
  SINCE JAN 1      4.34                      1.79   2.55     0.45

SNOWFALL (IN)
  YESTERDAY        0.0
  MONTH TO DATE    T
  SINCE MAR 1      T
  SINCE JUL 1      3.6
  SNOW DEPTH       0

DEGREE DAYS
 HEATING
  YESTERDAY        6                         8     -2        0
  MONTH TO DATE  338                       280     58      276
  SINCE MAR 1    338                       280     58      276
  SINCE JUL 1   2488                      2517    -29     2524

 COOLING
  YESTERDAY        0                         1     -1        3
  MONTH TO DATE   10                        10      0       14
  SINCE MAR 1     10                        10      0       14
  SINCE JAN 1     11                        12     -1       16
..................................................................


WIND (MPH)
  HIGHEST WIND SPEED    18   HIGHEST WIND DIRECTION    SW (240)
  HIGHEST GUST SPEED    23   HIGHEST GUST DIRECTION    SW (210)
  AVERAGE WIND SPEED    11.3


SKY COVER
  POSSIBLE SUNSHINE  MM
  AVERAGE SKY COVER 0.0


WEATHER CONDITIONS
 THE FOLLOWING WEATHER WAS RECORDED YESTERDAY.
  NO SIGNIFICANT WEATHER WAS OBSERVED.


RELATIVE HUMIDITY (PERCENT)
 HIGHEST    73           600 AM
 LOWEST     16           300 PM
 AVERAGE    45

..........................................................


THE MIDLAND CLIMATE NORMALS FOR TODAY
                         NORMAL    RECORD    YEAR
 MAXIMUM TEMPERATURE (F)   74        92      1963
 MINIMUM TEMPERATURE (F)   44        19      1931


SUNRISE AND SUNSET
MARCH 28 2015.........SUNRISE   743 AM CDT   SUNSET   806 PM CDT
MARCH 29 2015.........SUNRISE   741 AM CDT   SUNSET   806 PM CDT


-  INDICATES NEGATIVE NUMBERS.
R  INDICATES RECORD WAS SET OR TIED.
MM INDICATES DATA IS MISSING.
T  INDICATES TRACE AMOUNT.




$$
