000
CDUS44 KMAF 190831
CLIMAF


CLIMATE REPORT
NATIONAL WEATHER SERVICE MIDLAND/ODESSA TX
230 AM CST FRI DEC 19 2014


...................................

...THE MIDLAND CLIMATE SUMMARY FOR DECEMBER 18 2014...

CLIMATE NORMAL PERIOD 1981 TO 2010
CLIMATE RECORD PERIOD 1930 TO 2014


WEATHER ITEM   OBSERVED TIME   RECORD YEAR NORMAL DEPARTURE LAST
                VALUE   (LST)  VALUE       VALUE  FROM      YEAR
                                                  NORMAL
..................................................................
TEMPERATURE (F)
 YESTERDAY
  MAXIMUM         64    416 PM  78    1939  58      6       69
  MINIMUM         39    727 AM  12    1996  30      9       32
  AVERAGE         52                        44      8       51

PRECIPITATION (IN)
  YESTERDAY        0.00          0.57 1952   0.02  -0.02     0.00
  MONTH TO DATE    0.01                      0.36  -0.35     0.31
  SINCE DEC 1      0.01                      0.36  -0.35     0.31
  SINCE JAN 1      7.46                     14.36  -6.90     7.38

SNOWFALL (IN)
  YESTERDAY        0.0
  MONTH TO DATE    0.0
  SINCE DEC 1      0.0
  SINCE JUL 1      T
  SNOW DEPTH       0

DEGREE DAYS
 HEATING
  YESTERDAY       13                        21     -8       14
  MONTH TO DATE  205                       357   -152      395
  SINCE DEC 1    205                       357   -152      395
  SINCE JUL 1    653                       836   -183      892
..................................................................


WIND (MPH)
  HIGHEST WIND SPEED    13   HIGHEST WIND DIRECTION    NE (60)
  HIGHEST GUST SPEED    15   HIGHEST GUST DIRECTION     E (70)
  AVERAGE WIND SPEED     6.4


SKY COVER
  POSSIBLE SUNSHINE  MM
  AVERAGE SKY COVER 0.0


WEATHER CONDITIONS
 THE FOLLOWING WEATHER WAS RECORDED YESTERDAY.
  NO SIGNIFICANT WEATHER WAS OBSERVED.


RELATIVE HUMIDITY (PERCENT)
 HIGHEST    86          1200 AM
 LOWEST     34           300 PM
 AVERAGE    60

..........................................................


THE MIDLAND CLIMATE NORMALS FOR TODAY
                         NORMAL    RECORD    YEAR
 MAXIMUM TEMPERATURE (F)   57        78      1978
 MINIMUM TEMPERATURE (F)   30        10      1996


SUNRISE AND SUNSET
DECEMBER 19 2014......SUNRISE   744 AM CST   SUNSET   548 PM CST
DECEMBER 20 2014......SUNRISE   745 AM CST   SUNSET   548 PM CST


-  INDICATES NEGATIVE NUMBERS.
R  INDICATES RECORD WAS SET OR TIED.
MM INDICATES DATA IS MISSING.
T  INDICATES TRACE AMOUNT.




$$
