000
CDUS44 KMAF 232214
CLIMAF


CLIMATE REPORT
NATIONAL WEATHER SERVICE MIDLAND TX
414 PM CST TUE JAN 23 2018


...................................

...THE MIDLAND CLIMATE SUMMARY FOR JANUARY 23 2018...
VALID TODAY AS OF 0400 PM LOCAL TIME.

CLIMATE NORMAL PERIOD 1981 TO 2010
CLIMATE RECORD PERIOD 1930 TO 2018


WEATHER ITEM   OBSERVED TIME   RECORD YEAR NORMAL DEPARTURE LAST
                VALUE   (LST)  VALUE       VALUE  FROM      YEAR
                                                  NORMAL
..................................................................
TEMPERATURE (F)
 TODAY
  MAXIMUM         60    413 PM  82    1950  58      2       76
                                      1943
  MINIMUM         22    709 AM   7    1966  31     -9       35
  AVERAGE         41                        44     -3       56

PRECIPITATION (IN)
  TODAY            0.00          0.48 1975   0.02  -0.02     0.00
  MONTH TO DATE    0.01                      0.38  -0.37     1.12
  SINCE DEC 1      0.40                      0.98  -0.58     1.53
  SINCE JAN 1      0.01                      0.38  -0.37     1.12

SNOWFALL (IN)
  TODAY            0.0
  MONTH TO DATE    T
  SINCE DEC 1      T
  SINCE JUL 1      T
  SNOW DEPTH       0

DEGREE DAYS
 HEATING
  TODAY           24                        21      3        9
  MONTH TO DATE  517                       497     20      385
  SINCE DEC 1   1094                      1134    -40      919
  SINCE JUL 1   1415                      1613   -198     1130
..................................................................


WIND (MPH)
  HIGHEST WIND SPEED    13   HIGHEST WIND DIRECTION     S (180)
  HIGHEST GUST SPEED    16   HIGHEST GUST DIRECTION     S (160)
  AVERAGE WIND SPEED     4.3


SKY COVER
  POSSIBLE SUNSHINE  MM
  AVERAGE SKY COVER 0.0


WEATHER CONDITIONS
 THE FOLLOWING WEATHER WAS RECORDED TODAY.
  NO SIGNIFICANT WEATHER WAS OBSERVED.


RELATIVE HUMIDITY (PERCENT)
 HIGHEST    50           600 AM
 LOWEST      9           300 PM
 AVERAGE    30

..........................................................


THE MIDLAND CLIMATE NORMALS FOR TOMORROW
                         NORMAL    RECORD    YEAR
 MAXIMUM TEMPERATURE (F)   58        82      1950
 MINIMUM TEMPERATURE (F)   31         9      1963


SUNRISE AND SUNSET
JANUARY 23 2018.......SUNRISE   747 AM CST   SUNSET   615 PM CST
JANUARY 24 2018.......SUNRISE   747 AM CST   SUNSET   615 PM CST


-  INDICATES NEGATIVE NUMBERS.
R  INDICATES RECORD WAS SET OR TIED.
MM INDICATES DATA IS MISSING.
T  INDICATES TRACE AMOUNT.




$$
