000
CDUS44 KMAF 262214
CLIMAF


CLIMATE REPORT
NATIONAL WEATHER SERVICE MIDLAND/ODESSA TX
412 PM CST MON JAN 26 2015


...................................

...THE MIDLAND CLIMATE SUMMARY FOR JANUARY 26 2015...
VALID TODAY AS OF 0400 PM LOCAL TIME.

CLIMATE NORMAL PERIOD 1981 TO 2010
CLIMATE RECORD PERIOD 1930 TO 2015


WEATHER ITEM   OBSERVED TIME   RECORD YEAR NORMAL DEPARTURE LAST
                VALUE   (LST)  VALUE       VALUE  FROM      YEAR
                                                  NORMAL
..................................................................
TEMPERATURE (F)
 TODAY
  MAXIMUM         66    258 PM  81    1953  58      8       73
  MINIMUM         34    436 AM  15    1940  31      3       39
  AVERAGE         50                        45      5       56

PRECIPITATION (IN)
  TODAY            0.00          0.45 1992   0.02  -0.02     0.00
  MONTH TO DATE    1.87                      0.44   1.43     0.00
  SINCE DEC 1      2.09                      1.04   1.05     1.44
  SINCE JAN 1      1.87                      0.44   1.43     0.00

SNOWFALL (IN)
  TODAY            0.0
  MONTH TO DATE    2.4
  SINCE DEC 1      2.5
  SINCE JUL 1      2.5
  SNOW DEPTH       0

DEGREE DAYS
 HEATING
  TODAY           15                        20     -5        9
  MONTH TO DATE  651                       558     93      508
  SINCE DEC 1   1136                      1195    -59     1173
  SINCE JUL 1   1584                      1674    -90     1670
..................................................................


WIND (MPH)
  HIGHEST WIND SPEED    12   HIGHEST WIND DIRECTION     W (250)
  HIGHEST GUST SPEED    13   HIGHEST GUST DIRECTION    SW (240)
  AVERAGE WIND SPEED     5.6


SKY COVER
  POSSIBLE SUNSHINE  MM
  AVERAGE SKY COVER 0.0


WEATHER CONDITIONS
 THE FOLLOWING WEATHER WAS RECORDED TODAY.
  NO SIGNIFICANT WEATHER WAS OBSERVED.


RELATIVE HUMIDITY (PERCENT)
 HIGHEST    82           300 AM
 LOWEST     28           200 PM
 AVERAGE    55

..........................................................


THE MIDLAND CLIMATE NORMALS FOR TOMORROW
                         NORMAL    RECORD    YEAR
 MAXIMUM TEMPERATURE (F)   59        80      1970
 MINIMUM TEMPERATURE (F)   31         9      1948


SUNRISE AND SUNSET
JANUARY 26 2015.......SUNRISE   746 AM CST   SUNSET   617 PM CST
JANUARY 27 2015.......SUNRISE   745 AM CST   SUNSET   618 PM CST


-  INDICATES NEGATIVE NUMBERS.
R  INDICATES RECORD WAS SET OR TIED.
MM INDICATES DATA IS MISSING.
T  INDICATES TRACE AMOUNT.




$$
