000
CDUS42 KTAE 240633
CLIMAI


CLIMATE REPORT
NATIONAL WEATHER SERVICE TALLAHASSEE FL
232 AM EDT FRI OCT 24 2014


...................................

...THE MARIANNA CLIMATE SUMMARY FOR OCTOBER 23 2014...

CLIMATE NORMAL PERIOD 1981 TO 2010
CLIMATE RECORD PERIOD 1950 TO 2014


WEATHER ITEM   OBSERVED NORMAL DEPARTURE LAST
                VALUE   VALUE  FROM      YEAR
                               NORMAL
...............................................
TEMPERATURE (F)
 YESTERDAY
  MAXIMUM         75     78     -3       75
  MINIMUM         44     54    -10       48
  AVERAGE         60     66     -6       62

PRECIPITATION (IN)
  YESTERDAY        0.00   0.12  -0.12     0.00
  MONTH TO DATE    1.98   2.47  -0.49     1.90
  SINCE SEP 1      6.79   6.27   0.52     4.27
  SINCE JAN 1     49.73  44.60   5.13    54.95

DEGREE DAYS
 HEATING
  YESTERDAY        5             3
  MONTH TO DATE   13           -10
  SINCE SEP 1     13           -11
  SINCE JUL 1     13           -11

 COOLING
  YESTERDAY        0            -4
  MONTH TO DATE  128            -6
  SINCE SEP 1    544            23
  SINCE JAN 1   2575            89
...............................................


WIND (MPH)
  HIGHEST WIND SPEED    13   HIGHEST WIND DIRECTION     N (10)
  HIGHEST GUST SPEED    19   HIGHEST GUST DIRECTION     N (350)
  AVERAGE WIND SPEED     2.0




RELATIVE HUMIDITY (PERCENT)
 HIGHEST   100
 LOWEST     31
 AVERAGE    66

..........................................................




SUNRISE AND SUNSET
OCTOBER 24 2014.......SUNRISE   650 AM CDT   SUNSET   600 PM CDT
OCTOBER 25 2014.......SUNRISE   650 AM CDT   SUNSET   559 PM CDT


-  INDICATES NEGATIVE NUMBERS.
R  INDICATES RECORD WAS SET OR TIED.
MM INDICATES DATA IS MISSING.
T  INDICATES TRACE AMOUNT.




$$
