000
CDUS42 KTAE 240638
CLIMAI


CLIMATE REPORT
NATIONAL WEATHER SERVICE TALLAHASSEE FL
237 AM EDT THU JUL 24 2014


...................................

...THE MARIANNA CLIMATE SUMMARY FOR JULY 23 2014...

CLIMATE NORMAL PERIOD 1981 TO 2010
CLIMATE RECORD PERIOD 1950 TO 2014


WEATHER ITEM   OBSERVED NORMAL DEPARTURE LAST
                VALUE   VALUE  FROM      YEAR
                               NORMAL
...............................................
TEMPERATURE (F)
 YESTERDAY
  MAXIMUM         91     92     -1
  MINIMUM         72     73     -1
  AVERAGE         82     82      0

PRECIPITATION (IN)
  YESTERDAY        0.36   0.15   0.21     1.23
  MONTH TO DATE    3.95   3.93   0.02    10.37
  SINCE JUN 1      6.62   9.50  -2.88    14.47
  SINCE JAN 1     38.34  31.72   6.62    35.37

DEGREE DAYS
 HEATING
  YESTERDAY        0             0
  MONTH TO DATE    0             0
  SINCE JUN 1      0             0
  SINCE JUL 1      0             0

 COOLING
  YESTERDAY       17             0
  MONTH TO DATE  390            -1
  SINCE JUN 1    887            37
  SINCE JAN 1   1321             1
...............................................


WIND (MPH)
  HIGHEST WIND SPEED    25   HIGHEST WIND DIRECTION    SW (210)
  HIGHEST GUST SPEED    32   HIGHEST GUST DIRECTION    SW (210)
  AVERAGE WIND SPEED     2.5




RELATIVE HUMIDITY (PERCENT)
 HIGHEST   100
 LOWEST     56
 AVERAGE    78

..........................................................




SUNRISE AND SUNSET
JULY 24 2014..........SUNRISE   553 AM CDT   SUNSET   741 PM CDT
JULY 25 2014..........SUNRISE   554 AM CDT   SUNSET   740 PM CDT


-  INDICATES NEGATIVE NUMBERS.
R  INDICATES RECORD WAS SET OR TIED.
MM INDICATES DATA IS MISSING.
T  INDICATES TRACE AMOUNT.




$$
