000
CDUS42 KTAE 190631
CLIMAI


CLIMATE REPORT
NATIONAL WEATHER SERVICE TALLAHASSEE FL
230 AM EDT SAT AUG 19 2017


...................................

...THE MARIANNA CLIMATE SUMMARY FOR AUGUST 18 2017...

CLIMATE NORMAL PERIOD 1981 TO 2010
CLIMATE RECORD PERIOD 1950 TO 2017


WEATHER ITEM   OBSERVED NORMAL DEPARTURE LAST
                VALUE   VALUE  FROM      YEAR
                               NORMAL
...............................................
TEMPERATURE (F)
 YESTERDAY
  MAXIMUM         96     91      5       94
  MINIMUM         77     72      5       73
  AVERAGE         87     82      5       84

PRECIPITATION (IN)
  YESTERDAY        0.00   0.17  -0.17      T
  MONTH TO DATE    1.76   3.55  -1.79     5.47
  SINCE JUN 1     18.69  14.23   4.46    10.83
  SINCE JAN 1     37.20  36.45   0.75    33.01

DEGREE DAYS
 HEATING
  YESTERDAY        0             0
  MONTH TO DATE    0             0
  SINCE JUN 1      0             0
  SINCE JUL 1      0             0

 COOLING
  YESTERDAY       22             5
  MONTH TO DATE  329            23
  SINCE JUN 1   1331            41
  SINCE JAN 1   2017           257
...............................................


WIND (MPH)
  HIGHEST WIND SPEED    15   HIGHEST WIND DIRECTION    NW (320)
  HIGHEST GUST SPEED    19   HIGHEST GUST DIRECTION    NW (330)
  AVERAGE WIND SPEED     5.4




RELATIVE HUMIDITY (PERCENT)
 HIGHEST    97
 LOWEST     46
 AVERAGE    72

..........................................................




SUNRISE AND SUNSET
AUGUST 19 2017........SUNRISE   610 AM CDT   SUNSET   718 PM CDT
AUGUST 20 2017........SUNRISE   610 AM CDT   SUNSET   717 PM CDT


-  INDICATES NEGATIVE NUMBERS.
R  INDICATES RECORD WAS SET OR TIED.
MM INDICATES DATA IS MISSING.
T  INDICATES TRACE AMOUNT.




$$
