000
CDUS42 KTAE 210631
CLIMAI


CLIMATE REPORT
NATIONAL WEATHER SERVICE TALLAHASSEE FL
130 AM EST TUE FEB 21 2017


...................................

...THE MARIANNA CLIMATE SUMMARY FOR FEBRUARY 20 2017...

CLIMATE NORMAL PERIOD 1981 TO 2010
CLIMATE RECORD PERIOD 1950 TO 2017


WEATHER ITEM   OBSERVED NORMAL DEPARTURE LAST
                VALUE   VALUE  FROM      YEAR
                               NORMAL
...............................................
TEMPERATURE (F)
 YESTERDAY
  MAXIMUM         82     67     15       76
  MINIMUM         50     44      6       43
  AVERAGE         66     56     10       60

PRECIPITATION (IN)
  YESTERDAY        0.00   0.17  -0.17     0.00
  MONTH TO DATE    1.78   3.41  -1.63     3.13
  SINCE DEC 1     20.23  12.36   7.87    17.03
  SINCE JAN 1      8.46   8.45   0.01     7.90

DEGREE DAYS
 HEATING
  YESTERDAY        0           -10
  MONTH TO DATE   87          -145
  SINCE DEC 1    544          -550
  SINCE JUL 1    676          -656

 COOLING
  YESTERDAY        1             1
  MONTH TO DATE   16            16
  SINCE DEC 1     70            54
  SINCE JAN 1     43            39
...............................................


WIND (MPH)
  HIGHEST WIND SPEED    12   HIGHEST WIND DIRECTION     S (200)
  HIGHEST GUST SPEED    15   HIGHEST GUST DIRECTION    SE (120)
  AVERAGE WIND SPEED     3.3




RELATIVE HUMIDITY (PERCENT)
 HIGHEST   100
 LOWEST     39
 AVERAGE    70

..........................................................




SUNRISE AND SUNSET
FEBRUARY 21 2017......SUNRISE   615 AM CST   SUNSET   533 PM CST
FEBRUARY 22 2017......SUNRISE   614 AM CST   SUNSET   534 PM CST


-  INDICATES NEGATIVE NUMBERS.
R  INDICATES RECORD WAS SET OR TIED.
MM INDICATES DATA IS MISSING.
T  INDICATES TRACE AMOUNT.




$$
