000
CDUS42 KTAE 120635
CLIMAI


CLIMATE REPORT
NATIONAL WEATHER SERVICE TALLAHASSEE FL
235 AM EDT SAT JUL 12 2014


...................................

...THE MARIANNA CLIMATE SUMMARY FOR JULY 11 2014...

CLIMATE NORMAL PERIOD 1981 TO 2010
CLIMATE RECORD PERIOD 1950 TO 2014


WEATHER ITEM   OBSERVED NORMAL DEPARTURE LAST
                VALUE   VALUE  FROM      YEAR
                               NORMAL
...............................................
TEMPERATURE (F)
 YESTERDAY
  MAXIMUM         91     92     -1
  MINIMUM         72     72      0
  AVERAGE         82     82      0

PRECIPITATION (IN)
  YESTERDAY        T      0.18  -0.18     0.01
  MONTH TO DATE    1.01   1.99  -0.98     6.16
  SINCE JUN 1      3.68   7.56  -3.88    10.26
  SINCE JAN 1     35.40  29.78   5.62    31.16

DEGREE DAYS
 HEATING
  YESTERDAY        0             0
  MONTH TO DATE    0             0
  SINCE JUN 1      0             0
  SINCE JUL 1      0             0

 COOLING
  YESTERDAY       17             0
  MONTH TO DATE  202            15
  SINCE JUN 1    699            53
  SINCE JAN 1   1133            17
...............................................


WIND (MPH)
  HIGHEST WIND SPEED     9   HIGHEST WIND DIRECTION    NW (320)
  HIGHEST GUST SPEED    11   HIGHEST GUST DIRECTION     N (10)
  AVERAGE WIND SPEED     3.5




RELATIVE HUMIDITY (PERCENT)
 HIGHEST   100
 LOWEST     56
 AVERAGE    78

..........................................................




SUNRISE AND SUNSET
JULY 12 2014..........SUNRISE   546 AM CDT   SUNSET   746 PM CDT
JULY 13 2014..........SUNRISE   547 AM CDT   SUNSET   746 PM CDT


-  INDICATES NEGATIVE NUMBERS.
R  INDICATES RECORD WAS SET OR TIED.
MM INDICATES DATA IS MISSING.
T  INDICATES TRACE AMOUNT.




$$
