000
CDUS42 KTAE 210633
CLIMAI


CLIMATE REPORT
NATIONAL WEATHER SERVICE TALLAHASSEE FL
233 AM EDT SAT OCT 21 2017


...................................

...THE MARIANNA CLIMATE SUMMARY FOR OCTOBER 20 2017...

CLIMATE NORMAL PERIOD 1981 TO 2010
CLIMATE RECORD PERIOD 1950 TO 2017


WEATHER ITEM   OBSERVED NORMAL DEPARTURE LAST
                VALUE   VALUE  FROM      YEAR
                               NORMAL
...............................................
TEMPERATURE (F)
 YESTERDAY
  MAXIMUM         86     79      7       89
  MINIMUM         56     55      1       63
  AVERAGE         71     67      4       76

PRECIPITATION (IN)
  YESTERDAY        0.00   0.11  -0.11     0.00
  MONTH TO DATE    0.46   2.13  -1.67     0.23
  SINCE SEP 1      3.59   5.93  -2.34     4.04
  SINCE JAN 1     43.29  44.26  -0.97    37.83

DEGREE DAYS
 HEATING
  YESTERDAY        0            -2
  MONTH TO DATE    1           -16
  SINCE SEP 1      3           -15
  SINCE JUL 1      3           -15

 COOLING
  YESTERDAY        6             2
  MONTH TO DATE  237           115
  SINCE SEP 1    649           140
  SINCE JAN 1   2912           438
...............................................


WIND (MPH)
  HIGHEST WIND SPEED    14   HIGHEST WIND DIRECTION    NE (40)
  HIGHEST GUST SPEED    17   HIGHEST GUST DIRECTION    NE (50)
  AVERAGE WIND SPEED     6.2




RELATIVE HUMIDITY (PERCENT)
 HIGHEST    93
 LOWEST     31
 AVERAGE    62

..........................................................




SUNRISE AND SUNSET
OCTOBER 21 2017.......SUNRISE   648 AM CDT   SUNSET   603 PM CDT
OCTOBER 22 2017.......SUNRISE   648 AM CDT   SUNSET   602 PM CDT


-  INDICATES NEGATIVE NUMBERS.
R  INDICATES RECORD WAS SET OR TIED.
MM INDICATES DATA IS MISSING.
T  INDICATES TRACE AMOUNT.




$$
