000
CDUS42 KTAE 040634
CLIMAI


CLIMATE REPORT
NATIONAL WEATHER SERVICE TALLAHASSEE FL
233 AM EDT WED MAY 4 2016


...................................

...THE MARIANNA CLIMATE SUMMARY FOR MAY 3 2016...

CLIMATE NORMAL PERIOD 1981 TO 2010
CLIMATE RECORD PERIOD 1950 TO 2016


WEATHER ITEM   OBSERVED NORMAL DEPARTURE LAST
                VALUE   VALUE  FROM      YEAR
                               NORMAL
...............................................
TEMPERATURE (F)
 YESTERDAY
  MAXIMUM         83     84     -1       83
  MINIMUM         69     59     10       52
  AVERAGE         76     72      4       68

PRECIPITATION (IN)
  YESTERDAY        0.05   0.06  -0.01     0.00
  MONTH TO DATE    0.36   0.17   0.19     0.00
  SINCE MAR 1     12.33   9.42   2.91    13.49
  SINCE JAN 1     20.77  19.40   1.37    20.67

DEGREE DAYS
 HEATING
  YESTERDAY        0             0
  MONTH TO DATE    0             0
  SINCE MAR 1    121          -120
  SINCE JUL 1   1157          -489

 COOLING
  YESTERDAY       11             4
  MONTH TO DATE   37            17
  SINCE MAR 1    227            64
  SINCE JAN 1    233            55
...............................................


WIND (MPH)
  HIGHEST WIND SPEED    17   HIGHEST WIND DIRECTION    SW (220)
  HIGHEST GUST SPEED    19   HIGHEST GUST DIRECTION    SW (220)
  AVERAGE WIND SPEED     5.4




RELATIVE HUMIDITY (PERCENT)
 HIGHEST   100
 LOWEST     63
 AVERAGE    82

..........................................................




SUNRISE AND SUNSET
MAY  4 2016...........SUNRISE   554 AM CDT   SUNSET   722 PM CDT
MAY  5 2016...........SUNRISE   553 AM CDT   SUNSET   722 PM CDT


-  INDICATES NEGATIVE NUMBERS.
R  INDICATES RECORD WAS SET OR TIED.
MM INDICATES DATA IS MISSING.
T  INDICATES TRACE AMOUNT.




$$
