000
CDUS42 KTAE 250635
CLIMAI


CLIMATE REPORT
NATIONAL WEATHER SERVICE TALLAHASSEE FL
234 AM EDT SAT MAR 25 2017


...................................

...THE MARIANNA CLIMATE SUMMARY FOR MARCH 24 2017...

CLIMATE NORMAL PERIOD 1981 TO 2010
CLIMATE RECORD PERIOD 1950 TO 2017


WEATHER ITEM   OBSERVED NORMAL DEPARTURE LAST
                VALUE   VALUE  FROM      YEAR
                               NORMAL
...............................................
TEMPERATURE (F)
 YESTERDAY
  MAXIMUM         81     74      7       80
  MINIMUM         58     49      9       52
  AVERAGE         70     62      8       66

PRECIPITATION (IN)
  YESTERDAY        0.00   0.18  -0.18     1.17
  MONTH TO DATE    0.84   4.03  -3.19     1.88
  SINCE MAR 1      0.84   4.03  -3.19     1.88
  SINCE JAN 1     11.24  14.01  -2.77    10.32

DEGREE DAYS
 HEATING
  YESTERDAY        0            -4
  MONTH TO DATE  128           -24
  SINCE MAR 1    128           -24
  SINCE JUL 1    817          -740

 COOLING
  YESTERDAY        5             4
  MONTH TO DATE   45            21
  SINCE MAR 1     45            21
  SINCE JAN 1    102            63
...............................................


WIND (MPH)
  HIGHEST WIND SPEED    16   HIGHEST WIND DIRECTION    SE (140)
  HIGHEST GUST SPEED    26   HIGHEST GUST DIRECTION    SE (150)
  AVERAGE WIND SPEED     7.3




RELATIVE HUMIDITY (PERCENT)
 HIGHEST    87
 LOWEST     36
 AVERAGE    62

..........................................................




SUNRISE AND SUNSET
MARCH 25 2017.........SUNRISE   638 AM CDT   SUNSET   656 PM CDT
MARCH 26 2017.........SUNRISE   637 AM CDT   SUNSET   656 PM CDT


-  INDICATES NEGATIVE NUMBERS.
R  INDICATES RECORD WAS SET OR TIED.
MM INDICATES DATA IS MISSING.
T  INDICATES TRACE AMOUNT.




$$
