000
CDUS43 KABR 211046
CLIMBG


CLIMATE REPORT
NATIONAL WEATHER SERVICE ABERDEEN SD
445 AM CST SUN DEC 21 2014


...................................

...THE MOBRIDGE SD CLIMATE SUMMARY FOR DECEMBER 20 2014...

CLIMATE NORMAL PERIOD 1981 TO 2010
CLIMATE RECORD PERIOD 1911 TO 2014


WEATHER ITEM   OBSERVED TIME   RECORD YEAR NORMAL DEPARTURE LAST
                VALUE   (LST)  VALUE       VALUE  FROM      YEAR
                                                  NORMAL
..................................................................
TEMPERATURE (F)
 YESTERDAY
  MAXIMUM         33    335 PM  61    1957  27      6        9
  MINIMUM         17    441 AM -24    1989   6     11      -13
  AVERAGE         25                        17      8       -2

PRECIPITATION (IN)
  YESTERDAY        0.00          0.31 1967   0.02  -0.02     0.00
  MONTH TO DATE    0.01                      0.22  -0.21     0.48
  SINCE DEC 1      0.01                      0.22  -0.21     0.48
  SINCE JAN 1     21.40                     17.65   3.75    23.40

SNOWFALL (IN)
  YESTERDAY        0.0
  MONTH TO DATE    T
  SINCE OCT 1      7.5
  SINCE JUL 1      7.5
  SNOW DEPTH       0

DEGREE DAYS
 HEATING
  YESTERDAY       40                        48     -8       67
  MONTH TO DATE  763                       911   -148     1087
  SINCE DEC 1    763                       911   -148     1087
  SINCE JUL 1   2588                      2677    -89     2895

 COOLING
  YESTERDAY        0                         0      0        0
  MONTH TO DATE    0                         0      0        0
  SINCE DEC 1      0                         0      0        0
  SINCE JAN 1    471                       644   -173      700
..................................................................


WIND (MPH)
  HIGHEST WIND SPEED    14   HIGHEST WIND DIRECTION    SE (140)
  HIGHEST GUST SPEED    16   HIGHEST GUST DIRECTION    SE (140)
  AVERAGE WIND SPEED     8.8


SKY COVER
  POSSIBLE SUNSHINE  MM
  AVERAGE SKY COVER 0.3


WEATHER CONDITIONS
 THE FOLLOWING WEATHER WAS RECORDED YESTERDAY.
  FOG


RELATIVE HUMIDITY (PERCENT)
 HIGHEST    92           500 AM
 LOWEST     78           400 PM
 AVERAGE    85

..........................................................


THE MOBRIDGE SD CLIMATE NORMALS FOR TODAY
                         NORMAL    RECORD    YEAR
 MAXIMUM TEMPERATURE (F)   27        59      1933
 MINIMUM TEMPERATURE (F)    6       -29      1989


SUNRISE AND SUNSET
DECEMBER 21 2014......SUNRISE   819 AM CST   SUNSET   501 PM CST
DECEMBER 22 2014......SUNRISE   819 AM CST   SUNSET   501 PM CST


-  INDICATES NEGATIVE NUMBERS.
R  INDICATES RECORD WAS SET OR TIED.
MM INDICATES DATA IS MISSING.
T  INDICATES TRACE AMOUNT.




$$
