000
CDUS43 KABR 280914
CLIMBG


CLIMATE REPORT
NATIONAL WEATHER SERVICE ABERDEEN SD
413 AM CDT TUE JUL 28 2015


...................................

...THE MOBRIDGE SD CLIMATE SUMMARY FOR JULY 27 2015...

CLIMATE NORMAL PERIOD 1981 TO 2010
CLIMATE RECORD PERIOD 1911 TO 2015


WEATHER ITEM   OBSERVED TIME   RECORD YEAR NORMAL DEPARTURE LAST
                VALUE   (LST)  VALUE       VALUE  FROM      YEAR
                                                  NORMAL
..................................................................
TEMPERATURE (F)
 YESTERDAY
  MAXIMUM         94    501 PM 106    1931  87      7       74
  MINIMUM         67    220 AM  41    1915  60      7       54
                                      1948
  AVERAGE         81                        74      7       64

PRECIPITATION (IN)
  YESTERDAY        0.72          1.32 1914   0.10   0.62     0.00
  MONTH TO DATE    2.28                      2.38  -0.10     0.53
  SINCE JUN 1      5.83                      5.54   0.29     8.44
  SINCE JAN 1     16.62                     11.56   5.06    14.56

DEGREE DAYS
 HEATING
  YESTERDAY        0                         0      0        1
  MONTH TO DATE    0                         5     -5       21
  SINCE JUN 1     18                        80    -62       96
  SINCE JUL 1      0                         5     -5       21

 COOLING
  YESTERDAY       16                         9      7        0
  MONTH TO DATE  291                       216     75      155
  SINCE JUN 1    440                       315    125      200
  SINCE JAN 1    456                       331    125      250
..................................................................


WIND (MPH)
  HIGHEST WIND SPEED    33   HIGHEST WIND DIRECTION     S (170)
  HIGHEST GUST SPEED    41   HIGHEST GUST DIRECTION     S (170)
  AVERAGE WIND SPEED    18.2


SKY COVER
  POSSIBLE SUNSHINE  MM
  AVERAGE SKY COVER 0.2


WEATHER CONDITIONS
 THE FOLLOWING WEATHER WAS RECORDED YESTERDAY.
  THUNDERSTORM
  HEAVY RAIN
  RAIN
  LIGHT RAIN
  FOG


RELATIVE HUMIDITY (PERCENT)
 HIGHEST    90          1200 AM
 LOWEST     39           300 PM
 AVERAGE    65

..........................................................


THE MOBRIDGE SD CLIMATE NORMALS FOR TODAY
                         NORMAL    RECORD    YEAR
 MAXIMUM TEMPERATURE (F)   87       111      2006
 MINIMUM TEMPERATURE (F)   60        43      1915


SUNRISE AND SUNSET
JULY 28 2015..........SUNRISE   621 AM CDT   SUNSET   915 PM CDT
JULY 29 2015..........SUNRISE   622 AM CDT   SUNSET   914 PM CDT


-  INDICATES NEGATIVE NUMBERS.
R  INDICATES RECORD WAS SET OR TIED.
MM INDICATES DATA IS MISSING.
T  INDICATES TRACE AMOUNT.




$$
