000
CDUS43 KABR 212234
CLIMBG


CLIMATE REPORT
NATIONAL WEATHER SERVICE ABERDEEN SD
532 PM CDT MON AUG 21 2017


...................................

...THE MOBRIDGE SD CLIMATE SUMMARY FOR AUGUST 21 2017...
VALID TODAY AS OF 0500 PM LOCAL TIME.

CLIMATE NORMAL PERIOD 1981 TO 2010
CLIMATE RECORD PERIOD 1911 TO 2017


WEATHER ITEM   OBSERVED TIME   RECORD YEAR NORMAL DEPARTURE LAST
                VALUE   (LST)  VALUE       VALUE  FROM      YEAR
                                                  NORMAL
..................................................................
TEMPERATURE (F)
 TODAY
  MAXIMUM         81    246 PM 105    1947  84     -3       86
  MINIMUM         58    313 AM  44    1920  57      1       51
  AVERAGE         70                        71     -1       69

PRECIPITATION (IN)
  TODAY            0.12          1.90 1930   0.06   0.06     0.00
  MONTH TO DATE    5.61                      1.44   4.17     1.70
  SINCE JUN 1     10.08                      7.30   2.78     6.44
  SINCE JAN 1     12.61                     13.32  -0.71    16.82

DEGREE DAYS
 HEATING
  TODAY            0                         1     -1        0
  MONTH TO DATE    5                         4      1        2
  SINCE JUN 1     34                        91    -57       15
  SINCE JUL 1      5                        16    -11        3

 COOLING
  TODAY            5                         6     -1        4
  MONTH TO DATE   68                       165    -97      220
  SINCE JUN 1    640                       513    127      789
  SINCE JAN 1    660                       529    131      805
..................................................................


WIND (MPH)
  HIGHEST WIND SPEED    28   HIGHEST WIND DIRECTION    SE (140)
  HIGHEST GUST SPEED    36   HIGHEST GUST DIRECTION    SE (130)
  AVERAGE WIND SPEED     8.9


SKY COVER
  POSSIBLE SUNSHINE  MM
  AVERAGE SKY COVER 0.5


WEATHER CONDITIONS
 THE FOLLOWING WEATHER WAS RECORDED TODAY.
  THUNDERSTORM
  RAIN
  LIGHT RAIN


RELATIVE HUMIDITY (PERCENT)
 HIGHEST    87           800 AM
 LOWEST     42           300 PM
 AVERAGE    65

..........................................................


THE MOBRIDGE SD CLIMATE NORMALS FOR TOMORROW
                         NORMAL    RECORD    YEAR
 MAXIMUM TEMPERATURE (F)   84       106      1960
 MINIMUM TEMPERATURE (F)   57        41      1945


SUNRISE AND SUNSET
AUGUST 21 2017........SUNRISE   650 AM CDT   SUNSET   839 PM CDT
AUGUST 22 2017........SUNRISE   651 AM CDT   SUNSET   837 PM CDT


-  INDICATES NEGATIVE NUMBERS.
R  INDICATES RECORD WAS SET OR TIED.
MM INDICATES DATA IS MISSING.
T  INDICATES TRACE AMOUNT.




$$
