000
CDUS43 KABR 311155
CLIMBG


CLIMATE REPORT
NATIONAL WEATHER SERVICE ABERDEEN SD
655 AM CDT MON AUG 31 2015


...................................

...THE MOBRIDGE SD CLIMATE SUMMARY FOR AUGUST 30 2015...

CLIMATE NORMAL PERIOD 1981 TO 2010
CLIMATE RECORD PERIOD 1911 TO 2015


WEATHER ITEM   OBSERVED TIME   RECORD YEAR NORMAL DEPARTURE LAST
                VALUE   (LST)  VALUE       VALUE  FROM      YEAR
                                                  NORMAL
..................................................................
TEMPERATURE (F)
 YESTERDAY
  MAXIMUM         96    358 PM 101    1961  81     15       76
  MINIMUM         66    616 AM  32    1935  55     11       48
  AVERAGE         81                        68     13       62

PRECIPITATION (IN)
  YESTERDAY        0.00          2.53 1951   0.06  -0.06     0.21
  MONTH TO DATE    3.80                      1.97   1.83     4.76
  SINCE JUN 1      9.63                      7.83   1.80    13.20
  SINCE JAN 1     20.42                     13.85   6.57    19.32

DEGREE DAYS
 HEATING
  YESTERDAY        0                         2     -2        3
  MONTH TO DATE   22                        15      7       24
  SINCE JUN 1     40                       102    -62      122
  SINCE JUL 1     22                        27     -5       47

 COOLING
  YESTERDAY       16                         5     11        0
  MONTH TO DATE  221                       214      7      136
  SINCE JUN 1    690                       562    128      351
  SINCE JAN 1    706                       578    128      401
..................................................................


WIND (MPH)
  HIGHEST WIND SPEED    24   HIGHEST WIND DIRECTION     S (170)
  HIGHEST GUST SPEED    32   HIGHEST GUST DIRECTION     S (160)
  AVERAGE WIND SPEED    13.3


SKY COVER
  POSSIBLE SUNSHINE  MM
  AVERAGE SKY COVER 0.0


WEATHER CONDITIONS
 THE FOLLOWING WEATHER WAS RECORDED YESTERDAY.
  HAZE


RELATIVE HUMIDITY (PERCENT)
 HIGHEST    93           400 AM
 LOWEST     27           400 PM
 AVERAGE    60

..........................................................


THE MOBRIDGE SD CLIMATE NORMALS FOR TODAY
                         NORMAL    RECORD    YEAR
 MAXIMUM TEMPERATURE (F)   81       101      1953
 MINIMUM TEMPERATURE (F)   55        39      1958


SUNRISE AND SUNSET
AUGUST 31 2015........SUNRISE   701 AM CDT   SUNSET   822 PM CDT
SEPTEMBER  1 2015.....SUNRISE   703 AM CDT   SUNSET   820 PM CDT


-  INDICATES NEGATIVE NUMBERS.
R  INDICATES RECORD WAS SET OR TIED.
MM INDICATES DATA IS MISSING.
T  INDICATES TRACE AMOUNT.




$$
