558
CDUS43 KABR 162338
CLIMBG


CLIMATE REPORT
NATIONAL WEATHER SERVICE ABERDEEN SD
537 PM CST SAT DEC 16 2017


...................................

...THE MOBRIDGE SD CLIMATE SUMMARY FOR DECEMBER 16 2017...
VALID TODAY AS OF 0500 PM LOCAL TIME.

CLIMATE NORMAL PERIOD 1981 TO 2010
CLIMATE RECORD PERIOD 1911 TO 2017


WEATHER ITEM   OBSERVED TIME   RECORD YEAR NORMAL DEPARTURE LAST
                VALUE   (LST)  VALUE       VALUE  FROM      YEAR
                                                  NORMAL
..................................................................
TEMPERATURE (F)
 TODAY
  MAXIMUM         42    340 PM  62    1962  28     14        9
  MINIMUM         32    228 AM -27    1951   7     25       -3
  AVERAGE         37                        18     19        3

PRECIPITATION (IN)
  TODAY            0.00          0.25 1912   0.02  -0.02     0.17
  MONTH TO DATE    0.27                      0.15   0.12     0.61
  SINCE DEC 1      0.27                      0.15   0.12     0.61
  SINCE JAN 1     15.33                     17.58  -2.25    19.74

SNOWFALL (IN)
  TODAY            0.0
  MONTH TO DATE    3.0
  SINCE OCT 1      3.4
  SINCE JUL 1      3.4
  SNOW DEPTH       0

DEGREE DAYS
 HEATING
  TODAY           28                        47    -19       62
  MONTH TO DATE  523                       719   -196      875
  SINCE DEC 1    523                       719   -196      875
  SINCE JUL 1   2024                      2485   -461     2026

 COOLING
  TODAY            0                         0      0        0
  MONTH TO DATE    0                         0      0        0
  SINCE DEC 1      0                         0      0        0
  SINCE JAN 1    791                       644    147      961
..................................................................


WIND (MPH)
  HIGHEST WIND SPEED    13   HIGHEST WIND DIRECTION    NW (320)
  HIGHEST GUST SPEED    16   HIGHEST GUST DIRECTION    NW (310)
  AVERAGE WIND SPEED     8.2


SKY COVER
  POSSIBLE SUNSHINE  MM
  AVERAGE SKY COVER 0.5


WEATHER CONDITIONS
 THE FOLLOWING WEATHER WAS RECORDED TODAY.
  NO SIGNIFICANT WEATHER WAS OBSERVED.


RELATIVE HUMIDITY (PERCENT)
 HIGHEST    85           800 AM
 LOWEST     59          1200 AM
 AVERAGE    72

..........................................................


THE MOBRIDGE SD CLIMATE NORMALS FOR TOMORROW
                         NORMAL    RECORD    YEAR
 MAXIMUM TEMPERATURE (F)   28        62      1939
 MINIMUM TEMPERATURE (F)    7       -28      2016


SUNRISE AND SUNSET
DECEMBER 16 2017......SUNRISE   816 AM CST   SUNSET   459 PM CST
DECEMBER 17 2017......SUNRISE   817 AM CST   SUNSET   459 PM CST


-  INDICATES NEGATIVE NUMBERS.
R  INDICATES RECORD WAS SET OR TIED.
MM INDICATES DATA IS MISSING.
T  INDICATES TRACE AMOUNT.




$$
