000
CDUS43 KDTX 060556
CLIMBS


CLIMATE REPORT
NATIONAL WEATHER SERVICE DETROIT/PONTIAC MI
1255 AM EST TUE DEC 6 2016


...................................

...THE TRI CITIES MI CLIMATE SUMMARY FOR DECEMBER 5 2016...

CLIMATE NORMAL PERIOD 1981 TO 2010
CLIMATE RECORD PERIOD 1898 TO 2016


WEATHER ITEM   OBSERVED TIME   NORMAL DEPARTURE LAST
                VALUE   (LST)  VALUE  FROM      YEAR
                                      NORMAL
......................................................
TEMPERATURE (F)
 YESTERDAY
  MAXIMUM         41    306 PM  37      4       44
  MINIMUM         31    146 AM  25      6       29
  AVERAGE         36            31      5

PRECIPITATION (IN)
  YESTERDAY        0.03          0.07  -0.04
  MONTH TO DATE    0.10          0.35  -0.25
  SINCE DEC 1      0.10          0.35  -0.25
  SINCE JAN 1     30.47         30.03   0.44

SNOWFALL (IN)
  YESTERDAY        T
  MONTH TO DATE    2.5
  SINCE DEC 1      2.5
  SINCE JUL 1      4.1
  SNOW DEPTH       3

DEGREE DAYS
 HEATING
  YESTERDAY       29                   -5
  MONTH TO DATE  142                  -26
  SINCE DEC 1    142                  -26
  SINCE JUL 1   1130                 -511

 COOLING
  YESTERDAY        0                    0
  MONTH TO DATE    0                    0
  SINCE DEC 1      0                    0
  SINCE JAN 1    844                  287
......................................................


WIND (MPH)
  HIGHEST WIND SPEED    18   HIGHEST WIND DIRECTION    SW (230)
  HIGHEST GUST SPEED    23   HIGHEST GUST DIRECTION    SW (230)
  AVERAGE WIND SPEED     9.3



WEATHER CONDITIONS
 THE FOLLOWING WEATHER WAS RECORDED YESTERDAY.
  LIGHT SNOW
  FOG
  FOG W/VISIBILITY <= 1/4 MILE


RELATIVE HUMIDITY (PERCENT)
 HIGHEST   100
 LOWEST     76
 AVERAGE    88

..........................................................


THE TRI CITIES MI CLIMATE NORMALS FOR TODAY
                         NORMAL
 MAXIMUM TEMPERATURE (F)   36
 MINIMUM TEMPERATURE (F)   24


SUNRISE AND SUNSET
DECEMBER  6 2016......SUNRISE   755 AM EST   SUNSET   500 PM EST
DECEMBER  7 2016......SUNRISE   756 AM EST   SUNSET   500 PM EST


-  INDICATES NEGATIVE NUMBERS.
R  INDICATES RECORD WAS SET OR TIED.
MM INDICATES DATA IS MISSING.
T  INDICATES TRACE AMOUNT.




$$
