000
CDUS43 KDTX 210537
CLIMBS


CLIMATE REPORT
NATIONAL WEATHER SERVICE DETROIT/PONTIAC MI
136 AM EDT TUE OCT 21 2014


...................................

...THE  TRI CITIES MI CLIMATE SUMMARY FOR OCTOBER 20 2014...

CLIMATE NORMAL PERIOD 1981 TO 2010
CLIMATE RECORD PERIOD 1898 TO 2014


WEATHER ITEM   OBSERVED TIME   NORMAL DEPARTURE
                VALUE   (LST)  VALUE  FROM
                                      NORMAL
...................................................
TEMPERATURE (F)
 YESTERDAY
  MAXIMUM         59    335 PM  58      1
  MINIMUM         48    313 AM  39      9
  AVERAGE         54            48      6

PRECIPITATION (IN)
  YESTERDAY        0.05          0.07  -0.02
  MONTH TO DATE    2.04          1.72   0.32
  SINCE SEP 1      5.73          5.55   0.18
  SINCE JAN 1     27.84         26.07   1.77

SNOWFALL (IN)
  YESTERDAY        0.0
  MONTH TO DATE    0.0
  SINCE SEP 1      0.0
  SINCE JUL 1      0.0
  SNOW DEPTH       0

DEGREE DAYS
 HEATING
  YESTERDAY       11                   -6
  MONTH TO DATE  234                  -39
  SINCE SEP 1    374                  -58
  SINCE JUL 1    400                  -72

 COOLING
  YESTERDAY        0                    0
  MONTH TO DATE    1                   -1
  SINCE SEP 1     54                    4
  SINCE JAN 1    539                  -15
...................................................


WIND (MPH)
  HIGHEST WIND SPEED    18   HIGHEST WIND DIRECTION     N (340)
  HIGHEST GUST SPEED    22   HIGHEST GUST DIRECTION     N (340)
  AVERAGE WIND SPEED     9.1




RELATIVE HUMIDITY (PERCENT)
 HIGHEST    80
 LOWEST     66
 AVERAGE    73

..........................................................


THE  TRI CITIES MI CLIMATE NORMALS FOR TODAY
                         NORMAL
 MAXIMUM TEMPERATURE (F)   57
 MINIMUM TEMPERATURE (F)   39


SUNRISE AND SUNSET
OCTOBER 21 2014.......SUNRISE   758 AM EDT   SUNSET   643 PM EDT
OCTOBER 22 2014.......SUNRISE   759 AM EDT   SUNSET   642 PM EDT


-  INDICATES NEGATIVE NUMBERS.
R  INDICATES RECORD WAS SET OR TIED.
MM INDICATES DATA IS MISSING.
T  INDICATES TRACE AMOUNT.




$$
