244
CDUS43 KDTX 270537
CLIMBS


CLIMATE REPORT
NATIONAL WEATHER SERVICE DETROIT/PONTIAC MI
137 AM EDT TUE JUN 27 2017


...................................

...THE TRI CITIES MI CLIMATE SUMMARY FOR JUNE 26 2017...

CLIMATE NORMAL PERIOD 1981 TO 2010
CLIMATE RECORD PERIOD 1898 TO 2017


WEATHER ITEM   OBSERVED TIME   NORMAL DEPARTURE LAST
                VALUE   (LST)  VALUE  FROM      YEAR
                                      NORMAL
......................................................
TEMPERATURE (F)
 YESTERDAY
  MAXIMUM         70    233 PM  81    -11       87
  MINIMUM         53   1136 PM  59     -6       69
  AVERAGE         62            70     -8

PRECIPITATION (IN)
  YESTERDAY        0.02          0.10  -0.08
  MONTH TO DATE   10.06          2.59   7.47
  SINCE JUN 1     10.06          2.59   7.47
  SINCE JAN 1     25.32         14.24  11.08

SNOWFALL (IN)
  YESTERDAY        0.0
  MONTH TO DATE    0.0
  SINCE JUN 1      0.0
  SINCE JUL 1     37.4
  SNOW DEPTH       0

DEGREE DAYS
 HEATING
  YESTERDAY        3                    2
  MONTH TO DATE   24                  -32
  SINCE JUN 1     24                  -32
  SINCE JUL 1   5876                -1091

 COOLING
  YESTERDAY        0                   -6
  MONTH TO DATE  133                   33
  SINCE JUN 1    133                   33
  SINCE JAN 1    159                   23
......................................................


WIND (MPH)
  HIGHEST WIND SPEED    29   HIGHEST WIND DIRECTION     W (280)
  HIGHEST GUST SPEED    38   HIGHEST GUST DIRECTION     W (280)
  AVERAGE WIND SPEED    12.9



WEATHER CONDITIONS
 THE FOLLOWING WEATHER WAS RECORDED YESTERDAY.
  RAIN


RELATIVE HUMIDITY (PERCENT)
 HIGHEST    93
 LOWEST     45
 AVERAGE    69

..........................................................


THE TRI CITIES MI CLIMATE NORMALS FOR TODAY
                         NORMAL
 MAXIMUM TEMPERATURE (F)   81
 MINIMUM TEMPERATURE (F)   59


SUNRISE AND SUNSET
JUNE 27 2017..........SUNRISE   557 AM EDT   SUNSET   922 PM EDT
JUNE 28 2017..........SUNRISE   558 AM EDT   SUNSET   921 PM EDT


-  INDICATES NEGATIVE NUMBERS.
R  INDICATES RECORD WAS SET OR TIED.
MM INDICATES DATA IS MISSING.
T  INDICATES TRACE AMOUNT.




$$
