000
CDUS43 KDTX 130550
CLIMBS


CLIMATE REPORT
NATIONAL WEATHER SERVICE DETROIT/PONTIAC MI
1250 AM EST SAT FEB 13 2016


...................................

...THE TRI CITIES MI CLIMATE SUMMARY FOR FEBRUARY 12 2016...

CLIMATE NORMAL PERIOD 1981 TO 2010
CLIMATE RECORD PERIOD 1898 TO 2016


WEATHER ITEM   OBSERVED TIME   NORMAL DEPARTURE LAST
                VALUE   (LST)  VALUE  FROM      YEAR
                                      NORMAL
......................................................
TEMPERATURE (F)
 YESTERDAY
  MAXIMUM         22    230 PM  31     -9       21
  MINIMUM          7   1152 PM  17    -10        3
  AVERAGE         15            24     -9

PRECIPITATION (IN)
  YESTERDAY        T             0.05  -0.05
  MONTH TO DATE    1.12          0.57   0.55
  SINCE DEC 1      6.26          4.14   2.12
  SINCE JAN 1      3.16          2.28   0.88

SNOWFALL (IN)
  YESTERDAY        0.3
  MONTH TO DATE    7.2
  SINCE DEC 1     19.5
  SINCE JUL 1     23.0
  SNOW DEPTH       7

DEGREE DAYS
 HEATING
  YESTERDAY       50                    9
  MONTH TO DATE  429                  -77
  SINCE DEC 1   2403                 -595
  SINCE JUL 1   3414                -1057

 COOLING
  YESTERDAY        0                    0
  MONTH TO DATE    0                    0
  SINCE DEC 1      0                    0
  SINCE JAN 1      0                    0
......................................................


WIND (MPH)
  HIGHEST WIND SPEED    37   HIGHEST WIND DIRECTION    NW (330)
  HIGHEST GUST SPEED    40   HIGHEST GUST DIRECTION    NW (320)
  AVERAGE WIND SPEED    15.0



WEATHER CONDITIONS
 THE FOLLOWING WEATHER WAS RECORDED YESTERDAY.
  HEAVY SNOW
  SNOW
  LIGHT SNOW
  HAZE
  BLOWING SNOW


RELATIVE HUMIDITY (PERCENT)
 HIGHEST    74
 LOWEST     47
 AVERAGE    61

..........................................................


THE TRI CITIES MI CLIMATE NORMALS FOR TODAY
                         NORMAL
 MAXIMUM TEMPERATURE (F)   31
 MINIMUM TEMPERATURE (F)   17


SUNRISE AND SUNSET
FEBRUARY 13 2016......SUNRISE   738 AM EST   SUNSET   603 PM EST
FEBRUARY 14 2016......SUNRISE   737 AM EST   SUNSET   605 PM EST


-  INDICATES NEGATIVE NUMBERS.
R  INDICATES RECORD WAS SET OR TIED.
MM INDICATES DATA IS MISSING.
T  INDICATES TRACE AMOUNT.




$$
