000
CDUS43 KDTX 180538
CLIMBS


CLIMATE REPORT
NATIONAL WEATHER SERVICE DETROIT/PONTIAC MI
1238 AM EST THU DEC 18 2014


...................................

...THE  TRI CITIES MI CLIMATE SUMMARY FOR DECEMBER 17 2014...

CLIMATE NORMAL PERIOD 1981 TO 2010
CLIMATE RECORD PERIOD 1898 TO 2014


WEATHER ITEM   OBSERVED TIME   NORMAL DEPARTURE
                VALUE   (LST)  VALUE  FROM
                                      NORMAL
...................................................
TEMPERATURE (F)
 YESTERDAY
  MAXIMUM         38   1202 AM  33      5
  MINIMUM         28    917 PM  21      7
  AVERAGE         33            27      6

PRECIPITATION (IN)
  YESTERDAY        T             0.06  -0.06
  MONTH TO DATE    0.28          1.08  -0.80
  SINCE DEC 1      0.28          1.08  -0.80
  SINCE JAN 1     30.65         30.76  -0.11

SNOWFALL (IN)
  YESTERDAY        T
  MONTH TO DATE    0.4
  SINCE DEC 1      0.4
  SINCE JUL 1      3.3
  SNOW DEPTH       0

DEGREE DAYS
 HEATING
  YESTERDAY       32                   -6
  MONTH TO DATE  543                  -63
  SINCE DEC 1    543                  -63
  SINCE JUL 1   2039                  -40

 COOLING
  YESTERDAY        0                    0
  MONTH TO DATE    0                    0
  SINCE DEC 1      0                    0
  SINCE JAN 1    539                  -18
...................................................


WIND (MPH)
  HIGHEST WIND SPEED    25   HIGHEST WIND DIRECTION     W (260)
  HIGHEST GUST SPEED    35   HIGHEST GUST DIRECTION     E (100)
  AVERAGE WIND SPEED    17.4




RELATIVE HUMIDITY (PERCENT)
 HIGHEST    89
 LOWEST     63
 AVERAGE    76

..........................................................


THE  TRI CITIES MI CLIMATE NORMALS FOR TODAY
                         NORMAL
 MAXIMUM TEMPERATURE (F)   33
 MINIMUM TEMPERATURE (F)   20


SUNRISE AND SUNSET
DECEMBER 18 2014......SUNRISE   804 AM EST   SUNSET   501 PM EST
DECEMBER 19 2014......SUNRISE   805 AM EST   SUNSET   502 PM EST


-  INDICATES NEGATIVE NUMBERS.
R  INDICATES RECORD WAS SET OR TIED.
MM INDICATES DATA IS MISSING.
T  INDICATES TRACE AMOUNT.




$$
