000
CDUS43 KDTX 280551
CLIMBS


CLIMATE REPORT
NATIONAL WEATHER SERVICE DETROIT/PONTIAC MI
1250 AM EST SAT FEB 28 2015


...................................

...THE TRI CITIES MI CLIMATE SUMMARY FOR FEBRUARY 27 2015...

CLIMATE NORMAL PERIOD 1981 TO 2010
CLIMATE RECORD PERIOD 1898 TO 2015


WEATHER ITEM   OBSERVED TIME   NORMAL DEPARTURE LAST
                VALUE   (LST)  VALUE  FROM      YEAR
                                      NORMAL
......................................................
TEMPERATURE (F)
 YESTERDAY
  MAXIMUM         18    540 PM  35    -17       12
  MINIMUM         -9    707 AM  20    -29       -3
  AVERAGE          5            28    -23

PRECIPITATION (IN)
  YESTERDAY        0.00          0.07  -0.07
  MONTH TO DATE    1.09          1.54  -0.45
  SINCE DEC 1      3.58          5.11  -1.53
  SINCE JAN 1      2.11          3.25  -1.14

SNOWFALL (IN)
  YESTERDAY        0.0
  MONTH TO DATE   16.2
  SINCE DEC 1     29.0
  SINCE JUL 1     31.9
  SNOW DEPTH      11

DEGREE DAYS
 HEATING
  YESTERDAY       60                   23
  MONTH TO DATE 1438                  342
  SINCE DEC 1   3813                  225
  SINCE JUL 1   5309                  248

 COOLING
  YESTERDAY        0                    0
  MONTH TO DATE    0                    0
  SINCE DEC 1      0                    0
  SINCE JAN 1      0                    0
......................................................


WIND (MPH)
  HIGHEST WIND SPEED    18   HIGHEST WIND DIRECTION    SW (220)
  HIGHEST GUST SPEED    22   HIGHEST GUST DIRECTION    SW (220)
  AVERAGE WIND SPEED     8.6



WEATHER CONDITIONS
 THE FOLLOWING WEATHER WAS RECORDED YESTERDAY.
  NO SIGNIFICANT WEATHER WAS OBSERVED.


RELATIVE HUMIDITY (PERCENT)
 HIGHEST    75
 LOWEST     49
 AVERAGE    62

..........................................................


THE TRI CITIES MI CLIMATE NORMALS FOR TODAY
                         NORMAL
 MAXIMUM TEMPERATURE (F)   36
 MINIMUM TEMPERATURE (F)   20


SUNRISE AND SUNSET
FEBRUARY 28 2015......SUNRISE   715 AM EST   SUNSET   624 PM EST
MARCH  1 2015.........SUNRISE   713 AM EST   SUNSET   625 PM EST


-  INDICATES NEGATIVE NUMBERS.
R  INDICATES RECORD WAS SET OR TIED.
MM INDICATES DATA IS MISSING.
T  INDICATES TRACE AMOUNT.




$$
