000
CDUS43 KDTX 040541
CLIMBS


CLIMATE REPORT
NATIONAL WEATHER SERVICE DETROIT/PONTIAC MI
141 AM EDT WED MAY 4 2016


...................................

...THE TRI CITIES MI CLIMATE SUMMARY FOR MAY 3 2016...

CLIMATE NORMAL PERIOD 1981 TO 2010
CLIMATE RECORD PERIOD 1898 TO 2016


WEATHER ITEM   OBSERVED TIME   NORMAL DEPARTURE LAST
                VALUE   (LST)  VALUE  FROM      YEAR
                                      NORMAL
......................................................
TEMPERATURE (F)
 YESTERDAY
  MAXIMUM         69    402 PM  64      5       81
  MINIMUM         38    313 AM  42     -4       53
  AVERAGE         54            53      1

PRECIPITATION (IN)
  YESTERDAY        0.00          0.11  -0.11
  MONTH TO DATE    0.11          0.32  -0.21
  SINCE MAR 1      5.92          5.27   0.65
  SINCE JAN 1      9.84          8.59   1.25

SNOWFALL (IN)
  YESTERDAY        0.0
  MONTH TO DATE    0.0
  SINCE MAR 1     16.5
  SINCE JUL 1     50.2
  SNOW DEPTH       0

DEGREE DAYS
 HEATING
  YESTERDAY       11                   -2
  MONTH TO DATE   41                    2
  SINCE MAR 1   1461                 -119
  SINCE JUL 1   5474                -1205

 COOLING
  YESTERDAY        0                    0
  MONTH TO DATE    0                    0
  SINCE MAR 1      1                   -3
  SINCE JAN 1      1                   -3
......................................................


WIND (MPH)
  HIGHEST WIND SPEED    20   HIGHEST WIND DIRECTION    SW (220)
  HIGHEST GUST SPEED    24   HIGHEST GUST DIRECTION    SW (220)
  AVERAGE WIND SPEED     9.1



WEATHER CONDITIONS
 THE FOLLOWING WEATHER WAS RECORDED YESTERDAY.
  NO SIGNIFICANT WEATHER WAS OBSERVED.


RELATIVE HUMIDITY (PERCENT)
 HIGHEST    76
 LOWEST     27
 AVERAGE    52

..........................................................


THE TRI CITIES MI CLIMATE NORMALS FOR TODAY
                         NORMAL
 MAXIMUM TEMPERATURE (F)   64
 MINIMUM TEMPERATURE (F)   42


SUNRISE AND SUNSET
MAY  4 2016...........SUNRISE   624 AM EDT   SUNSET   843 PM EDT
MAY  5 2016...........SUNRISE   623 AM EDT   SUNSET   844 PM EDT


-  INDICATES NEGATIVE NUMBERS.
R  INDICATES RECORD WAS SET OR TIED.
MM INDICATES DATA IS MISSING.
T  INDICATES TRACE AMOUNT.




$$
