000
CDUS43 KDTX 110558
CLIMBS


CLIMATE REPORT
NATIONAL WEATHER SERVICE DETROIT/PONTIAC MI
158 AM EDT FRI JUL 11 2014


...................................

...THE  TRI CITIES MI CLIMATE SUMMARY FOR JULY 10 2014...

CLIMATE NORMAL PERIOD 1981 TO 2010
CLIMATE RECORD PERIOD 1898 TO 2014


WEATHER ITEM   OBSERVED TIME   NORMAL DEPARTURE
                VALUE   (LST)  VALUE  FROM
                                      NORMAL
...................................................
TEMPERATURE (F)
 YESTERDAY
  MAXIMUM         75    549 PM  82     -7
  MINIMUM         55    540 AM  60     -5
  AVERAGE         65            71     -6

PRECIPITATION (IN)
  YESTERDAY        0.00          0.07  -0.07
  MONTH TO DATE    1.90          0.83   1.07
  SINCE JUN 1      4.27          3.81   0.46
  SINCE JAN 1     15.86         15.46   0.40

SNOWFALL (IN)
  YESTERDAY        0.0
  MONTH TO DATE    0.0
  SINCE JUN 1      0.0
  SINCE JUL 1      0.0
  SNOW DEPTH       0

DEGREE DAYS
 HEATING
  YESTERDAY        0                    0
  MONTH TO DATE    3                    1
  SINCE JUN 1     17                  -44
  SINCE JUL 1      3                    1

 COOLING
  YESTERDAY        0                   -7
  MONTH TO DATE   41                  -23
  SINCE JUN 1    202                   14
  SINCE JAN 1    246                   22
...................................................


WIND (MPH)
  HIGHEST WIND SPEED    12   HIGHEST WIND DIRECTION     N (20)
  HIGHEST GUST SPEED    13   HIGHEST GUST DIRECTION    NE (30)
  AVERAGE WIND SPEED     6.7




RELATIVE HUMIDITY (PERCENT)
 HIGHEST    86
 LOWEST     36
 AVERAGE    61

..........................................................


THE  TRI CITIES MI CLIMATE NORMALS FOR TODAY
                         NORMAL
 MAXIMUM TEMPERATURE (F)   82
 MINIMUM TEMPERATURE (F)   60


SUNRISE AND SUNSET
JULY 11 2014..........SUNRISE   606 AM EDT   SUNSET   918 PM EDT
JULY 12 2014..........SUNRISE   607 AM EDT   SUNSET   917 PM EDT


-  INDICATES NEGATIVE NUMBERS.
R  INDICATES RECORD WAS SET OR TIED.
MM INDICATES DATA IS MISSING.
T  INDICATES TRACE AMOUNT.




$$
