908
CDUS43 KDTX 240537
CLIMBS


CLIMATE REPORT
NATIONAL WEATHER SERVICE DETROIT/PONTIAC MI
1237 AM EST FRI FEB 24 2017


...................................

...THE TRI CITIES MI CLIMATE SUMMARY FOR FEBRUARY 23 2017...

CLIMATE NORMAL PERIOD 1981 TO 2010
CLIMATE RECORD PERIOD 1898 TO 2017


WEATHER ITEM   OBSERVED TIME   NORMAL DEPARTURE LAST
                VALUE   (LST)  VALUE  FROM      YEAR
                                      NORMAL
......................................................
TEMPERATURE (F)
 YESTERDAY
  MAXIMUM         59    305 AM  34     25       43
  MINIMUM         38   1159 PM  19     19       30
  AVERAGE         49            26     23

PRECIPITATION (IN)
  YESTERDAY        0.00          0.07  -0.07
  MONTH TO DATE    0.59          1.25  -0.66
  SINCE DEC 1      4.50          4.82  -0.32
  SINCE JAN 1      3.13          2.96   0.17

SNOWFALL (IN)
  YESTERDAY        0.0
  MONTH TO DATE    1.9
  SINCE DEC 1     28.3
  SINCE JUL 1     29.9
  SNOW DEPTH       0

DEGREE DAYS
 HEATING
  YESTERDAY       16                  -23
  MONTH TO DATE  730                 -215
  SINCE DEC 1   3039                 -398
  SINCE JUL 1   4027                 -883

 COOLING
  YESTERDAY        0                    0
  MONTH TO DATE    0                    0
  SINCE DEC 1      0                    0
  SINCE JAN 1      0                    0
......................................................


WIND (MPH)
  HIGHEST WIND SPEED    22   HIGHEST WIND DIRECTION     W (260)
  HIGHEST GUST SPEED    29   HIGHEST GUST DIRECTION    SW (240)
  AVERAGE WIND SPEED    12.4



WEATHER CONDITIONS
 THE FOLLOWING WEATHER WAS RECORDED YESTERDAY.
  FOG
  HAZE


RELATIVE HUMIDITY (PERCENT)
 HIGHEST    93
 LOWEST     59
 AVERAGE    76

..........................................................


THE TRI CITIES MI CLIMATE NORMALS FOR TODAY
                         NORMAL
 MAXIMUM TEMPERATURE (F)   34
 MINIMUM TEMPERATURE (F)   19


SUNRISE AND SUNSET
FEBRUARY 24 2017......SUNRISE   721 AM EST   SUNSET   619 PM EST
FEBRUARY 25 2017......SUNRISE   719 AM EST   SUNSET   620 PM EST


-  INDICATES NEGATIVE NUMBERS.
R  INDICATES RECORD WAS SET OR TIED.
MM INDICATES DATA IS MISSING.
T  INDICATES TRACE AMOUNT.




$$
