036
CDUS43 KDTX 220543
CLIMBS


CLIMATE REPORT
NATIONAL WEATHER SERVICE DETROIT/PONTIAC MI
1242 AM EST MON JAN 22 2018


...................................

...THE TRI CITIES MI CLIMATE SUMMARY FOR JANUARY 21 2018...

CLIMATE NORMAL PERIOD 1981 TO 2010
CLIMATE RECORD PERIOD 1898 TO 2018


WEATHER ITEM   OBSERVED TIME   NORMAL DEPARTURE LAST
                VALUE   (LST)  VALUE  FROM      YEAR
                                      NORMAL
......................................................
TEMPERATURE (F)
 YESTERDAY
  MAXIMUM         39    330 PM  29     10       48
  MINIMUM         31    212 AM  15     16       34
  AVERAGE         35            22     13

PRECIPITATION (IN)
  YESTERDAY        T             0.05  -0.05
  MONTH TO DATE    0.50          1.24  -0.74
  SINCE DEC 1      1.53          3.10  -1.57
  SINCE JAN 1      0.50          1.24  -0.74

SNOWFALL (IN)
  YESTERDAY        0.0
  MONTH TO DATE    3.5
  SINCE DEC 1     16.7
  SINCE JUL 1     16.7
  SNOW DEPTH       1

DEGREE DAYS
 HEATING
  YESTERDAY       30                  -13
  MONTH TO DATE  949                   55
  SINCE DEC 1   2230                  169
  SINCE JUL 1   3461                  -73

 COOLING
  YESTERDAY        0                    0
  MONTH TO DATE    0                    0
  SINCE DEC 1      0                    0
  SINCE JAN 1      0                    0
......................................................


WIND (MPH)
  HIGHEST WIND SPEED     9   HIGHEST WIND DIRECTION    SW (230)
  HIGHEST GUST SPEED    13   HIGHEST GUST DIRECTION    SW (230)
  AVERAGE WIND SPEED     3.8



WEATHER CONDITIONS
 THE FOLLOWING WEATHER WAS RECORDED YESTERDAY.
  LIGHT RAIN
  FOG


RELATIVE HUMIDITY (PERCENT)
 HIGHEST   100
 LOWEST     85
 AVERAGE    93

..........................................................


THE TRI CITIES MI CLIMATE NORMALS FOR TODAY
                         NORMAL
 MAXIMUM TEMPERATURE (F)   29
 MINIMUM TEMPERATURE (F)   15


SUNRISE AND SUNSET
JANUARY 22 2018.......SUNRISE   802 AM EST   SUNSET   534 PM EST
JANUARY 23 2018.......SUNRISE   801 AM EST   SUNSET   536 PM EST


-  INDICATES NEGATIVE NUMBERS.
R  INDICATES RECORD WAS SET OR TIED.
MM INDICATES DATA IS MISSING.
T  INDICATES TRACE AMOUNT.




$$
