000
CDUS46 KHNX 170823
CLIMCE


CLIMATE REPORT
NATIONAL WEATHER SERVICE SAN JOAQUIN VALLEY, CA
123 AM PDT TUE OCT 17 2017


...................................

...THE MERCED  CA CLIMATE SUMMARY FOR OCTOBER 16 2017...

CLIMATE NORMAL PERIOD 1981 TO 2010
CLIMATE RECORD PERIOD 1998 TO 2017


WEATHER ITEM   OBSERVED TIME   RECORD YEAR NORMAL DEPARTURE
                VALUE   (LST)  VALUE       VALUE  FROM
                                                  NORMAL
...............................................................
TEMPERATURE (F)
 YESTERDAY
  MAXIMUM         83    314 PM  88    2015  79      4
  MINIMUM         41R   627 AM  44    2003  49     -8
  AVERAGE         62                        64     -2

PRECIPITATION (IN)
  YESTERDAY        0.00          0.18 2016   0.02  -0.02
  MONTH TO DATE    0.00                      0.23  -0.23
  SINCE OCT 1      0.00                      0.23  -0.23
  SINCE JAN 1     11.82                      9.22   2.60

SNOWFALL (IN)
  YESTERDAY        0.0
  MONTH TO DATE    0.0
  SINCE SEP 1      0.0
  SINCE JUL 1      0.0
  SNOW DEPTH       0

DEGREE DAYS
 HEATING
  YESTERDAY        3
  MONTH TO DATE   44
  SINCE SEP 1     53
  SINCE JUL 1     53

 COOLING
  YESTERDAY        0
  MONTH TO DATE    7
  SINCE SEP 1    288
  SINCE JAN 1   1824
...............................................................


WIND (MPH)
  HIGHEST WIND SPEED     6   HIGHEST WIND DIRECTION    SE (120)
  HIGHEST GUST SPEED     9   HIGHEST GUST DIRECTION    NW (300)
  AVERAGE WIND SPEED     1.6




RELATIVE HUMIDITY (PERCENT)
 HIGHEST    83
 LOWEST     17
 AVERAGE    50

..........................................................


THE MERCED  CA CLIMATE NORMALS FOR TODAY
                         NORMAL    RECORD    YEAR
 MAXIMUM TEMPERATURE (F)   78        92      2008
 MINIMUM TEMPERATURE (F)   48        39      1998


SUNRISE AND SUNSET
OCTOBER 17 2017.......SUNRISE   713 AM PDT   SUNSET   622 PM PDT
OCTOBER 18 2017.......SUNRISE   713 AM PDT   SUNSET   621 PM PDT


-  INDICATES NEGATIVE NUMBERS.
R  INDICATES RECORD WAS SET OR TIED.
MM INDICATES DATA IS MISSING.
T  INDICATES TRACE AMOUNT.




$$
