000
CDUS46 KHNX 010020
CLIMCE


CLIMATE REPORT
NATIONAL WEATHER SERVICE SAN JOAQUIN VALLEY, CA
520 PM PDT TUE SEP 30 2014


...................................

...THE MERCED  CA CLIMATE SUMMARY FOR SEPTEMBER 30 2014...
VALID AS OF 0500 PM LOCAL TIME.

CLIMATE NORMAL PERIOD 1981 TO 2010
CLIMATE RECORD PERIOD 1998 TO 2014


WEATHER ITEM   OBSERVED TIME   RECORD YEAR NORMAL DEPARTURE LAST
                VALUE   (LST)  VALUE       VALUE  FROM      YEAR
                                                  NORMAL
..................................................................
TEMPERATURE (F)
 TODAY
  MAXIMUM         84    301 PM  98    2010  85     -1       80
  MINIMUM         55    529 AM  43    2007  52      3       54
  AVERAGE         70                        68      2       67

PRECIPITATION (IN)
  TODAY            0.00          T    1999   0.01  -0.01     0.00
  MONTH TO DATE    T                         0.29  -0.29      T
  SINCE JUL 1      T                         0.31  -0.31      T
  SINCE JAN 1      3.96                      8.99  -5.03     2.78

SNOWFALL (IN)
  TODAY            0.0
  MONTH TO DATE    0.0
  SINCE SEP 1      0.0
  SINCE JUL 1      0.0
  SNOW DEPTH       0

DEGREE DAYS
 HEATING
  TODAY            0                                         0
  MONTH TO DATE    0                                         7
  SINCE SEP 1      0                                         7
  SINCE JUL 1      0                                         7

 COOLING
  TODAY            5                                         2
  MONTH TO DATE  356                                       259
  SINCE SEP 1    356                                       259
  SINCE JAN 1   2004                                      1782
..................................................................


WIND (MPH)
  HIGHEST WIND SPEED    15   HIGHEST WIND DIRECTION    NW (310)
  HIGHEST GUST SPEED    19   HIGHEST GUST DIRECTION    NW (310)
  AVERAGE WIND SPEED     5.7




RELATIVE HUMIDITY (PERCENT)
 HIGHEST    80
 LOWEST     32
 AVERAGE    56

..........................................................


THE MERCED  CA CLIMATE NORMALS FOR TOMORROW
                         NORMAL    RECORD    YEAR
 MAXIMUM TEMPERATURE (F)   84        99      2012
 MINIMUM TEMPERATURE (F)   52        43      2009


SUNRISE AND SUNSET
SEPTEMBER 30 2014.....SUNRISE   657 AM PDT   SUNSET   647 PM PDT
OCTOBER  1 2014.......SUNRISE   658 AM PDT   SUNSET   645 PM PDT


-  INDICATES NEGATIVE NUMBERS.
R  INDICATES RECORD WAS SET OR TIED.
MM INDICATES DATA IS MISSING.
T  INDICATES TRACE AMOUNT.




$$
