000
CDUS46 KHNX 310023
CLIMCE


CLIMATE REPORT
NATIONAL WEATHER SERVICE SAN JOAQUIN VALLEY, CA
522 PM PDT SAT JUL 30 2016


...................................

...THE MERCED  CA CLIMATE SUMMARY FOR JULY 30 2016...
VALID AS OF 0400 PM LOCAL TIME.

CLIMATE NORMAL PERIOD 1981 TO 2010
CLIMATE RECORD PERIOD 1998 TO 2016


WEATHER ITEM   OBSERVED TIME   RECORD YEAR NORMAL DEPARTURE LAST
                VALUE   (LST)  VALUE       VALUE  FROM      YEAR
                                                  NORMAL
..................................................................
TEMPERATURE (F)
 TODAY
  MAXIMUM        104    217 PM 106    2014  95      9      101
  MINIMUM         69    501 AM  56    2001  60      9       68
  AVERAGE         87                        78      9       85

PRECIPITATION (IN)
  TODAY            0.00          T    2003   0.00   0.00      T
                                      2003
                                      2015
  MONTH TO DATE    0.00                      0.00   0.00      T
  SINCE OCT 1     14.66                     12.19   2.47     7.84
  SINCE JAN 1     10.94                      8.68   2.26     3.09

SNOWFALL (IN)
  TODAY            0.0
  MONTH TO DATE    0.0
  SINCE JUN 1      0.0
  SINCE JUL 1      0.0
  SNOW DEPTH       0

DEGREE DAYS
 HEATING
  TODAY            0                                         0
  MONTH TO DATE    0                                         0
  SINCE JUN 1      2                                         0
  SINCE JUL 1      0                                         0

 COOLING
  TODAY           22                                        20
  MONTH TO DATE  424                                       413
  SINCE JUN 1    796                                       805
  SINCE JAN 1    965                                       927
..................................................................


WIND (MPH)
  HIGHEST WIND SPEED    13   HIGHEST WIND DIRECTION    NW (320)
  HIGHEST GUST SPEED    28   HIGHEST GUST DIRECTION    NW (320)
  AVERAGE WIND SPEED     4.7




RELATIVE HUMIDITY (PERCENT)
 HIGHEST    57
 LOWEST     14
 AVERAGE    36

..........................................................


THE MERCED  CA CLIMATE NORMALS FOR TOMORROW
                         NORMAL    RECORD    YEAR
 MAXIMUM TEMPERATURE (F)   95       105      2014
 MINIMUM TEMPERATURE (F)   60        54      2001


SUNRISE AND SUNSET
JULY 30 2016..........SUNRISE   606 AM PDT   SUNSET   811 PM PDT
JULY 31 2016..........SUNRISE   607 AM PDT   SUNSET   810 PM PDT


-  INDICATES NEGATIVE NUMBERS.
R  INDICATES RECORD WAS SET OR TIED.
MM INDICATES DATA IS MISSING.
T  INDICATES TRACE AMOUNT.




$$
