000
CDUS46 KHNX 120825
CLIMCE


CLIMATE REPORT
NATIONAL WEATHER SERVICE SAN JOAQUIN VALLEY, CA
1223 AM PST TUE DEC 12 2017


...................................

...THE MERCED  CA CLIMATE SUMMARY FOR DECEMBER 11 2017...

CLIMATE NORMAL PERIOD 1981 TO 2010
CLIMATE RECORD PERIOD 1998 TO 2017


WEATHER ITEM   OBSERVED TIME   RECORD YEAR NORMAL DEPARTURE
                VALUE   (LST)  VALUE       VALUE  FROM
                                                  NORMAL
...............................................................
TEMPERATURE (F)
 YESTERDAY
  MAXIMUM         63    301 PM  67    2014  54      9
  MINIMUM         30    651 AM  27    2013  36     -6
  AVERAGE         47                        45      2

PRECIPITATION (IN)
  YESTERDAY        0.00          0.60 2014   0.04  -0.04
  MONTH TO DATE    0.00                      0.36  -0.36
  SINCE OCT 1      1.03                      2.35  -1.32
  SINCE JAN 1     12.85                     11.34   1.51

SNOWFALL (IN)
  YESTERDAY        0.0
  MONTH TO DATE    0.0
  SINCE DEC 1      0.0
  SINCE JUL 1      0.0
  SNOW DEPTH       0

DEGREE DAYS
 HEATING
  YESTERDAY       18
  MONTH TO DATE  181
  SINCE DEC 1    181
  SINCE JUL 1    535

 COOLING
  YESTERDAY        0
  MONTH TO DATE    0
  SINCE DEC 1      0
  SINCE JAN 1   1843
...............................................................


WIND (MPH)
  HIGHEST WIND SPEED     7   HIGHEST WIND DIRECTION     W (270)
  HIGHEST GUST SPEED    12   HIGHEST GUST DIRECTION    SW (210)
  AVERAGE WIND SPEED     1.2




RELATIVE HUMIDITY (PERCENT)
 HIGHEST    92
 LOWEST     43
 AVERAGE    68

..........................................................


THE MERCED  CA CLIMATE NORMALS FOR TODAY
                         NORMAL    RECORD    YEAR
 MAXIMUM TEMPERATURE (F)   54        58      2010
 MINIMUM TEMPERATURE (F)   36        25      2013


SUNRISE AND SUNSET
DECEMBER 12 2017......SUNRISE   707 AM PST   SUNSET   445 PM PST
DECEMBER 13 2017......SUNRISE   708 AM PST   SUNSET   446 PM PST


-  INDICATES NEGATIVE NUMBERS.
R  INDICATES RECORD WAS SET OR TIED.
MM INDICATES DATA IS MISSING.
T  INDICATES TRACE AMOUNT.




$$
