311
CDUS46 KHNX 180823
CLIMCE


CLIMATE REPORT
NATIONAL WEATHER SERVICE SAN JOAQUIN VALLEY, CA
122 AM PDT FRI AUG 18 2017


...................................

...THE MERCED  CA CLIMATE SUMMARY FOR AUGUST 17 2017...

CLIMATE NORMAL PERIOD 1981 TO 2010
CLIMATE RECORD PERIOD 1998 TO 2017


WEATHER ITEM   OBSERVED TIME   RECORD YEAR NORMAL DEPARTURE
                VALUE   (LST)  VALUE       VALUE  FROM
                                                  NORMAL
...............................................................
TEMPERATURE (F)
 YESTERDAY
  MAXIMUM         94        MM 106    2015  93      1
  MINIMUM         64        MM  54    2007  59      5
  AVERAGE         79                        76      3

PRECIPITATION (IN)
  YESTERDAY        0.00          0.00   MM   0.00   0.00
  MONTH TO DATE    0.00                      0.00   0.00
  SINCE OCT 1     16.03                     12.20   3.83
  SINCE JAN 1     11.80                      8.69   3.11

SNOWFALL (IN)
  YESTERDAY        0.0
  MONTH TO DATE    0.0
  SINCE JUN 1      0.0
  SINCE JUL 1      0.0
  SNOW DEPTH       0

DEGREE DAYS
 HEATING
  YESTERDAY        0
  MONTH TO DATE    0
  SINCE JUN 1     10
  SINCE JUL 1      0

 COOLING
  YESTERDAY       14
  MONTH TO DATE  266
  SINCE JUN 1   1153
  SINCE JAN 1   1305
...............................................................


WIND (MPH)
  HIGHEST WIND SPEED    13   HIGHEST WIND DIRECTION    NW (320)
  HIGHEST GUST SPEED    MM   HIGHEST GUST DIRECTION    MM
  AVERAGE WIND SPEED     6.9




RELATIVE HUMIDITY (PERCENT)
 HIGHEST    78
 LOWEST     28
 AVERAGE    53

..........................................................


THE MERCED  CA CLIMATE NORMALS FOR TODAY
                         NORMAL    RECORD    YEAR
 MAXIMUM TEMPERATURE (F)   93       100      2001
 MINIMUM TEMPERATURE (F)   59        53      2007


SUNRISE AND SUNSET
AUGUST 18 2017........SUNRISE   622 AM PDT   SUNSET   750 PM PDT
AUGUST 19 2017........SUNRISE   622 AM PDT   SUNSET   749 PM PDT


-  INDICATES NEGATIVE NUMBERS.
R  INDICATES RECORD WAS SET OR TIED.
MM INDICATES DATA IS MISSING.
T  INDICATES TRACE AMOUNT.




$$
