000
CDUS46 KHNX 280821
CLIMCE


CLIMATE REPORT
NATIONAL WEATHER SERVICE SAN JOAQUIN VALLEY, CA
1221 AM PST WED JAN 28 2015


...................................

...THE MERCED  CA CLIMATE SUMMARY FOR JANUARY 27 2015...

CLIMATE NORMAL PERIOD 1981 TO 2010
CLIMATE RECORD PERIOD 1998 TO 2015


WEATHER ITEM   OBSERVED TIME   RECORD YEAR NORMAL DEPARTURE
                VALUE   (LST)  VALUE       VALUE  FROM
                                                  NORMAL
...............................................................
TEMPERATURE (F)
 YESTERDAY
  MAXIMUM         66   1142 AM  67    2014  55     11
  MINIMUM         46   1159 PM  30    2002  37      9
  AVERAGE         56                        46     10

PRECIPITATION (IN)
  YESTERDAY        0.02          0.31 2008   0.04  -0.02
  MONTH TO DATE    0.02                      2.40  -2.38
  SINCE OCT 1      4.77                      5.91  -1.14
  SINCE JAN 1      0.02                      2.40  -2.38

SNOWFALL (IN)
  YESTERDAY        0.0
  MONTH TO DATE    0.0
  SINCE DEC 1      0.0
  SINCE JUL 1      0.0
  SNOW DEPTH       0

DEGREE DAYS
 HEATING
  YESTERDAY        9
  MONTH TO DATE  475
  SINCE DEC 1    860
  SINCE JUL 1   1145

 COOLING
  YESTERDAY        0
  MONTH TO DATE    0
  SINCE DEC 1      0
  SINCE JAN 1      0
...............................................................


WIND (MPH)
  HIGHEST WIND SPEED    16   HIGHEST WIND DIRECTION    SE (120)
  HIGHEST GUST SPEED    33   HIGHEST GUST DIRECTION     S (190)
  AVERAGE WIND SPEED     7.3




RELATIVE HUMIDITY (PERCENT)
 HIGHEST    89
 LOWEST     67
 AVERAGE    78

..........................................................


THE MERCED  CA CLIMATE NORMALS FOR TODAY
                         NORMAL    RECORD    YEAR
 MAXIMUM TEMPERATURE (F)   56        69      2014
 MINIMUM TEMPERATURE (F)   37        29      2002


SUNRISE AND SUNSET
JANUARY 28 2015.......SUNRISE   709 AM PST   SUNSET   522 PM PST
JANUARY 29 2015.......SUNRISE   708 AM PST   SUNSET   524 PM PST


-  INDICATES NEGATIVE NUMBERS.
R  INDICATES RECORD WAS SET OR TIED.
MM INDICATES DATA IS MISSING.
T  INDICATES TRACE AMOUNT.




$$
