000
CDUS46 KHNX 180822
CLIMCE


CLIMATE REPORT
NATIONAL WEATHER SERVICE SAN JOAQUIN VALLEY, CA
1221 AM PST THU DEC 18 2014


...................................

...THE MERCED  CA CLIMATE SUMMARY FOR DECEMBER 17 2014...

CLIMATE NORMAL PERIOD 1981 TO 2010
CLIMATE RECORD PERIOD 1998 TO 2014


WEATHER ITEM   OBSERVED TIME   RECORD YEAR NORMAL DEPARTURE
                VALUE   (LST)  VALUE       VALUE  FROM
                                                  NORMAL
...............................................................
TEMPERATURE (F)
 YESTERDAY
  MAXIMUM         59    156 PM  62    1998  53      6
  MINIMUM         45    747 AM  27    2011  36      9
  AVERAGE         52                        44      8

PRECIPITATION (IN)
  YESTERDAY        0.06          0.40 2010   0.05   0.01
  MONTH TO DATE    3.22                      0.63   2.59
  SINCE JUL 1      4.58                      2.93   1.65
  SINCE JAN 1      8.54                     11.61  -3.07

SNOWFALL (IN)
  YESTERDAY       MM
  MONTH TO DATE    0.0
  SINCE DEC 1      0.0
  SINCE JUL 1      0.0
  SNOW DEPTH       0

DEGREE DAYS
 HEATING
  YESTERDAY       13
  MONTH TO DATE  164
  SINCE DEC 1    164
  SINCE JUL 1    449

 COOLING
  YESTERDAY        0
  MONTH TO DATE    0
  SINCE DEC 1      0
  SINCE JAN 1   2147
...............................................................


WIND (MPH)
  HIGHEST WIND SPEED    10   HIGHEST WIND DIRECTION     E (110)
  HIGHEST GUST SPEED    13   HIGHEST GUST DIRECTION    SE (120)
  AVERAGE WIND SPEED     3.0




RELATIVE HUMIDITY (PERCENT)
 HIGHEST    96
 LOWEST     62
 AVERAGE    79

..........................................................


THE MERCED  CA CLIMATE NORMALS FOR TODAY
                         NORMAL    RECORD    YEAR
 MAXIMUM TEMPERATURE (F)   53        61      2013
 MINIMUM TEMPERATURE (F)   36        26      2006


SUNRISE AND SUNSET
DECEMBER 18 2014......SUNRISE   711 AM PST   SUNSET   447 PM PST
DECEMBER 19 2014......SUNRISE   712 AM PST   SUNSET   448 PM PST


-  INDICATES NEGATIVE NUMBERS.
R  INDICATES RECORD WAS SET OR TIED.
MM INDICATES DATA IS MISSING.
T  INDICATES TRACE AMOUNT.




$$
