649
CDUS46 KHNX 250025
CLIMCE


CLIMATE REPORT
NATIONAL WEATHER SERVICE SAN JOAQUIN VALLEY, CA
524 PM PDT WED MAY 24 2017


...................................

...THE MERCED  CA CLIMATE SUMMARY FOR MAY 24 2017...
VALID AS OF 0400 PM LOCAL TIME.

CLIMATE NORMAL PERIOD 1981 TO 2010
CLIMATE RECORD PERIOD 1998 TO 2017


WEATHER ITEM   OBSERVED TIME   RECORD YEAR NORMAL DEPARTURE LAST
                VALUE   (LST)  VALUE       VALUE  FROM      YEAR
                                                  NORMAL
..................................................................
TEMPERATURE (F)
 TODAY
  MAXIMUM         91        MM  97    2001  84      7       77
  MINIMUM         63        MM  46    2011  53     10       51
  AVERAGE         77                        69      8       64

PRECIPITATION (IN)
  TODAY            0.00          T    2008   0.01  -0.01     0.00
  MONTH TO DATE    0.00                      0.52  -0.52     0.11
  SINCE OCT 1     15.79                     12.00   3.79    14.66
  SINCE JAN 1     11.56                      8.49   3.07    10.94

SNOWFALL (IN)
  TODAY            0.0
  MONTH TO DATE    0.0
  SINCE MAR 1      0.0
  SINCE JUL 1      0.0
  SNOW DEPTH       0

DEGREE DAYS
 HEATING
  TODAY            0                                         1
  MONTH TO DATE   36                                        30
  SINCE MAR 1    499                                       369
  SINCE JUL 1   2369                                      2266

 COOLING
  TODAY           12                                         0
  MONTH TO DATE  127                                        82
  SINCE MAR 1    127                                       111
  SINCE JAN 1    127                                       111
..................................................................


WIND (MPH)
  HIGHEST WIND SPEED     9   HIGHEST WIND DIRECTION    NW (310)
  HIGHEST GUST SPEED    MM   HIGHEST GUST DIRECTION    MM
  AVERAGE WIND SPEED     6.6




RELATIVE HUMIDITY (PERCENT)
 HIGHEST    63
 LOWEST     19
 AVERAGE    41

..........................................................


THE MERCED  CA CLIMATE NORMALS FOR TOMORROW
                         NORMAL    RECORD    YEAR
 MAXIMUM TEMPERATURE (F)   84        98      2014
 MINIMUM TEMPERATURE (F)   53        46      2010


SUNRISE AND SUNSET
MAY 24 2017...........SUNRISE   547 AM PDT   SUNSET   812 PM PDT
MAY 25 2017...........SUNRISE   547 AM PDT   SUNSET   813 PM PDT


-  INDICATES NEGATIVE NUMBERS.
R  INDICATES RECORD WAS SET OR TIED.
MM INDICATES DATA IS MISSING.
T  INDICATES TRACE AMOUNT.




$$
