000
CDUS46 KHNX 230822
CLIMCE


CLIMATE REPORT
NATIONAL WEATHER SERVICE SAN JOAQUIN VALLEY, CA
1221 AM PST SUN NOV 23 2014


...................................

...THE MERCED  CA CLIMATE SUMMARY FOR NOVEMBER 22 2014...

CLIMATE NORMAL PERIOD 1981 TO 2010
CLIMATE RECORD PERIOD 1998 TO 2014


WEATHER ITEM   OBSERVED TIME   RECORD YEAR NORMAL DEPARTURE
                VALUE   (LST)  VALUE       VALUE  FROM
                                                  NORMAL
...............................................................
TEMPERATURE (F)
 YESTERDAY
  MAXIMUM         60    323 PM  72    2005  61     -1
  MINIMUM         48   1044 PM  28    2003  39      9
  AVERAGE         54                        50      4

PRECIPITATION (IN)
  YESTERDAY        0.03          0.09 2001   0.03   0.00
  MONTH TO DATE    0.51                      0.91  -0.40
  SINCE JUL 1      1.17                      2.03  -0.86
  SINCE JAN 1      5.13                     10.71  -5.58

SNOWFALL (IN)
  YESTERDAY       MM
  MONTH TO DATE    0.0
  SINCE SEP 1      0.0
  SINCE JUL 1      0.0
  SNOW DEPTH       0

DEGREE DAYS
 HEATING
  YESTERDAY       11
  MONTH TO DATE  166
  SINCE SEP 1    193
  SINCE JUL 1    193

 COOLING
  YESTERDAY        0
  MONTH TO DATE    0
  SINCE SEP 1    499
  SINCE JAN 1   2147
...............................................................


WIND (MPH)
  HIGHEST WIND SPEED    17   HIGHEST WIND DIRECTION    NW (330)
  HIGHEST GUST SPEED    24   HIGHEST GUST DIRECTION    NW (330)
  AVERAGE WIND SPEED     8.7




RELATIVE HUMIDITY (PERCENT)
 HIGHEST    93
 LOWEST     75
 AVERAGE    84

..........................................................


THE MERCED  CA CLIMATE NORMALS FOR TODAY
                         NORMAL    RECORD    YEAR
 MAXIMUM TEMPERATURE (F)   61        71      2005
 MINIMUM TEMPERATURE (F)   39        27      2003


SUNRISE AND SUNSET
NOVEMBER 23 2014......SUNRISE   650 AM PST   SUNSET   447 PM PST
NOVEMBER 24 2014......SUNRISE   651 AM PST   SUNSET   447 PM PST


-  INDICATES NEGATIVE NUMBERS.
R  INDICATES RECORD WAS SET OR TIED.
MM INDICATES DATA IS MISSING.
T  INDICATES TRACE AMOUNT.




$$
