255
CDUS46 KHNX 230827
CLIMCE


CLIMATE REPORT
NATIONAL WEATHER SERVICE SAN JOAQUIN VALLEY, CA
1226 AM PST MON JAN 23 2017


...................................

...THE MERCED  CA CLIMATE SUMMARY FOR JANUARY 22 2017...

CLIMATE NORMAL PERIOD 1981 TO 2010
CLIMATE RECORD PERIOD 1998 TO 2017


WEATHER ITEM   OBSERVED TIME   RECORD YEAR NORMAL DEPARTURE
                VALUE   (LST)  VALUE       VALUE  FROM
                                                  NORMAL
...............................................................
TEMPERATURE (F)
 YESTERDAY
  MAXIMUM         54    443 PM  67    2014  54      0
  MINIMUM         46   1159 PM  27    2007  37      9
  AVERAGE         50                        46      4

PRECIPITATION (IN)
  YESTERDAY        0.14          0.81 2008   0.08   0.06
  MONTH TO DATE    5.53                      2.13   3.40
  SINCE OCT 1      9.76                      5.64   4.12
  SINCE JAN 1      5.53                      2.13   3.40

SNOWFALL (IN)
  YESTERDAY       MM
  MONTH TO DATE    0.0
  SINCE DEC 1      0.0
  SINCE JUL 1      0.0
  SNOW DEPTH       0

DEGREE DAYS
 HEATING
  YESTERDAY       15
  MONTH TO DATE  392
  SINCE DEC 1    998
  SINCE JUL 1   1343

 COOLING
  YESTERDAY        0
  MONTH TO DATE    0
  SINCE DEC 1      0
  SINCE JAN 1      0
...............................................................


WIND (MPH)
  HIGHEST WIND SPEED    35   HIGHEST WIND DIRECTION     E (110)
  HIGHEST GUST SPEED    45   HIGHEST GUST DIRECTION    SE (120)
  AVERAGE WIND SPEED    15.6




RELATIVE HUMIDITY (PERCENT)
 HIGHEST    89
 LOWEST     77
 AVERAGE    83

..........................................................


THE MERCED  CA CLIMATE NORMALS FOR TODAY
                         NORMAL    RECORD    YEAR
 MAXIMUM TEMPERATURE (F)   54        69      2014
 MINIMUM TEMPERATURE (F)   37        27      2007


SUNRISE AND SUNSET
JANUARY 23 2017.......SUNRISE   712 AM PST   SUNSET   518 PM PST
JANUARY 24 2017.......SUNRISE   711 AM PST   SUNSET   519 PM PST


-  INDICATES NEGATIVE NUMBERS.
R  INDICATES RECORD WAS SET OR TIED.
MM INDICATES DATA IS MISSING.
T  INDICATES TRACE AMOUNT.




$$
