000
CDAK49 PAFG 270953
CLIMCG

CLIMATE REPORT
NATIONAL WEATHER SERVICE FAIRBANKS AK
153 AM AKDT MON MAR 27 2017


...................................

...THE MCGRATH AK CLIMATE SUMMARY FOR MARCH 26 2017...

CLIMATE NORMAL PERIOD 1981 TO 2010
CLIMATE RECORD PERIOD 1946 TO 2017


WEATHER ITEM   OBSERVED TIME   RECORD YEAR NORMAL DEPARTURE LAST
                VALUE   (LST)  VALUE       VALUE  FROM      YEAR
                                                  NORMAL
..................................................................
TEMPERATURE (F)
 YESTERDAY
  MAXIMUM         25    622 PM  47    2015  29     -4       39
  MINIMUM        -15    704 AM -30    2013   3    -18       27
  AVERAGE          5                        16    -11       33

PRECIPITATION (IN)
  YESTERDAY        0.00          0.54 1991   0.02  -0.02      T
  MONTH TO DATE    T                         0.70  -0.70     0.07
  SINCE MAR 1      T                         0.70  -0.70     0.07
  SINCE JAN 1      1.20                      2.73  -1.53     0.13

SNOWFALL (IN)
  YESTERDAY        0.0           6.6  1991   0.3   -0.3     MM
  MONTH TO DATE    T                        10.0  -10.0      0.0
  SINCE MAR 1      T                        10.0  -10.0      0.0
  SINCE JUL 1     48.7                      90.0  -41.3      0.0
  SNOW DEPTH      13

DEGREE DAYS
 HEATING
  YESTERDAY       60                        49     11       32
  MONTH TO DATE 1677                      1418    259     1301
  SINCE MAR 1   1677                      1418    259     1301
  SINCE JUL 1  11435                     11650   -215     2269

 COOLING
  YESTERDAY        0                         0      0        0
  MONTH TO DATE    0                         0      0        0
  SINCE MAR 1      0                         0      0        0
  SINCE JAN 1      0                         0      0        0
..................................................................


WIND (MPH)
  HIGHEST GUST SPEED    17   HIGHEST GUST DIRECTION     N (20)


SKY COVER
  AVERAGE SKY COVER 0.0


WEATHER CONDITIONS
 THE FOLLOWING WEATHER WAS RECORDED YESTERDAY.
  NO SIGNIFICANT WEATHER WAS OBSERVED.


RELATIVE HUMIDITY (PERCENT)
 HIGHEST    87
 LOWEST     36
 AVERAGE    62

..........................................................


THE MCGRATH AK CLIMATE NORMALS FOR TODAY
                         NORMAL    RECORD    YEAR
 MAXIMUM TEMPERATURE (F)   29        51      1954
 MINIMUM TEMPERATURE (F)    3       -37      1977


SUNRISE AND SUNSET
MARCH 27 2017.........SUNRISE   758 AM AKDT  SUNSET   859 PM AKDT
MARCH 28 2017.........SUNRISE   755 AM AKDT  SUNSET   902 PM AKDT

-  INDICATES NEGATIVE NUMBERS.
R  INDICATES RECORD WAS SET OR TIED.
MM INDICATES DATA IS MISSING.
T  INDICATES TRACE AMOUNT.

&&

SNOW DEPTH IS MEASURED AT 3AM AKST/4AM AKDT.

----------------------------
AVAILABLE DAYLIGHT

AMOUNT OF DAYLIGHT TODAY  (HOUR:MIN)........13:01
GAIN/LOSS SINCE YESTERDAY (HOUR:MIN:SEC)....+0:06:11

$$
MAR 17
