115
CDAK49 PAFG 200942
CLIMCG

CLIMATE REPORT
NATIONAL WEATHER SERVICE FAIRBANKS AK
142 AM AKDT FRI OCT 20 2017


...................................

...THE MCGRATH AK CLIMATE SUMMARY FOR OCTOBER 19 2017...

CLIMATE NORMAL PERIOD 1981 TO 2010
CLIMATE RECORD PERIOD 1946 TO 2017


WEATHER ITEM   OBSERVED TIME   RECORD YEAR NORMAL DEPARTURE LAST
                VALUE   (LST)  VALUE       VALUE  FROM      YEAR
                                                  NORMAL
..................................................................
TEMPERATURE (F)
 YESTERDAY
  MAXIMUM         28    420 PM  48    2005  29     -1       33
  MINIMUM         15    910 AM -11    1959  16     -1       15
  AVERAGE         22                        23     -1       24

PRECIPITATION (IN)
  YESTERDAY        T             0.54 1944   0.04  -0.04     0.00
  MONTH TO DATE    2.18                      0.99   1.19     0.05
  SINCE SEP 1      3.83                      3.48   0.35     5.13
  SINCE JAN 1     14.20                     14.85  -0.65    17.96

SNOWFALL (IN)
  YESTERDAY       MM             5.9  1964   0.3   MM        0.0
  MONTH TO DATE    0.3                       4.9   -4.6      0.0
  SINCE SEP 1      0.3                       6.4   -6.1      0.0
  SINCE JUL 1      0.3                       6.4   -6.1      0.0
  SNOW DEPTH       0

DEGREE DAYS
 HEATING
  YESTERDAY       43                        42      1       41
  MONTH TO DATE  504                       673   -169      576
  SINCE SEP 1   1027                      1285   -258     1119
  SINCE JUL 1   1380                      1776   -396     1395

 COOLING
  YESTERDAY        0                         0      0        0
  MONTH TO DATE    0                         0      0        0
  SINCE SEP 1      0                         0      0        0
  SINCE JAN 1     37                        20     17       29
..................................................................


WIND (MPH)
  HIGHEST GUST SPEED    16   HIGHEST GUST DIRECTION     N (340)


SKY COVER
  AVERAGE SKY COVER 0.3


WEATHER CONDITIONS
 THE FOLLOWING WEATHER WAS RECORDED YESTERDAY.
  HAZE


RELATIVE HUMIDITY (PERCENT)
 HIGHEST    75
 LOWEST     42
 AVERAGE    59

..........................................................


THE MCGRATH AK CLIMATE NORMALS FOR TODAY
                         NORMAL    RECORD    YEAR
 MAXIMUM TEMPERATURE (F)   29        49      2005
 MINIMUM TEMPERATURE (F)   16       -11      1965


SUNRISE AND SUNSET
OCTOBER 20 2017.......SUNRISE   926 AM AKDT  SUNSET   648 PM AKDT
OCTOBER 21 2017.......SUNRISE   928 AM AKDT  SUNSET   645 PM AKDT

-  INDICATES NEGATIVE NUMBERS.
R  INDICATES RECORD WAS SET OR TIED.
MM INDICATES DATA IS MISSING.
T  INDICATES TRACE AMOUNT.

&&

SNOW DEPTH IS MEASURED AT 3AM AKST/4AM AKDT.

----------------------------
AVAILABLE DAYLIGHT

AMOUNT OF DAYLIGHT TODAY  (HOUR:MIN)........9:23
GAIN/LOSS SINCE YESTERDAY (HOUR:MIN:SEC)....-0:06:06

$$
OCT 17
