000
CDAK49 PAMC 270924
CLIMCG

CLIMATE REPORT
NATIONAL WEATHER SERVICE MCGRATH, AK
124 AM AKDT FRI MAY 27 2016

...................................
...THE MCGRATH AIRPORT CLIMATE SUMMARY FOR MAY 26 2016...

CLIMATE NORMAL PERIOD  1981 TO  2010
CLIMATE RECORD PERIOD  1940 TO  2016

WEATHER ITEM   OBSERVED TIME    RECORD YEAR NORMAL DEPARTURE LAST
               VALUE    (LST)   VALUE       VALUE  FROM      YEAR
                                                   NORMAL
...................................................................
TEMPERATURE
YESTERDAY
 MAXIMUM            60  0635 PM    82  2011     62      -2     66
 MINIMUM            42  0351 AM    30  2000     40       2     38
 AVERAGE            51                          51       0     52

PRECIPITATION
(INCHES)
 YESTERDAY        0.00           1.00  1995   0.04   -0.04   0.00
 MONTH TO DATE    1.11                        0.88    0.23   0.37
 SINCE MAR 1      2.55                        2.43    0.12   0.89
 SINCE JAN 1      2.75                        4.46   -1.71   1.33

SNOWFALL
(INCHES)
 YESTERDAY         0.0              T  2001    0.0     0.0    0.0
 MONTH TO DATE       T                         0.9    -0.9    0.0
 SINCE MAR 1      14.9                        17.3    -2.4    8.5
 SINCE JUL 1      79.0                        97.3   -18.3   41.6
 SNOW DEPTH (IN)     0                                          0

DEGREE DAYS
 HEATING
  YESTERDAY         14                          14       0     13
  MONTH TO DATE    414                         500     -86    357
  SINCE MAR 1     2661                        3216    -555   2691
  SINCE JUL 1    12105                       13454   -1349  11776

 COOLING
  YESTERDAY          0                           0       0      0
  MONTH TO DATE      0                           0       0      0
  SINCE MAR 1        0                           0       0      0
  SINCE JAN 1        0                           0       0      0
...................................................................

WIND (MPH)
 HIGHEST WIND SPEED     8     HIGHEST WIND DIRECTION     30
 HIGHEST GUST SPEED    11     HIGHEST GUST DIRECTION     30
 AVERAGE WIND SPEED    MM

WEATHER CONDITIONS
 THE FOLLOWING WEATHER WAS RECORDED YESTERDAY.
  NO SIGNIFICANT WEATHER WAS OBSERVED.

...................................................................

THE MCGRATH CLIMATE NORMALS FOR TODAY
                           NORMAL    RECORD   YEAR
 MAXIMUM TEMPERATURE (F)     62        83     2011
 MINIMUM TEMPERATURE (F)     40        30     1964

SUNRISE AND SUNSET
 MAY 27 2016..........SUNRISE  4:46 AM      SUNSET 11:56 PM
 MAY 28 2016..........SUNRISE  4:44 AM      SUNSET 11:59 PM

-  INDICATES NEGATIVE NUMBERS.
R  INDICATES RECORD HAS BEEN SET OR TIED.
MM INDICATES DATA IS MISSING.
T  INDICATES TRACE OF PRECIPITATION.

&&
-------------------------------------------------------------------

AMOUNT OF DAYLIGHT TODAY  (HOUR:MIN)........19 HOURS 10 MINUTES
GAIN SINCE YESTERDAY (HOUR:MIN:SEC)....+0:04:58

$$
SBY MAY 16
