811
CDAK49 PAFG 090944
CLIMCG

CLIMATE REPORT
NATIONAL WEATHER SERVICE FAIRBANKS AK
1244 AM AKST FRI DEC 9 2016


...................................

...THE MCGRATH AK CLIMATE SUMMARY FOR DECEMBER 8 2016...

CLIMATE NORMAL PERIOD 1981 TO 2010
CLIMATE RECORD PERIOD 1946 TO 2016


WEATHER ITEM   OBSERVED TIME   RECORD YEAR NORMAL DEPARTURE LAST
                VALUE   (LST)  VALUE       VALUE  FROM      YEAR
                                                  NORMAL
..................................................................
TEMPERATURE (F)
 YESTERDAY
  MAXIMUM          0   1144 AM  41    2005   7     -7       MM
  MINIMUM        -20   1155 PM -54    1975 -10    -10       MM
  AVERAGE        -10                        -1     -9       MM

PRECIPITATION (IN)
  YESTERDAY        0.00          0.27 1943   0.03  -0.03    MM
  MONTH TO DATE    T                         0.31  -0.31    MM
  SINCE DEC 1      T                         0.31  -0.31    MM
  SINCE JAN 1     18.53                     17.02   1.51    MM

SNOWFALL (IN)
  YESTERDAY        0.0           6.0  1943   0.6   -0.6     MM
  MONTH TO DATE    0.1                       5.0   -4.9     MM
  SINCE DEC 1      0.1                       5.0   -4.9     MM
  SINCE JUL 1      8.4                      36.0  -27.6     MM
  SNOW DEPTH       5

DEGREE DAYS
 HEATING
  YESTERDAY       75                        67      8       MM
  MONTH TO DATE  660                       526    134       MM
  SINCE DEC 1    660                       526    134       MM
  SINCE JUL 1   4406                      4649   -243       MM

 COOLING
  YESTERDAY        0                         0      0       MM
  MONTH TO DATE    0                         0      0       MM
  SINCE DEC 1      0                         0      0       MM
  SINCE JAN 1     29                        20      9       MM
..................................................................


WIND (MPH)
  HIGHEST GUST SPEED    20   HIGHEST GUST DIRECTION    NE (30)


SKY COVER
  AVERAGE SKY COVER 0.1


WEATHER CONDITIONS
 THE FOLLOWING WEATHER WAS RECORDED YESTERDAY.
  NO SIGNIFICANT WEATHER WAS OBSERVED.


RELATIVE HUMIDITY (PERCENT)
 HIGHEST    79
 LOWEST     53
 AVERAGE    66

..........................................................


THE MCGRATH AK CLIMATE NORMALS FOR TODAY
                         NORMAL    RECORD    YEAR
 MAXIMUM TEMPERATURE (F)    7        40      2005
                                             1972
                                             1960
 MINIMUM TEMPERATURE (F)  -10       -53      1946


SUNRISE AND SUNSET
DECEMBER 09 2016......SUNRISE  1045 AM AKST  SUNSET   345 PM AKST
DECEMBER 10 2016......SUNRISE  1047 AM AKST  SUNSET   345 PM AKST

-  INDICATES NEGATIVE NUMBERS.
R  INDICATES RECORD WAS SET OR TIED.
MM INDICATES DATA IS MISSING.
T  INDICATES TRACE AMOUNT.

&&

SNOW DEPTH IS MEASURED AT 3AM AKST/4AM AKDT.

----------------------------
AVAILABLE DAYLIGHT

AMOUNT OF DAYLIGHT TODAY  (HOUR:MIN)........5:00
GAIN/LOSS SINCE YESTERDAY (HOUR:MIN:SEC)....-0:02:47

$$
SDB DEC 16
