000
CDAK49 PAMC 060905
CLIMCG

CLIMATE REPORT
NATIONAL WEATHER SERVICE MCGRATH, AK
105 AM AKDT MON JUL 6 2015

...................................
...THE MCGRATH AIRPORT CLIMATE SUMMARY FOR JULY 5 2015...

CLIMATE NORMAL PERIOD  1981 TO  2010
CLIMATE RECORD PERIOD  1940 TO  2015

WEATHER ITEM   OBSERVED TIME    RECORD YEAR NORMAL DEPARTURE LAST
               VALUE    (LST)   VALUE       VALUE  FROM      YEAR
                                                   NORMAL
...................................................................
TEMPERATURE
YESTERDAY
 MAXIMUM            MM    MM       85  2014     71      MM     85
 MINIMUM            MM    MM       38  1955     51      MM     54
 AVERAGE            MM                          61      MM     70

PRECIPITATION
(INCHES)
 YESTERDAY           T           0.96  1948   0.07   -0.07   0.00
 MONTH TO DATE    0.12                        0.33   -0.21      T
 SINCE JUN 1      1.20                        1.85   -0.65   1.52
 SINCE JAN 1      2.54                        6.52   -3.98   4.25

SNOWFALL
(INCHES)
 YESTERDAY         0.0              T  1950    0.0     0.0    0.0
 MONTH TO DATE     0.0                         0.0     0.0    0.0
 SINCE JUN 1       0.0                         0.0     0.0    0.0
 SINCE JUL 1       0.0                         0.0     0.0    0.0
 SNOW DEPTH (IN)     0                                          0

DEGREE DAYS
 HEATING
  YESTERDAY         MM                           5      MM      0
  MONTH TO DATE     MM                          25      MM     12
  SINCE JUN 1      347                         259      88    317
  SINCE JUL 1      154                          25     129     12

 COOLING
  YESTERDAY         MM                           1      MM      5
  MONTH TO DATE     MM                           5      MM      7
  SINCE JUN 1       26                          10      16      7
  SINCE JAN 1       MM                          10      MM      7
...................................................................

WIND (MPH)
 HIGHEST WIND SPEED    MM     HIGHEST WIND DIRECTION     MM
 HIGHEST GUST SPEED    MM     HIGHEST GUST DIRECTION     MM
 AVERAGE WIND SPEED    MM

WEATHER CONDITIONS
 THE FOLLOWING WEATHER WAS RECORDED YESTERDAY.
 NO SIGNIFICANT WEATHER WAS OBSERVED.
...................................................................

THE MCGRATH CLIMATE NORMALS FOR TODAY
                           NORMAL    RECORD   YEAR
 MAXIMUM TEMPERATURE (F)     71        87     2009
 MINIMUM TEMPERATURE (F)     51        43     2012

SUNRISE AND SUNSET
 JUL 6 2015..........SUNRISE  4:33 AM      SUNSET 12:21 AM
 JUL 7 2015..........SUNRISE  4:35 AM      SUNSET 12:19 AM

-  INDICATES NEGATIVE NUMBERS.
R  INDICATES RECORD HAS BEEN SET OR TIED.
MM INDICATES DATA IS MISSING.
T  INDICATES TRACE OF PRECIPITATION.

&&
-------------------------------------------------------------------

AMOUNT OF DAYLIGHT TODAY  (HOUR:MIN)........19 HOURS 48 MINUTES
LOSS SINCE YESTERDAY (HOUR:MIN:SEC)....-0:03:28

$$
ADJ JUL 15
