000
CDAK49 PAFG 270948
CLIMCG

CLIMATE REPORT
NATIONAL WEATHER SERVICE FAIRBANKS AK
148 AM AKDT THU APR 27 2017


...................................

...THE MCGRATH AK CLIMATE SUMMARY FOR APRIL 26 2017...

CLIMATE NORMAL PERIOD 1981 TO 2010
CLIMATE RECORD PERIOD 1946 TO 2017


WEATHER ITEM   OBSERVED TIME   RECORD YEAR NORMAL DEPARTURE LAST
                VALUE   (LST)  VALUE       VALUE  FROM      YEAR
                                                  NORMAL
..................................................................
TEMPERATURE (F)
 YESTERDAY
  MAXIMUM         55    433 PM  63    2016  48      7       63
  MINIMUM         30    526 AM   3    1955  27      3       34
  AVERAGE         43                        37      6       49

PRECIPITATION (IN)
  YESTERDAY        0.04          0.25 1990   0.03   0.01     0.00
  MONTH TO DATE    0.19                      0.63  -0.44     0.37
  SINCE MAR 1      0.19                      1.44  -1.25     1.38
  SINCE JAN 1      1.39                      3.47  -2.08     1.44

SNOWFALL (IN)
  YESTERDAY        0.0           1.8  1990   0.1   -0.1      0.0
  MONTH TO DATE    2.6                       4.7   -2.1      0.0
  SINCE MAR 1      2.6                      16.0  -13.4      0.0
  SINCE JUL 1     51.3                      96.0  -44.7      0.0
  SNOW DEPTH       0

DEGREE DAYS
 HEATING
  YESTERDAY       22                        28     -6       16
  MONTH TO DATE  757                       955   -198      693
  SINCE MAR 1   2680                      2610     70     2166
  SINCE JUL 1  12438                     12842   -404     3134

 COOLING
  YESTERDAY        0                         0      0        0
  MONTH TO DATE    0                         0      0        0
  SINCE MAR 1      0                         0      0        0
  SINCE JAN 1      0                         0      0        0
..................................................................


WIND (MPH)
  HIGHEST GUST SPEED    22   HIGHEST GUST DIRECTION     E (70)


SKY COVER
  AVERAGE SKY COVER 0.7


WEATHER CONDITIONS
 THE FOLLOWING WEATHER WAS RECORDED YESTERDAY.
  RAIN
  LIGHT RAIN


RELATIVE HUMIDITY (PERCENT)
 HIGHEST    96
 LOWEST     46
 AVERAGE    71

..........................................................


THE MCGRATH AK CLIMATE NORMALS FOR TODAY
                         NORMAL    RECORD    YEAR
 MAXIMUM TEMPERATURE (F)   48        66      1958
 MINIMUM TEMPERATURE (F)   27         4      1955


SUNRISE AND SUNSET
APRIL 27 2017.........SUNRISE   615 AM AKDT  SUNSET  1028 PM AKDT
APRIL 28 2017.........SUNRISE   611 AM AKDT  SUNSET  1031 PM AKDT

-  INDICATES NEGATIVE NUMBERS.
R  INDICATES RECORD WAS SET OR TIED.
MM INDICATES DATA IS MISSING.
T  INDICATES TRACE AMOUNT.

&&

SNOW DEPTH IS MEASURED AT 3AM AKST/4AM AKDT.

----------------------------
AVAILABLE DAYLIGHT

AMOUNT OF DAYLIGHT TODAY  (HOUR:MIN)........16:14
GAIN/LOSS SINCE YESTERDAY (HOUR:MIN:SEC)....+0:06:12

$$
SDB APR 17
