000
CDAK49 PAFG 240051
CLIMCG

CLIMATE REPORT
NATIONAL WEATHER SERVICE FAIRBANKS AK
451 PM AKDT FRI JUN 23 2017


...................................

...THE MCGRATH AK CLIMATE SUMMARY FOR JUNE 23 2017...
VALID TODAY AS OF 0400 PM LOCAL TIME.

CLIMATE NORMAL PERIOD 1981 TO 2010
CLIMATE RECORD PERIOD 1946 TO 2017


WEATHER ITEM   OBSERVED TIME   RECORD YEAR NORMAL DEPARTURE LAST
                VALUE   (LST)  VALUE       VALUE  FROM      YEAR
                                                  NORMAL
..................................................................
TEMPERATURE (F)
 TODAY
  MAXIMUM         66    259 PM  87    1971  70     -4       71
  MINIMUM         55    712 AM  35    1949  49      6       59
  AVERAGE         61                        60      1       65

PRECIPITATION (IN)
  TODAY            0.03          0.60 2008   0.06  -0.03      T
  MONTH TO DATE    1.11                      1.11   0.00     2.09
  SINCE JUN 1      1.11                      1.11   0.00     2.09
  SINCE JAN 1      4.10                      5.78  -1.68     4.74

SNOWFALL (IN)
  TODAY            0.0           T    1970   0.0    0.0      0.0
                                      1952
  MONTH TO DATE    T                         0.0    0.0      0.0
  SINCE JUN 1      T                         0.0    0.0      0.0
  SINCE JUL 1     51.3                      97.3  -46.0      0.0
  SNOW DEPTH       0

DEGREE DAYS
 HEATING
  TODAY            4                         6     -2        0
  MONTH TO DATE  125                       198    -73      184
  SINCE JUN 1    125                       198    -73      184
  SINCE JUL 1  13154                     13711   -557     3834

 COOLING
  TODAY            0                         0      0        0
  MONTH TO DATE    1                         0      1        2
  SINCE JUN 1      1                         0      1        2
  SINCE JAN 1      1                         0      1        2
..................................................................


WIND (MPH)
  HIGHEST GUST SPEED    18   HIGHEST GUST DIRECTION     S (200)


SKY COVER
  AVERAGE SKY COVER 0.9


WEATHER CONDITIONS
 THE FOLLOWING WEATHER WAS RECORDED TODAY.
  LIGHT RAIN


RELATIVE HUMIDITY (PERCENT)
 HIGHEST    86
 LOWEST     52
 AVERAGE    69

..........................................................


THE MCGRATH AK CLIMATE NORMALS FOR TOMORROW
                         NORMAL    RECORD    YEAR
 MAXIMUM TEMPERATURE (F)   70        88      1971
 MINIMUM TEMPERATURE (F)   49        36      1951


SUNRISE AND SUNSET
JUNE 23 2017..........SUNRISE   417 AM AKDT  SUNSET  1233 AM AKDT
JUNE 24 2017..........SUNRISE   418 AM AKDT  SUNSET  1233 AM AKDT

-  INDICATES NEGATIVE NUMBERS.
R  INDICATES RECORD WAS SET OR TIED.
MM INDICATES DATA IS MISSING.
T  INDICATES TRACE AMOUNT.

&&

SNOW DEPTH IS MEASURED AT 3AM AKST/4AM AKDT.

----------------------------
AVAILABLE DAYLIGHT

AMOUNT OF DAYLIGHT TODAY  (HOUR:MIN)........20:16
GAIN/LOSS SINCE YESTERDAY (HOUR:MIN:SEC)....-0:00:29

$$
JUN 17
