000
CDUS43 KEAX 280658
CLIMCI

CLIMATE REPORT
NATIONAL WEATHER SERVICE KANSAS CITY/PLEASANT HILL MO
156 AM CDT TUE MAR 28 2017


...................................

...THE KANSAS CITY INTERNATIONAL MO CLIMATE SUMMARY FOR MARCH 27 2017...

CLIMATE NORMAL PERIOD 1981 TO 2010
CLIMATE RECORD PERIOD 1888 TO 2017


WEATHER ITEM   OBSERVED TIME   RECORD YEAR NORMAL DEPARTURE LAST
                VALUE   (LST)  VALUE       VALUE  FROM      YEAR
                                                  NORMAL
..................................................................
TEMPERATURE (F)
 YESTERDAY
  MAXIMUM         53    541 PM  84    1895  59     -6       52
  MINIMUM         45    615 AM  17    1913  37      8       32
  AVERAGE         49                        48      1       42

PRECIPITATION (IN)
  YESTERDAY        0.42          1.00 2016   0.09   0.33     1.00
  MONTH TO DATE    1.36                      1.99  -0.63     2.72
  SINCE MAR 1      1.36                      1.99  -0.63     2.72
  SINCE JAN 1      2.81                      4.52  -1.71     3.88

SNOWFALL (IN)
  YESTERDAY        0.0           4.6  1893   0.0    0.0      0.3
  MONTH TO DATE    0.4                       1.8   -1.4      0.6
  SINCE MAR 1      0.4                       1.8   -1.4      0.6
  SINCE JUL 1      4.9                      18.0  -13.1      5.9
  SNOW DEPTH       0

DEGREE DAYS
 HEATING
  YESTERDAY       16                        17     -1       23
  MONTH TO DATE  463                       582   -119      403
  SINCE MAR 1    463                       582   -119      403
  SINCE JUL 1   3717                      4627   -910     3760

 COOLING
  YESTERDAY        0                         0      0        0
  MONTH TO DATE    6                         0      6        2
  SINCE MAR 1      6                         0      6        2
  SINCE JAN 1      6                         0      6        2
..................................................................


WIND (MPH)
  HIGHEST WIND SPEED    20   HIGHEST WIND DIRECTION    NE (60)
  HIGHEST GUST SPEED    23   HIGHEST GUST DIRECTION    NE (60)
  AVERAGE WIND SPEED     9.7


SKY COVER
  POSSIBLE SUNSHINE  MM
  AVERAGE SKY COVER 1.0


WEATHER CONDITIONS
 THE FOLLOWING WEATHER WAS RECORDED YESTERDAY.
  RAIN
  LIGHT RAIN
  FOG


RELATIVE HUMIDITY (PERCENT)
 HIGHEST   100           800 AM
 LOWEST     77           400 PM
 AVERAGE    89

..........................................................


THE KANSAS CITY INTERNATIONAL MO CLIMATE NORMALS FOR TODAY
                         NORMAL    RECORD    YEAR
 MAXIMUM TEMPERATURE (F)   60        88      1895
 MINIMUM TEMPERATURE (F)   37        18      1921


SUNRISE AND SUNSET
MARCH 28 2017.........SUNRISE   709 AM CDT   SUNSET   739 PM CDT
MARCH 29 2017.........SUNRISE   708 AM CDT   SUNSET   740 PM CDT


-  INDICATES NEGATIVE NUMBERS.
R  INDICATES RECORD WAS SET OR TIED.
MM INDICATES DATA IS MISSING.
T  INDICATES TRACE AMOUNT.


&&

...MISCELLANEOUS CLIMATE DATA FROM YESTERDAY...

LOCATION                HIGH    LOW      PRECIP
ST. JOSEPH               56      46       0.46
DOWNTOWN KANSAS CITY     54      47       0.35
OLATHE NEW CENTURY       53      45       0.39
OLATHE JO CO EXEC        52      46       0.39
LEES SUMMIT              53      46       0.38
KIRKSVILLE               53      45       M
CHILLICOTHE              52      47       0.13
SEDALIA                  54      50       0.06
NWS PLEASANT HILL MO     53      46       0.17


THIS PRODUCT...ALONG WITH OTHER WEATHER...HYDROLOGICAL AND CLIMATE
INFORMATION...IS AVAILABLE ON THE WEB AT HTTP://WWW.WEATHER.GOV/EAX
OR AT HTTP://WEATHER.GOV

$$
