000
CDUS43 KEAX 020034
CLIMCI

CLIMATE REPORT
NATIONAL WEATHER SERVICE KANSAS CITY/PLEASANT HILL MO
733 PM CDT WED OCT 1 2014


...................................

...THE KANSAS CITY INTERNATIONAL MO CLIMATE SUMMARY FOR OCTOBER 1 2014...
VALID TODAY AS OF 0700 PM LOCAL TIME.

CLIMATE NORMAL PERIOD 1981 TO 2010
CLIMATE RECORD PERIOD 1888 TO 2014


WEATHER ITEM   OBSERVED TIME   RECORD YEAR NORMAL DEPARTURE LAST
                VALUE   (LST)  VALUE       VALUE  FROM      YEAR
                                                  NORMAL
..................................................................
TEMPERATURE (F)
 TODAY
  MAXIMUM         80    317 PM  94    2006  73      7       81
  MINIMUM         63    527 AM  31    1985  51     12       57
  AVERAGE         72                        62     10       69

PRECIPITATION (IN)
  TODAY            1.51          3.46 1927   0.13   1.38     0.00
  MONTH TO DATE    1.51                      0.13   1.38     0.00
  SINCE SEP 1      3.71                      4.75  -1.04     4.84
  SINCE JAN 1     29.70                     32.15  -2.45    27.51

SNOWFALL (IN)
  TODAY            0.0           0.0    MM   0.0    0.0      0.0
  MONTH TO DATE    0.0                       0.0    0.0      0.0
  SINCE SEP 1      0.0                       0.0    0.0      0.0
  SINCE JUL 1      0.0                       0.0    0.0      0.0
  SNOW DEPTH       0

DEGREE DAYS
 HEATING
  TODAY            0                         5     -5        0
  MONTH TO DATE    0                         5     -5        0
  SINCE SEP 1     65                        70     -5       19
  SINCE JUL 1     67                        72     -5       19

 COOLING
  TODAY            7                         2      5        4
  MONTH TO DATE    7                         2      5        4
  SINCE SEP 1    137                       161    -24      227
  SINCE JAN 1   1256                      1334    -78     1321
..................................................................


WIND (MPH)
  HIGHEST WIND SPEED    22   HIGHEST WIND DIRECTION     S (170)
  HIGHEST GUST SPEED    30   HIGHEST GUST DIRECTION    NW (300)
  AVERAGE WIND SPEED    10.9


SKY COVER
  POSSIBLE SUNSHINE  MM
  AVERAGE SKY COVER 0.9


WEATHER CONDITIONS
 THE FOLLOWING WEATHER WAS RECORDED TODAY.
  THUNDERSTORM
  HEAVY RAIN
  RAIN
  LIGHT RAIN
  FOG
  HAZE


RELATIVE HUMIDITY (PERCENT)
 HIGHEST   100           700 AM
 LOWEST     71           400 PM
 AVERAGE    86

..........................................................


THE KANSAS CITY INTERNATIONAL MO CLIMATE NORMALS FOR TOMORROW
                         NORMAL    RECORD    YEAR
 MAXIMUM TEMPERATURE (F)   72        95      2006
 MINIMUM TEMPERATURE (F)   50        34      2004


SUNRISE AND SUNSET
OCTOBER  1 2014.......SUNRISE   715 AM CDT   SUNSET   701 PM CDT
OCTOBER  2 2014.......SUNRISE   716 AM CDT   SUNSET   700 PM CDT


-  INDICATES NEGATIVE NUMBERS.
R  INDICATES RECORD WAS SET OR TIED.
MM INDICATES DATA IS MISSING.
T  INDICATES TRACE AMOUNT.




&&

...MISCELLANEOUS CLIMATE DATA FROM TODAY...

LOCATION                HIGH    LOW      PRECIP
ST. JOSEPH               79      65       1.94
DOWNTOWN KANSAS CITY     81      67       0.84
OLATHE NEW CENTURY       80      66       0.14
OLATHE JO CO EXEC        80      65       0.09
LEES SUMMIT              75      65       0.74
KIRKSVILLE               68      59       0.63
CHILLICOTHE              73      63       1.09
SEDALIA                  81      64       2.23
NWS PLEASANT HILL MO     74      66       0.38


THIS PRODUCT...ALONG WITH OTHER WEATHER...HYDROLOGICAL AND CLIMATE
INFORMATION...IS AVAILABLE ON THE WEB AT HTTP://WWW.CRH.NOAA.GOV/EAX
OR AT HTTP://WEATHER.GOV

$$

JW
