000
CDUS43 KGLD 290745
CLIMCK

CLIMATE REPORT
NATIONAL WEATHER SERVICE GOODLAND
142 AM MDT SAT AUG 29 2015

...................................

...THE MCCOOK NE CLIMATE SUMMARY FOR AUGUST 28 2015...

CLIMATE NORMAL PERIOD 1981 TO 2010
CLIMATE RECORD PERIOD 1896 TO 2015

WEATHER ITEM   OBSERVED TIME   RECORD YEAR NORMAL DEPARTURE LAST
                VALUE   (LST)  VALUE       VALUE  FROM      YEAR
                                                  NORMAL
..................................................................
TEMPERATURE (F)
 YESTERDAY
  MAXIMUM         88    331 PM 104    1970  86      2       84
  MINIMUM         63    659 AM  39    1911  57      6       61
  AVERAGE         76                        72      4       73

PRECIPITATION (IN)
  YESTERDAY        0.00                      0.07  -0.07     0.37
  MONTH TO DATE    2.48                      2.92  -0.44     5.82
  SINCE JUN 1      8.92                      9.55  -0.63    15.99
  SINCE JAN 1     15.08                     17.49  -2.41    20.95

..................................................................

THE MCCOOK NE CLIMATE NORMALS FOR TODAY
                         NORMAL    RECORD    YEAR
 MAXIMUM TEMPERATURE (F)   86       105      2013
 MINIMUM TEMPERATURE (F)   57        40      1909

-  INDICATES NEGATIVE NUMBERS.
R  INDICATES RECORD WAS SET OR TIED.
MM INDICATES DATA IS MISSING.
T  INDICATES TRACE AMOUNT.

$$
