000
CDUS43 KGLD 250749
CLIMCK

CLIMATE REPORT
NATIONAL WEATHER SERVICE GOODLAND
1246 AM MST THU DEC 25 2014


...................................

...THE MCCOOK NE CLIMATE SUMMARY FOR DECEMBER 24 2014...

CLIMATE NORMAL PERIOD 1981 TO 2010
CLIMATE RECORD PERIOD 1896 TO 2014


WEATHER ITEM   OBSERVED TIME   RECORD YEAR NORMAL DEPARTURE LAST
                VALUE   (LST)  VALUE       VALUE  FROM      YEAR
                                                  NORMAL
..................................................................
TEMPERATURE (F)
 YESTERDAY
  MAXIMUM         45    351 PM  74    1955  40      5       40
  MINIMUM         15    755 AM -19    1989  14      1       11
  AVERAGE         30                        27      3       26

PRECIPITATION (IN)
  YESTERDAY        0.00                      0.02  -0.02     0.00
  MONTH TO DATE    0.89                      0.51   0.38     0.22
  SINCE DEC 1      0.89                      0.51   0.38     0.22
  SINCE JAN 1     23.79                     22.40   1.39    12.83

..................................................................


THE MCCOOK NE CLIMATE NORMALS FOR TODAY
                         NORMAL    RECORD    YEAR
 MAXIMUM TEMPERATURE (F)   40        70      1929
 MINIMUM TEMPERATURE (F)   14       -16      1983



-  INDICATES NEGATIVE NUMBERS.
R  INDICATES RECORD WAS SET OR TIED.
MM INDICATES DATA IS MISSING.
T  INDICATES TRACE AMOUNT.

$$
