000
CDUS43 KGLD 240749 RRA
CLIMCK

CLIMATE REPORT
NATIONAL WEATHER SERVICE GOODLAND
145 AM MDT SAT JUN 24 2017


...................................

...THE MCCOOK NE CLIMATE SUMMARY FOR JUNE 23 2017...

CLIMATE NORMAL PERIOD 1981 TO 2010
CLIMATE RECORD PERIOD 1896 TO 2017


WEATHER ITEM   OBSERVED TIME   RECORD YEAR NORMAL DEPARTURE LAST
                VALUE   (LST)  VALUE       VALUE  FROM      YEAR
                                                  NORMAL
..................................................................
TEMPERATURE (F)
 YESTERDAY
  MAXIMUM         82    307 PM 106    1954  87     -5       88
  MINIMUM         55   1133 PM  45    1916  58     -3       60
  AVERAGE         69                        73     -4       74

PRECIPITATION (IN)
  YESTERDAY        0.07                      0.11  -0.04     0.00
  MONTH TO DATE    0.23                      2.61  -2.38     2.79
  SINCE JUN 1      0.23                      2.61  -2.38     2.79
  SINCE JAN 1      8.26                     10.55  -2.29    12.99

..................................................................


THE MCCOOK NE CLIMATE NORMALS FOR TODAY
                         NORMAL    RECORD    YEAR
 MAXIMUM TEMPERATURE (F)   87       107      1943
 MINIMUM TEMPERATURE (F)   59        45      1928



-  INDICATES NEGATIVE NUMBERS.
R  INDICATES RECORD WAS SET OR TIED.
MM INDICATES DATA IS MISSING.
T  INDICATES TRACE AMOUNT.

$$
