000
CDUS43 KGLD 270739 RRB
CLIMCK

CLIMATE REPORT
NATIONAL WEATHER SERVICE GOODLAND
136 AM MDT MON MAR 27 2017

...................................

...THE MCCOOK NE CLIMATE SUMMARY FOR MARCH 26 2017...

CLIMATE NORMAL PERIOD 1981 TO 2010
CLIMATE RECORD PERIOD 1896 TO 2017

WEATHER ITEM   OBSERVED TIME   RECORD YEAR NORMAL DEPARTURE LAST
                VALUE   (LST)  VALUE       VALUE  FROM      YEAR
                                                  NORMAL
..................................................................
TEMPERATURE (F)
 YESTERDAY
  MAXIMUM         53    503 PM  85    1989  58     -5       42
  MINIMUM         39   1112 PM -11    1965  27     12       22
  AVERAGE         46                        42      4       32

PRECIPITATION (IN)
  YESTERDAY        0.02                      0.04  -0.02     0.00
  MONTH TO DATE    0.29                      1.10  -0.81     0.48
  SINCE MAR 1      0.29                      1.10  -0.81     0.48
  SINCE JAN 1      0.99                      2.23  -1.24     1.49

..................................................................

THE MCCOOK NE CLIMATE NORMALS FOR TODAY
                         NORMAL    RECORD    YEAR
 MAXIMUM TEMPERATURE (F)   58        89      1988
 MINIMUM TEMPERATURE (F)   28         1      1931

-  INDICATES NEGATIVE NUMBERS.
R  INDICATES RECORD WAS SET OR TIED.
MM INDICATES DATA IS MISSING.
T  INDICATES TRACE AMOUNT.

$$
