000
CDUS43 KGLD 190043
CLIMCK

CLIMATE REPORT
NATIONAL WEATHER SERVICE GOODLAND
639 PM MDT FRI APR 18 2014

...................................

...THE MCCOOK NE CLIMATE SUMMARY FOR APRIL 18 2014...
VALID TODAY AS OF 0600 PM LOCAL TIME.

CLIMATE NORMAL PERIOD 1981 TO 2010
CLIMATE RECORD PERIOD 1896 TO 2014

WEATHER ITEM   OBSERVED TIME   RECORD YEAR NORMAL DEPARTURE LAST
                VALUE   (LST)  VALUE       VALUE  FROM      YEAR
                                                  NORMAL
..................................................................
TEMPERATURE (F)
 TODAY
  MAXIMUM         73    357 PM  95    1948  65      8       35
  MINIMUM         38    632 AM  16    1912  35      3       26
  AVERAGE         56                        50      6       31

PRECIPITATION (IN)
  TODAY            0.00                      0.08  -0.08     0.17
  MONTH TO DATE    0.78                      1.20  -0.42     0.93
  SINCE MAR 1      1.04                      2.56  -1.52     1.60
  SINCE JAN 1      1.53                      3.69  -2.16     2.77

..................................................................

THE MCCOOK NE CLIMATE NORMALS FOR TOMORROW
                         NORMAL    RECORD    YEAR
 MAXIMUM TEMPERATURE (F)   66        91      1961
 MINIMUM TEMPERATURE (F)   36        20      2013

-  INDICATES NEGATIVE NUMBERS.
R  INDICATES RECORD WAS SET OR TIED.
MM INDICATES DATA IS MISSING.
T  INDICATES TRACE AMOUNT.

$$
