000
CDUS42 KFFC 232033
CLIMCN


CLIMATE REPORT
NATIONAL WEATHER SERVICE PEACHTREE CITY GA
433 PM EDT SUN JUL 23 2017


...................................

...THE MACON CLIMATE SUMMARY FOR JULY 23 2017...
VALID TODAY AS OF 0400 PM LOCAL TIME.

CLIMATE NORMAL PERIOD 1981 TO 2010
CLIMATE RECORD PERIOD 1899 TO 2017


WEATHER ITEM   OBSERVED TIME   RECORD YEAR NORMAL DEPARTURE LAST
                VALUE   (LST)  VALUE       VALUE  FROM      YEAR
                                                  NORMAL
..................................................................
TEMPERATURE (F)
 TODAY
  MAXIMUM         93   1252 PM 102    1987  93      0       96
                                      1952
                                      1907
  MINIMUM         75    613 AM  62    1966  71      4       73
                                      1947
  AVERAGE         84                        82      2       85

PRECIPITATION (IN)
  TODAY            0.06          2.75 1919   0.15  -0.09     0.00
  MONTH TO DATE    2.88                      3.73  -0.85     1.52
  SINCE JUN 1      8.14                      7.79   0.35     3.41
  SINCE JAN 1     31.87                     26.62   5.25    21.37

DEGREE DAYS
 HEATING
  TODAY            0                         0      0        0
  MONTH TO DATE    0                         0      0        0
  SINCE JUN 1      0                         0      0        0
  SINCE JUL 1      0                         0      0        0

 COOLING
  TODAY           19                        17      2       20
  MONTH TO DATE  411                       385     26      447
  SINCE JUN 1    805                       804      1      942
  SINCE JAN 1   1250                      1117    133     1294
..................................................................


WIND (MPH)
  RESULTANT WIND SPEED   4   RESULTANT WIND DIRECTION   W (250)
  HIGHEST WIND SPEED    15   HIGHEST WIND DIRECTION    NE (50)
  HIGHEST GUST SPEED    17   HIGHEST GUST DIRECTION     E (80)
  AVERAGE WIND SPEED     5.7


SKY COVER
  AVERAGE SKY COVER 0.2


WEATHER CONDITIONS
 THE FOLLOWING WEATHER WAS RECORDED TODAY.
  LIGHT RAIN
  FOG


RELATIVE HUMIDITY (PERCENT)
 HIGHEST    87           300 AM
 LOWEST     52           100 PM
 AVERAGE    70

..........................................................


THE MACON CLIMATE NORMALS FOR TOMORROW
                         NORMAL    RECORD    YEAR
 MAXIMUM TEMPERATURE (F)   93       105      1952
 MINIMUM TEMPERATURE (F)   71        63      1947


SUNRISE AND SUNSET
JULY 23 2017..........SUNRISE   643 AM EDT   SUNSET   839 PM EDT
JULY 24 2017..........SUNRISE   643 AM EDT   SUNSET   838 PM EDT


-  INDICATES NEGATIVE NUMBERS.
R  INDICATES RECORD WAS SET OR TIED.
MM INDICATES DATA IS MISSING.
T  INDICATES TRACE AMOUNT.




$$
