000
CDUS42 KFFC 222053
CLIMCN


CLIMATE REPORT
NATIONAL WEATHER SERVICE PEACHTREE CITY GA
453 PM EDT TUE JUL 22 2014


...................................

...THE MACON CLIMATE SUMMARY FOR JULY 22 2014...
VALID TODAY AS OF 0400 PM LOCAL TIME.

CLIMATE NORMAL PERIOD 1981 TO 2010
CLIMATE RECORD PERIOD 1899 TO 2014


WEATHER ITEM   OBSERVED TIME   RECORD YEAR NORMAL DEPARTURE LAST
                VALUE   (LST)  VALUE       VALUE  FROM      YEAR
                                                  NORMAL
..................................................................
TEMPERATURE (F)
 TODAY
  MAXIMUM         85    248 PM 102    1983  93     -8       88
                                      1977
  MINIMUM         70    558 AM  61    1947  71     -1       72
  AVERAGE         78                        82     -4       80

PRECIPITATION (IN)
  TODAY            T             3.19 1992   0.16  -0.16     0.06
  MONTH TO DATE    5.04                      3.58   1.46     5.66
  SINCE JUN 1     10.69                      7.64   3.05    17.91
  SINCE JAN 1     32.88                     26.47   6.41    46.60

DEGREE DAYS
 HEATING
  TODAY            0                         0      0        0
  MONTH TO DATE    0                         0      0        0
  SINCE JUN 1      0                         0      0        0
  SINCE JUL 1      0                         0      0        0

 COOLING
  TODAY           13                        17     -4       15
  MONTH TO DATE  311                       368    -57      318
  SINCE JUN 1    726                       787    -61      714
  SINCE JAN 1   1004                      1100    -96      924
..................................................................


WIND (MPH)
  RESULTANT WIND SPEED   3   RESULTANT WIND DIRECTION  NE (60)
  HIGHEST WIND SPEED     8   HIGHEST WIND DIRECTION     E (80)
  HIGHEST GUST SPEED    12   HIGHEST GUST DIRECTION    SE (140)
  AVERAGE WIND SPEED     3.3


SKY COVER
  AVERAGE SKY COVER 0.8


WEATHER CONDITIONS
 THE FOLLOWING WEATHER WAS RECORDED TODAY.
  LIGHT RAIN


RELATIVE HUMIDITY (PERCENT)
 HIGHEST   100           200 AM
 LOWEST     61           300 PM
 AVERAGE    81

..........................................................


THE MACON CLIMATE NORMALS FOR TOMORROW
                         NORMAL    RECORD    YEAR
 MAXIMUM TEMPERATURE (F)   93       102      1987
                                             1952
                                             1907
 MINIMUM TEMPERATURE (F)   71        62      1966
                                             1947


SUNRISE AND SUNSET
JULY 22 2014..........SUNRISE   642 AM EDT   SUNSET   840 PM EDT
JULY 23 2014..........SUNRISE   643 AM EDT   SUNSET   839 PM EDT


-  INDICATES NEGATIVE NUMBERS.
R  INDICATES RECORD WAS SET OR TIED.
MM INDICATES DATA IS MISSING.
T  INDICATES TRACE AMOUNT.




$$
