000
CDUS42 KFFC 050918
CLIMCN


CLIMATE REPORT
NATIONAL WEATHER SERVICE PEACHTREE CITY GA
418 AM EST THU MAR 5 2015


...................................

...THE MACON CLIMATE SUMMARY FOR MARCH 4 2015...

CLIMATE NORMAL PERIOD 1981 TO 2010
CLIMATE RECORD PERIOD 1899 TO 2015


WEATHER ITEM   OBSERVED TIME   RECORD YEAR NORMAL DEPARTURE LAST
                VALUE   (LST)  VALUE       VALUE  FROM      YEAR
                                                  NORMAL
..................................................................
TEMPERATURE (F)
 YESTERDAY
  MAXIMUM         76    446 PM  87    1976  66     10       43
  MINIMUM         52    533 AM  18    1943  42     10       37
  AVERAGE         64                        54     10       40

PRECIPITATION (IN)
  YESTERDAY        0.00          4.48 1929   0.16  -0.16     0.00
  MONTH TO DATE    0.09                      0.63  -0.54     0.04
  SINCE MAR 1      0.09                      0.63  -0.54     0.04
  SINCE JAN 1      6.89                      9.23  -2.34     7.87

SNOWFALL (IN)
  YESTERDAY        0.0           0.0  2002   0.0    0.0      0.0
                                      2000
  MONTH TO DATE    0.0                       0.0    0.0      0.0
  SINCE MAR 1      0.0                       0.0    0.0      0.0
  SINCE JUL 1      0.0                       0.5   -0.5      2.1
  SNOW DEPTH       0

DEGREE DAYS
 HEATING
  YESTERDAY        1                        11    -10       25
  MONTH TO DATE   30                        47    -17       58
  SINCE MAR 1     30                        47    -17       58
  SINCE JUL 1   2243                      1972    271     2191

 COOLING
  YESTERDAY        0                         0      0        0
  MONTH TO DATE    1                         0      1        0
  SINCE MAR 1      1                         0      1        0
  SINCE JAN 1      1                         3     -2        1
..................................................................


WIND (MPH)
  RESULTANT WIND SPEED   5   RESULTANT WIND DIRECTION  SW (220)
  HIGHEST WIND SPEED    20   HIGHEST WIND DIRECTION    SW (230)
  HIGHEST GUST SPEED    30   HIGHEST GUST DIRECTION    SW (210)
  AVERAGE WIND SPEED     6.4


SKY COVER
  AVERAGE SKY COVER 0.9


WEATHER CONDITIONS
 THE FOLLOWING WEATHER WAS RECORDED YESTERDAY.
  FOG
  FOG W/VISIBILITY <= 1/4 MILE


RELATIVE HUMIDITY (PERCENT)
 HIGHEST   100          1200 AM
 LOWEST     60           400 PM
 AVERAGE    80

..........................................................


THE MACON CLIMATE NORMALS FOR TODAY
                         NORMAL    RECORD    YEAR
 MAXIMUM TEMPERATURE (F)   67        86      1961
 MINIMUM TEMPERATURE (F)   42        19      1960


SUNRISE AND SUNSET
MARCH  5 2015.........SUNRISE   658 AM EST   SUNSET   635 PM EST
MARCH  6 2015.........SUNRISE   657 AM EST   SUNSET   636 PM EST


-  INDICATES NEGATIVE NUMBERS.
R  INDICATES RECORD WAS SET OR TIED.
MM INDICATES DATA IS MISSING.
T  INDICATES TRACE AMOUNT.




$$
