000
CDUS42 KFFC 080922
CLIMCN


CLIMATE REPORT
NATIONAL WEATHER SERVICE PEACHTREE CITY GA
422 AM EST THU DEC 8 2016


...................................

...THE MACON CLIMATE SUMMARY FOR DECEMBER 7 2016...

CLIMATE NORMAL PERIOD 1981 TO 2010
CLIMATE RECORD PERIOD 1899 TO 2016


WEATHER ITEM   OBSERVED TIME   RECORD YEAR NORMAL DEPARTURE LAST
                VALUE   (LST)  VALUE       VALUE  FROM      YEAR
                                                  NORMAL
..................................................................
TEMPERATURE (F)
 YESTERDAY
  MAXIMUM         66    319 PM  79    1951  62      4       70
  MINIMUM         51   1159 PM  15    1937  38     13       36
  AVERAGE         59                        50      9       53

PRECIPITATION (IN)
  YESTERDAY        0.00          1.60 1989   0.13  -0.13     0.00
  MONTH TO DATE    3.37                      0.92   2.45     0.48
  SINCE DEC 1      3.37                      0.92   2.45     0.48
  SINCE JAN 1     31.12                     42.56 -11.44    38.07

SNOWFALL (IN)
  YESTERDAY        0.0           0.0  2001   0.0    0.0      0.0
  MONTH TO DATE    0.0                       0.0    0.0      0.0
  SINCE DEC 1      0.0                       0.0    0.0      0.0
  SINCE JUL 1      0.0                       0.0    0.0      0.0
  SNOW DEPTH       0

DEGREE DAYS
 HEATING
  YESTERDAY        6                        16    -10       12
  MONTH TO DATE   77                       103    -26       81
  SINCE DEC 1     77                       103    -26       81
  SINCE JUL 1    319                       498   -179      353

 COOLING
  YESTERDAY        0                         0      0        0
  MONTH TO DATE    0                         0      0        1
  SINCE DEC 1      0                         0      0        1
  SINCE JAN 1   2620                      2163    457     2338
..................................................................


WIND (MPH)
  RESULTANT WIND SPEED   6   RESULTANT WIND DIRECTION   W (270)
  HIGHEST WIND SPEED    15   HIGHEST WIND DIRECTION     W (260)
  HIGHEST GUST SPEED    19   HIGHEST GUST DIRECTION    SW (240)
  AVERAGE WIND SPEED     7.3


SKY COVER
  AVERAGE SKY COVER 0.6


WEATHER CONDITIONS
 THE FOLLOWING WEATHER WAS RECORDED YESTERDAY.
  NO SIGNIFICANT WEATHER WAS OBSERVED.


RELATIVE HUMIDITY (PERCENT)
 HIGHEST    96           400 AM
 LOWEST     56           200 PM
 AVERAGE    76

..........................................................


THE MACON CLIMATE NORMALS FOR TODAY
                         NORMAL    RECORD    YEAR
 MAXIMUM TEMPERATURE (F)   61        79      2001
                                             1966
 MINIMUM TEMPERATURE (F)   38        19      1965


SUNRISE AND SUNSET
DECEMBER  8 2016......SUNRISE   725 AM EST   SUNSET   529 PM EST
DECEMBER  9 2016......SUNRISE   726 AM EST   SUNSET   529 PM EST


-  INDICATES NEGATIVE NUMBERS.
R  INDICATES RECORD WAS SET OR TIED.
MM INDICATES DATA IS MISSING.
T  INDICATES TRACE AMOUNT.




$$
