000
CDUS42 KFFC 210823
CLIMCN


CLIMATE REPORT
NATIONAL WEATHER SERVICE PEACHTREE CITY GA
420 AM EDT TUE OCT 21 2014


...................................

...THE MACON CLIMATE SUMMARY FOR OCTOBER 20 2014...

CLIMATE NORMAL PERIOD 1981 TO 2010
CLIMATE RECORD PERIOD 1899 TO 2014


WEATHER ITEM   OBSERVED TIME   RECORD YEAR NORMAL DEPARTURE LAST
                VALUE   (LST)  VALUE       VALUE  FROM      YEAR
                                                  NORMAL
..................................................................
TEMPERATURE (F)
 YESTERDAY
  MAXIMUM         77    200 PM  91    1943  76      1       75
  MINIMUM         41    634 AM  32    1967  51    -10       49
  AVERAGE         59                        64     -5       62

PRECIPITATION (IN)
  YESTERDAY        0.00          1.34 1976   0.09  -0.09     0.00
  MONTH TO DATE    1.57                      1.87  -0.30     0.51
  SINCE SEP 1      4.36                      5.46  -1.10     2.28
  SINCE JAN 1     38.29                     37.40   0.89    60.41

DEGREE DAYS
 HEATING
  YESTERDAY        6                         4      2        3
  MONTH TO DATE   39                        43     -4        3
  SINCE SEP 1     40                        49     -9        3
  SINCE JUL 1     40                        49     -9        3

 COOLING
  YESTERDAY        0                         2     -2        0
  MONTH TO DATE   96                        76     20       75
  SINCE SEP 1    435                       382     53      365
  SINCE JAN 1   2033                      2126    -93     1840
..................................................................


WIND (MPH)
  RESULTANT WIND SPEED   1   RESULTANT WIND DIRECTION  SW (210)
  HIGHEST WIND SPEED    10   HIGHEST WIND DIRECTION    SW (230)
  HIGHEST GUST SPEED    14   HIGHEST GUST DIRECTION    SW (240)
  AVERAGE WIND SPEED     2.0


SKY COVER
  AVERAGE SKY COVER 0.0


WEATHER CONDITIONS
 THE FOLLOWING WEATHER WAS RECORDED YESTERDAY.
  FOG


RELATIVE HUMIDITY (PERCENT)
 HIGHEST   100          1200 AM
 LOWEST     39           200 PM
 AVERAGE    70

..........................................................


THE MACON CLIMATE NORMALS FOR TODAY
                         NORMAL    RECORD    YEAR
 MAXIMUM TEMPERATURE (F)   76        90      1963
                                             1943
 MINIMUM TEMPERATURE (F)   51        31      1989


SUNRISE AND SUNSET
OCTOBER 21 2014.......SUNRISE   743 AM EDT   SUNSET   655 PM EDT
OCTOBER 22 2014.......SUNRISE   744 AM EDT   SUNSET   654 PM EDT


-  INDICATES NEGATIVE NUMBERS.
R  INDICATES RECORD WAS SET OR TIED.
MM INDICATES DATA IS MISSING.
T  INDICATES TRACE AMOUNT.




$$
