000
CDUS42 KMLB 290642
CLIMCO


CLIMATE REPORT
NATIONAL WEATHER SERVICE MELBOURNE FL
131 AM EST MON DEC 29 2014


...................................

...THE ORLANDO  CLIMATE SUMMARY FOR DECEMBER 28 2014...

CLIMATE NORMAL PERIOD 1981 TO 2010
CLIMATE RECORD PERIOD 1892 TO 2014


WEATHER ITEM   OBSERVED TIME   RECORD YEAR NORMAL DEPARTURE LAST
                VALUE   (LST)  VALUE       VALUE  FROM      YEAR
                                                  NORMAL
..................................................................
TEMPERATURE (F)
 YESTERDAY
  MAXIMUM         83    337 PM  85    1916  71     12       77
  MINIMUM         65   1150 PM  18    1894  50     15       66
  AVERAGE         74                        61     13       72

PRECIPITATION (IN)
  YESTERDAY        0.00          2.87 1905   0.08  -0.08     0.01
  MONTH TO DATE    1.50                      2.36  -0.86     0.21
  SINCE DEC 1      1.50                      2.36  -0.86     0.21
  SINCE JAN 1     55.26                     50.51   4.75    42.65

SNOWFALL (IN)
  YESTERDAY        0.0
  MONTH TO DATE    0.0
  SINCE DEC 1      0.0
  SINCE JUL 1      0.0

DEGREE DAYS
 HEATING
  YESTERDAY        0                         6     -6        0
  MONTH TO DATE   92                       127    -35       33
  SINCE DEC 1     92                       127    -35       33
  SINCE JUL 1    174                       174      0       56

 COOLING
  YESTERDAY        9                         2      7        7
  MONTH TO DATE   90                        65     25      125
  SINCE DEC 1     90                        65     25      125
  SINCE JAN 1   3581                      3419    162     3686
..................................................................


WIND (MPH)
  HIGHEST WIND SPEED    13   HIGHEST WIND DIRECTION     S (180)
  HIGHEST GUST SPEED    17   HIGHEST GUST DIRECTION    SW (210)
  AVERAGE WIND SPEED     3.8


SKY COVER
  AVERAGE SKY COVER 0.8


WEATHER CONDITIONS
 THE FOLLOWING WEATHER WAS RECORDED YESTERDAY.
  FOG
  FOG W/VISIBILITY <= 1/4 MILE


RELATIVE HUMIDITY (PERCENT)
 HIGHEST   100          1200 AM
 LOWEST     47           300 PM
 AVERAGE    74

..........................................................


THE ORLANDO  CLIMATE NORMALS FOR TODAY
                         NORMAL    RECORD    YEAR
 MAXIMUM TEMPERATURE (F)   71        84      2007
                                             1984
                                             1971
 MINIMUM TEMPERATURE (F)   50        24      2010


SUNRISE AND SUNSET
DECEMBER 29 2014......SUNRISE   717 AM EST   SUNSET   538 PM EST
DECEMBER 30 2014......SUNRISE   717 AM EST   SUNSET   539 PM EST


-  INDICATES NEGATIVE NUMBERS.
R  INDICATES RECORD WAS SET OR TIED.
MM INDICATES DATA IS MISSING.
T  INDICATES TRACE AMOUNT.




$$
