000
CDUS42 KMLB 302024
CLIMCO


CLIMATE REPORT
NATIONAL WEATHER SERVICE MELBOURNE FL
424 PM EDT TUE AUG 30 2016


...................................

...THE ORLANDO  CLIMATE SUMMARY FOR AUGUST 30 2016...
VALID TODAY AS OF 0400 PM LOCAL TIME.

CLIMATE NORMAL PERIOD 1981 TO 2010
CLIMATE RECORD PERIOD 1892 TO 2016


WEATHER ITEM   OBSERVED TIME   RECORD YEAR NORMAL DEPARTURE LAST
                VALUE   (LST)  VALUE       VALUE  FROM      YEAR
                                                  NORMAL
..................................................................
TEMPERATURE (F)
 TODAY
  MAXIMUM         90    139 PM  99    1903  91     -1       88
  MINIMUM         74    538 AM  66    1930  74      0       73
                                      1893
  AVERAGE         82                        82      0       81

PRECIPITATION (IN)
  TODAY            T             3.33 1959   0.22  -0.22     0.02
  MONTH TO DATE    9.03                      6.91   2.12    12.27
  SINCE JUN 1     20.73                     21.76  -1.03    26.48
  SINCE JAN 1     40.82                     36.39   4.43    40.47

SNOWFALL (IN)
  TODAY            0.0
  MONTH TO DATE    0.0
  SINCE JUN 1      0.0
  SINCE JUL 1      0.0

DEGREE DAYS
 HEATING
  TODAY            0                         0      0        0
  MONTH TO DATE    0                         0      0        0
  SINCE JUN 1      0                         0      0        0
  SINCE JUL 1      0                         0      0        0

 COOLING
  TODAY           17                        17      0       16
  MONTH TO DATE  570                       538     32      544
  SINCE JUN 1   1743                      1577    166     1673
  SINCE JAN 1   2658                      2378    280     2853
..................................................................


WIND (MPH)
  HIGHEST WIND SPEED    22   HIGHEST WIND DIRECTION    NE (40)
  HIGHEST GUST SPEED    27   HIGHEST GUST DIRECTION    NE (60)
  AVERAGE WIND SPEED     6.3


SKY COVER
  AVERAGE SKY COVER 0.6


WEATHER CONDITIONS
 THE FOLLOWING WEATHER WAS RECORDED TODAY.
  THUNDERSTORM
  LIGHT RAIN


RELATIVE HUMIDITY (PERCENT)
 HIGHEST    94           100 AM
 LOWEST     59           100 PM
 AVERAGE    77

..........................................................


THE ORLANDO  CLIMATE NORMALS FOR TOMORROW
                         NORMAL    RECORD    YEAR
 MAXIMUM TEMPERATURE (F)   91        97      1963
                                             1936
                                             1914
 MINIMUM TEMPERATURE (F)   74        66      1934
                                             1893


SUNRISE AND SUNSET
AUGUST 30 2016........SUNRISE   703 AM EDT   SUNSET   748 PM EDT
AUGUST 31 2016........SUNRISE   703 AM EDT   SUNSET   747 PM EDT


-  INDICATES NEGATIVE NUMBERS.
R  INDICATES RECORD WAS SET OR TIED.
MM INDICATES DATA IS MISSING.
T  INDICATES TRACE AMOUNT.




$$
