000
CDUS42 KMLB 052023
CLIMCO


CLIMATE REPORT
NATIONAL WEATHER SERVICE MELBOURNE FL
422 PM EDT SUN JUL 5 2015


...................................

...THE ORLANDO  CLIMATE SUMMARY FOR JULY 5 2015...
VALID TODAY AS OF 0400 PM LOCAL TIME.

CLIMATE NORMAL PERIOD 1981 TO 2010
CLIMATE RECORD PERIOD 1892 TO 2015


WEATHER ITEM   OBSERVED TIME   RECORD YEAR NORMAL DEPARTURE LAST
                VALUE   (LST)  VALUE       VALUE  FROM      YEAR
                                                  NORMAL
..................................................................
TEMPERATURE (F)
 TODAY
  MAXIMUM         94    259 PM  99    1927  91      3       92
  MINIMUM         76    616 AM  64    1893  73      3       73
  AVERAGE         85                        82      3       83

PRECIPITATION (IN)
  TODAY            0.00          2.08 1961   0.24  -0.24     0.74
  MONTH TO DATE    0.92                      1.17  -0.25     1.20
  SINCE JUN 1      7.71                      8.75  -1.04     5.84
  SINCE JAN 1     21.70                     23.38  -1.68    23.19

SNOWFALL (IN)
  TODAY            0.0
  MONTH TO DATE    0.0
  SINCE JUN 1      0.0
  SINCE JUL 1      0.0

DEGREE DAYS
 HEATING
  TODAY            0                         0      0        0
  MONTH TO DATE    0                         0      0        0
  SINCE JUN 1      0                         0      0        0
  SINCE JUL 1      0                         0      0        0

 COOLING
  TODAY           20                        17      3       18
  MONTH TO DATE   97                        85     12       95
  SINCE JUN 1    643                       575     68      598
  SINCE JAN 1   1823                      1376    447     1532
..................................................................


WIND (MPH)
  HIGHEST WIND SPEED    12   HIGHEST WIND DIRECTION     S (160)
  HIGHEST GUST SPEED    15   HIGHEST GUST DIRECTION    SE (140)
  AVERAGE WIND SPEED     4.2


SKY COVER
  AVERAGE SKY COVER 0.6


WEATHER CONDITIONS
 THE FOLLOWING WEATHER WAS RECORDED TODAY.
  FOG


RELATIVE HUMIDITY (PERCENT)
 HIGHEST   100           400 AM
 LOWEST     49           100 PM
 AVERAGE    75

..........................................................


THE ORLANDO  CLIMATE NORMALS FOR TOMORROW
                         NORMAL    RECORD    YEAR
 MAXIMUM TEMPERATURE (F)   91        98      1980
                                             1960
 MINIMUM TEMPERATURE (F)   73        66      1938
                                             1893


SUNRISE AND SUNSET
JULY  5 2015..........SUNRISE   633 AM EDT   SUNSET   827 PM EDT
JULY  6 2015..........SUNRISE   633 AM EDT   SUNSET   826 PM EDT


-  INDICATES NEGATIVE NUMBERS.
R  INDICATES RECORD WAS SET OR TIED.
MM INDICATES DATA IS MISSING.
T  INDICATES TRACE AMOUNT.




$$
