000
CDUS42 KMLB 280630
CLIMCO


CLIMATE REPORT
NATIONAL WEATHER SERVICE MELBOURNE FL
230 AM EDT MON JUL 28 2014


...................................

...THE ORLANDO  CLIMATE SUMMARY FOR JULY 27 2014...

CLIMATE NORMAL PERIOD 1981 TO 2010
CLIMATE RECORD PERIOD 1892 TO 2014


WEATHER ITEM   OBSERVED TIME   RECORD YEAR NORMAL DEPARTURE LAST
                VALUE   (LST)  VALUE       VALUE  FROM      YEAR
                                                  NORMAL
..................................................................
TEMPERATURE (F)
 YESTERDAY
  MAXIMUM         92    526 PM 100    1936  92      0       92
                                      1914
  MINIMUM         76    601 AM  66    1893  74      2       74
  AVERAGE         84                        83      1       83

PRECIPITATION (IN)
  YESTERDAY        0.00          2.16 1927   0.25  -0.25     0.13
  MONTH TO DATE    8.33                      6.33   2.00     7.41
  SINCE JUN 1     12.97                     13.91  -0.94    17.51
  SINCE JAN 1     30.32                     28.54   1.78    28.38

SNOWFALL (IN)
  YESTERDAY        0.0
  MONTH TO DATE    0.0
  SINCE JUN 1      0.0
  SINCE JUL 1      0.0

DEGREE DAYS
 HEATING
  YESTERDAY        0                         0      0        0
  MONTH TO DATE    0                         0      0        0
  SINCE JUN 1      0                         0      0        0
  SINCE JUL 1      0                         0      0        0

 COOLING
  YESTERDAY       19                        18      1       18
  MONTH TO DATE  493                       478     15      456
  SINCE JUN 1    996                       968     28      965
  SINCE JAN 1   1930                      1769    161     1837
..................................................................


WIND (MPH)
  HIGHEST WIND SPEED    20   HIGHEST WIND DIRECTION    NW (310)
  HIGHEST GUST SPEED    26   HIGHEST GUST DIRECTION    NW (310)
  AVERAGE WIND SPEED     7.4


SKY COVER
  AVERAGE SKY COVER 0.6


WEATHER CONDITIONS
 THE FOLLOWING WEATHER WAS RECORDED YESTERDAY.
  THUNDERSTORM


RELATIVE HUMIDITY (PERCENT)
 HIGHEST   100           400 AM
 LOWEST     52           600 PM
 AVERAGE    76

..........................................................


THE ORLANDO  CLIMATE NORMALS FOR TODAY
                         NORMAL    RECORD    YEAR
 MAXIMUM TEMPERATURE (F)   92       101      1936
 MINIMUM TEMPERATURE (F)   74        66      1893


SUNRISE AND SUNSET
JULY 28 2014..........SUNRISE   645 AM EDT   SUNSET   818 PM EDT
JULY 29 2014..........SUNRISE   645 AM EDT   SUNSET   818 PM EDT


-  INDICATES NEGATIVE NUMBERS.
R  INDICATES RECORD WAS SET OR TIED.
MM INDICATES DATA IS MISSING.
T  INDICATES TRACE AMOUNT.




$$
