000
CDUS42 KMLB 200628
CLIMCO


CLIMATE REPORT
NATIONAL WEATHER SERVICE MELBOURNE FL
227 AM EDT MON OCT 20 2014


...................................

...THE ORLANDO  CLIMATE SUMMARY FOR OCTOBER 19 2014...

CLIMATE NORMAL PERIOD 1981 TO 2010
CLIMATE RECORD PERIOD 1892 TO 2014


WEATHER ITEM   OBSERVED TIME   RECORD YEAR NORMAL DEPARTURE LAST
                VALUE   (LST)  VALUE       VALUE  FROM      YEAR
                                                  NORMAL
..................................................................
TEMPERATURE (F)
 YESTERDAY
  MAXIMUM         85    302 PM  94    1919  84      1       90
  MINIMUM         59    704 AM  47    1977  66     -7       70
                                      1927
  AVERAGE         72                        75     -3       80

PRECIPITATION (IN)
  YESTERDAY        0.00          4.28 1904   0.10  -0.10     0.00
  MONTH TO DATE    0.69                      2.33  -1.64     0.15
  SINCE SEP 1     11.14                      8.39   2.75     5.93
  SINCE JAN 1     48.93                     45.00   3.93    41.52

SNOWFALL (IN)
  YESTERDAY        0.0
  MONTH TO DATE    0.0
  SINCE SEP 1      0.0
  SINCE JUL 1      0.0

DEGREE DAYS
 HEATING
  YESTERDAY        0                         0      0        0
  MONTH TO DATE    0                         0      0        0
  SINCE SEP 1      0                         0      0        0
  SINCE JUL 1      0                         0      0        0

 COOLING
  YESTERDAY        7                        10     -3       15
  MONTH TO DATE  225                       228     -3      263
  SINCE SEP 1    702                       711     -9      757
  SINCE JAN 1   3300                      3104    196     3248
..................................................................


WIND (MPH)
  HIGHEST WIND SPEED    15   HIGHEST WIND DIRECTION    NE (40)
  HIGHEST GUST SPEED    24   HIGHEST GUST DIRECTION     E (70)
  AVERAGE WIND SPEED     6.5


SKY COVER
  AVERAGE SKY COVER 0.4


WEATHER CONDITIONS
 THE FOLLOWING WEATHER WAS RECORDED YESTERDAY.
  FOG
  HAZE


RELATIVE HUMIDITY (PERCENT)
 HIGHEST   100           200 AM
 LOWEST     51           100 PM
 AVERAGE    76

..........................................................


THE ORLANDO  CLIMATE NORMALS FOR TODAY
                         NORMAL    RECORD    YEAR
 MAXIMUM TEMPERATURE (F)   84        93      1919
 MINIMUM TEMPERATURE (F)   65        46      1989


SUNRISE AND SUNSET
OCTOBER 20 2014.......SUNRISE   729 AM EDT   SUNSET   651 PM EDT
OCTOBER 21 2014.......SUNRISE   730 AM EDT   SUNSET   650 PM EDT


-  INDICATES NEGATIVE NUMBERS.
R  INDICATES RECORD WAS SET OR TIED.
MM INDICATES DATA IS MISSING.
T  INDICATES TRACE AMOUNT.




$$
