000
CDUS43 KDMX 070632
CLIMCW

CLIMATE REPORT
NATIONAL WEATHER SERVICE DES MOINES IA
129 AM CDT TUE JUL 7 2015


...................................

...THE MASON CITY IA CLIMATE SUMMARY FOR JULY 6 2015...

CLIMATE NORMAL PERIOD 1981 TO 2010
CLIMATE RECORD PERIOD 1893 TO 2015


WEATHER ITEM   OBSERVED TIME   RECORD YEAR NORMAL DEPARTURE LAST
                VALUE   (LST)  VALUE       VALUE  FROM      YEAR
                                                  NORMAL
..................................................................
TEMPERATURE (F)
 YESTERDAY
  MAXIMUM         82   1238 PM 103    1936  84     -2       89
  MINIMUM         58   1159 PM  46    1950  61     -3       66
  AVERAGE         70                        72     -2       78

PRECIPITATION (IN)
  YESTERDAY        0.30          2.10 1907   0.16   0.14     0.00
  MONTH TO DATE    0.31                      0.92  -0.61     0.12
  SINCE JUN 1      5.35                      6.06  -0.71     8.77
  SINCE JAN 1     16.35                     18.54  -2.19    22.81

SNOWFALL (IN)
  YESTERDAY        0.0          MM      MM   0.0    0.0      0.0
  MONTH TO DATE    0.0                       0.0    0.0      0.0
  SINCE JUN 1      0.0                       0.0    0.0      0.0
  SINCE JUL 1      0.0                       0.0    0.0      0.0
  SNOW DEPTH       0

DEGREE DAYS
 HEATING
  YESTERDAY        0                         0      0        0
  MONTH TO DATE   12                         0     12        9
  SINCE JUN 1     24                        44    -20       22
  SINCE JUL 1     12                         0     12        9

 COOLING
  YESTERDAY        5                         7     -2       13
  MONTH TO DATE   17                        42    -25       17
  SINCE JUN 1    153                       180    -27      153
  SINCE JAN 1    183                       215    -32      206
..................................................................


WIND (MPH)
  HIGHEST WIND SPEED    28   HIGHEST WIND DIRECTION     W (260)
  HIGHEST GUST SPEED    36   HIGHEST GUST DIRECTION     W (250)
  AVERAGE WIND SPEED    12.8


SKY COVER
  POSSIBLE SUNSHINE  MM
  AVERAGE SKY COVER 0.6


WEATHER CONDITIONS
 THE FOLLOWING WEATHER WAS RECORDED YESTERDAY.
  THUNDERSTORM
  HEAVY RAIN
  LIGHT RAIN
  FOG
  HAZE


RELATIVE HUMIDITY (PERCENT)
 HIGHEST    93           400 AM
 LOWEST     64           400 PM
 AVERAGE    79

..........................................................


THE MASON CITY IA CLIMATE NORMALS FOR TODAY
                         NORMAL    RECORD    YEAR
 MAXIMUM TEMPERATURE (F)   84       104      1936
 MINIMUM TEMPERATURE (F)   61        42      1896


SUNRISE AND SUNSET
JULY  7 2015..........SUNRISE   541 AM CDT   SUNSET   855 PM CDT
JULY  8 2015..........SUNRISE   542 AM CDT   SUNSET   855 PM CDT


-  INDICATES NEGATIVE NUMBERS.
R  INDICATES RECORD WAS SET OR TIED.
MM INDICATES DATA IS MISSING.
T  INDICATES TRACE AMOUNT.




$$
