000
CDUS43 KDMX 180634
CLIMCW

CLIMATE REPORT
NATIONAL WEATHER SERVICE DES MOINES IA
130 AM CDT FRI AUG 18 2017

...................................

...THE MASON CITY IA CLIMATE SUMMARY FOR AUGUST 17 2017...

CLIMATE NORMAL PERIOD 1981 TO 2010
CLIMATE RECORD PERIOD 1893 TO 2017


WEATHER ITEM   OBSERVED TIME   RECORD YEAR NORMAL DEPARTURE LAST
                VALUE   (LST)  VALUE       VALUE  FROM      YEAR
                                                  NORMAL
..................................................................
TEMPERATURE (F)
 YESTERDAY
  MAXIMUM         76    304 PM 101    1988  81     -5       85
  MINIMUM         61   1159 PM  43    1895  58      3       61
  AVERAGE         69                        70     -1       73

PRECIPITATION (IN)
  YESTERDAY        0.01          1.79 1921   0.13  -0.12     0.55
  MONTH TO DATE    1.94                      2.29  -0.35     3.84
  SINCE JUN 1      8.14                     12.13  -3.99    17.24
  SINCE JAN 1     22.29                     24.61  -2.32    28.45

SNOWFALL (IN)
  YESTERDAY        0.0          MM      MM   0.0    0.0      0.0
  MONTH TO DATE    0.0                       0.0    0.0      0.0
  SINCE JUN 1      0.0                       0.0    0.0      0.0
  SINCE JUL 1      0.0                       0.0    0.0      0.0
  SNOW DEPTH       0

DEGREE DAYS
 HEATING
  YESTERDAY        0                         1     -1        0
  MONTH TO DATE   15                        12      3        0
  SINCE JUN 1     37                        65    -28       18
  SINCE JUL 1     16                        21     -5       10

 COOLING
  YESTERDAY        4                         5     -1        8
  MONTH TO DATE   37                        99    -62      113
  SINCE JUN 1    452                       458     -6      516
  SINCE JAN 1    477                       493    -16      557
..................................................................


WIND (MPH)
  HIGHEST WIND SPEED    30   HIGHEST WIND DIRECTION     W (280)
  HIGHEST GUST SPEED    37   HIGHEST GUST DIRECTION     W (280)
  AVERAGE WIND SPEED    16.3


SKY COVER
  POSSIBLE SUNSHINE  MM
  AVERAGE SKY COVER 0.7


WEATHER CONDITIONS
 THE FOLLOWING WEATHER WAS RECORDED YESTERDAY.
  FOG


RELATIVE HUMIDITY (PERCENT)
 HIGHEST    97          1100 PM
 LOWEST     64           300 PM
 AVERAGE    81

..........................................................


THE MASON CITY IA CLIMATE NORMALS FOR TODAY
                         NORMAL    RECORD    YEAR
 MAXIMUM TEMPERATURE (F)   81        99      1947
 MINIMUM TEMPERATURE (F)   58        40      1895


SUNRISE AND SUNSET
AUGUST 18 2017........SUNRISE   623 AM CDT   SUNSET   811 PM CDT
AUGUST 19 2017........SUNRISE   624 AM CDT   SUNSET   809 PM CDT


-  INDICATES NEGATIVE NUMBERS.
R  INDICATES RECORD WAS SET OR TIED.
MM INDICATES DATA IS MISSING.
T  INDICATES TRACE AMOUNT.




$$
