000
CDUS43 KDMX 310637
CLIMCW

CLIMATE REPORT
NATIONAL WEATHER SERVICE DES MOINES IA
137 AM CDT MON AUG 31 2015

...................................

...THE MASON CITY IA CLIMATE SUMMARY FOR AUGUST 30 2015...

CLIMATE NORMAL PERIOD 1981 TO 2010
CLIMATE RECORD PERIOD 1893 TO 2015


WEATHER ITEM   OBSERVED TIME   RECORD YEAR NORMAL DEPARTURE LAST
                VALUE   (LST)  VALUE       VALUE  FROM      YEAR
                                                  NORMAL
..................................................................
TEMPERATURE (F)
 YESTERDAY
  MAXIMUM         75    314 PM  99    2012  79     -4       80
  MINIMUM         53    539 AM  30    1915  55     -2       60
  AVERAGE         64                        67     -3       70

PRECIPITATION (IN)
  YESTERDAY        0.00          3.21 1962   0.12  -0.12      T
  MONTH TO DATE    5.15                      3.91   1.24     4.13
  SINCE JUN 1     16.82                     13.75   3.07    13.68
  SINCE JAN 1     27.82                     26.23   1.59    27.72

SNOWFALL (IN)
  YESTERDAY        0.0          MM      MM   0.0    0.0      0.0
  MONTH TO DATE    0.0                       0.0    0.0      0.0
  SINCE JUN 1      0.0                       0.0    0.0      0.0
  SINCE JUL 1      0.0                       0.0    0.0      0.0
  SNOW DEPTH       0

DEGREE DAYS
 HEATING
  YESTERDAY        1                         2     -1        0
  MONTH TO DATE   37                        27     10        0
  SINCE JUN 1     70                        80    -10       34
  SINCE JUL 1     58                        36     22       21

 COOLING
  YESTERDAY        0                         4     -4        5
  MONTH TO DATE  127                       158    -31      195
  SINCE JUN 1    480                       517    -37      451
  SINCE JAN 1    510                       552    -42      504
..................................................................


WIND (MPH)
  HIGHEST WIND SPEED    16   HIGHEST WIND DIRECTION     S (180)
  HIGHEST GUST SPEED    19   HIGHEST GUST DIRECTION     S (180)
  AVERAGE WIND SPEED     7.4


SKY COVER
  POSSIBLE SUNSHINE  MM
  AVERAGE SKY COVER 0.7


WEATHER CONDITIONS
 THE FOLLOWING WEATHER WAS RECORDED YESTERDAY.
  FOG
  FOG W/VISIBILITY <= 1/4 MILE


RELATIVE HUMIDITY (PERCENT)
 HIGHEST   100          1200 AM
 LOWEST     73           200 PM
 AVERAGE    87

..........................................................


THE MASON CITY IA CLIMATE NORMALS FOR TODAY
                         NORMAL    RECORD    YEAR
 MAXIMUM TEMPERATURE (F)   79        93      1898
 MINIMUM TEMPERATURE (F)   55        38      2009


SUNRISE AND SUNSET
AUGUST 31 2015........SUNRISE   636 AM CDT   SUNSET   750 PM CDT
SEPTEMBER  1 2015.....SUNRISE   637 AM CDT   SUNSET   749 PM CDT


-  INDICATES NEGATIVE NUMBERS.
R  INDICATES RECORD WAS SET OR TIED.
MM INDICATES DATA IS MISSING.
T  INDICATES TRACE AMOUNT.

$$

SMALL
