000
CDUS43 KDMX 270640 RRC
CLIMCW

CLIMATE REPORT
NATIONAL WEATHER SERVICE DES MOINES IA
1239 AM CST FRI FEB 27 2015


...................................

...THE MASON CITY IA CLIMATE SUMMARY FOR FEBRUARY 26 2015...

CLIMATE NORMAL PERIOD 1981 TO 2010
CLIMATE RECORD PERIOD 1893 TO 2015


WEATHER ITEM   OBSERVED TIME   RECORD YEAR NORMAL DEPARTURE LAST
                VALUE   (LST)  VALUE       VALUE  FROM      YEAR
                                                  NORMAL
..................................................................
TEMPERATURE (F)
 YESTERDAY
  MAXIMUM          4    321 PM  57    1976  33    -29       17
  MINIMUM        -12   1058 PM -20    1963  17    -29      -13
  AVERAGE         -4                        25    -29        2

PRECIPITATION (IN)
  YESTERDAY        0.00          1.15 1999   0.04  -0.04      T
  MONTH TO DATE    1.14                      0.90   0.24     2.12
  SINCE DEC 1      3.17                      2.96   0.21     4.12
  SINCE JAN 1      2.07                      1.72   0.35     2.95

SNOWFALL (IN)
  YESTERDAY        0.0          10.0  1929   0.2   -0.2       T
  MONTH TO DATE   12.4                       7.2    5.2     19.4
  SINCE DEC 1     27.8                      27.3    0.5     43.5
  SINCE JUL 1     35.8                      32.0    3.8     45.0
  SNOW DEPTH       9

DEGREE DAYS
 HEATING
  YESTERDAY       69                        40     29       63
  MONTH TO DATE 1386                      1161    225     1447
  SINCE DEC 1   4026                      4092    -66     4753
  SINCE JUL 1   5925                      5772    153     6417

 COOLING
  YESTERDAY        0                         0      0        0
  MONTH TO DATE    0                         0      0        0
  SINCE DEC 1      0                         0      0        0
  SINCE JAN 1      0                         0      0        0
..................................................................


WIND (MPH)
  HIGHEST WIND SPEED    21   HIGHEST WIND DIRECTION    NW (330)
  HIGHEST GUST SPEED    24   HIGHEST GUST DIRECTION    NW (330)
  AVERAGE WIND SPEED    13.0


SKY COVER
  POSSIBLE SUNSHINE  MM
  AVERAGE SKY COVER 0.0


WEATHER CONDITIONS
 THE FOLLOWING WEATHER WAS RECORDED YESTERDAY.
  NO SIGNIFICANT WEATHER WAS OBSERVED.


RELATIVE HUMIDITY (PERCENT)
 HIGHEST    86          1000 PM
 LOWEST     65          1000 AM
 AVERAGE    76

..........................................................


THE MASON CITY IA CLIMATE NORMALS FOR TODAY
                         NORMAL    RECORD    YEAR
 MAXIMUM TEMPERATURE (F)   34        65      1896
 MINIMUM TEMPERATURE (F)   17       -12      1899


SUNRISE AND SUNSET
FEBRUARY 27 2015......SUNRISE   653 AM CST   SUNSET   600 PM CST
FEBRUARY 28 2015......SUNRISE   651 AM CST   SUNSET   601 PM CST


-  INDICATES NEGATIVE NUMBERS.
R  INDICATES RECORD WAS SET OR TIED.
MM INDICATES DATA IS MISSING.
T  INDICATES TRACE AMOUNT.




$$
