000
CDUS43 KDMX 060718 RRA
CLIMCW

CLIMATE REPORT
NATIONAL WEATHER SERVICE DES MOINES IA
1258 AM CST TUE DEC 6 2016

...................................

...THE MASON CITY IA CLIMATE SUMMARY FOR DECEMBER 5 2016...

CLIMATE NORMAL PERIOD 1981 TO 2010
CLIMATE RECORD PERIOD 1893 TO 2016


WEATHER ITEM   OBSERVED TIME   RECORD YEAR NORMAL DEPARTURE LAST
                VALUE   (LST)  VALUE       VALUE  FROM      YEAR
                                                  NORMAL
..................................................................
TEMPERATURE (F)
 YESTERDAY
  MAXIMUM         36    238 PM  62    2001  31      5       47
  MINIMUM         26    307 AM  -7    2005  14     12       31
  AVERAGE         31                        23      8       39

PRECIPITATION (IN)
  YESTERDAY        0.03          1.38 1982   0.05  -0.02     0.00
  MONTH TO DATE    0.18                      0.24  -0.06     0.01
  SINCE DEC 1      0.18                      0.24  -0.06     0.01
  SINCE JAN 1     45.76                     34.20  11.56    36.35

SNOWFALL (IN)
  YESTERDAY        T             4.0  1917   0.3   -0.3      0.0
                                      1972
  MONTH TO DATE    2.0                       1.4    0.6      0.2
  SINCE DEC 1      2.0                       1.4    0.6      0.2
  SINCE JUL 1      2.0                       6.1   -4.1     10.2
  SNOW DEPTH       1

DEGREE DAYS
 HEATING
  YESTERDAY       34                        42     -8       26
  MONTH TO DATE  163                       206    -43      169
  SINCE DEC 1    163                       206    -43      169
  SINCE JUL 1   1327                      1886   -559     1524

 COOLING
  YESTERDAY        0                         0      0        0
  MONTH TO DATE    0                         0      0        0
  SINCE DEC 1      0                         0      0        0
  SINCE JAN 1    697                       616     81      652
..................................................................


WIND (MPH)
  HIGHEST WIND SPEED    25   HIGHEST WIND DIRECTION    SE (150)
  HIGHEST GUST SPEED    33   HIGHEST GUST DIRECTION    SE (150)
  AVERAGE WIND SPEED    13.8


SKY COVER
  POSSIBLE SUNSHINE  MM
  AVERAGE SKY COVER 0.6


WEATHER CONDITIONS
 THE FOLLOWING WEATHER WAS RECORDED YESTERDAY.
  LIGHT RAIN
  FOG


RELATIVE HUMIDITY (PERCENT)
 HIGHEST   100           900 AM
 LOWEST     89          1100 AM
 AVERAGE    95

..........................................................


THE MASON CITY IA CLIMATE NORMALS FOR TODAY
                         NORMAL    RECORD    YEAR
 MAXIMUM TEMPERATURE (F)   31        62      1939
 MINIMUM TEMPERATURE (F)   14       -15      1976


SUNRISE AND SUNSET
DECEMBER  6 2016......SUNRISE   731 AM CST   SUNSET   438 PM CST
DECEMBER  7 2016......SUNRISE   732 AM CST   SUNSET   438 PM CST


-  INDICATES NEGATIVE NUMBERS.
R  INDICATES RECORD WAS SET OR TIED.
MM INDICATES DATA IS MISSING.
T  INDICATES TRACE AMOUNT.

$$
