000
CDUS43 KDMX 040634
CLIMCW

CLIMATE REPORT
NATIONAL WEATHER SERVICE DES MOINES IA
132 AM CDT WED MAY 4 2016


...................................

...THE MASON CITY IA CLIMATE SUMMARY FOR MAY 3 2016...

CLIMATE NORMAL PERIOD 1981 TO 2010
CLIMATE RECORD PERIOD 1893 TO 2016


WEATHER ITEM   OBSERVED TIME   RECORD YEAR NORMAL DEPARTURE LAST
                VALUE   (LST)  VALUE       VALUE  FROM      YEAR
                                                  NORMAL
..................................................................
TEMPERATURE (F)
 YESTERDAY
  MAXIMUM         69    314 PM  91    1949  66      3       86
                                      1918
  MINIMUM         43    501 AM  22    2005  42      1       54
  AVERAGE         56                        54      2       70

PRECIPITATION (IN)
  YESTERDAY        T             1.06 1913   0.15  -0.15     0.39
  MONTH TO DATE    0.06                      0.43  -0.37     0.39
  SINCE MAR 1      5.09                      6.41  -1.32     5.99
  SINCE JAN 1      6.33                      8.23  -1.90     8.06

SNOWFALL (IN)
  YESTERDAY        0.0          MM      MM   0.1   -0.1      0.0
  MONTH TO DATE    0.0                       0.1   -0.1      0.0
  SINCE MAR 1      9.0                       8.8    0.2      4.2
  SINCE JUL 1     50.9                      41.3    9.6     40.0
  SNOW DEPTH       0

DEGREE DAYS
 HEATING
  YESTERDAY        9                        11     -2        0
  MONTH TO DATE   43                        35      8       20
  SINCE MAR 1   1343                      1584   -241     1435
  SINCE JUL 1   6442                      7435   -993     7498

 COOLING
  YESTERDAY        0                         0      0        5
  MONTH TO DATE    0                         0      0        5
  SINCE MAR 1      4                         5     -1        5
  SINCE JAN 1      4                         5     -1        5
..................................................................


WIND (MPH)
  HIGHEST WIND SPEED    29   HIGHEST WIND DIRECTION     W (280)
  HIGHEST GUST SPEED    35   HIGHEST GUST DIRECTION     W (280)
  AVERAGE WIND SPEED    13.6


SKY COVER
  POSSIBLE SUNSHINE  MM
  AVERAGE SKY COVER 0.2


WEATHER CONDITIONS
 THE FOLLOWING WEATHER WAS RECORDED YESTERDAY.
  NO SIGNIFICANT WEATHER WAS OBSERVED.


RELATIVE HUMIDITY (PERCENT)
 HIGHEST    89           500 AM
 LOWEST     37          1200 PM
 AVERAGE    63

..........................................................


THE MASON CITY IA CLIMATE NORMALS FOR TODAY
                         NORMAL    RECORD    YEAR
 MAXIMUM TEMPERATURE (F)   66        90      1918
 MINIMUM TEMPERATURE (F)   42        24      1910


SUNRISE AND SUNSET
MAY  4 2016...........SUNRISE   602 AM CDT   SUNSET   819 PM CDT
MAY  5 2016...........SUNRISE   601 AM CDT   SUNSET   820 PM CDT


-  INDICATES NEGATIVE NUMBERS.
R  INDICATES RECORD WAS SET OR TIED.
MM INDICATES DATA IS MISSING.
T  INDICATES TRACE AMOUNT.




$$
