000
CDUS43 KDMX 290634 RRA
CLIMCW

CLIMATE REPORT
NATIONAL WEATHER SERVICE DES MOINES IA
131 AM CDT SAT APR 29 2017


...................................

...THE MASON CITY IA CLIMATE SUMMARY FOR APRIL 28 2017...

CLIMATE NORMAL PERIOD 1981 TO 2010
CLIMATE RECORD PERIOD 1893 TO 2017


WEATHER ITEM   OBSERVED TIME   RECORD YEAR NORMAL DEPARTURE LAST
                VALUE   (LST)  VALUE       VALUE  FROM      YEAR
                                                  NORMAL
..................................................................
TEMPERATURE (F)
 YESTERDAY
  MAXIMUM         45    353 PM  92    1970  64    -19       45
  MINIMUM         22R   517 AM  25    1928  40    -18       39
  AVERAGE         34                        52    -18       42

PRECIPITATION (IN)
  YESTERDAY        T             1.32 1963   0.14  -0.14     0.07
  MONTH TO DATE    3.62                      3.47   0.15     1.16
  SINCE MAR 1      5.53                      5.70  -0.17     4.38
  SINCE JAN 1      9.52                      7.52   2.00     5.67

SNOWFALL (IN)
  YESTERDAY        0.0           1.7  1917   0.1   -0.1      0.0
  MONTH TO DATE    T                         2.7   -2.7       T
  SINCE MAR 1      8.5                       8.7   -0.2      8.2
  SINCE JUL 1     47.9                      41.2    6.7     50.9
  SNOW DEPTH       0

DEGREE DAYS
 HEATING
  YESTERDAY       31                        13     18       23
  MONTH TO DATE  428                       530   -102      467
  SINCE MAR 1   1446                      1524    -78     1258
  SINCE JUL 1   6358                      7375  -1017     6357

 COOLING
  YESTERDAY        0                         0      0        0
  MONTH TO DATE    0                         0      0        4
  SINCE MAR 1      0                         0      0        4
  SINCE JAN 1      0                         0      0        4
..................................................................


WIND (MPH)
  HIGHEST WIND SPEED    22   HIGHEST WIND DIRECTION    NE (30)
  HIGHEST GUST SPEED    25   HIGHEST GUST DIRECTION    NE (40)
  AVERAGE WIND SPEED     6.3


SKY COVER
  POSSIBLE SUNSHINE  MM
  AVERAGE SKY COVER 0.4


WEATHER CONDITIONS
 THE FOLLOWING WEATHER WAS RECORDED YESTERDAY.
  LIGHT RAIN


RELATIVE HUMIDITY (PERCENT)
 HIGHEST   100           600 AM
 LOWEST     57          1100 AM
 AVERAGE    79

..........................................................


THE MASON CITY IA CLIMATE NORMALS FOR TODAY
                         NORMAL    RECORD    YEAR
 MAXIMUM TEMPERATURE (F)   65        91      2007
 MINIMUM TEMPERATURE (F)   40        22      2008
                                             1958


SUNRISE AND SUNSET
APRIL 29 2017.........SUNRISE   609 AM CDT   SUNSET   813 PM CDT
APRIL 30 2017.........SUNRISE   608 AM CDT   SUNSET   814 PM CDT


-  INDICATES NEGATIVE NUMBERS.
R  INDICATES RECORD WAS SET OR TIED.
MM INDICATES DATA IS MISSING.
T  INDICATES TRACE AMOUNT.




$$
