000
CDUS41 KCTP 190614
CLIMDT


CLIMATE REPORT
NATIONAL WEATHER SERVICE STATE COLLEGE PA
114 AM EST FRI JAN 19 2018


...................................

...THE HARRISBURG PA CLIMATE SUMMARY FOR JANUARY 18 2018...

CLIMATE NORMAL PERIOD 1981 TO 2010
CLIMATE RECORD PERIOD 1888 TO 2018


WEATHER ITEM   OBSERVED TIME   RECORD YEAR NORMAL DEPARTURE LAST
                VALUE   (LST)  VALUE       VALUE  FROM      YEAR
                                                  NORMAL
..................................................................
TEMPERATURE (F)
 YESTERDAY
  MAXIMUM         37    330 PM  66    1990  37      0       51
  MINIMUM         13    719 AM  -7    1994  23    -10       37
  AVERAGE         25                        30     -5       44

PRECIPITATION (IN)
  YESTERDAY        0.00          1.32 1926   0.10  -0.10     0.01
  MONTH TO DATE    1.59                      1.70  -0.11     1.34
  SINCE DEC 1      2.77                      4.93  -2.16     3.70
  SINCE JAN 1      1.59                      1.70  -0.11     1.34

SNOWFALL (IN)
  YESTERDAY        0.0          10.0  1930   0.3   -0.3      0.0
  MONTH TO DATE    3.9                       4.7   -0.8      0.9
  SINCE DEC 1     10.0                       9.8    0.2      1.7
  SINCE JUL 1     10.0                      10.4   -0.4      1.7
  SNOW DEPTH       3

DEGREE DAYS
 HEATING
  YESTERDAY       40                        35      5       21
  MONTH TO DATE  754                       627    127      563
  SINCE DEC 1   1750                      1589    161     1460
  SINCE JUL 1   2605                      2628    -23     2246

 COOLING
  YESTERDAY        0                         0      0        0
  MONTH TO DATE    0                         0      0        0
  SINCE DEC 1      0                         0      0        0
  SINCE JAN 1      0                         0      0        0
..................................................................


WIND (MPH)
  HIGHEST WIND SPEED    21   HIGHEST WIND DIRECTION    NW (320)
  HIGHEST GUST SPEED    25   HIGHEST GUST DIRECTION    NW (310)
  AVERAGE WIND SPEED     7.3


SKY COVER
  POSSIBLE SUNSHINE  MM
  AVERAGE SKY COVER 0.0


WEATHER CONDITIONS
 THE FOLLOWING WEATHER WAS RECORDED YESTERDAY.
  NO SIGNIFICANT WEATHER WAS OBSERVED.


RELATIVE HUMIDITY (PERCENT)
 HIGHEST    77          1000 PM
 LOWEST     41           100 PM
 AVERAGE    59

..........................................................


THE HARRISBURG PA CLIMATE NORMALS FOR TODAY
                         NORMAL    RECORD    YEAR
 MAXIMUM TEMPERATURE (F)   37        66      1951
 MINIMUM TEMPERATURE (F)   22       -14      1994


SUNRISE AND SUNSET
JANUARY 19 2018.......SUNRISE   726 AM EST   SUNSET   510 PM EST
JANUARY 20 2018.......SUNRISE   725 AM EST   SUNSET   512 PM EST


-  INDICATES NEGATIVE NUMBERS.
R  INDICATES RECORD WAS SET OR TIED.
MM INDICATES DATA IS MISSING.
T  INDICATES TRACE AMOUNT.




$$
