000
CDUS41 KCTP 040649
CLIMDT


CLIMATE REPORT
NATIONAL WEATHER SERVICE STATE COLLEGE PA
249 AM EDT SAT JUL 4 2015


...................................

...THE HARRISBURG PA CLIMATE SUMMARY FOR JULY 3 2015...

CLIMATE NORMAL PERIOD 1981 TO 2010
CLIMATE RECORD PERIOD 1888 TO 2015


WEATHER ITEM   OBSERVED TIME   RECORD YEAR NORMAL DEPARTURE LAST
                VALUE   (LST)  VALUE       VALUE  FROM      YEAR
                                                  NORMAL
..................................................................
TEMPERATURE (F)
 YESTERDAY
  MAXIMUM         81    213 PM 107    1966  85     -4       92
  MINIMUM         62    430 AM  51    1939  66     -4       73
  AVERAGE         72                        76     -4       83

PRECIPITATION (IN)
  YESTERDAY        T             1.65 1978   0.15  -0.15     0.05
  MONTH TO DATE    T                         0.44  -0.44     0.14
  SINCE JUN 1      6.84                      4.04   2.80     3.92
  SINCE JAN 1     19.58                     19.57   0.01    25.56

DEGREE DAYS
 HEATING
  YESTERDAY        0                         0      0        0
  MONTH TO DATE    0                         0      0        0
  SINCE JUN 1     13                        18     -5        1
  SINCE JUL 1      0                         0      0        0

 COOLING
  YESTERDAY        7                        11     -4       18
  MONTH TO DATE   21                        31    -10       56
  SINCE JUN 1    282                       244     38      303
  SINCE JAN 1    456                       309    147      363
..................................................................


WIND (MPH)
  HIGHEST WIND SPEED     8   HIGHEST WIND DIRECTION    SE (130)
  HIGHEST GUST SPEED    13   HIGHEST GUST DIRECTION    SE (130)
  AVERAGE WIND SPEED     2.5


SKY COVER
  POSSIBLE SUNSHINE  MM
  AVERAGE SKY COVER 0.6


WEATHER CONDITIONS
 THE FOLLOWING WEATHER WAS RECORDED YESTERDAY.
  LIGHT RAIN
  FOG
  HAZE


RELATIVE HUMIDITY (PERCENT)
 HIGHEST    93           200 AM
 LOWEST     54          1200 PM
 AVERAGE    74

..........................................................


THE HARRISBURG PA CLIMATE NORMALS FOR TODAY
                         NORMAL    RECORD    YEAR
 MAXIMUM TEMPERATURE (F)   85       104      1966
 MINIMUM TEMPERATURE (F)   66        54      1979
                                             1933
                                             1907


SUNRISE AND SUNSET
JULY  4 2015..........SUNRISE   543 AM EDT   SUNSET   840 PM EDT
JULY  5 2015..........SUNRISE   543 AM EDT   SUNSET   840 PM EDT


-  INDICATES NEGATIVE NUMBERS.
R  INDICATES RECORD WAS SET OR TIED.
MM INDICATES DATA IS MISSING.
T  INDICATES TRACE AMOUNT.




$$
