000
CDUS41 KCTP 282116
CLIMDT


CLIMATE REPORT
NATIONAL WEATHER SERVICE STATE COLLEGE PA
516 PM EDT MON JUL 28 2014


...................................

...THE HARRISBURG PA CLIMATE SUMMARY FOR JULY 28 2014...
VALID TODAY AS OF 0500 PM LOCAL TIME.

CLIMATE NORMAL PERIOD 1981 TO 2010
CLIMATE RECORD PERIOD 1888 TO 2014


WEATHER ITEM   OBSERVED TIME   RECORD YEAR NORMAL DEPARTURE LAST
                VALUE   (LST)  VALUE       VALUE  FROM      YEAR
                                                  NORMAL
..................................................................
TEMPERATURE (F)
 TODAY
  MAXIMUM         80    330 PM  99    1941  85     -5       82
                                      1940
  MINIMUM         65    542 AM  51    1962  66     -1       70
  AVERAGE         73                        76     -3       76

PRECIPITATION (IN)
  TODAY            0.00          1.43 1898   0.14  -0.14     0.01
  MONTH TO DATE    4.14                      4.19  -0.05     5.23
  SINCE JUN 1      7.92                      7.79   0.13     9.00
  SINCE JAN 1     29.56                     23.32   6.24    21.16

DEGREE DAYS
 HEATING
  TODAY            0                         0      0        0
  MONTH TO DATE    0                         0      0        0
  SINCE JUN 1      1                        18    -17        2
  SINCE JUL 1      0                         0      0        0

 COOLING
  TODAY            8                        11     -3       11
  MONTH TO DATE  337                       306     31      390
  SINCE JUN 1    584                       519     65      614
  SINCE JAN 1    644                       584     60      697
..................................................................


WIND (MPH)
  HIGHEST WIND SPEED    22   HIGHEST WIND DIRECTION     W (270)
  HIGHEST GUST SPEED    31   HIGHEST GUST DIRECTION    NW (300)
  AVERAGE WIND SPEED     8.1


SKY COVER
  POSSIBLE SUNSHINE  MM
  AVERAGE SKY COVER 0.7


WEATHER CONDITIONS
 THE FOLLOWING WEATHER WAS RECORDED TODAY.
  FOG


RELATIVE HUMIDITY (PERCENT)
 HIGHEST    93           100 AM
 LOWEST     52          1200 PM
 AVERAGE    73

..........................................................


THE HARRISBURG PA CLIMATE NORMALS FOR TOMORROW
                         NORMAL    RECORD    YEAR
 MAXIMUM TEMPERATURE (F)   85        98      1940
                                             1930
 MINIMUM TEMPERATURE (F)   66        56      1978


SUNRISE AND SUNSET
JULY 28 2014..........SUNRISE   601 AM EDT   SUNSET   825 PM EDT
JULY 29 2014..........SUNRISE   602 AM EDT   SUNSET   824 PM EDT


-  INDICATES NEGATIVE NUMBERS.
R  INDICATES RECORD WAS SET OR TIED.
MM INDICATES DATA IS MISSING.
T  INDICATES TRACE AMOUNT.




$$
