000
CDUS41 KCTP 230653
CLIMDT


CLIMATE REPORT
NATIONAL WEATHER SERVICE STATE COLLEGE PA
253 AM EDT FRI JUN 23 2017


...................................

...THE HARRISBURG PA CLIMATE SUMMARY FOR JUNE 22 2017...

CLIMATE NORMAL PERIOD 1981 TO 2010
CLIMATE RECORD PERIOD 1888 TO 2017


WEATHER ITEM   OBSERVED TIME   RECORD YEAR NORMAL DEPARTURE LAST
                VALUE   (LST)  VALUE       VALUE  FROM      YEAR
                                                  NORMAL
..................................................................
TEMPERATURE (F)
 YESTERDAY
  MAXIMUM         89    337 PM  97    1988  83      6       85
  MINIMUM         66    502 AM  46    1940  64      2       68
  AVERAGE         78                        74      4       77

PRECIPITATION (IN)
  YESTERDAY        0.46          9.13 1972   0.12   0.34     0.00
  MONTH TO DATE    1.31                      2.63  -1.32     1.12
  SINCE JUN 1      1.31                      2.63  -1.32     1.12
  SINCE JAN 1     17.76                     18.16  -0.40    18.31

DEGREE DAYS
 HEATING
  YESTERDAY        0                         0      0        0
  MONTH TO DATE    7                        17    -10        5
  SINCE JUN 1      7                        17    -10        5
  SINCE JUL 1   4370                      5268   -898     4461

 COOLING
  YESTERDAY       13                         9      4       12
  MONTH TO DATE  186                       137     49      182
  SINCE JUN 1    186                       137     49      182
  SINCE JAN 1    263                       202     61      279
..................................................................


WIND (MPH)
  HIGHEST WIND SPEED    16   HIGHEST WIND DIRECTION    SW (240)
  HIGHEST GUST SPEED    19   HIGHEST GUST DIRECTION    SW (240)
  AVERAGE WIND SPEED     4.1


SKY COVER
  POSSIBLE SUNSHINE  MM
  AVERAGE SKY COVER 0.7


WEATHER CONDITIONS
 THE FOLLOWING WEATHER WAS RECORDED YESTERDAY.
  THUNDERSTORM
  HEAVY RAIN
  RAIN
  LIGHT RAIN
  FOG


RELATIVE HUMIDITY (PERCENT)
 HIGHEST    93           200 AM
 LOWEST     50           200 PM
 AVERAGE    72

..........................................................


THE HARRISBURG PA CLIMATE NORMALS FOR TODAY
                         NORMAL    RECORD    YEAR
 MAXIMUM TEMPERATURE (F)   83        97      1965
 MINIMUM TEMPERATURE (F)   64        48      1992


SUNRISE AND SUNSET
JUNE 23 2017..........SUNRISE   538 AM EDT   SUNSET   840 PM EDT
JUNE 24 2017..........SUNRISE   539 AM EDT   SUNSET   841 PM EDT


-  INDICATES NEGATIVE NUMBERS.
R  INDICATES RECORD WAS SET OR TIED.
MM INDICATES DATA IS MISSING.
T  INDICATES TRACE AMOUNT.




$$
