000
CDUS41 KCTP 190706
CLIMDT


CLIMATE REPORT
NATIONAL WEATHER SERVICE STATE COLLEGE PA
205 AM EST FRI DEC 19 2014


...................................

...THE HARRISBURG PA CLIMATE SUMMARY FOR DECEMBER 18 2014...

CLIMATE NORMAL PERIOD 1981 TO 2010
CLIMATE RECORD PERIOD 1888 TO 2014


WEATHER ITEM   OBSERVED TIME   RECORD YEAR NORMAL DEPARTURE LAST
                VALUE   (LST)  VALUE       VALUE  FROM      YEAR
                                                  NORMAL
..................................................................
TEMPERATURE (F)
 YESTERDAY
  MAXIMUM         37   1142 AM  64    2006  40     -3       36
  MINIMUM         34   1159 PM   2    1919  26      8       19
  AVERAGE         36                        33      3       28

PRECIPITATION (IN)
  YESTERDAY        0.00          1.23 1977   0.10  -0.10     0.00
  MONTH TO DATE    2.04                      1.99   0.05     2.32
  SINCE DEC 1      2.04                      1.99   0.05     2.32
  SINCE JAN 1     42.43                     39.50   2.93    41.21

SNOWFALL (IN)
  YESTERDAY        0.0
  MONTH TO DATE    2.1
  SINCE DEC 1      2.1
  SINCE JUL 1      4.5
  SNOW DEPTH       0

DEGREE DAYS
 HEATING
  YESTERDAY       29                        32     -3       37
  MONTH TO DATE  508                       532    -24      579
  SINCE DEC 1    508                       532    -24      579
  SINCE JUL 1   1521                      1571    -50     1632

 COOLING
  YESTERDAY        0                         0      0        0
  MONTH TO DATE    0                         0      0        0
  SINCE DEC 1      0                         0      0        0
  SINCE JAN 1   1050                      1002     48     1105
..................................................................


WIND (MPH)
  HIGHEST WIND SPEED    28   HIGHEST WIND DIRECTION    NW (310)
  HIGHEST GUST SPEED    35   HIGHEST GUST DIRECTION    NW (320)
  AVERAGE WIND SPEED    14.8


SKY COVER
  POSSIBLE SUNSHINE  MM
  AVERAGE SKY COVER 0.9


WEATHER CONDITIONS
 THE FOLLOWING WEATHER WAS RECORDED YESTERDAY.
  NO SIGNIFICANT WEATHER WAS OBSERVED.


RELATIVE HUMIDITY (PERCENT)
 HIGHEST    69          1000 PM
 LOWEST     44           400 AM
 AVERAGE    57

..........................................................


THE HARRISBURG PA CLIMATE NORMALS FOR TODAY
                         NORMAL    RECORD    YEAR
 MAXIMUM TEMPERATURE (F)   40        63      1929
 MINIMUM TEMPERATURE (F)   26         5      1989


SUNRISE AND SUNSET
DECEMBER 19 2014......SUNRISE   725 AM EST   SUNSET   444 PM EST
DECEMBER 20 2014......SUNRISE   725 AM EST   SUNSET   444 PM EST


-  INDICATES NEGATIVE NUMBERS.
R  INDICATES RECORD WAS SET OR TIED.
MM INDICATES DATA IS MISSING.
T  INDICATES TRACE AMOUNT.




$$
