000
CDUS41 KCTP 260619
CLIMDT


CLIMATE REPORT
NATIONAL WEATHER SERVICE STATE COLLEGE PA
119 AM EST SUN FEB 26 2017


...................................

...THE HARRISBURG PA CLIMATE SUMMARY FOR FEBRUARY 25 2017...

CLIMATE NORMAL PERIOD 1981 TO 2010
CLIMATE RECORD PERIOD 1888 TO 2017


WEATHER ITEM   OBSERVED TIME   RECORD YEAR NORMAL DEPARTURE LAST
                VALUE   (LST)  VALUE       VALUE  FROM      YEAR
                                                  NORMAL
..................................................................
TEMPERATURE (F)
 YESTERDAY
  MAXIMUM         68    148 PM  74    1930  44     24       56
  MINIMUM         40   1159 PM   3    1900  28     12       35
                                      1894
  AVERAGE         54                        36     18       46

PRECIPITATION (IN)
  YESTERDAY        0.47          1.31 1926   0.10   0.37     0.09
  MONTH TO DATE    1.68                      2.11  -0.43     5.29
  SINCE DEC 1      6.67                      8.22  -1.55    14.21
  SINCE JAN 1      4.31                      4.99  -0.68     9.92

SNOWFALL (IN)
  YESTERDAY        0.0           3.6  1966   0.3   -0.3       T
  MONTH TO DATE    3.6                       9.6   -6.0      7.1
  SINCE DEC 1      5.5                      23.5  -18.0     37.7
  SINCE JUL 1      5.5                      24.1  -18.6     37.7
  SNOW DEPTH       0

DEGREE DAYS
 HEATING
  YESTERDAY       11                        29    -18       19
  MONTH TO DATE  587                       812   -225      803
  SINCE DEC 1   2380                      2862   -482     2496
  SINCE JUL 1   3166                      3901   -735     3271

 COOLING
  YESTERDAY        0                         0      0        0
  MONTH TO DATE    0                         0      0        0
  SINCE DEC 1      0                         0      0        0
  SINCE JAN 1      0                         0      0        0
..................................................................


WIND (MPH)
  HIGHEST WIND SPEED    31   HIGHEST WIND DIRECTION    NW (300)
  HIGHEST GUST SPEED    40   HIGHEST GUST DIRECTION    NW (300)
  AVERAGE WIND SPEED    11.9


SKY COVER
  POSSIBLE SUNSHINE  MM
  AVERAGE SKY COVER 0.8


WEATHER CONDITIONS
 THE FOLLOWING WEATHER WAS RECORDED YESTERDAY.
  THUNDERSTORM
  HEAVY RAIN
  RAIN
  LIGHT RAIN
  FOG


RELATIVE HUMIDITY (PERCENT)
 HIGHEST   100           200 AM
 LOWEST     49          1000 PM
 AVERAGE    75

..........................................................


THE HARRISBURG PA CLIMATE NORMALS FOR TODAY
                         NORMAL    RECORD    YEAR
 MAXIMUM TEMPERATURE (F)   44        70      1976
 MINIMUM TEMPERATURE (F)   28         0      1914


SUNRISE AND SUNSET
FEBRUARY 26 2017......SUNRISE   645 AM EST   SUNSET   556 PM EST
FEBRUARY 27 2017......SUNRISE   643 AM EST   SUNSET   557 PM EST


-  INDICATES NEGATIVE NUMBERS.
R  INDICATES RECORD WAS SET OR TIED.
MM INDICATES DATA IS MISSING.
T  INDICATES TRACE AMOUNT.




$$
