000
CDUS41 KCTP 272138
CLIMDT


CLIMATE REPORT
NATIONAL WEATHER SERVICE STATE COLLEGE PA
537 PM EDT THU APR 27 2017


...................................

...THE HARRISBURG PA CLIMATE SUMMARY FOR APRIL 27 2017...
VALID TODAY AS OF 0500 PM LOCAL TIME.

CLIMATE NORMAL PERIOD 1981 TO 2010
CLIMATE RECORD PERIOD 1888 TO 2017


WEATHER ITEM   OBSERVED TIME   RECORD YEAR NORMAL DEPARTURE LAST
                VALUE   (LST)  VALUE       VALUE  FROM      YEAR
                                                  NORMAL
..................................................................
TEMPERATURE (F)
 TODAY
  MAXIMUM         81    316 PM  92    2009  67     14       58
                                      1957
                                      1915
  MINIMUM         52    257 AM  33    1928  46      6       49
  AVERAGE         67                        56     11       54

PRECIPITATION (IN)
  TODAY            0.00          1.79 1928   0.10  -0.10      T
  MONTH TO DATE    3.00                      2.79   0.21     1.99
  SINCE MAR 1      7.72                      6.16   1.56     3.29
  SINCE JAN 1     12.10                     11.43   0.67    13.21

SNOWFALL (IN)
  TODAY            0.0           1.5  1928   0.0    0.0      0.0
  MONTH TO DATE    0.0                       0.4   -0.4      1.2
  SINCE MAR 1     18.4                       5.6   12.8      1.4
  SINCE JUL 1     23.9                      30.6   -6.7     39.1
  SNOW DEPTH       0

DEGREE DAYS
 HEATING
  TODAY            0                         9     -9       11
  MONTH TO DATE  216                       366   -150      347
  SINCE MAR 1    978                      1089   -111      867
  SINCE JUL 1   4216                      5077   -861     4239

 COOLING
  TODAY            2                         0      2        0
  MONTH TO DATE    9                         0      9       11
  SINCE MAR 1      9                         1      8       12
  SINCE JAN 1      9                         1      8       12
..................................................................


WIND (MPH)
  HIGHEST WIND SPEED    18   HIGHEST WIND DIRECTION    SE (150)
  HIGHEST GUST SPEED    24   HIGHEST GUST DIRECTION    SE (150)
  AVERAGE WIND SPEED     6.3


SKY COVER
  POSSIBLE SUNSHINE  MM
  AVERAGE SKY COVER 0.7


WEATHER CONDITIONS
 THE FOLLOWING WEATHER WAS RECORDED TODAY.
  FOG
  FOG W/VISIBILITY <= 1/4 MILE
  HAZE


RELATIVE HUMIDITY (PERCENT)
 HIGHEST   100           100 AM
 LOWEST     51           300 PM
 AVERAGE    76

..........................................................


THE HARRISBURG PA CLIMATE NORMALS FOR TOMORROW
                         NORMAL    RECORD    YEAR
 MAXIMUM TEMPERATURE (F)   67        90      1957
 MINIMUM TEMPERATURE (F)   46        33      1934
                                             1928


SUNRISE AND SUNSET
APRIL 27 2017.........SUNRISE   612 AM EDT   SUNSET   758 PM EDT
APRIL 28 2017.........SUNRISE   610 AM EDT   SUNSET   759 PM EDT


-  INDICATES NEGATIVE NUMBERS.
R  INDICATES RECORD WAS SET OR TIED.
MM INDICATES DATA IS MISSING.
T  INDICATES TRACE AMOUNT.




$$
