189
CDUS41 KCTP 110623
CLIMDT


CLIMATE REPORT
NATIONAL WEATHER SERVICE STATE COLLEGE PA
123 AM EST THU FEB 11 2016


...................................

...THE HARRISBURG PA CLIMATE SUMMARY FOR FEBRUARY 10 2016...

CLIMATE NORMAL PERIOD 1981 TO 2010
CLIMATE RECORD PERIOD 1888 TO 2016


WEATHER ITEM   OBSERVED TIME   RECORD YEAR NORMAL DEPARTURE LAST
                VALUE   (LST)  VALUE       VALUE  FROM      YEAR
                                                  NORMAL
..................................................................
TEMPERATURE (F)
 YESTERDAY
  MAXIMUM         32    342 PM  62    1960  39     -7       36
  MINIMUM         23   1159 PM -13    1899  24     -1       25
  AVERAGE         28                        32     -4       31

PRECIPITATION (IN)
  YESTERDAY        T             1.02 1970   0.08  -0.08     0.00
  MONTH TO DATE    1.73                      0.84   0.89     0.43
  SINCE DEC 1     10.65                      6.95   3.70     6.19
  SINCE JAN 1      6.36                      3.72   2.64     2.93

SNOWFALL (IN)
  YESTERDAY        T            12.3  2010   0.4   -0.4      0.0
  MONTH TO DATE    5.5                       3.9    1.6      1.8
  SINCE DEC 1     36.1                      17.8   18.3     15.6
  SINCE JUL 1     36.1                      18.4   17.7     18.0
  SNOW DEPTH       5

DEGREE DAYS
 HEATING
  YESTERDAY       37                        33      4       34
  MONTH TO DATE  300                       342    -42      377
  SINCE DEC 1   1993                      2392   -399     2438
  SINCE JUL 1   2768                      3431   -663     3451

 COOLING
  YESTERDAY        0                         0      0        0
  MONTH TO DATE    0                         0      0        0
  SINCE DEC 1      0                         0      0        0
  SINCE JAN 1      0                         0      0        0
..................................................................


WIND (MPH)
  HIGHEST WIND SPEED    21   HIGHEST WIND DIRECTION     W (270)
  HIGHEST GUST SPEED    27   HIGHEST GUST DIRECTION     W (290)
  AVERAGE WIND SPEED    14.2


SKY COVER
  POSSIBLE SUNSHINE  MM
  AVERAGE SKY COVER 0.9


WEATHER CONDITIONS
 THE FOLLOWING WEATHER WAS RECORDED YESTERDAY.
  LIGHT SNOW
  FOG


RELATIVE HUMIDITY (PERCENT)
 HIGHEST    78          1200 AM
 LOWEST     49           500 PM
 AVERAGE    64

..........................................................


THE HARRISBURG PA CLIMATE NORMALS FOR TODAY
                         NORMAL    RECORD    YEAR
 MAXIMUM TEMPERATURE (F)   40        63      2009
 MINIMUM TEMPERATURE (F)   24       -10      1899


SUNRISE AND SUNSET
FEBRUARY 11 2016......SUNRISE   706 AM EST   SUNSET   537 PM EST
FEBRUARY 12 2016......SUNRISE   705 AM EST   SUNSET   539 PM EST


-  INDICATES NEGATIVE NUMBERS.
R  INDICATES RECORD WAS SET OR TIED.
MM INDICATES DATA IS MISSING.
T  INDICATES TRACE AMOUNT.




$$
