000
CDUS41 KCTP 210626
CLIMDT


CLIMATE REPORT
NATIONAL WEATHER SERVICE STATE COLLEGE PA
126 AM EST SAT JAN 21 2017


...................................

...THE HARRISBURG PA CLIMATE SUMMARY FOR JANUARY 20 2017...

CLIMATE NORMAL PERIOD 1981 TO 2010
CLIMATE RECORD PERIOD 1888 TO 2017


WEATHER ITEM   OBSERVED TIME   RECORD YEAR NORMAL DEPARTURE LAST
                VALUE   (LST)  VALUE       VALUE  FROM      YEAR
                                                  NORMAL
..................................................................
TEMPERATURE (F)
 YESTERDAY
  MAXIMUM         41    725 PM  68    1951  37      4       29
  MINIMUM         29    218 AM -16    1994  22      7       20
  AVERAGE         35                        30      5       25

PRECIPITATION (IN)
  YESTERDAY        0.28          1.79 1995   0.10   0.18      T
  MONTH TO DATE    1.62                      1.89  -0.27     1.85
  SINCE DEC 1      3.98                      5.12  -1.14     6.14
  SINCE JAN 1      1.62                      1.89  -0.27     1.85

SNOWFALL (IN)
  YESTERDAY        0.0           8.5  1978   0.3   -0.3       T
  MONTH TO DATE    0.9                       5.3   -4.4      0.3
  SINCE DEC 1      1.7                      10.4   -8.7      0.3
  SINCE JUL 1      1.7                      11.0   -9.3      0.3
  SNOW DEPTH       0

DEGREE DAYS
 HEATING
  YESTERDAY       30                        35     -5       40
  MONTH TO DATE  617                       697    -80      665
  SINCE DEC 1   1514                      1659   -145     1264
  SINCE JUL 1   2300                      2698   -398     2039

 COOLING
  YESTERDAY        0                         0      0        0
  MONTH TO DATE    0                         0      0        0
  SINCE DEC 1      0                         0      0        0
  SINCE JAN 1      0                         0      0        0
..................................................................


WIND (MPH)
  HIGHEST WIND SPEED    10   HIGHEST WIND DIRECTION     E (110)
  HIGHEST GUST SPEED    13   HIGHEST GUST DIRECTION     E (110)
  AVERAGE WIND SPEED     2.5


SKY COVER
  POSSIBLE SUNSHINE  MM
  AVERAGE SKY COVER 0.9


WEATHER CONDITIONS
 THE FOLLOWING WEATHER WAS RECORDED YESTERDAY.
  RAIN
  LIGHT RAIN
  FOG
  FOG W/VISIBILITY <= 1/4 MILE


RELATIVE HUMIDITY (PERCENT)
 HIGHEST   100           200 AM
 LOWEST     85           900 AM
 AVERAGE    93

..........................................................


THE HARRISBURG PA CLIMATE NORMALS FOR TODAY
                         NORMAL    RECORD    YEAR
 MAXIMUM TEMPERATURE (F)   37        64      1959
 MINIMUM TEMPERATURE (F)   22       -22      1994


SUNRISE AND SUNSET
JANUARY 21 2017.......SUNRISE   724 AM EST   SUNSET   513 PM EST
JANUARY 22 2017.......SUNRISE   724 AM EST   SUNSET   514 PM EST


-  INDICATES NEGATIVE NUMBERS.
R  INDICATES RECORD WAS SET OR TIED.
MM INDICATES DATA IS MISSING.
T  INDICATES TRACE AMOUNT.




$$
