887
CDUS41 KCTP 270632
CLIMDT


CLIMATE REPORT
NATIONAL WEATHER SERVICE STATE COLLEGE PA
232 AM EDT TUE SEP 27 2016


...................................

...THE HARRISBURG PA CLIMATE SUMMARY FOR SEPTEMBER 26 2016...

CLIMATE NORMAL PERIOD 1981 TO 2010
CLIMATE RECORD PERIOD 1888 TO 2016


WEATHER ITEM   OBSERVED TIME   RECORD YEAR NORMAL DEPARTURE LAST
                VALUE   (LST)  VALUE       VALUE  FROM      YEAR
                                                  NORMAL
..................................................................
TEMPERATURE (F)
 YESTERDAY
  MAXIMUM         67   1019 PM  91    1970  71     -4       74
  MINIMUM         52    403 AM  36    1943  52      0       55
  AVERAGE         60                        62     -2       65

PRECIPITATION (IN)
  YESTERDAY        0.31          4.59 1975   0.14   0.17     0.00
  MONTH TO DATE    2.85                      3.50  -0.65     6.41
  SINCE SEP 1      2.85                      3.50  -0.65     6.41
  SINCE JAN 1     33.62                     30.44   3.18    31.04

DEGREE DAYS
 HEATING
  YESTERDAY        5                         5      0        0
  MONTH TO DATE    9                        47    -38        6
  SINCE SEP 1      9                        47    -38        6
  SINCE JUL 1      9                        49    -40        6

 COOLING
  YESTERDAY        0                         1     -1        0
  MONTH TO DATE  222                        92    130      191
  SINCE SEP 1    222                        92    130      191
  SINCE JAN 1   1486                       988    498     1311
..................................................................


WIND (MPH)
  HIGHEST WIND SPEED    14   HIGHEST WIND DIRECTION    SE (120)
  HIGHEST GUST SPEED    20   HIGHEST GUST DIRECTION     S (160)
  AVERAGE WIND SPEED     4.8


SKY COVER
  POSSIBLE SUNSHINE  MM
  AVERAGE SKY COVER 0.9


WEATHER CONDITIONS
 THE FOLLOWING WEATHER WAS RECORDED YESTERDAY.
  RAIN
  LIGHT RAIN
  FOG


RELATIVE HUMIDITY (PERCENT)
 HIGHEST   100           400 PM
 LOWEST     72           800 AM
 AVERAGE    86

..........................................................


THE HARRISBURG PA CLIMATE NORMALS FOR TODAY
                         NORMAL    RECORD    YEAR
 MAXIMUM TEMPERATURE (F)   71        91      1998
 MINIMUM TEMPERATURE (F)   52        34      1947


SUNRISE AND SUNSET
SEPTEMBER 27 2016.....SUNRISE   700 AM EDT   SUNSET   655 PM EDT
SEPTEMBER 28 2016.....SUNRISE   701 AM EDT   SUNSET   653 PM EDT


-  INDICATES NEGATIVE NUMBERS.
R  INDICATES RECORD WAS SET OR TIED.
MM INDICATES DATA IS MISSING.
T  INDICATES TRACE AMOUNT.




$$
