000
CDUS43 KLOT 200632
CLIMDW


CLIMATE REPORT
NATIONAL WEATHER SERVICE CHICAGO IL
131 AM CDT SUN APR 20 2014


...................................

...THE CHICAGO-MIDWAY CLIMATE SUMMARY FOR APRIL 19 2014...

CLIMATE NORMAL PERIOD 1981 TO 2010
CLIMATE RECORD PERIOD 1928 TO 2014


WEATHER ITEM   OBSERVED TIME   RECORD YEAR NORMAL DEPARTURE LAST
                VALUE   (LST)  VALUE       VALUE  FROM      YEAR
                                                  NORMAL
..................................................................
TEMPERATURE (F)
 YESTERDAY
  MAXIMUM         64    309 PM  86    1985  61      3       40
  MINIMUM         38    504 AM  24    1983  43     -5       33
  AVERAGE         51                        52     -1       37

PRECIPITATION (IN)
  YESTERDAY        0.00          1.52 1970   0.12  -0.12      T
  MONTH TO DATE    1.72                      2.27  -0.55     5.84
  SINCE MAR 1      2.81                      4.99  -2.18     7.10
  SINCE JAN 1      5.30                      8.99  -3.69    11.35

DEGREE DAYS
 HEATING
  YESTERDAY       14                        14      0       28
  MONTH TO DATE  329                       322      7      371
  SINCE MAR 1   1326                      1134    192     1334
  SINCE JUL 1   6528                      5645    883     5486

 COOLING
  YESTERDAY        0                         1     -1        0
  MONTH TO DATE    1                         1      0        0
  SINCE MAR 1      1                         2     -1        0
  SINCE JAN 1      1                         2     -1        0
..................................................................


WIND (MPH)
  RESULTANT WIND SPEED   8   RESULTANT WIND DIRECTION   E (90)
  HIGHEST WIND SPEED    16   HIGHEST WIND DIRECTION    NE (50)
  HIGHEST GUST SPEED    19   HIGHEST GUST DIRECTION    NE (50)
  AVERAGE WIND SPEED     9.2



WEATHER CONDITIONS
 THE FOLLOWING WEATHER WAS RECORDED YESTERDAY.
  NO SIGNIFICANT WEATHER WAS OBSERVED.


..........................................................


THE CHICAGO-MIDWAY CLIMATE NORMALS FOR TODAY
                         NORMAL    RECORD    YEAR
 MAXIMUM TEMPERATURE (F)   61        87      1987
 MINIMUM TEMPERATURE (F)   43        27      1983


SUNRISE AND SUNSET
APRIL 20 2014.........SUNRISE   603 AM CDT   SUNSET   737 PM CDT
APRIL 21 2014.........SUNRISE   602 AM CDT   SUNSET   738 PM CDT


-  INDICATES NEGATIVE NUMBERS.
R  INDICATES RECORD WAS SET OR TIED.
MM INDICATES DATA IS MISSING.
T  INDICATES TRACE AMOUNT.




$$
