000
CDUS43 KLOT 312140
CLIMDW


CLIMATE REPORT
NATIONAL WEATHER SERVICE CHICAGO IL
439 PM CDT TUE MAY 31 2016


...................................

...THE CHICAGO-MIDWAY CLIMATE SUMMARY FOR MAY 31 2016...
VALID TODAY AS OF 0400 PM LOCAL TIME.

CLIMATE NORMAL PERIOD 1981 TO 2010
CLIMATE RECORD PERIOD 1928 TO 2016


WEATHER ITEM   OBSERVED TIME   RECORD YEAR NORMAL DEPARTURE
                VALUE   (LST)  VALUE       VALUE  FROM
                                                  NORMAL
...............................................................
TEMPERATURE (F)
 TODAY
  MAXIMUM         84   1256 PM 102    1934  75      9
  MINIMUM         66    259 PM  41    1928  57      9
  AVERAGE         75                        66      9

PRECIPITATION (IN)
  TODAY            0.61          2.97 2010   0.15   0.46
  MONTH TO DATE    5.20                      4.13   1.07
  SINCE MAR 1     10.58                     10.49   0.09
  SINCE JAN 1     11.36                     14.49  -3.13

DEGREE DAYS
 HEATING
  TODAY            0                         3     -3
  MONTH TO DATE  180                       188     -8
  SINCE MAR 1   1237                      1448   -211
  SINCE JUL 1   4875                      5959  -1084

 COOLING
  TODAY           10                         4      6
  MONTH TO DATE   94                        61     33
  SINCE MAR 1    107                        74     33
  SINCE JAN 1    107                        74     33
...............................................................


WIND (MPH)
  RESULTANT WIND SPEED   9   RESULTANT WIND DIRECTION   E (90)
  HIGHEST WIND SPEED    39   HIGHEST WIND DIRECTION     W (260)
  HIGHEST GUST SPEED    52   HIGHEST GUST DIRECTION     W (270)
  AVERAGE WIND SPEED     9.2


SKY COVER
  POSSIBLE SUNSHINE  MM
  AVERAGE SKY COVER 0.8


WEATHER CONDITIONS
 THE FOLLOWING WEATHER WAS RECORDED TODAY.
  THUNDERSTORM
  HEAVY RAIN
  RAIN
  FOG


..........................................................


THE CHICAGO-MIDWAY CLIMATE NORMALS FOR TOMORROW
                         NORMAL    RECORD    YEAR
 MAXIMUM TEMPERATURE (F)   75       107      1934
 MINIMUM TEMPERATURE (F)   57        MM      2003


SUNRISE AND SUNSET
MAY 31 2016...........SUNRISE   519 AM CDT   SUNSET   819 PM CDT
JUNE  1 2016..........SUNRISE   518 AM CDT   SUNSET   820 PM CDT


-  INDICATES NEGATIVE NUMBERS.
R  INDICATES RECORD WAS SET OR TIED.
MM INDICATES DATA IS MISSING.
T  INDICATES TRACE AMOUNT.




$$
