000
CDUS43 KLOT 310632
CLIMDW


CLIMATE REPORT
NATIONAL WEATHER SERVICE CHICAGO IL
131 AM CDT SUN AUG 31 2014


...................................

...THE CHICAGO-MIDWAY CLIMATE SUMMARY FOR AUGUST 30 2014...

CLIMATE NORMAL PERIOD 1981 TO 2010
CLIMATE RECORD PERIOD 1928 TO 2014


WEATHER ITEM   OBSERVED TIME   RECORD YEAR NORMAL DEPARTURE LAST
                VALUE   (LST)  VALUE       VALUE  FROM      YEAR
                                                  NORMAL
..................................................................
TEMPERATURE (F)
 YESTERDAY
  MAXIMUM         86    342 PM  96    2013  81      5       96
                                      1953
                                      1937
  MINIMUM         74   1159 PM  47    1946  64     10       69
  AVERAGE         80                        72      8       83

PRECIPITATION (IN)
  YESTERDAY        T             1.43 1965   0.12  -0.12     0.47
  MONTH TO DATE    9.31                      3.86   5.45     1.98
  SINCE JUN 1     22.21                     11.93  10.28     6.39
  SINCE JAN 1     33.50                     26.42   7.08    23.98

DEGREE DAYS
 HEATING
  YESTERDAY        0                         0      0        0
  MONTH TO DATE    0                         0      0        0
  SINCE JUN 1      3                        32    -29       40
  SINCE JUL 1      1                         1      0        4

 COOLING
  YESTERDAY       15                         7      8       18
  MONTH TO DATE  317                       279     38      289
  SINCE JUN 1    807                       827    -20      781
  SINCE JAN 1    918                       901     17      887
..................................................................


WIND (MPH)
  RESULTANT WIND SPEED  11   RESULTANT WIND DIRECTION  SW (220)
  HIGHEST WIND SPEED    25   HIGHEST WIND DIRECTION     W (250)
  HIGHEST GUST SPEED    33   HIGHEST GUST DIRECTION    SW (230)
  AVERAGE WIND SPEED    12.4



WEATHER CONDITIONS
 THE FOLLOWING WEATHER WAS RECORDED YESTERDAY.
  LIGHT RAIN
  HAZE


..........................................................


THE CHICAGO-MIDWAY CLIMATE NORMALS FOR TODAY
                         NORMAL    RECORD    YEAR
 MAXIMUM TEMPERATURE (F)   80        99      1953
 MINIMUM TEMPERATURE (F)   64        46      1935


SUNRISE AND SUNSET
AUGUST 31 2014........SUNRISE   616 AM CDT   SUNSET   726 PM CDT
SEPTEMBER  1 2014.....SUNRISE   617 AM CDT   SUNSET   724 PM CDT


-  INDICATES NEGATIVE NUMBERS.
R  INDICATES RECORD WAS SET OR TIED.
MM INDICATES DATA IS MISSING.
T  INDICATES TRACE AMOUNT.




$$
