000
CDUS44 KMEG 100733
CLIMEG


CLIMATE REPORT
NATIONAL WEATHER SERVICE MEMPHIS TN
132 AM CST WED FEB 10 2016


...................................

...THE MEMPHIS/GERMANTOWN WFO CLIMATE SUMMARY FOR FEBRUARY 9 2016...

CLIMATE NORMAL PERIOD 1981 TO 2010
CLIMATE RECORD PERIOD 1988 TO 2016


WEATHER ITEM   OBSERVED TIME   RECORD YEAR NORMAL DEPARTURE LAST
                VALUE   (LST)  VALUE       VALUE  FROM      YEAR
                                                  NORMAL
..................................................................
TEMPERATURE (F)
 YESTERDAY
  MAXIMUM         39        MM  77    1999  52    -13       57
  MINIMUM         24        MM  17    1989  31     -7       35
  AVERAGE         32                        42    -10       46

PRECIPITATION (IN)
  YESTERDAY        0.00          0.41 2001   0.17  -0.17     0.00
  MONTH TO DATE    1.98                      1.46   0.52     0.77
  SINCE DEC 1     10.27                     11.36  -1.09     4.68
  SINCE JAN 1      4.72                      5.42  -0.70     2.11

SNOWFALL (IN)
  YESTERDAY        0.0           3.3  2011   0.1   -0.1      0.0
  MONTH TO DATE    T                         0.4   -0.4       T
  SINCE DEC 1      0.9                       0.8    0.1       T
  SINCE JUL 1      0.9                       0.8    0.1      0.3
  SNOW DEPTH       0

DEGREE DAYS
 HEATING
  YESTERDAY       33                        23     10       19
  MONTH TO DATE  180                       218    -38      210
  SINCE DEC 1   1353                      1748   -395     1604
  SINCE JUL 1   1734                      2347   -613     2283

 COOLING
  YESTERDAY        0                         0      0        0
  MONTH TO DATE    0                         0      0        0
  SINCE DEC 1     13                         1     12        0
  SINCE JAN 1      0                         0      0        0
..................................................................







THE MEMPHIS/GERMANTOWN WFO CLIMATE NORMALS FOR TODAY
                         NORMAL    RECORD    YEAR
 MAXIMUM TEMPERATURE (F)   52        73      1999
 MINIMUM TEMPERATURE (F)   32        10      2011


SUNRISE AND SUNSET
FEBRUARY 10 2016......SUNRISE   651 AM CST   SUNSET   536 PM CST
FEBRUARY 11 2016......SUNRISE   650 AM CST   SUNSET   537 PM CST


-  INDICATES NEGATIVE NUMBERS.
R  INDICATES RECORD WAS SET OR TIED.
MM INDICATES DATA IS MISSING.
T  INDICATES TRACE AMOUNT.




$$
