646
CDUS44 KMEG 260639
CLIMEG


CLIMATE REPORT
NATIONAL WEATHER SERVICE MEMPHIS TN
139 AM CDT TUE SEP 26 2017


...................................

...THE MEMPHIS/GERMANTOWN WFO CLIMATE SUMMARY FOR SEPTEMBER 25 2017...

CLIMATE NORMAL PERIOD 1981 TO 2010
CLIMATE RECORD PERIOD 1988 TO 2017


WEATHER ITEM   OBSERVED TIME   RECORD YEAR NORMAL DEPARTURE LAST
                VALUE   (LST)  VALUE       VALUE  FROM      YEAR
                                                  NORMAL
..................................................................
TEMPERATURE (F)
 YESTERDAY
  MAXIMUM         90    234 PM  99    2016  81      9       99
  MINIMUM         66    632 AM  43    1990  57      9       69
  AVERAGE         78                        69      9       84

PRECIPITATION (IN)
  YESTERDAY        0.00          0.97 2011   0.11  -0.11     0.00
  MONTH TO DATE    1.37                      2.64  -1.27     0.56
  SINCE SEP 1      1.37                      2.64  -1.27     0.56
  SINCE JAN 1     40.56                     38.65   1.91    51.80

SNOWFALL (IN)
  YESTERDAY        0.0          MM      MM                   0.0
  MONTH TO DATE    0.0                                       0.0
  SINCE SEP 1      0.0                                       0.0
  SINCE JUL 1      0.0                                       0.0
  SNOW DEPTH       0

DEGREE DAYS
 HEATING
  YESTERDAY        0                         1     -1        0
  MONTH TO DATE    4                         8     -4        0
  SINCE SEP 1      4                         8     -4        0
  SINCE JUL 1      4                         8     -4        0

 COOLING
  YESTERDAY       13                         6      7       19
  MONTH TO DATE  236                       234      2      381
  SINCE SEP 1    236                       234      2      381
  SINCE JAN 1   1928                      1829     99     2217
..................................................................







THE MEMPHIS/GERMANTOWN WFO CLIMATE NORMALS FOR TODAY
                         NORMAL    RECORD    YEAR
 MAXIMUM TEMPERATURE (F)   81        93      1998
 MINIMUM TEMPERATURE (F)   57        41      2001


SUNRISE AND SUNSET
SEPTEMBER 26 2017.....SUNRISE   650 AM CDT   SUNSET   650 PM CDT
SEPTEMBER 27 2017.....SUNRISE   651 AM CDT   SUNSET   648 PM CDT


-  INDICATES NEGATIVE NUMBERS.
R  INDICATES RECORD WAS SET OR TIED.
MM INDICATES DATA IS MISSING.
T  INDICATES TRACE AMOUNT.




$$
