000
CDUS44 KMEG 220636
CLIMEG


CLIMATE REPORT
NATIONAL WEATHER SERVICE MEMPHIS TN
136 AM CDT MON SEP 22 2014


...................................

...THE MEMPHIS/GERMANTOWN WFO CLIMATE SUMMARY FOR SEPTEMBER 21 2014...

CLIMATE NORMAL PERIOD 1981 TO 2010
CLIMATE RECORD PERIOD 1988 TO 2014


WEATHER ITEM   OBSERVED TIME   RECORD YEAR NORMAL DEPARTURE LAST
                VALUE   (LST)  VALUE       VALUE  FROM      YEAR
                                                  NORMAL
..................................................................
TEMPERATURE (F)
 YESTERDAY
  MAXIMUM         88    200 PM  98    2010  83      5       77
  MINIMUM         65   1100 PM  44    1991  59      6       58
  AVERAGE         77                        71      6       68

PRECIPITATION (IN)
  YESTERDAY        0.00          0.89 1996   0.11  -0.11     0.08
  MONTH TO DATE    5.09                      2.21   2.88     3.47
  SINCE SEP 1      5.09                      2.21   2.88     3.47
  SINCE JAN 1     48.05                     38.22   9.83    51.83

SNOWFALL (IN)
  YESTERDAY        0.0          MM      MM   0.0    0.0      0.0
  MONTH TO DATE    0.0                       0.0    0.0      0.0
  SINCE SEP 1      0.0                       0.0    0.0      0.0
  SINCE JUL 1      0.0                       0.0    0.0      0.0
  SNOW DEPTH       0

DEGREE DAYS
 HEATING
  YESTERDAY        0                         1     -1        0
  MONTH TO DATE    5                         4      1        0
  SINCE SEP 1      5                         4      1        0
  SINCE JUL 1      5                         4      1        0

 COOLING
  YESTERDAY       12                         7      5        3
  MONTH TO DATE  231                       209     22      265
  SINCE SEP 1    231                       209     22      265
  SINCE JAN 1   1812                      1804      8     1813
..................................................................







THE MEMPHIS/GERMANTOWN WFO CLIMATE NORMALS FOR TODAY
                         NORMAL    RECORD    YEAR
 MAXIMUM TEMPERATURE (F)   82        96      2010
 MINIMUM TEMPERATURE (F)   59        44      1991


SUNRISE AND SUNSET
SEPTEMBER 22 2014.....SUNRISE   647 AM CDT   SUNSET   656 PM CDT
SEPTEMBER 23 2014.....SUNRISE   648 AM CDT   SUNSET   655 PM CDT


-  INDICATES NEGATIVE NUMBERS.
R  INDICATES RECORD WAS SET OR TIED.
MM INDICATES DATA IS MISSING.
T  INDICATES TRACE AMOUNT.




$$
