854
CDUS44 KMEG 260636
CLIMEG


CLIMATE REPORT
NATIONAL WEATHER SERVICE MEMPHIS TN
135 AM CDT FRI AUG 26 2016


...................................

...THE MEMPHIS/GERMANTOWN WFO CLIMATE SUMMARY FOR AUGUST 25 2016...

CLIMATE NORMAL PERIOD 1981 TO 2010
CLIMATE RECORD PERIOD 1988 TO 2016


WEATHER ITEM   OBSERVED TIME   RECORD YEAR NORMAL DEPARTURE LAST
                VALUE   (LST)  VALUE       VALUE  FROM      YEAR
                                                  NORMAL
..................................................................
TEMPERATURE (F)
 YESTERDAY
  MAXIMUM         92    400 PM  98    2005  90      2       83
  MINIMUM         75    600 AM  57    2015  69      6       57
  AVERAGE         84                        79      5       70

PRECIPITATION (IN)
  YESTERDAY        0.28          1.63 2008   0.09   0.19     0.00
  MONTH TO DATE    3.95                      2.73   1.22     4.20
  SINCE JUN 1     14.04                     10.95   3.09    11.97
  SINCE JAN 1     50.49                     35.44  15.05    33.65

SNOWFALL (IN)
  YESTERDAY        0.0          MM      MM   0.0    0.0      0.0
  MONTH TO DATE    0.0                       0.0    0.0      0.0
  SINCE JUN 1      0.0                       0.0    0.0      0.0
  SINCE JUL 1      0.0                       0.0    0.0      0.0
  SNOW DEPTH       0

DEGREE DAYS
 HEATING
  YESTERDAY        0                         0      0        0
  MONTH TO DATE    0                         0      0        0
  SINCE JUN 1      0                         2     -2        0
  SINCE JUL 1      0                         0      0        0

 COOLING
  YESTERDAY       19                        14      5        5
  MONTH TO DATE  433                       386     47      355
  SINCE JUN 1   1481                      1263    218     1373
  SINCE JAN 1   1726                      1514    212     1673
..................................................................







THE MEMPHIS/GERMANTOWN WFO CLIMATE NORMALS FOR TODAY
                         NORMAL    RECORD    YEAR
 MAXIMUM TEMPERATURE (F)   90       100      2000
 MINIMUM TEMPERATURE (F)   68        57      2015


SUNRISE AND SUNSET
AUGUST 26 2016........SUNRISE   628 AM CDT   SUNSET   733 PM CDT
AUGUST 27 2016........SUNRISE   628 AM CDT   SUNSET   732 PM CDT


-  INDICATES NEGATIVE NUMBERS.
R  INDICATES RECORD WAS SET OR TIED.
MM INDICATES DATA IS MISSING.
T  INDICATES TRACE AMOUNT.




$$
