000
CDUS44 KMEG 290636
CLIMEG


CLIMATE REPORT
NATIONAL WEATHER SERVICE MEMPHIS TN
136 AM CDT FRI AUG 29 2014


...................................

...THE MEMPHIS/GERMANTOWN WFO CLIMATE SUMMARY FOR AUGUST 28 2014...

CLIMATE NORMAL PERIOD 1981 TO 2010
CLIMATE RECORD PERIOD 1988 TO 2014


WEATHER ITEM   OBSERVED TIME   RECORD YEAR NORMAL DEPARTURE LAST
                VALUE   (LST)  VALUE       VALUE  FROM      YEAR
                                                  NORMAL
..................................................................
TEMPERATURE (F)
 YESTERDAY
  MAXIMUM         97    200 PM 103    2000  90      7       94
  MINIMUM         70    300 AM  59    1992  68      2       67
  AVERAGE         84                        79      5       81

PRECIPITATION (IN)
  YESTERDAY        0.00          0.41 1987   0.09  -0.09     0.00
  MONTH TO DATE    0.45                      3.01  -2.56     2.14
  SINCE JUN 1     16.49                     11.23   5.26    12.02
  SINCE JAN 1     42.07                     35.72   6.35    48.36

SNOWFALL (IN)
  YESTERDAY        0.0          MM      MM   0.0    0.0      0.0
  MONTH TO DATE    0.0                       0.0    0.0      0.0
  SINCE JUN 1      0.0                       0.0    0.0      0.0
  SINCE JUL 1      0.0                       0.0    0.0      0.0
  SNOW DEPTH       0

DEGREE DAYS
 HEATING
  YESTERDAY        0                         0      0        0
  MONTH TO DATE    0                         0      0        0
  SINCE JUN 1      0                         2     -2        0
  SINCE JUL 1      0                         0      0        0

 COOLING
  YESTERDAY       19                        14      5       16
  MONTH TO DATE  463                       428     35      393
  SINCE JUN 1   1237                      1305    -68     1232
  SINCE JAN 1   1536                      1556    -20     1492
..................................................................







THE MEMPHIS/GERMANTOWN WFO CLIMATE NORMALS FOR TODAY
                         NORMAL    RECORD    YEAR
 MAXIMUM TEMPERATURE (F)   89       104      2000
 MINIMUM TEMPERATURE (F)   68        54      1992


SUNRISE AND SUNSET
AUGUST 29 2014........SUNRISE   630 AM CDT   SUNSET   730 PM CDT
AUGUST 30 2014........SUNRISE   630 AM CDT   SUNSET   729 PM CDT


-  INDICATES NEGATIVE NUMBERS.
R  INDICATES RECORD WAS SET OR TIED.
MM INDICATES DATA IS MISSING.
T  INDICATES TRACE AMOUNT.




$$
