000
CDUS44 KMEG 260639
CLIMEG


CLIMATE REPORT
NATIONAL WEATHER SERVICE MEMPHIS TN
138 AM CDT WED JUL 26 2017


...................................

...THE MEMPHIS/GERMANTOWN WFO CLIMATE SUMMARY FOR JULY 25 2017...

CLIMATE NORMAL PERIOD 1981 TO 2010
CLIMATE RECORD PERIOD 1988 TO 2017


WEATHER ITEM   OBSERVED TIME   RECORD YEAR NORMAL DEPARTURE LAST
                VALUE   (LST)  VALUE       VALUE  FROM      YEAR
                                                  NORMAL
..................................................................
TEMPERATURE (F)
 YESTERDAY
  MAXIMUM         96    404 PM  99    2005  91      5       96
  MINIMUM         75    525 AM  61    2014  71      4       76
                                      2000
  AVERAGE         86                        81      5       86

PRECIPITATION (IN)
  YESTERDAY        0.00          4.10 1996   0.16  -0.16     0.00
  MONTH TO DATE    5.33                      3.72   1.61     3.15
  SINCE JUN 1      9.41                      7.40   2.01     7.26
  SINCE JAN 1     30.32                     31.89  -1.57    43.71

SNOWFALL (IN)
  YESTERDAY        0.0          MM      MM                   0.0
  MONTH TO DATE    0.0                                       0.0
  SINCE JUN 1      0.0                                       0.0
  SINCE JUL 1      0.0                                       0.0
  SNOW DEPTH       0

DEGREE DAYS
 HEATING
  YESTERDAY        0                         0      0        0
  MONTH TO DATE    0                         0      0        0
  SINCE JUN 1      0                         2     -2        0
  SINCE JUL 1      0                         0      0        0

 COOLING
  YESTERDAY       21                        16      5       21
  MONTH TO DATE  446                       398     48      467
  SINCE JUN 1    831                       779     52      942
  SINCE JAN 1   1176                      1030    146     1187
..................................................................







THE MEMPHIS/GERMANTOWN WFO CLIMATE NORMALS FOR TODAY
                         NORMAL    RECORD    YEAR
 MAXIMUM TEMPERATURE (F)   91        99      1999
 MINIMUM TEMPERATURE (F)   71        62      2013
                                             2000


SUNRISE AND SUNSET
JULY 26 2017..........SUNRISE   604 AM CDT   SUNSET   807 PM CDT
JULY 27 2017..........SUNRISE   605 AM CDT   SUNSET   806 PM CDT


-  INDICATES NEGATIVE NUMBERS.
R  INDICATES RECORD WAS SET OR TIED.
MM INDICATES DATA IS MISSING.
T  INDICATES TRACE AMOUNT.




$$
