000
CDUS44 KMEG 170736
CLIMEG


CLIMATE REPORT
NATIONAL WEATHER SERVICE MEMPHIS TN
136 AM CST SUN DEC 17 2017


...................................

...THE MEMPHIS/GERMANTOWN WFO CLIMATE SUMMARY FOR DECEMBER 16 2017...

CLIMATE NORMAL PERIOD 1981 TO 2010
CLIMATE RECORD PERIOD 1988 TO 2017


WEATHER ITEM   OBSERVED TIME   RECORD YEAR NORMAL DEPARTURE LAST
                VALUE   (LST)  VALUE       VALUE  FROM      YEAR
                                                  NORMAL
..................................................................
TEMPERATURE (F)
 YESTERDAY
  MAXIMUM         54   1239 PM  70    1995  51      3       57
  MINIMUM         35    725 AM   7    1989  32      3       26
  AVERAGE         45                        41      4       42

PRECIPITATION (IN)
  YESTERDAY        0.00          0.68 2000   0.18  -0.18     0.01
  MONTH TO DATE    0.98                      3.24  -2.26     2.42
  SINCE DEC 1      0.98                      3.24  -2.26     2.42
  SINCE JAN 1     47.11                     52.19  -5.08    58.98

SNOWFALL (IN)
  YESTERDAY        0.0           0.5  2000                   0.0
  MONTH TO DATE    0.0                                       0.0
  SINCE DEC 1      0.0                                       0.0
  SINCE JUL 1      0.0                                       0.0
  SNOW DEPTH       0

DEGREE DAYS
 HEATING
  YESTERDAY       20                        24     -4       23
  MONTH TO DATE  329                       348    -19      383
  SINCE DEC 1    329                       348    -19      383
  SINCE JUL 1    834                       947   -113      705

 COOLING
  YESTERDAY        0                         0      0        0
  MONTH TO DATE    0                         0      0        0
  SINCE DEC 1      0                         0      0        0
  SINCE JAN 1   2124                      1926    198     2423
..................................................................







THE MEMPHIS/GERMANTOWN WFO CLIMATE NORMALS FOR TODAY
                         NORMAL    RECORD    YEAR
 MAXIMUM TEMPERATURE (F)   51        75      2016
 MINIMUM TEMPERATURE (F)   31         7      1989


SUNRISE AND SUNSET
DECEMBER 17 2017......SUNRISE   702 AM CST   SUNSET   449 PM CST
DECEMBER 18 2017......SUNRISE   702 AM CST   SUNSET   450 PM CST


-  INDICATES NEGATIVE NUMBERS.
R  INDICATES RECORD WAS SET OR TIED.
MM INDICATES DATA IS MISSING.
T  INDICATES TRACE AMOUNT.




$$
