000
CDUS44 KMEG 250636
CLIMEG


CLIMATE REPORT
NATIONAL WEATHER SERVICE MEMPHIS TN
136 AM CDT FRI JUL 25 2014


...................................

...THE MEMPHIS/GERMANTOWN WFO CLIMATE SUMMARY FOR JULY 24 2014...

CLIMATE NORMAL PERIOD 1981 TO 2010
CLIMATE RECORD PERIOD 1988 TO 2014


WEATHER ITEM   OBSERVED TIME   RECORD YEAR NORMAL DEPARTURE LAST
                VALUE   (LST)  VALUE       VALUE  FROM      YEAR
                                                  NORMAL
..................................................................
TEMPERATURE (F)
 YESTERDAY
  MAXIMUM         82   1200 PM  98    2011  91     -9       85
                                      2010
                                      2005
  MINIMUM         67   1100 PM  61    2003  71     -4       73
  AVERAGE         75                        81     -6       79

PRECIPITATION (IN)
  YESTERDAY        0.00          1.01 1995   0.16  -0.16     0.03
  MONTH TO DATE    2.95                      3.56  -0.61     5.84
  SINCE JUN 1     16.04                      7.24   8.80     9.71
  SINCE JAN 1     41.62                     31.73   9.89    46.05

SNOWFALL (IN)
  YESTERDAY        0.0          MM      MM   0.0    0.0      0.0
  MONTH TO DATE    0.0                       0.0    0.0      0.0
  SINCE JUN 1      0.0                       0.0    0.0      0.0
  SINCE JUL 1      0.0                       0.0    0.0      0.0
  SNOW DEPTH       0

DEGREE DAYS
 HEATING
  YESTERDAY        0                         0      0        0
  MONTH TO DATE    0                         0      0        0
  SINCE JUN 1      0                         2     -2        0
  SINCE JUL 1      0                         0      0        0

 COOLING
  YESTERDAY       10                        16     -6       14
  MONTH TO DATE  275                       382   -107      351
  SINCE JUN 1    692                       763    -71      759
  SINCE JAN 1    991                      1014    -23     1019
..................................................................







THE MEMPHIS/GERMANTOWN WFO CLIMATE NORMALS FOR TODAY
                         NORMAL    RECORD    YEAR
 MAXIMUM TEMPERATURE (F)   91        99      2005
 MINIMUM TEMPERATURE (F)   71        61      2000


SUNRISE AND SUNSET
JULY 25 2014..........SUNRISE   603 AM CDT   SUNSET   808 PM CDT
JULY 26 2014..........SUNRISE   604 AM CDT   SUNSET   807 PM CDT


-  INDICATES NEGATIVE NUMBERS.
R  INDICATES RECORD WAS SET OR TIED.
MM INDICATES DATA IS MISSING.
T  INDICATES TRACE AMOUNT.




$$
