000
CDUS44 KJAN 300625
CLIMEI


CLIMATE REPORT
NATIONAL WEATHER SERVICE JACKSON MS
121 AM CDT TUE JUN 30 2015


...................................

...THE MERIDIAN CLIMATE SUMMARY FOR JUNE 29 2015...

CLIMATE NORMAL PERIOD 1981 TO 2010
CLIMATE RECORD PERIOD 1889 TO 2015


WEATHER ITEM   OBSERVED TIME   RECORD YEAR NORMAL DEPARTURE LAST
                VALUE   (LST)  VALUE       VALUE  FROM      YEAR
                                                  NORMAL
..................................................................
TEMPERATURE (F)
 YESTERDAY
  MAXIMUM         92    306 PM 104    1988  91      1       91
  MINIMUM         62    508 AM  58    1974  68     -6       69
  AVERAGE         77                        80     -3       80

PRECIPITATION (IN)
  YESTERDAY        0.00          2.32 1933   0.16  -0.16     0.00
  MONTH TO DATE    2.57                      4.24  -1.67     2.54
  SINCE JUN 1      2.57                      4.24  -1.67     2.54
  SINCE JAN 1     25.63                     29.67  -4.04    34.26

SNOWFALL (IN)
  YESTERDAY        0.0           0.0    MM   0.0    0.0      0.0
  MONTH TO DATE    0.0                       0.0    0.0      0.0
  SINCE JUN 1      0.0                       0.0    0.0      0.0
  SINCE JUL 1      T                         0.6   -0.6      2.5

DEGREE DAYS
 HEATING
  YESTERDAY        0                         0      0        0
  MONTH TO DATE    0                         0      0        0
  SINCE JUN 1      0                         0      0        0
  SINCE JUL 1   2504                      2553    -49     2865

 COOLING
  YESTERDAY       12                        15     -3       15
  MONTH TO DATE  406                       366     40      392
  SINCE JUN 1    406                       366     40      392
  SINCE JAN 1    771                       649    122      662
..................................................................


WIND (MPH)
  HIGHEST WIND SPEED    14   HIGHEST WIND DIRECTION     W (270)
  HIGHEST GUST SPEED    18   HIGHEST GUST DIRECTION     W (250)
  AVERAGE WIND SPEED     5.8


SKY COVER
  POSSIBLE SUNSHINE  MM
  AVERAGE SKY COVER 0.1


WEATHER CONDITIONS
 THE FOLLOWING WEATHER WAS RECORDED YESTERDAY.
  NO SIGNIFICANT WEATHER WAS OBSERVED.


RELATIVE HUMIDITY (PERCENT)
 HIGHEST   100           400 AM
 LOWEST     41           200 PM
 AVERAGE    71

..........................................................


THE MERIDIAN CLIMATE NORMALS FOR TODAY
                         NORMAL    RECORD    YEAR
 MAXIMUM TEMPERATURE (F)   91       101      1931
 MINIMUM TEMPERATURE (F)   69        55      1923


SUNRISE AND SUNSET
JUNE 30 2015..........SUNRISE   551 AM CDT   SUNSET   806 PM CDT
JULY  1 2015..........SUNRISE   552 AM CDT   SUNSET   806 PM CDT


-  INDICATES NEGATIVE NUMBERS.
R  INDICATES RECORD WAS SET OR TIED.
MM INDICATES DATA IS MISSING.
T  INDICATES TRACE AMOUNT.




$$
