000
CDUS44 KJAN 022108
CLIMEI


CLIMATE REPORT
NATIONAL WEATHER SERVICE JACKSON MS
407 PM CDT TUE JUN 2 2015


...................................

...THE MERIDIAN CLIMATE SUMMARY FOR JUNE 2 2015...
VALID TODAY AS OF 0400 PM LOCAL TIME.

CLIMATE NORMAL PERIOD 1981 TO 2010
CLIMATE RECORD PERIOD 1889 TO 2015


WEATHER ITEM   OBSERVED TIME   RECORD YEAR NORMAL DEPARTURE LAST
                VALUE   (LST)  VALUE       VALUE  FROM      YEAR
                                                  NORMAL
..................................................................
TEMPERATURE (F)
 TODAY
  MAXIMUM         84    229 PM  99    2011  87     -3       84
  MINIMUM         63    449 AM  47    1984  63      0       71
                                      1894
  AVERAGE         74                        75     -1       78

PRECIPITATION (IN)
  TODAY            0.00          2.75 1900   0.15  -0.15      T
  MONTH TO DATE    0.00                      0.30  -0.30      T
  SINCE JUN 1      0.00                      0.30  -0.30      T
  SINCE JAN 1     23.06                     25.73  -2.67    31.72

SNOWFALL (IN)
  TODAY            0.0           0.0    MM   0.0    0.0      0.0
  MONTH TO DATE    0.0                       0.0    0.0      0.0
  SINCE JUN 1      0.0                       0.0    0.0      0.0
  SINCE JUL 1      T                         0.6   -0.6      2.5

DEGREE DAYS
 HEATING
  TODAY            0                         0      0        0
  MONTH TO DATE    0                         0      0        0
  SINCE JUN 1      0                         0      0        0
  SINCE JUL 1   2504                      2553    -49     2865

 COOLING
  TODAY            9                        10     -1       13
  MONTH TO DATE   17                        20     -3       26
  SINCE JUN 1     17                        20     -3       26
  SINCE JAN 1    382                       303     79      296
..................................................................


WIND (MPH)
  HIGHEST WIND SPEED    13   HIGHEST WIND DIRECTION    NW (330)
  HIGHEST GUST SPEED    14   HIGHEST GUST DIRECTION    NW (320)
  AVERAGE WIND SPEED     5.9


SKY COVER
  POSSIBLE SUNSHINE  MM
  AVERAGE SKY COVER 0.4


WEATHER CONDITIONS
 THE FOLLOWING WEATHER WAS RECORDED TODAY.
  FOG


RELATIVE HUMIDITY (PERCENT)
 HIGHEST   100           300 AM
 LOWEST     47           200 PM
 AVERAGE    74

..........................................................


THE MERIDIAN CLIMATE NORMALS FOR TOMORROW
                         NORMAL    RECORD    YEAR
 MAXIMUM TEMPERATURE (F)   87        99      2011
                                             1911
 MINIMUM TEMPERATURE (F)   64        45      1956


SUNRISE AND SUNSET
JUNE  2 2015..........SUNRISE   549 AM CDT   SUNSET   757 PM CDT
JUNE  3 2015..........SUNRISE   549 AM CDT   SUNSET   758 PM CDT


-  INDICATES NEGATIVE NUMBERS.
R  INDICATES RECORD WAS SET OR TIED.
MM INDICATES DATA IS MISSING.
T  INDICATES TRACE AMOUNT.




$$
