000
CDUS44 KJAN 010631
CLIMEI


CLIMATE REPORT
NATIONAL WEATHER SERVICE JACKSON MS
1229 AM CST SUN FEB 1 2015


...................................

...THE MERIDIAN CLIMATE SUMMARY FOR JANUARY 31 2015...

CLIMATE NORMAL PERIOD 1981 TO 2010
CLIMATE RECORD PERIOD 1889 TO 2015


WEATHER ITEM   OBSERVED TIME   RECORD YEAR NORMAL DEPARTURE LAST
                VALUE   (LST)  VALUE       VALUE  FROM      YEAR
                                                  NORMAL
..................................................................
TEMPERATURE (F)
 YESTERDAY
  MAXIMUM         61    345 PM  82    1957  58      3       61
  MINIMUM         26    558 AM  13    1966  34     -8       20
  AVERAGE         44                        46     -2       41

PRECIPITATION (IN)
  YESTERDAY        0.00          2.49 1915   0.19  -0.19     0.00
                                      1908
  MONTH TO DATE    6.71                      5.13   1.58     2.47
  SINCE DEC 1     15.39                     10.19   5.20     9.82
  SINCE JAN 1      6.71                      5.13   1.58     2.47

SNOWFALL (IN)
  YESTERDAY        0.0           1.0  1977   0.0    0.0      0.0
  MONTH TO DATE    0.0                       0.2   -0.2      2.0
  SINCE DEC 1      0.0                       0.3   -0.3      2.0
  SINCE JUL 1      0.0                       0.3   -0.3      2.0

DEGREE DAYS
 HEATING
  YESTERDAY       21                        19      2       24
  MONTH TO DATE  631                       629      2      828
  SINCE DEC 1   1075                      1187   -112     1372
  SINCE JUL 1   1624                      1637    -13     1873

 COOLING
  YESTERDAY        0                         0      0        0
  MONTH TO DATE    0                         3     -3        0
  SINCE DEC 1      0                         9     -9       25
  SINCE JAN 1      0                         3     -3        0
..................................................................


WIND (MPH)
  HIGHEST WIND SPEED    12   HIGHEST WIND DIRECTION    SE (140)
  HIGHEST GUST SPEED    14   HIGHEST GUST DIRECTION    SE (150)
  AVERAGE WIND SPEED     4.3


SKY COVER
  POSSIBLE SUNSHINE  MM
  AVERAGE SKY COVER 0.0


WEATHER CONDITIONS
 THE FOLLOWING WEATHER WAS RECORDED YESTERDAY.
  NO SIGNIFICANT WEATHER WAS OBSERVED.


RELATIVE HUMIDITY (PERCENT)
 HIGHEST    92           200 AM
 LOWEST     15           300 PM
 AVERAGE    54

..........................................................


THE MERIDIAN CLIMATE NORMALS FOR TODAY
                         NORMAL    RECORD    YEAR
 MAXIMUM TEMPERATURE (F)   58        81      1950
 MINIMUM TEMPERATURE (F)   34        12      1951


SUNRISE AND SUNSET
FEBRUARY  1 2015......SUNRISE   649 AM CST   SUNSET   528 PM CST
FEBRUARY  2 2015......SUNRISE   649 AM CST   SUNSET   529 PM CST


-  INDICATES NEGATIVE NUMBERS.
R  INDICATES RECORD WAS SET OR TIED.
MM INDICATES DATA IS MISSING.
T  INDICATES TRACE AMOUNT.




$$
