000
CDUS44 KJAN 100917
CLIMEI


CLIMATE REPORT
NATIONAL WEATHER SERVICE JACKSON MS
315 AM CST WED FEB 10 2016


...................................

...THE MERIDIAN CLIMATE SUMMARY FOR FEBRUARY 9 2016...

CLIMATE NORMAL PERIOD 1981 TO 2010
CLIMATE RECORD PERIOD 1889 TO 2016


WEATHER ITEM   OBSERVED TIME   RECORD YEAR NORMAL DEPARTURE LAST
                VALUE   (LST)  VALUE       VALUE  FROM      YEAR
                                                  NORMAL
..................................................................
TEMPERATURE (F)
 YESTERDAY
  MAXIMUM         50    221 PM  81    1957  60    -10       72
                                      1939
  MINIMUM         27    451 AM  10    1933  35     -8       41
  AVERAGE         39                        47     -8       57

PRECIPITATION (IN)
  YESTERDAY        0.00          3.99 1946   0.20  -0.20     0.02
  MONTH TO DATE    0.70                      1.84  -1.14     0.39
  SINCE DEC 1     10.02                     12.03  -2.01    15.78
  SINCE JAN 1      3.94                      6.97  -3.03     7.10

SNOWFALL (IN)
  YESTERDAY        0.0           2.2  2011   0.0    0.0      0.0
  MONTH TO DATE    0.0                       0.0    0.0      0.0
  SINCE DEC 1      T                         0.3   -0.3      0.0
  SINCE JUL 1      T                         0.3   -0.3      0.0

DEGREE DAYS
 HEATING
  YESTERDAY       26                        18      8        8
  MONTH TO DATE  154                       167    -13      171
  SINCE DEC 1   1060                      1354   -294     1246
  SINCE JUL 1   1311                      1804   -493     1795

 COOLING
  YESTERDAY        0                         0      0        0
  MONTH TO DATE    4                         0      4        0
  SINCE DEC 1     47                         9     38        0
  SINCE JAN 1      4                         3      1        0
..................................................................


WIND (MPH)
  HIGHEST WIND SPEED    25   HIGHEST WIND DIRECTION     W (290)
  HIGHEST GUST SPEED    35   HIGHEST GUST DIRECTION    NW (320)
  AVERAGE WIND SPEED    10.3


SKY COVER
  POSSIBLE SUNSHINE  MM
  AVERAGE SKY COVER 0.0


WEATHER CONDITIONS
 THE FOLLOWING WEATHER WAS RECORDED YESTERDAY.
  NO SIGNIFICANT WEATHER WAS OBSERVED.


RELATIVE HUMIDITY (PERCENT)
 HIGHEST    75           500 AM
 LOWEST     24           100 PM
 AVERAGE    50

..........................................................


THE MERIDIAN CLIMATE NORMALS FOR TODAY
                         NORMAL    RECORD    YEAR
 MAXIMUM TEMPERATURE (F)   60        82      1932
 MINIMUM TEMPERATURE (F)   35        13      1971


SUNRISE AND SUNSET
FEBRUARY 10 2016......SUNRISE   643 AM CST   SUNSET   536 PM CST
FEBRUARY 11 2016......SUNRISE   642 AM CST   SUNSET   537 PM CST


-  INDICATES NEGATIVE NUMBERS.
R  INDICATES RECORD WAS SET OR TIED.
MM INDICATES DATA IS MISSING.
T  INDICATES TRACE AMOUNT.




$$
