000
CDUS44 KJAN 272115
CLIMEI


CLIMATE REPORT
NATIONAL WEATHER SERVICE JACKSON MS
413 PM CDT MON JUL 27 2015


...................................

...THE MERIDIAN CLIMATE SUMMARY FOR JULY 27 2015...
VALID TODAY AS OF 0400 PM LOCAL TIME.

CLIMATE NORMAL PERIOD 1981 TO 2010
CLIMATE RECORD PERIOD 1889 TO 2015


WEATHER ITEM   OBSERVED TIME   RECORD YEAR NORMAL DEPARTURE LAST
                VALUE   (LST)  VALUE       VALUE  FROM      YEAR
                                                  NORMAL
..................................................................
TEMPERATURE (F)
 TODAY
  MAXIMUM         95    145 PM 102    1952  92      3       94
  MINIMUM         72    544 AM  59    1911  70      2       73
  AVERAGE         84                        81      3       84

PRECIPITATION (IN)
  TODAY            0.00          2.78 1989   0.16  -0.16     0.00
  MONTH TO DATE    3.57                      4.50  -0.93     1.80
  SINCE JUN 1      8.54                      8.90  -0.36     4.34
  SINCE JAN 1     31.60                     34.33  -2.73    36.06

SNOWFALL (IN)
  TODAY            0.0           0.0    MM   0.0    0.0      0.0
  MONTH TO DATE    0.0                       0.0    0.0      0.0
  SINCE JUN 1      0.0                       0.0    0.0      0.0
  SINCE JUL 1      0.0                       0.0    0.0      0.0

DEGREE DAYS
 HEATING
  TODAY            0                         0      0        0
  MONTH TO DATE    0                         0      0        0
  SINCE JUN 1      0                         0      0        0
  SINCE JUL 1      0                         0      0        0

 COOLING
  TODAY           19                        16      3       19
  MONTH TO DATE  469                       423     46      380
  SINCE JUN 1    885                       803     82      790
  SINCE JAN 1   1250                      1086    164     1060
..................................................................


WIND (MPH)
  HIGHEST WIND SPEED    10   HIGHEST WIND DIRECTION     S (190)
  HIGHEST GUST SPEED    14   HIGHEST GUST DIRECTION     S (170)
  AVERAGE WIND SPEED     1.7


SKY COVER
  POSSIBLE SUNSHINE  MM
  AVERAGE SKY COVER 0.0


WEATHER CONDITIONS
 THE FOLLOWING WEATHER WAS RECORDED TODAY.
  NO SIGNIFICANT WEATHER WAS OBSERVED.


RELATIVE HUMIDITY (PERCENT)
 HIGHEST   100           400 AM
 LOWEST     44           300 PM
 AVERAGE    72

..........................................................


THE MERIDIAN CLIMATE NORMALS FOR TOMORROW
                         NORMAL    RECORD    YEAR
 MAXIMUM TEMPERATURE (F)   92       103      1952
 MINIMUM TEMPERATURE (F)   70        61      1911


SUNRISE AND SUNSET
JULY 27 2015..........SUNRISE   606 AM CDT   SUNSET   756 PM CDT
JULY 28 2015..........SUNRISE   607 AM CDT   SUNSET   756 PM CDT


-  INDICATES NEGATIVE NUMBERS.
R  INDICATES RECORD WAS SET OR TIED.
MM INDICATES DATA IS MISSING.
T  INDICATES TRACE AMOUNT.




$$
