000
CDUS44 KJAN 250659
CLIMEI


CLIMATE REPORT
NATIONAL WEATHER SERVICE JACKSON MS
152 AM CDT MON SEP 25 2017


...................................

...THE MERIDIAN CLIMATE SUMMARY FOR SEPTEMBER 24 2017...

CLIMATE NORMAL PERIOD 1981 TO 2010
CLIMATE RECORD PERIOD 1889 TO 2017


WEATHER ITEM   OBSERVED TIME   RECORD YEAR NORMAL DEPARTURE LAST
                VALUE   (LST)  VALUE       VALUE  FROM      YEAR
                                                  NORMAL
..................................................................
TEMPERATURE (F)
 YESTERDAY
  MAXIMUM         90    256 PM 101    2016  84      6      101
  MINIMUM         66    601 AM  43    1990  60      6       69
  AVERAGE         78                        72      6       85

PRECIPITATION (IN)
  YESTERDAY        0.00          2.82 1991   0.12  -0.12     0.00
  MONTH TO DATE    1.02                      2.72  -1.70     0.55
  SINCE SEP 1      1.02                      2.72  -1.70     0.55
  SINCE JAN 1     53.90                     41.68  12.22    37.88

SNOWFALL (IN)
  YESTERDAY        0.0           0.0  2002   0.0    0.0      0.0
                                      2001
  MONTH TO DATE    0.0                       0.0    0.0      0.0
  SINCE SEP 1      0.0                       0.0    0.0      0.0
  SINCE JUL 1      0.0                       0.0    0.0      0.0

DEGREE DAYS
 HEATING
  YESTERDAY        0                         0      0        0
  MONTH TO DATE    3                         0      3        0
  SINCE SEP 1      3                         0      3        0
  SINCE JUL 1      3                         0      3        0

 COOLING
  YESTERDAY       13                         8      5       20
  MONTH TO DATE  257                       265     -8      439
  SINCE SEP 1    257                       265     -8      439
  SINCE JAN 1   2221                      1885    336     2550
..................................................................


WIND (MPH)
  HIGHEST WIND SPEED    15   HIGHEST WIND DIRECTION    SE (140)
  HIGHEST GUST SPEED    22   HIGHEST GUST DIRECTION     E (90)
  AVERAGE WIND SPEED     4.0


SKY COVER
  POSSIBLE SUNSHINE  MM
  AVERAGE SKY COVER 0.1


WEATHER CONDITIONS
 THE FOLLOWING WEATHER WAS RECORDED YESTERDAY.
  NO SIGNIFICANT WEATHER WAS OBSERVED.


RELATIVE HUMIDITY (PERCENT)
 HIGHEST   100           200 AM
 LOWEST     44           300 PM
 AVERAGE    72

..........................................................


THE MERIDIAN CLIMATE NORMALS FOR TODAY
                         NORMAL    RECORD    YEAR
 MAXIMUM TEMPERATURE (F)   84        99      2016
 MINIMUM TEMPERATURE (F)   60        45      1990
                                             1965


SUNRISE AND SUNSET
SEPTEMBER 25 2017.....SUNRISE   645 AM CDT   SUNSET   647 PM CDT
SEPTEMBER 26 2017.....SUNRISE   646 AM CDT   SUNSET   646 PM CDT


-  INDICATES NEGATIVE NUMBERS.
R  INDICATES RECORD WAS SET OR TIED.
MM INDICATES DATA IS MISSING.
T  INDICATES TRACE AMOUNT.




$$
