000
CDUS44 KJAN 232116
CLIMEI


CLIMATE REPORT
NATIONAL WEATHER SERVICE JACKSON MS
415 PM CDT SUN JUL 23 2017


...................................

...THE MERIDIAN CLIMATE SUMMARY FOR JULY 23 2017...
VALID TODAY AS OF 0400 PM LOCAL TIME.

CLIMATE NORMAL PERIOD 1981 TO 2010
CLIMATE RECORD PERIOD 1889 TO 2017


WEATHER ITEM   OBSERVED TIME   RECORD YEAR NORMAL DEPARTURE LAST
                VALUE   (LST)  VALUE       VALUE  FROM      YEAR
                                                  NORMAL
..................................................................
TEMPERATURE (F)
 TODAY
  MAXIMUM         92    259 PM 104    1981  92      0       96
  MINIMUM         73    525 AM  54    1947  70      3       73
  AVERAGE         83                        81      2       85

PRECIPITATION (IN)
  TODAY            0.00          1.78 2013   0.17  -0.17     0.00
  MONTH TO DATE    4.14                      3.85   0.29     1.38
  SINCE JUN 1     15.23                      8.25   6.98     6.29
  SINCE JAN 1     43.87                     33.68  10.19    31.28

SNOWFALL (IN)
  TODAY            0.0           0.0    MM   0.0    0.0      0.0
  MONTH TO DATE    0.0                       0.0    0.0      0.0
  SINCE JUN 1      0.0                       0.0    0.0      0.0
  SINCE JUL 1      0.0                       0.0    0.0      0.0

DEGREE DAYS
 HEATING
  TODAY            0                         0      0        0
  MONTH TO DATE    0                         0      0        0
  SINCE JUN 1      0                         0      0        0
  SINCE JUL 1      0                         0      0        0

 COOLING
  TODAY           18                        16      2       20
  MONTH TO DATE  420                       359     61      474
  SINCE JUN 1    819                       739     80     1018
  SINCE JAN 1   1312                      1022    290     1330
..................................................................


WIND (MPH)
  HIGHEST WIND SPEED    10   HIGHEST WIND DIRECTION     S (200)
  HIGHEST GUST SPEED    14   HIGHEST GUST DIRECTION    SW (210)
  AVERAGE WIND SPEED     4.4


SKY COVER
  POSSIBLE SUNSHINE  MM
  AVERAGE SKY COVER 0.2


WEATHER CONDITIONS
 THE FOLLOWING WEATHER WAS RECORDED TODAY.
  FOG


RELATIVE HUMIDITY (PERCENT)
 HIGHEST   100           200 AM
 LOWEST     60           200 PM
 AVERAGE    80

..........................................................


THE MERIDIAN CLIMATE NORMALS FOR TOMORROW
                         NORMAL    RECORD    YEAR
 MAXIMUM TEMPERATURE (F)   92       104      1981
 MINIMUM TEMPERATURE (F)   70        60      1894


SUNRISE AND SUNSET
JULY 23 2017..........SUNRISE   604 AM CDT   SUNSET   759 PM CDT
JULY 24 2017..........SUNRISE   605 AM CDT   SUNSET   758 PM CDT


-  INDICATES NEGATIVE NUMBERS.
R  INDICATES RECORD WAS SET OR TIED.
MM INDICATES DATA IS MISSING.
T  INDICATES TRACE AMOUNT.




$$
