000
CDUS44 KMEG 242149
CLIMEM


CLIMATE REPORT
NATIONAL WEATHER SERVICE MEMPHIS TN
449 PM CDT THU JUL 24 2014


...................................

...THE MEMPHIS CLIMATE SUMMARY FOR JULY 24 2014...
VALID TODAY AS OF 0400 PM LOCAL TIME.

CLIMATE NORMAL PERIOD 1981 TO 2010
CLIMATE RECORD PERIOD 1872 TO 2014


WEATHER ITEM   OBSERVED TIME   RECORD YEAR NORMAL DEPARTURE LAST
                VALUE   (LST)  VALUE       VALUE  FROM      YEAR
                                                  NORMAL
..................................................................
TEMPERATURE (F)
 TODAY
  MAXIMUM         83    254 PM 102    1934  92     -9       86
  MINIMUM         71    442 AM  58    1947  74     -3       75
  AVERAGE         77                        83     -6       81

PRECIPITATION (IN)
  TODAY            0.00          2.14 1899   0.17  -0.17      T
  MONTH TO DATE    2.55                      3.57  -1.02     3.39
  SINCE JUN 1     15.95                      7.20   8.75     8.86
  SINCE JAN 1     41.91                     31.48  10.43    43.44

SNOWFALL (IN)
  TODAY            0.0

DEGREE DAYS
 HEATING
  TODAY            0                         0      0        0
  MONTH TO DATE    0                         0      0        0
  SINCE JUN 1      0                         0      0        0
  SINCE JUL 1      0                         0      0        0

 COOLING
  TODAY           12                        18     -6       16
  MONTH TO DATE  313                       428   -115      390
  SINCE JUN 1    750                       866   -116      840
  SINCE JAN 1   1061                      1187   -126     1125
..................................................................


WIND (MPH)
  HIGHEST WIND SPEED    15   HIGHEST WIND DIRECTION     N (350)
  HIGHEST GUST SPEED    22   HIGHEST GUST DIRECTION     N (350)
  AVERAGE WIND SPEED     8.0


SKY COVER
  POSSIBLE SUNSHINE  MM
  AVERAGE SKY COVER 0.2


WEATHER CONDITIONS
 THE FOLLOWING WEATHER WAS RECORDED TODAY.
  NO SIGNIFICANT WEATHER WAS OBSERVED.


RELATIVE HUMIDITY (PERCENT)
 HIGHEST    90           200 AM
 LOWEST     40          1200 PM
 AVERAGE    65

..........................................................


THE MEMPHIS CLIMATE NORMALS FOR TOMORROW
                         NORMAL    RECORD    YEAR
 MAXIMUM TEMPERATURE (F)   92       101      1952
 MINIMUM TEMPERATURE (F)   74        62      1911


SUNRISE AND SUNSET
JULY 24 2014..........SUNRISE   603 AM CDT   SUNSET   809 PM CDT
JULY 25 2014..........SUNRISE   604 AM CDT   SUNSET   808 PM CDT


-  INDICATES NEGATIVE NUMBERS.
R  INDICATES RECORD WAS SET OR TIED.
MM INDICATES DATA IS MISSING.
T  INDICATES TRACE AMOUNT.




$$
