000
CDUS44 KMEG 300643
CLIMEM


CLIMATE REPORT
NATIONAL WEATHER SERVICE MEMPHIS TN
142 AM CDT THU OCT 30 2014


...................................

...THE MEMPHIS CLIMATE SUMMARY FOR OCTOBER 29 2014...

CLIMATE NORMAL PERIOD 1981 TO 2010
CLIMATE RECORD PERIOD 1872 TO 2014


WEATHER ITEM   OBSERVED TIME   RECORD YEAR NORMAL DEPARTURE LAST
                VALUE   (LST)  VALUE       VALUE  FROM      YEAR
                                                  NORMAL
..................................................................
TEMPERATURE (F)
 YESTERDAY
  MAXIMUM         71   1247 PM  85    2000  70      1       75
                                      1971
  MINIMUM         48   1159 PM  25    1952  50     -2       57
  AVERAGE         60                        60      0       66

PRECIPITATION (IN)
  YESTERDAY        0.06          1.40 1877   0.14  -0.08     0.00
  MONTH TO DATE    4.00                      3.71   0.29     2.09
  SINCE SEP 1      8.75                      6.80   1.95     4.78
  SINCE JAN 1     52.47                     42.18  10.29    50.73

SNOWFALL (IN)
  YESTERDAY        0.0           0.0  2002   0.0    0.0      0.0
                                      2001
  MONTH TO DATE    0.0                       0.0    0.0      0.0
  SINCE SEP 1      0.0                       0.0    0.0      0.0
  SINCE JUL 1      0.0                       0.0    0.0      0.0
  SNOW DEPTH       0

DEGREE DAYS
 HEATING
  YESTERDAY        5                         7     -2        0
  MONTH TO DATE   60                       105    -45      113
  SINCE SEP 1     61                       116    -55      113
  SINCE JUL 1     61                       116    -55      113

 COOLING
  YESTERDAY        0                         1     -1        1
  MONTH TO DATE  108                        90     18      104
  SINCE SEP 1    453                       406     47      505
  SINCE JAN 1   2159                      2241    -82     2231
..................................................................


WIND (MPH)
  HIGHEST WIND SPEED    10   HIGHEST WIND DIRECTION     N (350)
  HIGHEST GUST SPEED    16   HIGHEST GUST DIRECTION    NE (40)
  AVERAGE WIND SPEED     3.5


SKY COVER
  POSSIBLE SUNSHINE  MM
  AVERAGE SKY COVER 0.2


WEATHER CONDITIONS
 THE FOLLOWING WEATHER WAS RECORDED YESTERDAY.
  LIGHT RAIN


RELATIVE HUMIDITY (PERCENT)
 HIGHEST    93           600 AM
 LOWEST     33           200 PM
 AVERAGE    63

..........................................................


THE MEMPHIS CLIMATE NORMALS FOR TODAY
                         NORMAL    RECORD    YEAR
 MAXIMUM TEMPERATURE (F)   70        87      1937
 MINIMUM TEMPERATURE (F)   49        28      1917


SUNRISE AND SUNSET
OCTOBER 30 2014.......SUNRISE   719 AM CDT   SUNSET   608 PM CDT
OCTOBER 31 2014.......SUNRISE   720 AM CDT   SUNSET   607 PM CDT


-  INDICATES NEGATIVE NUMBERS.
R  INDICATES RECORD WAS SET OR TIED.
MM INDICATES DATA IS MISSING.
T  INDICATES TRACE AMOUNT.




$$
