000
CDUS44 KMEG 270739
CLIMEM


CLIMATE REPORT
NATIONAL WEATHER SERVICE MEMPHIS TN
138 AM CST MON FEB 27 2017


...................................

...THE MEMPHIS CLIMATE SUMMARY FOR FEBRUARY 26 2017...

CLIMATE NORMAL PERIOD 1981 TO 2010
CLIMATE RECORD PERIOD 1872 TO 2017


WEATHER ITEM   OBSERVED TIME   RECORD YEAR NORMAL DEPARTURE LAST
                VALUE   (LST)  VALUE       VALUE  FROM      YEAR
                                                  NORMAL
..................................................................
TEMPERATURE (F)
 YESTERDAY
  MAXIMUM         62    326 PM  80    1917  58      4       51
  MINIMUM         32    355 AM  16    1894  39     -7       30
  AVERAGE         47                        49     -2       41

PRECIPITATION (IN)
  YESTERDAY        T             3.09 2000   0.16  -0.16     0.00
  MONTH TO DATE    1.14                      4.06  -2.92     5.58
  SINCE DEC 1     12.73                     13.78  -1.05    12.62
  SINCE JAN 1      5.40                      8.04  -2.64     7.85

SNOWFALL (IN)
  YESTERDAY        0.0           1.5  1891   0.1   -0.1      0.0
  MONTH TO DATE    0.0                       1.3   -1.3      0.0
  SINCE DEC 1      2.0                       3.4   -1.4      0.3
  SINCE JUL 1      2.0                       3.4   -1.4      0.3
  SNOW DEPTH       0

DEGREE DAYS
 HEATING
  YESTERDAY       18                        16      2       24
  MONTH TO DATE  288                       515   -227      462
  SINCE DEC 1   1421                      1918   -497     1546
  SINCE JUL 1   1691                      2417   -726     1847

 COOLING
  YESTERDAY        0                         0      0        0
  MONTH TO DATE   18                         0     18        1
  SINCE DEC 1     23                         3     20       22
  SINCE JAN 1     20                         1     19        3
..................................................................


WIND (MPH)
  HIGHEST WIND SPEED    17   HIGHEST WIND DIRECTION    SE (140)
  HIGHEST GUST SPEED    22   HIGHEST GUST DIRECTION    SE (130)
  AVERAGE WIND SPEED     6.9


SKY COVER
  POSSIBLE SUNSHINE  MM
  AVERAGE SKY COVER 0.4


WEATHER CONDITIONS
 THE FOLLOWING WEATHER WAS RECORDED YESTERDAY.
  LIGHT RAIN


RELATIVE HUMIDITY (PERCENT)
 HIGHEST    66           200 AM
 LOWEST     20           300 PM
 AVERAGE    43

..........................................................


THE MEMPHIS CLIMATE NORMALS FOR TODAY
                         NORMAL    RECORD    YEAR
 MAXIMUM TEMPERATURE (F)   58        80      1981
 MINIMUM TEMPERATURE (F)   40        12      1934


SUNRISE AND SUNSET
FEBRUARY 27 2017......SUNRISE   632 AM CST   SUNSET   554 PM CST
FEBRUARY 28 2017......SUNRISE   630 AM CST   SUNSET   555 PM CST


-  INDICATES NEGATIVE NUMBERS.
R  INDICATES RECORD WAS SET OR TIED.
MM INDICATES DATA IS MISSING.
T  INDICATES TRACE AMOUNT.




$$
