000
CDUS44 KMEG 290732
CLIMEM


CLIMATE REPORT
NATIONAL WEATHER SERVICE MEMPHIS TN
131 AM CST MON DEC 29 2014


...................................

...THE MEMPHIS CLIMATE SUMMARY FOR DECEMBER 28 2014...

CLIMATE NORMAL PERIOD 1981 TO 2010
CLIMATE RECORD PERIOD 1872 TO 2014


WEATHER ITEM   OBSERVED TIME   RECORD YEAR NORMAL DEPARTURE LAST
                VALUE   (LST)  VALUE       VALUE  FROM      YEAR
                                                  NORMAL
..................................................................
TEMPERATURE (F)
 YESTERDAY
  MAXIMUM         48   1202 AM  74    1984  50     -2       49
                                      1946
  MINIMUM         38   1159 PM   5    1894  33      5       34
  AVERAGE         43                        42      1       42

PRECIPITATION (IN)
  YESTERDAY        0.10          2.69 1946   0.16  -0.06     0.03
  MONTH TO DATE    2.60                      5.26  -2.66     4.77
  SINCE DEC 1      2.60                      5.26  -2.66     4.77
  SINCE JAN 1     57.63                     53.20   4.43    59.38

SNOWFALL (IN)
  YESTERDAY        0.0           1.6  1935   0.0    0.0      0.0
                                      1983
                                      1967
  MONTH TO DATE    0.0                       0.1   -0.1       T
  SINCE DEC 1      0.0                       0.1   -0.1       T
  SINCE JUL 1      0.2                       0.1    0.1       T
  SNOW DEPTH       0

DEGREE DAYS
 HEATING
  YESTERDAY       22                        24     -2       23
  MONTH TO DATE  488                       595   -107      603
  SINCE DEC 1    488                       595   -107      603
  SINCE JUL 1   1097                      1094      3     1188

 COOLING
  YESTERDAY        0                         0      0        0
  MONTH TO DATE    0                         0      0        3
  SINCE DEC 1      0                         0      0        3
  SINCE JAN 1   2161                      2256    -95     2245
..................................................................


WIND (MPH)
  HIGHEST WIND SPEED    18   HIGHEST WIND DIRECTION     N (350)
  HIGHEST GUST SPEED    23   HIGHEST GUST DIRECTION     N (360)
  AVERAGE WIND SPEED     8.5


SKY COVER
  POSSIBLE SUNSHINE  MM
  AVERAGE SKY COVER 1.0


WEATHER CONDITIONS
 THE FOLLOWING WEATHER WAS RECORDED YESTERDAY.
  LIGHT RAIN
  FOG


RELATIVE HUMIDITY (PERCENT)
 HIGHEST    92           900 PM
 LOWEST     79          1200 PM
 AVERAGE    86

..........................................................


THE MEMPHIS CLIMATE NORMALS FOR TODAY
                         NORMAL    RECORD    YEAR
 MAXIMUM TEMPERATURE (F)   50        72      1889
 MINIMUM TEMPERATURE (F)   33         3      1880


SUNRISE AND SUNSET
DECEMBER 29 2014......SUNRISE   707 AM CST   SUNSET   457 PM CST
DECEMBER 30 2014......SUNRISE   708 AM CST   SUNSET   458 PM CST


-  INDICATES NEGATIVE NUMBERS.
R  INDICATES RECORD WAS SET OR TIED.
MM INDICATES DATA IS MISSING.
T  INDICATES TRACE AMOUNT.




$$
