000
CDUS44 KMEG 270633
CLIMEM


CLIMATE REPORT
NATIONAL WEATHER SERVICE MEMPHIS TN
133 AM CDT THU AUG 27 2015


...................................

...THE MEMPHIS CLIMATE SUMMARY FOR AUGUST 26 2015...

CLIMATE NORMAL PERIOD 1981 TO 2010
CLIMATE RECORD PERIOD 1872 TO 2015


WEATHER ITEM   OBSERVED TIME   RECORD YEAR NORMAL DEPARTURE LAST
                VALUE   (LST)  VALUE       VALUE  FROM      YEAR
                                                  NORMAL
..................................................................
TEMPERATURE (F)
 YESTERDAY
  MAXIMUM         85    235 PM 103    1943  91     -6       93
  MINIMUM         61    440 AM  55    1958  72    -11       77
  AVERAGE         73                        81     -8       85

PRECIPITATION (IN)
  YESTERDAY        0.00          4.32 1947   0.07  -0.07      T
  MONTH TO DATE    4.11                      2.50   1.61     0.93
  SINCE JUN 1     13.75                     10.72   3.03    16.89
  SINCE JAN 1     33.97                     35.00  -1.03    42.85

SNOWFALL (IN)
  YESTERDAY        0.0          MM      MM   0.0    0.0      0.0
  MONTH TO DATE    0.0                       0.0    0.0      0.0
  SINCE JUN 1      0.0                       0.0    0.0      0.0
  SINCE JUL 1      0.0                       0.0    0.0      0.0
  SNOW DEPTH       0

DEGREE DAYS
 HEATING
  YESTERDAY        0                         0      0        0
  MONTH TO DATE    0                         0      0        0
  SINCE JUN 1      0                         0      0        0
  SINCE JUL 1      0                         0      0        0

 COOLING
  YESTERDAY        8                        16     -8       20
  MONTH TO DATE  422                       451    -29      463
  SINCE JUN 1   1512                      1438     74     1307
  SINCE JAN 1   1866                      1759    107     1618
..................................................................


WIND (MPH)
  HIGHEST WIND SPEED    16   HIGHEST WIND DIRECTION     N (10)
  HIGHEST GUST SPEED    22   HIGHEST GUST DIRECTION     N (360)
  AVERAGE WIND SPEED     5.7


SKY COVER
  POSSIBLE SUNSHINE  MM
  AVERAGE SKY COVER 0.1


WEATHER CONDITIONS
 THE FOLLOWING WEATHER WAS RECORDED YESTERDAY.
  NO SIGNIFICANT WEATHER WAS OBSERVED.


RELATIVE HUMIDITY (PERCENT)
 HIGHEST    90           400 AM
 LOWEST     34          1200 PM
 AVERAGE    62

..........................................................


THE MEMPHIS CLIMATE NORMALS FOR TODAY
                         NORMAL    RECORD    YEAR
 MAXIMUM TEMPERATURE (F)   91       105      1943
 MINIMUM TEMPERATURE (F)   72        58      1945
                                             1927


SUNRISE AND SUNSET
AUGUST 27 2015........SUNRISE   629 AM CDT   SUNSET   734 PM CDT
AUGUST 28 2015........SUNRISE   629 AM CDT   SUNSET   732 PM CDT


-  INDICATES NEGATIVE NUMBERS.
R  INDICATES RECORD WAS SET OR TIED.
MM INDICATES DATA IS MISSING.
T  INDICATES TRACE AMOUNT.




$$
