000
CDUS44 KMEG 020638
CLIMEM


CLIMATE REPORT
NATIONAL WEATHER SERVICE MEMPHIS TN
137 AM CDT THU JUL 2 2015


...................................

...THE MEMPHIS CLIMATE SUMMARY FOR JULY 1 2015...

CLIMATE NORMAL PERIOD 1981 TO 2010
CLIMATE RECORD PERIOD 1872 TO 2015


WEATHER ITEM   OBSERVED TIME   RECORD YEAR NORMAL DEPARTURE LAST
                VALUE   (LST)  VALUE       VALUE  FROM      YEAR
                                                  NORMAL
..................................................................
TEMPERATURE (F)
 YESTERDAY
  MAXIMUM         87    512 PM 103    1954  91     -4       91
  MINIMUM         75    533 AM  59    1943  73      2       73
  AVERAGE         81                        82     -1       82

PRECIPITATION (IN)
  YESTERDAY        T             2.24 1989   0.13  -0.13     0.01
  MONTH TO DATE    T                         0.13  -0.13     0.01
  SINCE JUN 1      4.47                      3.76   0.71    13.41
  SINCE JAN 1     24.69                     28.04  -3.35    39.37

SNOWFALL (IN)
  YESTERDAY        0.0          MM      MM   0.0    0.0      0.0
  MONTH TO DATE    0.0                       0.0    0.0      0.0
  SINCE JUN 1      0.0                       0.0    0.0      0.0
  SINCE JUL 1      0.0                       0.0    0.0      0.0
  SNOW DEPTH       0

DEGREE DAYS
 HEATING
  YESTERDAY        0                         0      0        0
  MONTH TO DATE    0                         0      0        0
  SINCE JUN 1      0                         0      0        0
  SINCE JUL 1      0                         0      0        0

 COOLING
  YESTERDAY       16                        17     -1       17
  MONTH TO DATE   16                        17     -1       17
  SINCE JUN 1    493                       455     38      454
  SINCE JAN 1    847                       776     71      765
..................................................................


WIND (MPH)
  HIGHEST WIND SPEED    15   HIGHEST WIND DIRECTION     S (190)
  HIGHEST GUST SPEED    29   HIGHEST GUST DIRECTION    SW (240)
  AVERAGE WIND SPEED     7.4


SKY COVER
  POSSIBLE SUNSHINE  MM
  AVERAGE SKY COVER 0.7


WEATHER CONDITIONS
 THE FOLLOWING WEATHER WAS RECORDED YESTERDAY.
  LIGHT RAIN


RELATIVE HUMIDITY (PERCENT)
 HIGHEST    88           100 AM
 LOWEST     65          1200 PM
 AVERAGE    77

..........................................................


THE MEMPHIS CLIMATE NORMALS FOR TODAY
                         NORMAL    RECORD    YEAR
 MAXIMUM TEMPERATURE (F)   91       102      1954
 MINIMUM TEMPERATURE (F)   73        59      1924


SUNRISE AND SUNSET
JULY  2 2015..........SUNRISE   550 AM CDT   SUNSET   818 PM CDT
JULY  3 2015..........SUNRISE   550 AM CDT   SUNSET   818 PM CDT


-  INDICATES NEGATIVE NUMBERS.
R  INDICATES RECORD WAS SET OR TIED.
MM INDICATES DATA IS MISSING.
T  INDICATES TRACE AMOUNT.




$$
