000
CDUS44 KMEG 020732
CLIMEM


CLIMATE REPORT
NATIONAL WEATHER SERVICE MEMPHIS TN
132 AM CST MON MAR 2 2015


...................................

...THE MEMPHIS CLIMATE SUMMARY FOR MARCH 1 2015...

CLIMATE NORMAL PERIOD 1981 TO 2010
CLIMATE RECORD PERIOD 1872 TO 2015


WEATHER ITEM   OBSERVED TIME   RECORD YEAR NORMAL DEPARTURE LAST
                VALUE   (LST)  VALUE       VALUE  FROM      YEAR
                                                  NORMAL
..................................................................
TEMPERATURE (F)
 YESTERDAY
  MAXIMUM         48    304 PM  79    1997  59    -11       71
  MINIMUM         36    902 AM  17    1890  40     -4       47
  AVERAGE         42                        50     -8       59

PRECIPITATION (IN)
  YESTERDAY        0.46          2.87 1997   0.15   0.31     0.00
  MONTH TO DATE    0.46                      0.15   0.31     0.00
  SINCE MAR 1      0.46                      0.15   0.31     0.00
  SINCE JAN 1      6.11                      8.52  -2.41     8.12

SNOWFALL (IN)
  YESTERDAY        0.0           0.8  1980   0.0    0.0      0.0
  MONTH TO DATE    0.0                       0.0    0.0      0.0
  SINCE MAR 1      0.0                       0.0    0.0      0.0
  SINCE JUL 1      2.5                       3.4   -0.9      0.3
  SNOW DEPTH       0

DEGREE DAYS
 HEATING
  YESTERDAY       23                        16      7        6
  MONTH TO DATE   23                        16      7        6
  SINCE MAR 1     23                        16      7        6
  SINCE JUL 1   2746                      2466    280     2832

 COOLING
  YESTERDAY        0                         0      0        0
  MONTH TO DATE    0                         0      0        0
  SINCE MAR 1      0                         0      0        0
  SINCE JAN 1      0                         3     -3        0
..................................................................


WIND (MPH)
  HIGHEST WIND SPEED    14   HIGHEST WIND DIRECTION    NE (30)
  HIGHEST GUST SPEED    17   HIGHEST GUST DIRECTION    NE (30)
  AVERAGE WIND SPEED     5.2


SKY COVER
  POSSIBLE SUNSHINE  MM
  AVERAGE SKY COVER 1.0


WEATHER CONDITIONS
 THE FOLLOWING WEATHER WAS RECORDED YESTERDAY.
  RAIN
  LIGHT RAIN
  FOG


RELATIVE HUMIDITY (PERCENT)
 HIGHEST    92           900 AM
 LOWEST     50          1200 AM
 AVERAGE    71

..........................................................


THE MEMPHIS CLIMATE NORMALS FOR TODAY
                         NORMAL    RECORD    YEAR
 MAXIMUM TEMPERATURE (F)   59        83      2012
 MINIMUM TEMPERATURE (F)   40        17      1980
                                             1943


SUNRISE AND SUNSET
MARCH  2 2015.........SUNRISE   628 AM CST   SUNSET   556 PM CST
MARCH  3 2015.........SUNRISE   627 AM CST   SUNSET   557 PM CST


-  INDICATES NEGATIVE NUMBERS.
R  INDICATES RECORD WAS SET OR TIED.
MM INDICATES DATA IS MISSING.
T  INDICATES TRACE AMOUNT.




$$
