000
CDUS44 KMEG 232217
CLIMEM


CLIMATE REPORT
NATIONAL WEATHER SERVICE MEMPHIS TN
516 PM CDT SUN JUL 23 2017


...................................

...THE MEMPHIS CLIMATE SUMMARY FOR JULY 23 2017...
VALID TODAY AS OF 0500 PM LOCAL TIME.

CLIMATE NORMAL PERIOD 1981 TO 2010
CLIMATE RECORD PERIOD 1872 TO 2017


WEATHER ITEM   OBSERVED TIME   RECORD YEAR NORMAL DEPARTURE LAST
                VALUE   (LST)  VALUE       VALUE  FROM      YEAR
                                                  NORMAL
..................................................................
TEMPERATURE (F)
 TODAY
  MAXIMUM         97    246 PM 104    1934  92      5       88
                                      1901
  MINIMUM         76    545 AM  52    1947  74      2       77
  AVERAGE         87                        83      4       83

PRECIPITATION (IN)
  TODAY            0.00          3.12 1995   0.16  -0.16     0.14
  MONTH TO DATE    1.46                      3.40  -1.94     4.09
  SINCE JUN 1      6.07                      7.03  -0.96     5.26
  SINCE JAN 1     24.92                     31.31  -6.39    40.35

SNOWFALL (IN)
  TODAY            0.0

DEGREE DAYS
 HEATING
  TODAY            0                         0      0        0
  MONTH TO DATE    0                         0      0        0
  SINCE JUN 1      0                         0      0        0
  SINCE JUL 1      0                         0      0        0

 COOLING
  TODAY           22                        18      4       18
  MONTH TO DATE  430                       410     20      473
  SINCE JUN 1    840                       848     -8     1025
  SINCE JAN 1   1220                      1169     51     1330
..................................................................


WIND (MPH)
  HIGHEST WIND SPEED    15   HIGHEST WIND DIRECTION     S (190)
  HIGHEST GUST SPEED    20   HIGHEST GUST DIRECTION     W (260)
  AVERAGE WIND SPEED     7.3


SKY COVER
  POSSIBLE SUNSHINE  MM
  AVERAGE SKY COVER 0.3


WEATHER CONDITIONS
 THE FOLLOWING WEATHER WAS RECORDED TODAY.
  NO SIGNIFICANT WEATHER WAS OBSERVED.


RELATIVE HUMIDITY (PERCENT)
 HIGHEST    94           500 AM
 LOWEST     56           100 PM
 AVERAGE    75

..........................................................


THE MEMPHIS CLIMATE NORMALS FOR TOMORROW
                         NORMAL    RECORD    YEAR
 MAXIMUM TEMPERATURE (F)   92       102      1934
 MINIMUM TEMPERATURE (F)   74        58      1947


SUNRISE AND SUNSET
JULY 23 2017..........SUNRISE   603 AM CDT   SUNSET   810 PM CDT
JULY 24 2017..........SUNRISE   604 AM CDT   SUNSET   809 PM CDT


-  INDICATES NEGATIVE NUMBERS.
R  INDICATES RECORD WAS SET OR TIED.
MM INDICATES DATA IS MISSING.
T  INDICATES TRACE AMOUNT.




$$
