000
CDUS41 KCLE 010545
CLIMFD


CLIMATE REPORT
NATIONAL WEATHER SERVICE CLEVELAND OH
145 AM EDT WED JUN 1 2016


...................................

...THE MANSFIELD OH CLIMATE SUMMARY FOR MAY 31 2016...

CLIMATE NORMAL PERIOD 1981 TO 2010
CLIMATE RECORD PERIOD 1916 TO 2016


WEATHER ITEM   OBSERVED TIME   RECORD YEAR NORMAL DEPARTURE LAST
                VALUE   (LST)  VALUE       VALUE  FROM      YEAR
                                                  NORMAL
..................................................................
TEMPERATURE (F)
 YESTERDAY
  MAXIMUM         84    100 PM  95    1919  74     10       72
  MINIMUM         59    516 AM  37    1947  53      6       47
                                      1930
  AVERAGE         72                        63      9       60

PRECIPITATION (IN)
  YESTERDAY        0.00                      0.17  -0.17     0.71
  MONTH TO DATE    3.83                      4.54  -0.71     4.39
  SINCE MAR 1     11.50                     12.07  -0.57    12.63
  SINCE JAN 1     16.40                     17.33  -0.93    17.79

SNOWFALL (IN)
  YESTERDAY        0.0                       0.0    0.0      0.0
  MONTH TO DATE    0.0                       T      0.0      0.0
  SINCE MAR 1      7.2                      10.4   -3.2     10.7
  SINCE JUL 1     27.6                      48.3  -20.7     63.2
  SNOW DEPTH       0

DEGREE DAYS
 HEATING
  YESTERDAY        0                         4     -4        5
  MONTH TO DATE  239                       232      7      120
  SINCE MAR 1   1390                      1592   -202     1497
  SINCE JUL 1   5162                      6217  -1055     6569

 COOLING
  YESTERDAY        7                         2      5        0
  MONTH TO DATE   62                        38     24      118
  SINCE MAR 1     62                        46     16      118
  SINCE JAN 1     62                        46     16      118
..................................................................


WIND (MPH)
  HIGHEST WIND SPEED    15   HIGHEST WIND DIRECTION    NE (30)
  HIGHEST GUST SPEED    21   HIGHEST GUST DIRECTION     N (10)
  AVERAGE WIND SPEED     5.8


SKY COVER
  POSSIBLE SUNSHINE  MM
  AVERAGE SKY COVER 0.0


WEATHER CONDITIONS
 THE FOLLOWING WEATHER WAS RECORDED YESTERDAY.
  FOG
  HAZE


RELATIVE HUMIDITY (PERCENT)
 HIGHEST    93           400 AM
 LOWEST     40           100 PM
 AVERAGE    67

..........................................................


THE MANSFIELD OH CLIMATE NORMALS FOR TODAY
                         NORMAL    RECORD    YEAR
 MAXIMUM TEMPERATURE (F)   74        96      1934
 MINIMUM TEMPERATURE (F)   53        35      1948


SUNRISE AND SUNSET
JUNE  1 2016..........SUNRISE   601 AM EDT   SUNSET   856 PM EDT
JUNE  2 2016..........SUNRISE   600 AM EDT   SUNSET   856 PM EDT


-  INDICATES NEGATIVE NUMBERS.
R  INDICATES RECORD WAS SET OR TIED.
MM INDICATES DATA IS MISSING.
T  INDICATES TRACE AMOUNT.




$$
