000
CDUS44 KBRO 190628
CLIMFE


CLIMATE REPORT
NATIONAL WEATHER SERVICE BROWNSVILLE TX
126 AM CDT FRI SEP 19 2014


...................................

...THE MCALLEN CLIMATE SUMMARY FOR SEPTEMBER 18 2014...

CLIMATE NORMAL PERIOD 1981 TO 2010
CLIMATE RECORD PERIOD 1941 TO 2014


WEATHER ITEM   OBSERVED TIME   RECORD YEAR NORMAL DEPARTURE LAST
                VALUE   (LST)  VALUE       VALUE  FROM      YEAR
                                                  NORMAL
..................................................................
TEMPERATURE (F)
 YESTERDAY
  MAXIMUM         91    318 PM 100    2011  93     -2       88
                                      1968
                                      1987
  MINIMUM         76    611 AM  61    1945  73      3       76
                                      1951
                                      1961
  AVERAGE         84                        83      1

PRECIPITATION (IN)
  YESTERDAY        0.00          2.92 2006   0.14  -0.14     0.20
  MONTH TO DATE    6.30                      2.92   3.38     6.19
  SINCE SEP 1      6.30                      2.92   3.38     6.19
  SINCE JAN 1     13.16                     16.49  -3.33    12.13

DEGREE DAYS
 HEATING
  YESTERDAY        0                         0      0        0
  MONTH TO DATE    0                         0      0        0
  SINCE SEP 1      0                         0      0        0
  SINCE JUL 1      0                         0      0        0

 COOLING
  YESTERDAY       19                        18      1       17
  MONTH TO DATE  330                       351    -21      336
  SINCE SEP 1    330                       351    -21      336
  SINCE JAN 1   3525                      3602    -77     3723
..................................................................


WIND (MPH)
  HIGHEST WIND SPEED    20   HIGHEST WIND DIRECTION    SE (140)
  HIGHEST GUST SPEED    24   HIGHEST GUST DIRECTION    SE (140)
  AVERAGE WIND SPEED     9.7



WEATHER CONDITIONS
 THE FOLLOWING WEATHER WAS RECORDED YESTERDAY.
  FOG


RELATIVE HUMIDITY (PERCENT)
 HIGHEST    97
 LOWEST     64
 AVERAGE    81

..........................................................


THE MCALLEN CLIMATE NORMALS FOR TODAY
                         NORMAL    RECORD    YEAR
 MAXIMUM TEMPERATURE (F)   92       100      1959
                                             1987
 MINIMUM TEMPERATURE (F)   73        54      1981


SUNRISE AND SUNSET
SEPTEMBER 19 2014.....SUNRISE   720 AM CDT   SUNSET   733 PM CDT
SEPTEMBER 20 2014.....SUNRISE   721 AM CDT   SUNSET   732 PM CDT


-  INDICATES NEGATIVE NUMBERS.
R  INDICATES RECORD WAS SET OR TIED.
MM INDICATES DATA IS MISSING.
T  INDICATES TRACE AMOUNT.

$$
