000
CDUS44 KBRO 030625
CLIMFE


CLIMATE REPORT
NATIONAL WEATHER SERVICE BROWNSVILLE TX
125 AM CDT WED JUN 3 2015


...................................

...THE MCALLEN CLIMATE SUMMARY FOR JUNE 2 2015...

CLIMATE NORMAL PERIOD 1981 TO 2010
CLIMATE RECORD PERIOD 1941 TO 2015


WEATHER ITEM   OBSERVED TIME   RECORD YEAR NORMAL DEPARTURE LAST
                VALUE   (LST)  VALUE       VALUE  FROM      YEAR
                                                  NORMAL
..................................................................
TEMPERATURE (F)
 YESTERDAY
  MAXIMUM         93    326 PM 100    2013  95     -2       96
                                      1998
                                      2001
  MINIMUM         72    429 AM  62    1975  75     -3       72
  AVERAGE         83                        85     -2

PRECIPITATION (IN)
  YESTERDAY        0.00          2.40 1967   0.08  -0.08     0.00
  MONTH TO DATE    0.00                      0.16  -0.16     0.00
  SINCE JUN 1      0.00                      0.16  -0.16     0.00
  SINCE JAN 1     11.47                      6.94   4.53     2.88

SNOWFALL (IN)
  YESTERDAY        0.0
  MONTH TO DATE    0.0
  SINCE JUN 1      0.0
  SINCE JUL 1      0.0

DEGREE DAYS
 HEATING
  YESTERDAY        0                         0      0        0
  MONTH TO DATE    0                         0      0        0
  SINCE JUN 1      0                         0      0        0
  SINCE JUL 1    756                       579    177      883

 COOLING
  YESTERDAY       18                        20     -2       19
  MONTH TO DATE   35                        40     -5       39
  SINCE JUN 1     35                        40     -5       39
  SINCE JAN 1   1280                      1295    -15     1095
..................................................................


WIND (MPH)
  HIGHEST WIND SPEED    18   HIGHEST WIND DIRECTION     E (110)
  HIGHEST GUST SPEED    22   HIGHEST GUST DIRECTION     E (110)
  AVERAGE WIND SPEED     7.1



WEATHER CONDITIONS
 THE FOLLOWING WEATHER WAS RECORDED YESTERDAY.
  FOG
  HAZE


RELATIVE HUMIDITY (PERCENT)
 HIGHEST    87
 LOWEST     44
 AVERAGE    66

..........................................................


THE MCALLEN CLIMATE NORMALS FOR TODAY
                         NORMAL    RECORD    YEAR
 MAXIMUM TEMPERATURE (F)   95        99      1998
                                             2001
                                             2003
 MINIMUM TEMPERATURE (F)   75        60      1970


SUNRISE AND SUNSET
JUNE  3 2015..........SUNRISE   640 AM CDT   SUNSET   822 PM CDT
JUNE  4 2015..........SUNRISE   640 AM CDT   SUNSET   822 PM CDT


-  INDICATES NEGATIVE NUMBERS.
R  INDICATES RECORD WAS SET OR TIED.
MM INDICATES DATA IS MISSING.
T  INDICATES TRACE AMOUNT.




$$
