000
CDUS44 KBRO 170727
CLIMFE


CLIMATE REPORT
NATIONAL WEATHER SERVICE BROWNSVILLE TX
126 AM CST TUE JAN 17 2017


...................................

...THE MCALLEN CLIMATE SUMMARY FOR JANUARY 16 2017...

CLIMATE NORMAL PERIOD 1981 TO 2010
CLIMATE RECORD PERIOD 1961 TO 2017


WEATHER ITEM   OBSERVED TIME   RECORD YEAR NORMAL DEPARTURE LAST
                VALUE   (LST)  VALUE       VALUE  FROM      YEAR
                                                  NORMAL
..................................................................
TEMPERATURE (F)
 YESTERDAY
  MAXIMUM         82        MM  88    2006  71     11       81
  MINIMUM         69        MM  32    1961  51     18       52
  AVERAGE         76                        61     15

PRECIPITATION (IN)
  YESTERDAY        0.00          0.93 1988   0.03  -0.03     0.00
  MONTH TO DATE    0.16                      0.53  -0.37     0.40
  SINCE DEC 1      0.79                      1.72  -0.93     0.44
  SINCE JAN 1      0.16                      0.53  -0.37     0.40

SNOWFALL (IN)
  YESTERDAY        0.0
  MONTH TO DATE    0.0
  SINCE DEC 1      0.0
  SINCE JUL 1      0.0

DEGREE DAYS
 HEATING
  YESTERDAY        0                         6     -6        0
  MONTH TO DATE   60                       107    -47      108
  SINCE DEC 1    146                       284   -138      177
  SINCE JUL 1    153                       344   -191      211

 COOLING
  YESTERDAY       11                         2      9        2
  MONTH TO DATE  114                        32     82       12
  SINCE DEC 1    297                       115    182      156
  SINCE JAN 1    114                        32     82       12
..................................................................


WIND (MPH)
  HIGHEST WIND SPEED    20   HIGHEST WIND DIRECTION    SE (150)
  HIGHEST GUST SPEED    27   HIGHEST GUST DIRECTION    SE (150)
  AVERAGE WIND SPEED     8.1



WEATHER CONDITIONS
 THE FOLLOWING WEATHER WAS RECORDED YESTERDAY.
  NO SIGNIFICANT WEATHER WAS OBSERVED.


RELATIVE HUMIDITY (PERCENT)
 HIGHEST    90
 LOWEST     54
 AVERAGE    72

..........................................................


THE MCALLEN CLIMATE NORMALS FOR TODAY
                         NORMAL    RECORD    YEAR
 MAXIMUM TEMPERATURE (F)   71        89      2012
                                             1999
 MINIMUM TEMPERATURE (F)   51        29      1964


SUNRISE AND SUNSET
JANUARY 17 2017.......SUNRISE   722 AM CST   SUNSET   605 PM CST
JANUARY 18 2017.......SUNRISE   722 AM CST   SUNSET   606 PM CST


-  INDICATES NEGATIVE NUMBERS.
R  INDICATES RECORD WAS SET OR TIED.
MM INDICATES DATA IS MISSING.
T  INDICATES TRACE AMOUNT.




$$
