000
CDUS44 KBRO 200728
CLIMFE


CLIMATE REPORT
NATIONAL WEATHER SERVICE BROWNSVILLE TX
127 AM CST MON NOV 20 2017


...................................

...THE MCALLEN CLIMATE SUMMARY FOR NOVEMBER 19 2017...

CLIMATE NORMAL PERIOD 1981 TO 2010
CLIMATE RECORD PERIOD 1961 TO 2017


WEATHER ITEM   OBSERVED TIME   RECORD YEAR NORMAL DEPARTURE LAST
                VALUE   (LST)  VALUE       VALUE  FROM      YEAR
                                                  NORMAL
..................................................................
TEMPERATURE (F)
 YESTERDAY
  MAXIMUM         72   1240 AM  94    1988  79     -7       72
  MINIMUM         57    732 AM  38    1980  58     -1       53
  AVERAGE         65                        68     -3

PRECIPITATION (IN)
  YESTERDAY        0.00          0.55 1976   0.02  -0.02     0.00
  MONTH TO DATE    2.99                      0.60   2.39     1.90
  SINCE SEP 1     11.57                      7.15   4.42     3.74
  SINCE JAN 1     18.36                     20.72  -2.36    13.04

SNOWFALL (IN)
  YESTERDAY        0.0
  MONTH TO DATE    0.0
  SINCE SEP 1      0.0
  SINCE JUL 1      0.0

DEGREE DAYS
 HEATING
  YESTERDAY        0                         2     -2        2
  MONTH TO DATE    9                        24    -15        2
  SINCE SEP 1     19                        29    -10        2
  SINCE JUL 1     19                        29    -10        2

 COOLING
  YESTERDAY        0                         5     -5        0
  MONTH TO DATE  230                       138     92      217
  SINCE SEP 1   1289                      1069    220     1499
  SINCE JAN 1   5555                      4320   1235     5401
..................................................................


WIND (MPH)
  HIGHEST WIND SPEED    25   HIGHEST WIND DIRECTION     N (10)
  HIGHEST GUST SPEED    34   HIGHEST GUST DIRECTION     N (360)
  AVERAGE WIND SPEED    12.3



WEATHER CONDITIONS
 THE FOLLOWING WEATHER WAS RECORDED YESTERDAY.
  NO SIGNIFICANT WEATHER WAS OBSERVED.


RELATIVE HUMIDITY (PERCENT)
 HIGHEST    57
 LOWEST     31
 AVERAGE    44

..........................................................


THE MCALLEN CLIMATE NORMALS FOR TODAY
                         NORMAL    RECORD    YEAR
 MAXIMUM TEMPERATURE (F)   79        92      1994
 MINIMUM TEMPERATURE (F)   58        34      1969


SUNRISE AND SUNSET
NOVEMBER 20 2017......SUNRISE   655 AM CST   SUNSET   542 PM CST
NOVEMBER 21 2017......SUNRISE   656 AM CST   SUNSET   541 PM CST


-  INDICATES NEGATIVE NUMBERS.
R  INDICATES RECORD WAS SET OR TIED.
MM INDICATES DATA IS MISSING.
T  INDICATES TRACE AMOUNT.




$$
