000
CDUS44 KBRO 300626
CLIMFE


CLIMATE REPORT
NATIONAL WEATHER SERVICE BROWNSVILLE TX
125 AM CDT THU MAR 30 2017


...................................

...THE MCALLEN CLIMATE SUMMARY FOR MARCH 29 2017...

CLIMATE NORMAL PERIOD 1981 TO 2010
CLIMATE RECORD PERIOD 1961 TO 2017


WEATHER ITEM   OBSERVED TIME   RECORD YEAR NORMAL DEPARTURE LAST
                VALUE   (LST)  VALUE       VALUE  FROM      YEAR
                                                  NORMAL
..................................................................
TEMPERATURE (F)
 YESTERDAY
  MAXIMUM         94    328 PM  99    2000  85      9       86
  MINIMUM         68   1159 PM  46    1987  62      6       70
  AVERAGE         81                        74      7

PRECIPITATION (IN)
  YESTERDAY        0.00          4.37 2012   0.04  -0.04      T
  MONTH TO DATE    2.52                      0.98   1.54     0.03
  SINCE MAR 1      2.52                      0.98   1.54     0.03
  SINCE JAN 1      4.15                      3.14   1.01     0.43

SNOWFALL (IN)
  YESTERDAY        0.0
  MONTH TO DATE    0.0
  SINCE MAR 1      0.0
  SINCE JUL 1      0.0

DEGREE DAYS
 HEATING
  YESTERDAY        0                         1     -1        0
  MONTH TO DATE    1                        40    -39        6
  SINCE MAR 1      1                        40    -39        6
  SINCE JUL 1    189                       573   -384      317

 COOLING
  YESTERDAY       16                         9      7       13
  MONTH TO DATE  337                       199    138      321
  SINCE MAR 1    337                       199    138      321
  SINCE JAN 1    818                       358    460      526
..................................................................


WIND (MPH)
  HIGHEST WIND SPEED    25   HIGHEST WIND DIRECTION    SE (140)
  HIGHEST GUST SPEED    32   HIGHEST GUST DIRECTION    SE (140)
  AVERAGE WIND SPEED    11.0



WEATHER CONDITIONS
 THE FOLLOWING WEATHER WAS RECORDED YESTERDAY.
  HAZE


RELATIVE HUMIDITY (PERCENT)
 HIGHEST    82
 LOWEST     17
 AVERAGE    50

..........................................................


THE MCALLEN CLIMATE NORMALS FOR TODAY
                         NORMAL    RECORD    YEAR
 MAXIMUM TEMPERATURE (F)   85       104      1989
 MINIMUM TEMPERATURE (F)   63        38      2003


SUNRISE AND SUNSET
MARCH 30 2017.........SUNRISE   726 AM CDT   SUNSET   749 PM CDT
MARCH 31 2017.........SUNRISE   725 AM CDT   SUNSET   750 PM CDT


-  INDICATES NEGATIVE NUMBERS.
R  INDICATES RECORD WAS SET OR TIED.
MM INDICATES DATA IS MISSING.
T  INDICATES TRACE AMOUNT.




$$
