000
CDUS44 KBRO 220627
CLIMFE


CLIMATE REPORT
NATIONAL WEATHER SERVICE BROWNSVILLE TX
127 AM CDT SAT JUL 22 2017


...................................

...THE MCALLEN CLIMATE SUMMARY FOR JULY 21 2017...

CLIMATE NORMAL PERIOD 1981 TO 2010
CLIMATE RECORD PERIOD 1961 TO 2017


WEATHER ITEM   OBSERVED TIME   RECORD YEAR NORMAL DEPARTURE LAST
                VALUE   (LST)  VALUE       VALUE  FROM      YEAR
                                                  NORMAL
..................................................................
TEMPERATURE (F)
 YESTERDAY
  MAXIMUM        103    255 PM 105    1980  97      6       98
  MINIMUM         79    626 AM  72    1989  76      3       78
                                      1974
                                      1963
  AVERAGE         91                        87      4

PRECIPITATION (IN)
  YESTERDAY        0.00          0.25 2016   0.05  -0.05     0.25
  MONTH TO DATE    0.16                      1.50  -1.34     0.25
  SINCE JUN 1      0.34                      4.08  -3.74     0.49
  SINCE JAN 1      6.21                     10.86  -4.65     8.46

SNOWFALL (IN)
  YESTERDAY        0.0
  MONTH TO DATE    0.0
  SINCE JUN 1      0.0
  SINCE JUL 1      0.0

DEGREE DAYS
 HEATING
  YESTERDAY        0                         0      0        0
  MONTH TO DATE    0                         0      0        0
  SINCE JUN 1      0                         0      0        0
  SINCE JUL 1      0                         0      0        0

 COOLING
  YESTERDAY       26                        22      4       23
  MONTH TO DATE  517                       452     65      555
  SINCE JUN 1   1264                      1080    184     1212
  SINCE JAN 1   3203                      2335    868     2830
..................................................................


WIND (MPH)
  HIGHEST WIND SPEED    23   HIGHEST WIND DIRECTION    SE (120)
  HIGHEST GUST SPEED    31   HIGHEST GUST DIRECTION    SE (130)
  AVERAGE WIND SPEED    14.2



WEATHER CONDITIONS
 THE FOLLOWING WEATHER WAS RECORDED YESTERDAY.
  NO SIGNIFICANT WEATHER WAS OBSERVED.


RELATIVE HUMIDITY (PERCENT)
 HIGHEST    91
 LOWEST     31
 AVERAGE    61

..........................................................


THE MCALLEN CLIMATE NORMALS FOR TODAY
                         NORMAL    RECORD    YEAR
 MAXIMUM TEMPERATURE (F)   97       105      2009
                                             1980
 MINIMUM TEMPERATURE (F)   76        70      1974


SUNRISE AND SUNSET
JULY 22 2017..........SUNRISE   654 AM CDT   SUNSET   825 PM CDT
JULY 23 2017..........SUNRISE   654 AM CDT   SUNSET   824 PM CDT


-  INDICATES NEGATIVE NUMBERS.
R  INDICATES RECORD WAS SET OR TIED.
MM INDICATES DATA IS MISSING.
T  INDICATES TRACE AMOUNT.




$$
