841
CDUS44 KBRO 241313
CLIMFE


CLIMATE REPORT
NATIONAL WEATHER SERVICE BROWNSVILLE TX
813 AM CDT SUN JUL 24 2016


...................................

...THE MCALLEN CLIMATE SUMMARY FOR JULY 23 2016...

CLIMATE NORMAL PERIOD 1981 TO 2010
CLIMATE RECORD PERIOD 1961 TO 2016


WEATHER ITEM   OBSERVED TIME   RECORD YEAR NORMAL DEPARTURE LAST
                VALUE   (LST)  VALUE       VALUE  FROM      YEAR
                                                  NORMAL
..................................................................
TEMPERATURE (F)
 YESTERDAY
  MAXIMUM        104    247 PM 106    2009  98      6      100
  MINIMUM         78    503 AM  70    1989  76      2       82
  AVERAGE         91                        87      4

PRECIPITATION (IN)
  YESTERDAY        0.00          7.78 2008   0.06  -0.06     0.00
  MONTH TO DATE    0.25                      1.61  -1.36     0.25
  SINCE JUN 1      0.49                      4.19  -3.70     5.64
  SINCE JAN 1      8.46                     10.97  -2.51    17.11

SNOWFALL (IN)
  YESTERDAY        0.0
  MONTH TO DATE    0.0
  SINCE JUN 1      0.0
  SINCE JUL 1      0.0

DEGREE DAYS
 HEATING
  YESTERDAY        0                         0      0        0
  MONTH TO DATE    0                         0      0        0
  SINCE JUN 1      0                         0      0        0
  SINCE JUL 1      0                         0      0        0

 COOLING
  YESTERDAY       26                        22      4       26
  MONTH TO DATE  606                       496    110      541
  SINCE JUN 1   1263                      1124    139     1182
  SINCE JAN 1   2881                      2379    502     2427
..................................................................


WIND (MPH)
  HIGHEST WIND SPEED    24   HIGHEST WIND DIRECTION    SE (130)
  HIGHEST GUST SPEED    28   HIGHEST GUST DIRECTION    SE (140)
  AVERAGE WIND SPEED    10.1



WEATHER CONDITIONS
 THE FOLLOWING WEATHER WAS RECORDED YESTERDAY.
  NO SIGNIFICANT WEATHER WAS OBSERVED.


RELATIVE HUMIDITY (PERCENT)
 HIGHEST    91
 LOWEST     33
 AVERAGE    62

..........................................................


THE MCALLEN CLIMATE NORMALS FOR TODAY
                         NORMAL    RECORD    YEAR
 MAXIMUM TEMPERATURE (F)   98       105      2009
 MINIMUM TEMPERATURE (F)   77        70      1976


SUNRISE AND SUNSET
JULY 24 2016..........SUNRISE   655 AM CDT   SUNSET   824 PM CDT
JULY 25 2016..........SUNRISE   655 AM CDT   SUNSET   823 PM CDT


-  INDICATES NEGATIVE NUMBERS.
R  INDICATES RECORD WAS SET OR TIED.
MM INDICATES DATA IS MISSING.
T  INDICATES TRACE AMOUNT.




$$
