000
CDUS44 KBRO 230733
CLIMFE


CLIMATE REPORT
NATIONAL WEATHER SERVICE BROWNSVILLE TX
133 AM CST TUE JAN 23 2018


...................................

...THE MCALLEN CLIMATE SUMMARY FOR JANUARY 22 2018...

CLIMATE NORMAL PERIOD 1981 TO 2010
CLIMATE RECORD PERIOD 1961 TO 2018


WEATHER ITEM   OBSERVED TIME   RECORD YEAR NORMAL DEPARTURE LAST
                VALUE   (LST)  VALUE       VALUE  FROM      YEAR
                                                  NORMAL
..................................................................
TEMPERATURE (F)
 YESTERDAY
  MAXIMUM         76    151 PM  91    1982  71      5       85
                                      1972
  MINIMUM         55   1159 PM  34    1985  51      4       57
                                      1978
  AVERAGE         66                        61      5

PRECIPITATION (IN)
  YESTERDAY        T             0.87 1975   0.04  -0.04     0.00
  MONTH TO DATE    0.33                      0.73  -0.40     0.80
  SINCE DEC 1      1.56                      1.92  -0.36     1.43
  SINCE JAN 1      0.33                      0.73  -0.40     0.80

SNOWFALL (IN)
  YESTERDAY        0.0
  MONTH TO DATE    T
  SINCE DEC 1      0.3
  SINCE JUL 1      0.3

DEGREE DAYS
 HEATING
  YESTERDAY        0                         6     -6        0
  MONTH TO DATE  212                       143     69       60
  SINCE DEC 1    424                       320    104      146
  SINCE JUL 1    453                       380     73      153

 COOLING
  YESTERDAY        1                         2     -1        6
  MONTH TO DATE   26                        44    -18      155
  SINCE DEC 1    114                       127    -13      338
  SINCE JAN 1     26                        44    -18      155
..................................................................


WIND (MPH)
  HIGHEST WIND SPEED    21   HIGHEST WIND DIRECTION     N (350)
  HIGHEST GUST SPEED    27   HIGHEST GUST DIRECTION     N (350)
  AVERAGE WIND SPEED     8.5



WEATHER CONDITIONS
 THE FOLLOWING WEATHER WAS RECORDED YESTERDAY.
  LIGHT RAIN
  FOG
  FOG W/VISIBILITY <= 1/4 MILE


RELATIVE HUMIDITY (PERCENT)
 HIGHEST   100
 LOWEST     16
 AVERAGE    58

..........................................................


THE MCALLEN CLIMATE NORMALS FOR TODAY
                         NORMAL    RECORD    YEAR
 MAXIMUM TEMPERATURE (F)   72        92      1972
 MINIMUM TEMPERATURE (F)   51        29      1966


SUNRISE AND SUNSET
JANUARY 23 2018.......SUNRISE   721 AM CST   SUNSET   609 PM CST
JANUARY 24 2018.......SUNRISE   720 AM CST   SUNSET   610 PM CST


-  INDICATES NEGATIVE NUMBERS.
R  INDICATES RECORD WAS SET OR TIED.
MM INDICATES DATA IS MISSING.
T  INDICATES TRACE AMOUNT.




$$
