000
CDUS46 KMFR 200837
CLIMFR


CLIMATE REPORT
NATIONAL WEATHER SERVICE MEDFORD, OR
1237 AM PST SAT DEC 20 2014


...................................

...THE MEDFORD OR CLIMATE SUMMARY FOR DECEMBER 19 2014...

CLIMATE NORMAL PERIOD 1981 TO 2010
CLIMATE RECORD PERIOD 1911 TO 2014


WEATHER ITEM   OBSERVED TIME   RECORD YEAR NORMAL DEPARTURE LAST
                VALUE   (LST)  VALUE       VALUE  FROM      YEAR
                                                  NORMAL
..................................................................
TEMPERATURE (F)
 YESTERDAY
  MAXIMUM         50    130 PM  65    2003  45      5       44
                                      1953
  MINIMUM         44   1153 PM   9    1924  32     12       25
  AVERAGE         47                        39      8       35

PRECIPITATION (IN)
  YESTERDAY        0.17          2.54 1981   0.12   0.05     0.00
  MONTH TO DATE    1.18                      2.21  -1.03     0.34
  SINCE SEP 1      7.76                      6.93   0.83     4.42
  SINCE JAN 1     19.15                     17.07   2.08     8.97

SNOWFALL (IN)
  YESTERDAY        0.0                       0.0    0.0      0.0
  MONTH TO DATE    0.0                       0.7   -0.7      3.4
  SINCE JUL 1      0.0                       0.9   -0.9      3.4
  SNOW DEPTH       0

DEGREE DAYS
 HEATING
  YESTERDAY       18                        26     -8       30
  MONTH TO DATE  337                       482   -145      687
  SINCE DEC 1    337                       482   -145      687
  SINCE JUL 1   1011                      1451   -440     1738

 COOLING
  YESTERDAY        0                         0      0        0
  MONTH TO DATE    0                         0      0        0
  SINCE DEC 1      0                         0      0        0
  SINCE JAN 1   1238                       829    409     1057
..................................................................


WIND (MPH)
  HIGHEST WIND SPEED    12   HIGHEST WIND DIRECTION    SE (140)
  HIGHEST GUST SPEED    12   HIGHEST GUST DIRECTION     S (160)
  AVERAGE WIND SPEED     2.8


SKY COVER
  POSSIBLE SUNSHINE  MM
  AVERAGE SKY COVER 1.0


WEATHER CONDITIONS
 THE FOLLOWING WEATHER WAS RECORDED YESTERDAY.
  LIGHT RAIN
  FOG


RELATIVE HUMIDITY (PERCENT)
 HIGHEST    93           100 AM
 LOWEST     74          1200 AM
 AVERAGE    84

..........................................................


THE MEDFORD OR CLIMATE NORMALS FOR TODAY
                         NORMAL    RECORD    YEAR
 MAXIMUM TEMPERATURE (F)   45        61      2005
 MINIMUM TEMPERATURE (F)   32         8      1990


SUNRISE AND SUNSET
DECEMBER 20 2014......SUNRISE   737 AM PST   SUNSET   441 PM PST
DECEMBER 21 2014......SUNRISE   737 AM PST   SUNSET   442 PM PST


-  INDICATES NEGATIVE NUMBERS.
R  INDICATES RECORD WAS SET OR TIED.
MM INDICATES DATA IS MISSING.
T  INDICATES TRACE AMOUNT.




$$
