904
CDUS46 KMFR 290836
CLIMFR


CLIMATE REPORT
NATIONAL WEATHER SERVICE MEDFORD, OR
136 AM PDT THU JUN 29 2017


...................................

...THE MEDFORD OR CLIMATE SUMMARY FOR JUNE 28 2017...

CLIMATE NORMAL PERIOD 1981 TO 2010
CLIMATE RECORD PERIOD 1911 TO 2017


WEATHER ITEM   OBSERVED TIME   RECORD YEAR NORMAL DEPARTURE LAST
                VALUE   (LST)  VALUE       VALUE  FROM      YEAR
                                                  NORMAL
..................................................................
TEMPERATURE (F)
 YESTERDAY
  MAXIMUM         88    456 PM 103    2008  86      2       94
                                      2003
  MINIMUM         56    453 AM  40    1964  55      1       64
  AVERAGE         72                        70      2       79

PRECIPITATION (IN)
  YESTERDAY        0.00          0.88 1992   0.01  -0.01     0.00
  MONTH TO DATE    0.50                      0.60  -0.10     0.57
  SINCE OCT 1     24.77                     17.08   7.69    19.32
  SINCE JAN 1     13.08                      9.44   3.64     9.56

SNOWFALL (IN)
  YESTERDAY        0.0                       0.0    0.0      0.0
  MONTH TO DATE    0.0                       0.0    0.0      0.0
  SINCE JUL 1     11.8                       4.1    7.7      1.9
  SNOW DEPTH       0

DEGREE DAYS
 HEATING
  YESTERDAY        0                         1     -1        0
  MONTH TO DATE   45                        53     -8       40
  SINCE JUN 1     45                        53     -8       40
  SINCE JUL 1   4063                      4250   -187     3460

 COOLING
  YESTERDAY        7                         6      1       14
  MONTH TO DATE  188                        95     93      180
  SINCE JUN 1    188                        95     93      180
  SINCE JAN 1    275                       133    142      241
..................................................................


WIND (MPH)
  HIGHEST WIND SPEED    17   HIGHEST WIND DIRECTION    NW (320)
  HIGHEST GUST SPEED    21   HIGHEST GUST DIRECTION    NW (320)
  AVERAGE WIND SPEED     4.8


SKY COVER
  POSSIBLE SUNSHINE  MM
  AVERAGE SKY COVER 0.0


WEATHER CONDITIONS
 THE FOLLOWING WEATHER WAS RECORDED YESTERDAY.
  NO SIGNIFICANT WEATHER WAS OBSERVED.


RELATIVE HUMIDITY (PERCENT)
 HIGHEST    83           500 AM
 LOWEST     10           200 PM
 AVERAGE    47

..........................................................


THE MEDFORD OR CLIMATE NORMALS FOR TODAY
                         NORMAL    RECORD    YEAR
 MAXIMUM TEMPERATURE (F)   86       106      1924
 MINIMUM TEMPERATURE (F)   55        38      1988


SUNRISE AND SUNSET
JUNE 29 2017..........SUNRISE   538 AM PDT   SUNSET   852 PM PDT
JUNE 30 2017..........SUNRISE   538 AM PDT   SUNSET   852 PM PDT


-  INDICATES NEGATIVE NUMBERS.
R  INDICATES RECORD WAS SET OR TIED.
MM INDICATES DATA IS MISSING.
T  INDICATES TRACE AMOUNT.




$$
