544
CDUS46 KMFR 040835
CLIMFR


CLIMATE REPORT
NATIONAL WEATHER SERVICE MEDFORD, OR
1235 AM PST SUN DEC 4 2016


...................................

...THE MEDFORD OR CLIMATE SUMMARY FOR DECEMBER 3 2016...

CLIMATE NORMAL PERIOD 1981 TO 2010
CLIMATE RECORD PERIOD 1911 TO 2016


WEATHER ITEM   OBSERVED TIME   RECORD YEAR NORMAL DEPARTURE LAST
                VALUE   (LST)  VALUE       VALUE  FROM      YEAR
                                                  NORMAL
..................................................................
TEMPERATURE (F)
 YESTERDAY
  MAXIMUM         50    243 PM  68    1979  47      3       57
  MINIMUM         37    947 PM  18    1936  34      3       44
  AVERAGE         44                        40      4       51

PRECIPITATION (IN)
  YESTERDAY        T             2.21 1950   0.12  -0.12     0.27
  MONTH TO DATE    T                         0.37  -0.37     0.50
  SINCE OCT 1      7.13                      4.52   2.61     2.53
  SINCE JAN 1     17.15                     15.23   1.92    10.25

SNOWFALL (IN)
  YESTERDAY        0.0                       0.1   -0.1      0.0
  MONTH TO DATE    0.0                       0.1   -0.1      0.0
  SINCE JUL 1      0.0                       0.3   -0.3      0.0
  SNOW DEPTH       0

DEGREE DAYS
 HEATING
  YESTERDAY       21                        25     -4       14
  MONTH TO DATE   71                        73     -2       57
  SINCE DEC 1     71                        73     -2       57
  SINCE JUL 1    844                      1042   -198      861

 COOLING
  YESTERDAY        0                         0      0        0
  MONTH TO DATE    0                         0      0        0
  SINCE DEC 1      0                         0      0        0
  SINCE JAN 1   1058                       829    229     1297
..................................................................


WIND (MPH)
  HIGHEST WIND SPEED     9   HIGHEST WIND DIRECTION     N (10)
  HIGHEST GUST SPEED    10   HIGHEST GUST DIRECTION     N (10)
  AVERAGE WIND SPEED     1.2


SKY COVER
  POSSIBLE SUNSHINE  MM
  AVERAGE SKY COVER 0.7


WEATHER CONDITIONS
 THE FOLLOWING WEATHER WAS RECORDED YESTERDAY.
  FOG


RELATIVE HUMIDITY (PERCENT)
 HIGHEST   100           900 PM
 LOWEST     76           500 PM
 AVERAGE    88

..........................................................


THE MEDFORD OR CLIMATE NORMALS FOR TODAY
                         NORMAL    RECORD    YEAR
 MAXIMUM TEMPERATURE (F)   47        62      1997
                                             1949
 MINIMUM TEMPERATURE (F)   34        18      2013


SUNRISE AND SUNSET
DECEMBER  4 2016......SUNRISE   725 AM PST   SUNSET   439 PM PST
DECEMBER  5 2016......SUNRISE   726 AM PST   SUNSET   439 PM PST


-  INDICATES NEGATIVE NUMBERS.
R  INDICATES RECORD WAS SET OR TIED.
MM INDICATES DATA IS MISSING.
T  INDICATES TRACE AMOUNT.




$$
