000
CDUS46 KMFR 250055
CLIMFR


CLIMATE REPORT
NATIONAL WEATHER SERVICE MEDFORD, OR
455 PM PST MON NOV 24 2014


...................................

...THE MEDFORD OR CLIMATE SUMMARY FOR NOVEMBER 24 2014...
VALID TODAY AS OF 0400 PM LOCAL TIME.

CLIMATE NORMAL PERIOD 1981 TO 2010
CLIMATE RECORD PERIOD 1911 TO 2014


WEATHER ITEM   OBSERVED TIME   RECORD YEAR NORMAL DEPARTURE LAST
                VALUE   (LST)  VALUE       VALUE  FROM      YEAR
                                                  NORMAL
..................................................................
TEMPERATURE (F)
 TODAY
  MAXIMUM         51    359 PM  69    1960  49      2       55
  MINIMUM         39    805 AM  17    1993  35      4       23
  AVERAGE         45                        42      3       39

PRECIPITATION (IN)
  TODAY            0.00          1.29 1961   0.11  -0.11     0.00
  MONTH TO DATE    1.20                      2.31  -1.11     1.12
  SINCE SEP 1      5.83                      4.01   1.82     4.08
  SINCE JAN 1     17.22                     14.15   3.07     8.63

SNOWFALL (IN)
  TODAY            0.0                       0.0    0.0      0.0
  MONTH TO DATE    0.0                       0.1   -0.1      0.0
  SINCE JUL 1      0.0                       0.1   -0.1      0.0
  SNOW DEPTH       0

DEGREE DAYS
 HEATING
  TODAY           20                        23     -3       26
  MONTH TO DATE  400                       468    -68      463
  SINCE SEP 1    569                       818   -249      905
  SINCE JUL 1    569                       828   -259      905

 COOLING
  TODAY            0                         0      0        0
  MONTH TO DATE    0                         0      0        0
  SINCE SEP 1    224                       122    102      142
  SINCE JAN 1   1238                       829    409     1057
..................................................................


WIND (MPH)
  HIGHEST WIND SPEED     7   HIGHEST WIND DIRECTION     S (160)
  HIGHEST GUST SPEED     7   HIGHEST GUST DIRECTION    SE (150)
  AVERAGE WIND SPEED     3.2


SKY COVER
  POSSIBLE SUNSHINE  MM
  AVERAGE SKY COVER 0.9


WEATHER CONDITIONS
 THE FOLLOWING WEATHER WAS RECORDED TODAY.
  NO SIGNIFICANT WEATHER WAS OBSERVED.


RELATIVE HUMIDITY (PERCENT)
 HIGHEST    92           700 AM
 LOWEST     61           200 PM
 AVERAGE    77

..........................................................


THE MEDFORD OR CLIMATE NORMALS FOR TOMORROW
                         NORMAL    RECORD    YEAR
 MAXIMUM TEMPERATURE (F)   49        68      1936
 MINIMUM TEMPERATURE (F)   35        16      1993


SUNRISE AND SUNSET
NOVEMBER 24 2014......SUNRISE   713 AM PST   SUNSET   443 PM PST
NOVEMBER 25 2014......SUNRISE   714 AM PST   SUNSET   442 PM PST


-  INDICATES NEGATIVE NUMBERS.
R  INDICATES RECORD WAS SET OR TIED.
MM INDICATES DATA IS MISSING.
T  INDICATES TRACE AMOUNT.




$$
