000
CDUS46 KMFR 222005
CLIMFR

CLIMATE REPORT
NATIONAL WEATHER SERVICE MEDFORD, OR
1200 PM PST SAT NOV 22 2014


...................................

...THE MEDFORD OR CLIMATE SUMMARY FOR NOVEMBER 21 2014...

CLIMATE NORMAL PERIOD 1981 TO 2010
CLIMATE RECORD PERIOD 1911 TO 2014


WEATHER ITEM   OBSERVED TIME   RECORD YEAR NORMAL DEPARTURE LAST
                VALUE   (LST)  VALUE       VALUE  FROM      YEAR
                                                  NORMAL
..................................................................
TEMPERATURE (F)
 YESTERDAY
  MAXIMUM         49   1159 PM  67    1974  50     -1       45
                                      1924
  MINIMUM         41    619 AM  16    1929  36      5       25
  AVERAGE         45                        43      2       35

PRECIPITATION (IN)
  YESTERDAY        0.41          2.68 1998   0.10   0.31     0.00
  MONTH TO DATE    0.94                      1.97  -1.03     1.12
  SINCE SEP 1      5.57                      3.67   1.90     4.08
  SINCE JAN 1     16.96                     13.81   3.15     8.63

SNOWFALL (IN)
  YESTERDAY        0.0                       0.0    0.0      0.0
  MONTH TO DATE    0.0                       0.1   -0.1      0.0
  SINCE JUL 1      0.0                       0.1   -0.1      0.0
  SNOW DEPTH       0

DEGREE DAYS
 HEATING
  YESTERDAY       20                        22     -2       30
  MONTH TO DATE  341                       400    -59      382
  SINCE SEP 1    510                       750   -240      824
  SINCE JUL 1    510                       760   -250      824

 COOLING
  YESTERDAY        0                         0      0        0
  MONTH TO DATE    0                         0      0        0
  SINCE SEP 1    224                       122    102      142
  SINCE JAN 1   1238                       829    409     1057
..................................................................


WIND (MPH)
  HIGHEST WIND SPEED    10   HIGHEST WIND DIRECTION    NE (40)
  HIGHEST GUST SPEED    12   HIGHEST GUST DIRECTION    NE (30)
  AVERAGE WIND SPEED     3.8


SKY COVER
  POSSIBLE SUNSHINE  MM
  AVERAGE SKY COVER 1.0


WEATHER CONDITIONS
 THE FOLLOWING WEATHER WAS RECORDED YESTERDAY.
  HEAVY RAIN
  RAIN
  LIGHT RAIN
  FOG
  FOG W/VISIBILITY <= 1/4 MILE


RELATIVE HUMIDITY (PERCENT)
 HIGHEST   100           100 AM
 LOWEST     92
 AVERAGE    96

..........................................................


THE MEDFORD OR CLIMATE NORMALS FOR TODAY
                         NORMAL    RECORD    YEAR
 MAXIMUM TEMPERATURE (F)   50        68      1926
 MINIMUM TEMPERATURE (F)   35        18      1994


SUNRISE AND SUNSET
NOVEMBER 22 2014......SUNRISE   711 AM PST   SUNSET   444 PM PST
NOVEMBER 23 2014......SUNRISE   712 AM PST   SUNSET   443 PM PST


-  INDICATES NEGATIVE NUMBERS.
R  INDICATES RECORD WAS SET OR TIED.
MM INDICATES DATA IS MISSING.
T  INDICATES TRACE AMOUNT.




&&

LOW TEMPERATURE ...............53 DEGREES
24-HOUR PRECIPITATION..........0.50

$$
