000
CDUS46 KMFR 260835
CLIMFR


CLIMATE REPORT
NATIONAL WEATHER SERVICE MEDFORD, OR
135 AM PDT WED APR 26 2017


...................................

...THE MEDFORD OR CLIMATE SUMMARY FOR APRIL 25 2017...

CLIMATE NORMAL PERIOD 1981 TO 2010
CLIMATE RECORD PERIOD 1911 TO 2017


WEATHER ITEM   OBSERVED TIME   RECORD YEAR NORMAL DEPARTURE LAST
                VALUE   (LST)  VALUE       VALUE  FROM      YEAR
                                                  NORMAL
..................................................................
TEMPERATURE (F)
 YESTERDAY
  MAXIMUM         56    235 PM  91    1926  67    -11       59
  MINIMUM         43    550 AM  30    1944  42      1       40
                                      1924
  AVERAGE         50                        55     -5       50

PRECIPITATION (IN)
  YESTERDAY        T             0.57 1989   0.05  -0.05      T
  MONTH TO DATE    0.68                      1.17  -0.49     0.85
  SINCE OCT 1     23.42                     14.96   8.46    18.31
  SINCE JAN 1     11.73                      7.32   4.41     8.55

SNOWFALL (IN)
  YESTERDAY        0.0                       0.0    0.0      0.0
  MONTH TO DATE    0.0                       0.1   -0.1      0.0
  SINCE JUL 1     11.8                       4.2    7.6      1.9
  SNOW DEPTH       0

DEGREE DAYS
 HEATING
  YESTERDAY       15                        10      5       15
  MONTH TO DATE  320                       317      3      157
  SINCE MAR 1    789                       835    -46      602
  SINCE JUL 1   3834                      3949   -115     3276

 COOLING
  YESTERDAY        0                         0      0        0
  MONTH TO DATE    0                         0      0       17
  SINCE MAR 1      0                         0      0       17
  SINCE JAN 1      0                         0      0       17
..................................................................


WIND (MPH)
  HIGHEST WIND SPEED    10   HIGHEST WIND DIRECTION     N (360)
  HIGHEST GUST SPEED    12   HIGHEST GUST DIRECTION     N (10)
  AVERAGE WIND SPEED     2.8


SKY COVER
  POSSIBLE SUNSHINE  MM
  AVERAGE SKY COVER 0.9


WEATHER CONDITIONS
 THE FOLLOWING WEATHER WAS RECORDED YESTERDAY.
  LIGHT RAIN


RELATIVE HUMIDITY (PERCENT)
 HIGHEST    92           300 AM
 LOWEST     66           300 PM
 AVERAGE    79

..........................................................


THE MEDFORD OR CLIMATE NORMALS FOR TODAY
                         NORMAL    RECORD    YEAR
 MAXIMUM TEMPERATURE (F)   68        92      1987
 MINIMUM TEMPERATURE (F)   42        29      1976
                                             1943


SUNRISE AND SUNSET
APRIL 26 2017.........SUNRISE   613 AM PDT   SUNSET   806 PM PDT
APRIL 27 2017.........SUNRISE   612 AM PDT   SUNSET   807 PM PDT


-  INDICATES NEGATIVE NUMBERS.
R  INDICATES RECORD WAS SET OR TIED.
MM INDICATES DATA IS MISSING.
T  INDICATES TRACE AMOUNT.




$$
