000
CDUS46 KMFR 250836
CLIMFR


CLIMATE REPORT
NATIONAL WEATHER SERVICE MEDFORD, OR
135 AM PDT SAT MAR 25 2017


...................................

...THE MEDFORD OR CLIMATE SUMMARY FOR MARCH 24 2017...

CLIMATE NORMAL PERIOD 1981 TO 2010
CLIMATE RECORD PERIOD 1911 TO 2017


WEATHER ITEM   OBSERVED TIME   RECORD YEAR NORMAL DEPARTURE LAST
                VALUE   (LST)  VALUE       VALUE  FROM      YEAR
                                                  NORMAL
..................................................................
TEMPERATURE (F)
 YESTERDAY
  MAXIMUM         55   1223 PM  80    1960  61     -6       62
  MINIMUM         41   1147 PM  25    1963  38      3       47
  AVERAGE         48                        49     -1       55

PRECIPITATION (IN)
  YESTERDAY        0.20          0.88 1975   0.05   0.15     0.02
  MONTH TO DATE    1.43                      1.35   0.08     2.44
  SINCE OCT 1     22.13                     13.43   8.70    17.45
  SINCE JAN 1     10.44                      5.79   4.65     7.69

SNOWFALL (IN)
  YESTERDAY        0.0                       0.1   -0.1      0.0
  MONTH TO DATE    T                         0.5   -0.5      0.0
  SINCE JUL 1     11.8                       4.1    7.7      1.9
  SNOW DEPTH       0

DEGREE DAYS
 HEATING
  YESTERDAY       17                        16      1       10
  MONTH TO DATE  363                       412    -49      341
  SINCE MAR 1    363                       412    -49      341
  SINCE JUL 1   3408                      3526   -118     3015

 COOLING
  YESTERDAY        0                         0      0        0
  MONTH TO DATE    0                         0      0        0
  SINCE MAR 1      0                         0      0        0
  SINCE JAN 1      0                         0      0        0
..................................................................


WIND (MPH)
  HIGHEST WIND SPEED    28   HIGHEST WIND DIRECTION    SE (150)
  HIGHEST GUST SPEED    34   HIGHEST GUST DIRECTION    SE (150)
  AVERAGE WIND SPEED     7.3


SKY COVER
  POSSIBLE SUNSHINE  MM
  AVERAGE SKY COVER 0.9


WEATHER CONDITIONS
 THE FOLLOWING WEATHER WAS RECORDED YESTERDAY.
  RAIN
  LIGHT RAIN
  FOG


RELATIVE HUMIDITY (PERCENT)
 HIGHEST    96          1100 PM
 LOWEST     59          1200 PM
 AVERAGE    78

..........................................................


THE MEDFORD OR CLIMATE NORMALS FOR TODAY
                         NORMAL    RECORD    YEAR
 MAXIMUM TEMPERATURE (F)   61        80      1997
 MINIMUM TEMPERATURE (F)   38        25      1964


SUNRISE AND SUNSET
MARCH 25 2017.........SUNRISE   705 AM PDT   SUNSET   730 PM PDT
MARCH 26 2017.........SUNRISE   704 AM PDT   SUNSET   731 PM PDT


-  INDICATES NEGATIVE NUMBERS.
R  INDICATES RECORD WAS SET OR TIED.
MM INDICATES DATA IS MISSING.
T  INDICATES TRACE AMOUNT.




$$
