000
CDUS46 KMFR 200838
CLIMFR


CLIMATE REPORT
NATIONAL WEATHER SERVICE MEDFORD, OR
1238 AM PST MON NOV 20 2017


...................................

...THE MEDFORD OR CLIMATE SUMMARY FOR NOVEMBER 19 2017...

CLIMATE NORMAL PERIOD 1981 TO 2010
CLIMATE RECORD PERIOD 1911 TO 2017


WEATHER ITEM   OBSERVED TIME   RECORD YEAR NORMAL DEPARTURE LAST
                VALUE   (LST)  VALUE       VALUE  FROM      YEAR
                                                  NORMAL
..................................................................
TEMPERATURE (F)
 YESTERDAY
  MAXIMUM         37   1159 PM  67    2001  51    -14       60
                                      1936
  MINIMUM         30    556 AM  17    1964  36     -6       42
  AVERAGE         34                        43     -9       51

PRECIPITATION (IN)
  YESTERDAY        0.06          1.88 1926   0.11  -0.05     0.01
  MONTH TO DATE    1.72                      1.76  -0.04     0.82
  SINCE OCT 1      2.61                      2.89  -0.28     6.31
  SINCE JAN 1     16.13                     13.60   2.53    16.33

SNOWFALL (IN)
  YESTERDAY        0.0                       0.0    0.0      0.0
  MONTH TO DATE    0.0                       0.1   -0.1      0.0
  SINCE JUL 1      0.0                       0.1   -0.1      0.0
  SNOW DEPTH       0

DEGREE DAYS
 HEATING
  YESTERDAY       31                        22      9       14
  MONTH TO DATE  377                       356     21      239
  SINCE SEP 1    748                       706     42      565
  SINCE JUL 1    748                       716     32      567

 COOLING
  YESTERDAY        0                         0      0        0
  MONTH TO DATE    0                         0      0        0
  SINCE SEP 1    156                       122     34      113
  SINCE JAN 1   1281                       829    452     1058
..................................................................


WIND (MPH)
  HIGHEST WIND SPEED     6   HIGHEST WIND DIRECTION     N (10)
  HIGHEST GUST SPEED     7   HIGHEST GUST DIRECTION     N (10)
  AVERAGE WIND SPEED     1.7


SKY COVER
  POSSIBLE SUNSHINE  MM
  AVERAGE SKY COVER 1.0


WEATHER CONDITIONS
 THE FOLLOWING WEATHER WAS RECORDED YESTERDAY.
  LIGHT RAIN
  FOG
  FOG W/VISIBILITY <= 1/4 MILE


RELATIVE HUMIDITY (PERCENT)
 HIGHEST   100          1200 AM
 LOWEST     85           600 PM
 AVERAGE    93

..........................................................


THE MEDFORD OR CLIMATE NORMALS FOR TODAY
                         NORMAL    RECORD    YEAR
 MAXIMUM TEMPERATURE (F)   51        66      2002
                                             1926
 MINIMUM TEMPERATURE (F)   36        15      1977


SUNRISE AND SUNSET
NOVEMBER 20 2017......SUNRISE   709 AM PST   SUNSET   445 PM PST
NOVEMBER 21 2017......SUNRISE   710 AM PST   SUNSET   444 PM PST


-  INDICATES NEGATIVE NUMBERS.
R  INDICATES RECORD WAS SET OR TIED.
MM INDICATES DATA IS MISSING.
T  INDICATES TRACE AMOUNT.




$$
