000
CDUS46 KMFR 290838
CLIMFR


CLIMATE REPORT
NATIONAL WEATHER SERVICE MEDFORD, OR
137 AM PDT FRI JUL 29 2016


...................................

...THE MEDFORD OR CLIMATE SUMMARY FOR JULY 28 2016...

CLIMATE NORMAL PERIOD 1981 TO 2010
CLIMATE RECORD PERIOD 1911 TO 2016


WEATHER ITEM   OBSERVED TIME   RECORD YEAR NORMAL DEPARTURE LAST
                VALUE   (LST)  VALUE       VALUE  FROM      YEAR
                                                  NORMAL
..................................................................
TEMPERATURE (F)
 YESTERDAY
  MAXIMUM        104    437 PM 108    2009  93     11       97
  MINIMUM         65    529 AM  45    1959  59      6       54
                                      1948
  AVERAGE         85                        76      9       76

PRECIPITATION (IN)
  YESTERDAY        0.00          0.02 1975   0.01  -0.01     0.00
                                      1947
  MONTH TO DATE    0.45                      0.26   0.19     0.29
  SINCE OCT 1     19.77                     17.36   2.41    14.28
  SINCE JAN 1     10.01                      9.72   0.29     7.43

SNOWFALL (IN)
  YESTERDAY        0.0                       0.0    0.0      0.0
  MONTH TO DATE    0.0                       0.0    0.0      0.0
  SINCE JUL 1      0.0                       0.0    0.0      0.0
  SNOW DEPTH       0

DEGREE DAYS
 HEATING
  YESTERDAY        0                         0      0        0
  MONTH TO DATE    2                         1      1        0
  SINCE JUN 1     42                        55    -13       10
  SINCE JUL 1      2                         1      1        0

 COOLING
  YESTERDAY       20                        11      9       11
  MONTH TO DATE  244                       255    -11      362
  SINCE JUN 1    445                       363     82      673
  SINCE JAN 1    506                       401    105      718
..................................................................


WIND (MPH)
  HIGHEST WIND SPEED    15   HIGHEST WIND DIRECTION     N (350)
  HIGHEST GUST SPEED    19   HIGHEST GUST DIRECTION     W (270)
  AVERAGE WIND SPEED     4.1


SKY COVER
  POSSIBLE SUNSHINE  MM
  AVERAGE SKY COVER 0.0


WEATHER CONDITIONS
 THE FOLLOWING WEATHER WAS RECORDED YESTERDAY.
  NO SIGNIFICANT WEATHER WAS OBSERVED.


RELATIVE HUMIDITY (PERCENT)
 HIGHEST    63           400 AM
 LOWEST     16           300 PM
 AVERAGE    40

..........................................................


THE MEDFORD OR CLIMATE NORMALS FOR TODAY
                         NORMAL    RECORD    YEAR
 MAXIMUM TEMPERATURE (F)   93       109      2009
 MINIMUM TEMPERATURE (F)   59        44      1950
                                             1917


SUNRISE AND SUNSET
JULY 29 2016..........SUNRISE   602 AM PDT   SUNSET   834 PM PDT
JULY 30 2016..........SUNRISE   603 AM PDT   SUNSET   832 PM PDT


-  INDICATES NEGATIVE NUMBERS.
R  INDICATES RECORD WAS SET OR TIED.
MM INDICATES DATA IS MISSING.
T  INDICATES TRACE AMOUNT.




$$
