000
CDUS46 KMFR 190836
CLIMFR


CLIMATE REPORT
NATIONAL WEATHER SERVICE MEDFORD, OR
136 AM PDT FRI SEP 19 2014


...................................

...THE MEDFORD OR CLIMATE SUMMARY FOR SEPTEMBER 18 2014...

CLIMATE NORMAL PERIOD 1981 TO 2010
CLIMATE RECORD PERIOD 1911 TO 2014


WEATHER ITEM   OBSERVED TIME   RECORD YEAR NORMAL DEPARTURE LAST
                VALUE   (LST)  VALUE       VALUE  FROM      YEAR
                                                  NORMAL
..................................................................
TEMPERATURE (F)
 YESTERDAY
  MAXIMUM         84    411 PM 101    1991  83      1       76
  MINIMUM         61    648 AM  31    1965  49     12       47
  AVERAGE         73                        66      7       62

PRECIPITATION (IN)
  YESTERDAY        T             0.59 1966   0.02  -0.02     0.00
  MONTH TO DATE    T                         0.31  -0.31     0.73
  SINCE SEP 1      T                         0.31  -0.31     0.73
  SINCE JAN 1     11.39                     10.45   0.94     5.28

SNOWFALL (IN)
  YESTERDAY        0.0                       0.0    0.0      0.0
  MONTH TO DATE    0.0                       0.0    0.0      0.0
  SINCE JUL 1      0.0                       0.0    0.0      0.0
  SNOW DEPTH       0

DEGREE DAYS
 HEATING
  YESTERDAY        0                         2     -2        3
  MONTH TO DATE    0                        23    -23        8
  SINCE SEP 1      0                        23    -23        8
  SINCE JUL 1      0                        33    -33        8

 COOLING
  YESTERDAY        8                         3      5        0
  MONTH TO DATE  150                        84     66      140
  SINCE SEP 1    150                        84     66      140
  SINCE JAN 1   1164                       791    373     1055
..................................................................


WIND (MPH)
  HIGHEST WIND SPEED    14   HIGHEST WIND DIRECTION    NW (320)
  HIGHEST GUST SPEED    21   HIGHEST GUST DIRECTION     W (270)
  AVERAGE WIND SPEED     5.6


SKY COVER
  POSSIBLE SUNSHINE  MM
  AVERAGE SKY COVER 0.5


WEATHER CONDITIONS
 THE FOLLOWING WEATHER WAS RECORDED YESTERDAY.
  LIGHT RAIN
  HAZE


RELATIVE HUMIDITY (PERCENT)
 HIGHEST    84           400 AM
 LOWEST     34           200 PM
 AVERAGE    59

..........................................................


THE MEDFORD OR CLIMATE NORMALS FOR TODAY
                         NORMAL    RECORD    YEAR
 MAXIMUM TEMPERATURE (F)   83       100      1952
 MINIMUM TEMPERATURE (F)   49        32      1978


SUNRISE AND SUNSET
SEPTEMBER 19 2014.....SUNRISE   656 AM PDT   SUNSET   714 PM PDT
SEPTEMBER 20 2014.....SUNRISE   657 AM PDT   SUNSET   712 PM PDT


-  INDICATES NEGATIVE NUMBERS.
R  INDICATES RECORD WAS SET OR TIED.
MM INDICATES DATA IS MISSING.
T  INDICATES TRACE AMOUNT.




$$
