000
CDUS46 KMFR 240836
CLIMFR


CLIMATE REPORT
NATIONAL WEATHER SERVICE MEDFORD, OR
1236 AM PST WED JAN 24 2018


...................................

...THE MEDFORD OR CLIMATE SUMMARY FOR JANUARY 23 2018...

CLIMATE NORMAL PERIOD 1981 TO 2010
CLIMATE RECORD PERIOD 1911 TO 2018


WEATHER ITEM   OBSERVED TIME   RECORD YEAR NORMAL DEPARTURE LAST
                VALUE   (LST)  VALUE       VALUE  FROM      YEAR
                                                  NORMAL
..................................................................
TEMPERATURE (F)
 YESTERDAY
  MAXIMUM         52    950 PM  67    2014  49      3       47
  MINIMUM         33    410 AM   5    1962  33      0       29
  AVERAGE         43                        41      2       38

PRECIPITATION (IN)
  YESTERDAY        T             1.02 1996   0.07  -0.07     0.00
  MONTH TO DATE    1.24                      1.91  -0.67     4.88
  SINCE OCT 1      5.85                      9.55  -3.70    16.57
  SINCE JAN 1      1.24                      1.91  -0.67     4.88

SNOWFALL (IN)
  YESTERDAY        0.0                       0.0    0.0      0.0
  MONTH TO DATE    0.0                       1.0   -1.0     11.4
  SINCE JUL 1      0.0                       2.7   -2.7     11.8
  SNOW DEPTH       0

DEGREE DAYS
 HEATING
  YESTERDAY       22                        24     -2       27
  MONTH TO DATE  503                       579    -76      663
  SINCE DEC 1   1329                      1376    -47     1515
  SINCE JUL 1   2264                      2345    -81     2288

 COOLING
  YESTERDAY        0                         0      0        0
  MONTH TO DATE    0                         0      0        0
  SINCE DEC 1      0                         0      0        0
  SINCE JAN 1      0                         0      0        0
..................................................................


WIND (MPH)
  HIGHEST WIND SPEED    15   HIGHEST WIND DIRECTION     S (170)
  HIGHEST GUST SPEED    20   HIGHEST GUST DIRECTION     S (160)
  AVERAGE WIND SPEED     2.8


SKY COVER
  POSSIBLE SUNSHINE  MM
  AVERAGE SKY COVER 0.7


WEATHER CONDITIONS
 THE FOLLOWING WEATHER WAS RECORDED YESTERDAY.
  LIGHT RAIN
  FOG


RELATIVE HUMIDITY (PERCENT)
 HIGHEST   100          1200 AM
 LOWEST     50          1000 PM
 AVERAGE    75

..........................................................


THE MEDFORD OR CLIMATE NORMALS FOR TODAY
                         NORMAL    RECORD    YEAR
 MAXIMUM TEMPERATURE (F)   49        70      2014
 MINIMUM TEMPERATURE (F)   33         5      1949


SUNRISE AND SUNSET
JANUARY 24 2018.......SUNRISE   732 AM PST   SUNSET   515 PM PST
JANUARY 25 2018.......SUNRISE   731 AM PST   SUNSET   517 PM PST


-  INDICATES NEGATIVE NUMBERS.
R  INDICATES RECORD WAS SET OR TIED.
MM INDICATES DATA IS MISSING.
T  INDICATES TRACE AMOUNT.




$$
