000
CDUS44 KBMX 180835
CLIMGM


CLIMATE REPORT
NATIONAL WEATHER SERVICE BIRMINGHAM, AL
235 AM CST MON DEC 18 2017


...................................

...THE MONTGOMERY CLIMATE SUMMARY FOR DECEMBER 17 2017...

CLIMATE NORMAL PERIOD 1981 TO 2010
CLIMATE RECORD PERIOD 1872 TO 2017


WEATHER ITEM   OBSERVED TIME   RECORD YEAR NORMAL DEPARTURE LAST
                VALUE   (LST)  VALUE       VALUE  FROM      YEAR
                                                  NORMAL
..................................................................
TEMPERATURE (F)
 YESTERDAY
  MAXIMUM         52   1159 PM  79    1984  59     -7       78
  MINIMUM         37    144 AM  20    1901  37      0       54
  AVERAGE         45                        48     -3       66

PRECIPITATION (IN)
  YESTERDAY        0.15          3.32 1915   0.16  -0.01     0.00
  MONTH TO DATE    2.09                      2.74  -0.65     2.93
  SINCE DEC 1      2.09                      2.74  -0.65     2.93
  SINCE JAN 1     69.73                     50.95  18.78    40.32

SNOWFALL (IN)
  YESTERDAY        0.0                       0.0    0.0      0.0
  MONTH TO DATE    T                         0.0    0.0      0.0
  SINCE DEC 1      T                         0.0    0.0      0.0
  SINCE JUL 1      T                         0.0    0.0      0.0
  SNOW DEPTH       0

DEGREE DAYS
 HEATING
  YESTERDAY       20                        17      3        0
  MONTH TO DATE  302                       264     38      205
  SINCE DEC 1    302                       264     38      205
  SINCE JUL 1    637                       635      2      380
..................................................................


WIND (MPH)
  HIGHEST WIND SPEED    16   HIGHEST WIND DIRECTION    NW (300)
  HIGHEST GUST SPEED    19   HIGHEST GUST DIRECTION    NW (300)
  AVERAGE WIND SPEED     5.7


SKY COVER
  AVERAGE SKY COVER 0.6


WEATHER CONDITIONS
 THE FOLLOWING WEATHER WAS RECORDED YESTERDAY.
  LIGHT RAIN
  FOG
  FOG W/VISIBILITY <= 1/4 MILE


RELATIVE HUMIDITY (PERCENT)
 HIGHEST    96          1000 PM
 LOWEST     50          1000 AM
 AVERAGE    73

..........................................................


THE MONTGOMERY CLIMATE NORMALS FOR TODAY
                         NORMAL    RECORD    YEAR
 MAXIMUM TEMPERATURE (F)   59        79      1984
 MINIMUM TEMPERATURE (F)   37        15      1901


SUNRISE AND SUNSET
DECEMBER 18 2017......SUNRISE   641 AM CST   SUNSET   443 PM CST
DECEMBER 19 2017......SUNRISE   642 AM CST   SUNSET   444 PM CST


-  INDICATES NEGATIVE NUMBERS.
R  INDICATES RECORD WAS SET OR TIED.
MM INDICATES DATA IS MISSING.
T  INDICATES TRACE AMOUNT.




$$
