000
CDUS44 KBMX 200903
CLIMGM


CLIMATE REPORT
NATIONAL WEATHER SERVICE BIRMINGHAM, AL
301 AM CST MON FEB 20 2017


...................................

...THE MONTGOMERY CLIMATE SUMMARY FOR FEBRUARY 19 2017...

CLIMATE NORMAL PERIOD 1981 TO 2010
CLIMATE RECORD PERIOD 1872 TO 2017


WEATHER ITEM   OBSERVED TIME   RECORD YEAR NORMAL DEPARTURE LAST
                VALUE   (LST)  VALUE       VALUE  FROM      YEAR
                                                  NORMAL
..................................................................
TEMPERATURE (F)
 YESTERDAY
  MAXIMUM         79    344 PM  83    1891  63     16       74
  MINIMUM         51    521 AM  18    1958  40     11       39
  AVERAGE         65                        51     14       57

PRECIPITATION (IN)
  YESTERDAY        0.00          3.18 1961   0.19  -0.19     0.00
  MONTH TO DATE    1.88                      3.58  -1.70     2.83
  SINCE DEC 1     17.16                     13.09   4.07    22.21
  SINCE JAN 1     13.05                      8.23   4.82     8.08

SNOWFALL (IN)
  YESTERDAY        0.0                       0.0    0.0      0.0
  MONTH TO DATE    0.0                       0.0    0.0      0.0
  SINCE DEC 1      0.0                       0.1   -0.1       T
  SINCE JUL 1      0.0                       0.1   -0.1       T
  SNOW DEPTH       0

DEGREE DAYS
 HEATING
  YESTERDAY        0                        14    -14        8
  MONTH TO DATE  138                       298   -160      277
  SINCE DEC 1    786                      1389   -603     1065
  SINCE JUL 1    961                      1760   -799     1252
..................................................................


WIND (MPH)
  HIGHEST WIND SPEED    13   HIGHEST WIND DIRECTION     N (340)
  HIGHEST GUST SPEED    17   HIGHEST GUST DIRECTION     N (340)
  AVERAGE WIND SPEED     3.2


SKY COVER
  AVERAGE SKY COVER 0.4


WEATHER CONDITIONS
 THE FOLLOWING WEATHER WAS RECORDED YESTERDAY.
  FOG
  FOG W/VISIBILITY <= 1/4 MILE
  HAZE


RELATIVE HUMIDITY (PERCENT)
 HIGHEST    93           800 AM
 LOWEST     32           400 PM
 AVERAGE    63

..........................................................


THE MONTGOMERY CLIMATE NORMALS FOR TODAY
                         NORMAL    RECORD    YEAR
 MAXIMUM TEMPERATURE (F)   63        80      2011
 MINIMUM TEMPERATURE (F)   40        20      2015


SUNRISE AND SUNSET
FEBRUARY 20 2017......SUNRISE   623 AM CST   SUNSET   536 PM CST
FEBRUARY 21 2017......SUNRISE   622 AM CST   SUNSET   537 PM CST


-  INDICATES NEGATIVE NUMBERS.
R  INDICATES RECORD WAS SET OR TIED.
MM INDICATES DATA IS MISSING.
T  INDICATES TRACE AMOUNT.




$$
