000
CDUS44 KBMX 310732
CLIMGM


CLIMATE REPORT
NATIONAL WEATHER SERVICE BIRMINGHAM, AL
231 AM CDT TUE MAY 31 2016


...................................

...THE MONTGOMERY CLIMATE SUMMARY FOR MAY 30 2016...

CLIMATE NORMAL PERIOD 1981 TO 2010
CLIMATE RECORD PERIOD 1872 TO 2016


WEATHER ITEM   OBSERVED TIME   RECORD YEAR NORMAL DEPARTURE LAST
                VALUE   (LST)  VALUE       VALUE  FROM      YEAR
                                                  NORMAL
..................................................................
TEMPERATURE (F)
 YESTERDAY
  MAXIMUM         96    206 PM  98    1937  87      9       89
                                      1914
  MINIMUM         68    517 AM  48    1984  65      3       66
  AVERAGE         82                        76      6       78

PRECIPITATION (IN)
  YESTERDAY        0.00          3.65 1905   0.11  -0.11     0.00
  MONTH TO DATE    0.73                      3.42  -2.69     3.85
  SINCE MAR 1     11.57                     13.39  -1.82    12.35
  SINCE JAN 1     22.23                     23.32  -1.09    20.01

DEGREE DAYS
 COOLING
  YESTERDAY       17                        11      6       13
  MONTH TO DATE  258                       226     32      303
  SINCE MAR 1    431                       321    110      524
  SINCE JAN 1    444                       327    117      524
..................................................................


WIND (MPH)
  HIGHEST WIND SPEED    17   HIGHEST WIND DIRECTION    NW (300)
  HIGHEST GUST SPEED    22   HIGHEST GUST DIRECTION     E (100)
  AVERAGE WIND SPEED     3.4


SKY COVER
  AVERAGE SKY COVER 0.1


WEATHER CONDITIONS
 THE FOLLOWING WEATHER WAS RECORDED YESTERDAY.
  NO SIGNIFICANT WEATHER WAS OBSERVED.


RELATIVE HUMIDITY (PERCENT)
 HIGHEST    90           200 AM
 LOWEST     34           100 PM
 AVERAGE    62

..........................................................


THE MONTGOMERY CLIMATE NORMALS FOR TODAY
                         NORMAL    RECORD    YEAR
 MAXIMUM TEMPERATURE (F)   88        98      1911
                                             1875
 MINIMUM TEMPERATURE (F)   65        44      1889


SUNRISE AND SUNSET
MAY 31 2016...........SUNRISE   540 AM CDT   SUNSET   747 PM CDT
JUNE  1 2016..........SUNRISE   539 AM CDT   SUNSET   748 PM CDT


-  INDICATES NEGATIVE NUMBERS.
R  INDICATES RECORD WAS SET OR TIED.
MM INDICATES DATA IS MISSING.
T  INDICATES TRACE AMOUNT.




$$
