000
CDUS44 KBMX 061157
CLIMGM


CLIMATE REPORT
NATIONAL WEATHER SERVICE BIRMINGHAM, AL
557 AM CST SAT FEB 6 2016


...................................

...THE MONTGOMERY CLIMATE SUMMARY FOR FEBRUARY 5 2016...

CLIMATE NORMAL PERIOD 1981 TO 2010
CLIMATE RECORD PERIOD 1872 TO 2016


WEATHER ITEM   OBSERVED TIME   RECORD YEAR NORMAL DEPARTURE LAST
                VALUE   (LST)  VALUE       VALUE  FROM      YEAR
                                                  NORMAL
..................................................................
TEMPERATURE (F)
 YESTERDAY
  MAXIMUM         54    337 PM  82    1957  60     -6       57
  MINIMUM         31   1136 PM  10    1996  37     -6       32
  AVERAGE         43                        48     -5       45

PRECIPITATION (IN)
  YESTERDAY        0.00          3.64 1994   0.19  -0.19     0.01
  MONTH TO DATE    1.45                      0.96   0.49     1.18
  SINCE DEC 1     20.83                     10.47  10.36     8.89
  SINCE JAN 1      6.70                      5.61   1.09     4.00

SNOWFALL (IN)
  YESTERDAY        0.0                       0.0    0.0      0.0
  MONTH TO DATE    0.0                       0.0    0.0      0.0
  SINCE DEC 1      T                         0.1   -0.1      0.0
  SINCE JUL 1      T                         0.1   -0.1      0.0
  SNOW DEPTH       0

DEGREE DAYS
 HEATING
  YESTERDAY       22                        17      5       20
  MONTH TO DATE   43                        85    -42      100
  SINCE DEC 1    831                      1176   -345     1045
  SINCE JUL 1   1018                      1547   -529     1508
..................................................................


WIND (MPH)
  HIGHEST WIND SPEED    15   HIGHEST WIND DIRECTION     N (20)
  HIGHEST GUST SPEED    21   HIGHEST GUST DIRECTION     N (20)
  AVERAGE WIND SPEED     6.7


SKY COVER
  AVERAGE SKY COVER 0.0


WEATHER CONDITIONS
 THE FOLLOWING WEATHER WAS RECORDED YESTERDAY.
  NO SIGNIFICANT WEATHER WAS OBSERVED.


RELATIVE HUMIDITY (PERCENT)
 HIGHEST    63           600 AM
 LOWEST     22           200 PM
 AVERAGE    43

..........................................................


THE MONTGOMERY CLIMATE NORMALS FOR TODAY
                         NORMAL    RECORD    YEAR
 MAXIMUM TEMPERATURE (F)   60        82      1957
 MINIMUM TEMPERATURE (F)   37        20      2000


SUNRISE AND SUNSET
FEBRUARY  6 2016......SUNRISE   636 AM CST   SUNSET   523 PM CST
FEBRUARY  7 2016......SUNRISE   636 AM CST   SUNSET   524 PM CST


-  INDICATES NEGATIVE NUMBERS.
R  INDICATES RECORD WAS SET OR TIED.
MM INDICATES DATA IS MISSING.
T  INDICATES TRACE AMOUNT.




$$
