000
CDUS44 KBMX 200836
CLIMGM


CLIMATE REPORT
NATIONAL WEATHER SERVICE BIRMINGHAM, AL
234 AM CST FRI JAN 20 2017


...................................

...THE MONTGOMERY CLIMATE SUMMARY FOR JANUARY 19 2017...

CLIMATE NORMAL PERIOD 1981 TO 2010
CLIMATE RECORD PERIOD 1872 TO 2017


WEATHER ITEM   OBSERVED TIME   RECORD YEAR NORMAL DEPARTURE LAST
                VALUE   (LST)  VALUE       VALUE  FROM      YEAR
                                                  NORMAL
..................................................................
TEMPERATURE (F)
 YESTERDAY
  MAXIMUM         78R   239 PM  77    1990  57     21       50
                                      1922
  MINIMUM         57    233 AM   7    1977  36     21       24
  AVERAGE         68                        46     22       37

PRECIPITATION (IN)
  YESTERDAY        0.41          2.14 1892   0.16   0.25     0.00
  MONTH TO DATE    8.05                      2.65   5.40     1.59
  SINCE DEC 1     12.16                      7.51   4.65    15.72
  SINCE JAN 1      8.05                      2.65   5.40     1.59

SNOWFALL (IN)
  YESTERDAY        0.0                       0.0    0.0      0.0
  MONTH TO DATE    0.0                       0.0    0.0      0.0
  SINCE DEC 1      0.0                       0.1   -0.1      0.0
  SINCE JUL 1      0.0                       0.1   -0.1      0.0
  SNOW DEPTH       0

DEGREE DAYS
 HEATING
  YESTERDAY        0                        19    -19       28
  MONTH TO DATE  181                       361   -180      375
  SINCE DEC 1    530                       878   -348      594
  SINCE JUL 1    705                      1249   -544      781
..................................................................


WIND (MPH)
  HIGHEST WIND SPEED    20   HIGHEST WIND DIRECTION     S (180)
  HIGHEST GUST SPEED    24   HIGHEST GUST DIRECTION     S (190)
  AVERAGE WIND SPEED     8.0


SKY COVER
  AVERAGE SKY COVER 0.7


WEATHER CONDITIONS
 THE FOLLOWING WEATHER WAS RECORDED YESTERDAY.
  THUNDERSTORM
  HEAVY RAIN
  RAIN
  LIGHT RAIN
  FOG
  FOG W/VISIBILITY <= 1/4 MILE
  HAZE


RELATIVE HUMIDITY (PERCENT)
 HIGHEST    90          1200 AM
 LOWEST     60           100 PM
 AVERAGE    75

..........................................................


THE MONTGOMERY CLIMATE NORMALS FOR TODAY
                         NORMAL    RECORD    YEAR
 MAXIMUM TEMPERATURE (F)   57        81      1937
 MINIMUM TEMPERATURE (F)   36         4      1985


SUNRISE AND SUNSET
JANUARY 20 2017.......SUNRISE   646 AM CST   SUNSET   508 PM CST
JANUARY 21 2017.......SUNRISE   645 AM CST   SUNSET   509 PM CST


-  INDICATES NEGATIVE NUMBERS.
R  INDICATES RECORD WAS SET OR TIED.
MM INDICATES DATA IS MISSING.
T  INDICATES TRACE AMOUNT.




$$
