000
CDUS44 KBMX 292121
CLIMGM


CLIMATE REPORT
NATIONAL WEATHER SERVICE BIRMINGHAM, AL
420 PM CDT FRI AUG 29 2014


...................................

...THE MONTGOMERY CLIMATE SUMMARY FOR AUGUST 29 2014...
VALID AS OF 0400 PM LOCAL TIME.

CLIMATE NORMAL PERIOD 1981 TO 2010
CLIMATE RECORD PERIOD 1872 TO 2014


WEATHER ITEM   OBSERVED TIME   RECORD YEAR NORMAL DEPARTURE LAST
                VALUE   (LST)  VALUE       VALUE  FROM      YEAR
                                                  NORMAL
..................................................................
TEMPERATURE (F)
 TODAY
  MAXIMUM         95    222 PM 102    1951  91      4       93
  MINIMUM         67    513 AM  56    1992  70     -3       69
  AVERAGE         81                        80      1       81

PRECIPITATION (IN)
  TODAY            0.00          2.77 1974   0.13  -0.13     0.00
  MONTH TO DATE    3.29                      3.71  -0.42     2.78
  SINCE JUN 1     10.74                     13.02  -2.28    15.99
  SINCE JAN 1     39.63                     36.46   3.17    41.70

DEGREE DAYS
 COOLING
  TODAY           16                        15      1       16
  MONTH TO DATE  514                       481     33      459
  SINCE JUN 1   1494                      1421     73     1426
  SINCE JAN 1   1860                      1760    100     1785
..................................................................


WIND (MPH)
  HIGHEST WIND SPEED    13   HIGHEST WIND DIRECTION    SE (120)
  HIGHEST GUST SPEED    16   HIGHEST GUST DIRECTION    SE (120)
  AVERAGE WIND SPEED     2.9


SKY COVER
  AVERAGE SKY COVER 0.0


WEATHER CONDITIONS
 THE FOLLOWING WEATHER WAS RECORDED TODAY.
  NO SIGNIFICANT WEATHER WAS OBSERVED.


RELATIVE HUMIDITY (PERCENT)
 HIGHEST    90           200 AM
 LOWEST     39           200 PM
 AVERAGE    65

..........................................................


THE MONTGOMERY CLIMATE NORMALS FOR TOMORROW
                         NORMAL    RECORD    YEAR
 MAXIMUM TEMPERATURE (F)   91       103      1948
 MINIMUM TEMPERATURE (F)   70        57      1968


SUNRISE AND SUNSET
AUGUST 29 2014........SUNRISE   619 AM CDT   SUNSET   714 PM CDT
AUGUST 30 2014........SUNRISE   619 AM CDT   SUNSET   712 PM CDT


-  INDICATES NEGATIVE NUMBERS.
R  INDICATES RECORD WAS SET OR TIED.
MM INDICATES DATA IS MISSING.
T  INDICATES TRACE AMOUNT.




$$
