000
CDUS44 KBMX 210859
CLIMGM


CLIMATE REPORT
NATIONAL WEATHER SERVICE BIRMINGHAM, AL
238 AM CST SUN DEC 21 2014


...................................

...THE MONTGOMERY CLIMATE SUMMARY FOR DECEMBER 20 2014...

CLIMATE NORMAL PERIOD 1981 TO 2010
CLIMATE RECORD PERIOD 1872 TO 2014


WEATHER ITEM   OBSERVED TIME   RECORD YEAR NORMAL DEPARTURE LAST
                VALUE   (LST)  VALUE       VALUE  FROM      YEAR
                                                  NORMAL
..................................................................
TEMPERATURE (F)
 YESTERDAY
  MAXIMUM         54    340 PM  77    1978  58     -4       72
  MINIMUM         45    701 AM  14    1901  37      8       40
  AVERAGE         50                        48      2       56

PRECIPITATION (IN)
  YESTERDAY        0.08          4.23 1918   0.15  -0.07      T
  MONTH TO DATE    0.37                      3.21  -2.84     1.97
  SINCE DEC 1      0.37                      3.21  -2.84     1.97
  SINCE JAN 1     44.08                     51.42  -7.34    49.23

SNOWFALL (IN)
  YESTERDAY        0.0                       0.1   -0.1      0.0
  MONTH TO DATE    0.0                       0.1   -0.1      0.0
  SINCE DEC 1      0.0                       0.1   -0.1      0.0
  SINCE JUL 1      0.0                       0.1   -0.1      0.0
  SNOW DEPTH       0

DEGREE DAYS
 HEATING
  YESTERDAY       15                        18     -3        9
  MONTH TO DATE  248                       316    -68      244
  SINCE DEC 1    248                       316    -68      244
  SINCE JUL 1    711                       687     24      612
..................................................................


WIND (MPH)
  HIGHEST WIND SPEED    10   HIGHEST WIND DIRECTION     E (90)
  HIGHEST GUST SPEED    14   HIGHEST GUST DIRECTION     E (80)
  AVERAGE WIND SPEED     4.8


SKY COVER
  AVERAGE SKY COVER 1.0


WEATHER CONDITIONS
 THE FOLLOWING WEATHER WAS RECORDED YESTERDAY.
  LIGHT RAIN
  FOG


RELATIVE HUMIDITY (PERCENT)
 HIGHEST    93           900 AM
 LOWEST     77          1100 AM
 AVERAGE    85

..........................................................


THE MONTGOMERY CLIMATE NORMALS FOR TODAY
                         NORMAL    RECORD    YEAR
 MAXIMUM TEMPERATURE (F)   58        81      2013
 MINIMUM TEMPERATURE (F)   37        12      1901


SUNRISE AND SUNSET
DECEMBER 21 2014......SUNRISE   643 AM CST   SUNSET   445 PM CST
DECEMBER 22 2014......SUNRISE   643 AM CST   SUNSET   445 PM CST


-  INDICATES NEGATIVE NUMBERS.
R  INDICATES RECORD WAS SET OR TIED.
MM INDICATES DATA IS MISSING.
T  INDICATES TRACE AMOUNT.




$$
