000
CDUS44 KBMX 290743
CLIMGM


CLIMATE REPORT
NATIONAL WEATHER SERVICE BIRMINGHAM, AL
242 AM CDT MON MAY 29 2017


...................................

...THE MONTGOMERY CLIMATE SUMMARY FOR MAY 28 2017...

CLIMATE NORMAL PERIOD 1981 TO 2010
CLIMATE RECORD PERIOD 1872 TO 2017


WEATHER ITEM   OBSERVED TIME   RECORD YEAR NORMAL DEPARTURE LAST
                VALUE   (LST)  VALUE       VALUE  FROM      YEAR
                                                  NORMAL
..................................................................
TEMPERATURE (F)
 YESTERDAY
  MAXIMUM         88   1223 PM  97    1916  87      1       89
  MINIMUM         73   1159 PM  43    1961  64      9       69
  AVERAGE         81                        76      5       79

PRECIPITATION (IN)
  YESTERDAY        T             4.06 1996   0.11  -0.11      T
  MONTH TO DATE   12.28                      3.20   9.08     0.73
  SINCE MAR 1     18.76                     13.17   5.59    11.57
  SINCE JAN 1     33.46                     23.10  10.36    22.23

DEGREE DAYS
 COOLING
  YESTERDAY       16                        11      5       14
  MONTH TO DATE  229                       204     25      224
  SINCE MAR 1    498                       299    199      397
  SINCE JAN 1    544                       305    239      410
..................................................................


WIND (MPH)
  HIGHEST WIND SPEED    22   HIGHEST WIND DIRECTION    NW (300)
  HIGHEST GUST SPEED    28   HIGHEST GUST DIRECTION    NW (300)
  AVERAGE WIND SPEED     6.8


SKY COVER
  AVERAGE SKY COVER 0.2


WEATHER CONDITIONS
 THE FOLLOWING WEATHER WAS RECORDED YESTERDAY.
  LIGHT RAIN
  HAZE


RELATIVE HUMIDITY (PERCENT)
 HIGHEST    82           200 AM
 LOWEST     46          1200 PM
 AVERAGE    64

..........................................................


THE MONTGOMERY CLIMATE NORMALS FOR TODAY
                         NORMAL    RECORD    YEAR
 MAXIMUM TEMPERATURE (F)   87        96      1962
                                             1937
 MINIMUM TEMPERATURE (F)   64        51      1961


SUNRISE AND SUNSET
MAY 29 2017...........SUNRISE   540 AM CDT   SUNSET   746 PM CDT
MAY 30 2017...........SUNRISE   540 AM CDT   SUNSET   747 PM CDT


-  INDICATES NEGATIVE NUMBERS.
R  INDICATES RECORD WAS SET OR TIED.
MM INDICATES DATA IS MISSING.
T  INDICATES TRACE AMOUNT.




$$
