000
CDUS41 KPBZ 290712
CLIMGW


CLIMATE REPORT
NATIONAL WEATHER SERVICE PITTSBURGH PA
311 AM EDT MON MAY 29 2017


...................................

...THE MORGANTOWN WV CLIMATE SUMMARY FOR MAY 28 2017...

CLIMATE NORMAL PERIOD 1981 TO 2010
CLIMATE RECORD PERIOD 1948 TO 2017


WEATHER ITEM   OBSERVED TIME   RECORD YEAR NORMAL DEPARTURE LAST
                VALUE   (LST)  VALUE       VALUE  FROM      YEAR
                                                  NORMAL
..................................................................
TEMPERATURE (F)
 YESTERDAY
  MAXIMUM         78    426 PM  90    2012  75      3       89
                                      1955
                                      1941
  MINIMUM         61    606 AM  34    1936  54      7       64
                                      1907
  AVERAGE         70                        64      6       77

PRECIPITATION (IN)
  YESTERDAY        0.00          2.66 1984   0.15  -0.15      T
  MONTH TO DATE    5.23                      4.14   1.09     5.20
  SINCE JUN 1     52.22                     41.36  10.86    39.57
  SINCE JAN 1     22.81                     16.72   6.09    16.03

DEGREE DAYS
 HEATING
  YESTERDAY        0                         3     -3        0
  MONTH TO DATE  151                       161    -10      171
  SINCE MAR 1   1006                      1255   -249      942
  SINCE JUL 1   4019                      5144  -1125     4036

 COOLING
  YESTERDAY        5                         3      2       12
  MONTH TO DATE   54                        43     11       45
  SINCE MAR 1     91                        59     32       51
  SINCE JAN 1     94                        59     35       51
..................................................................


WIND (MPH)
  HIGHEST WIND SPEED    13   HIGHEST WIND DIRECTION    SW (220)
  HIGHEST GUST SPEED    20   HIGHEST GUST DIRECTION    SW (240)
  AVERAGE WIND SPEED     4.0


SKY COVER
  POSSIBLE SUNSHINE  MM
  AVERAGE SKY COVER 0.6


WEATHER CONDITIONS
 THE FOLLOWING WEATHER WAS RECORDED YESTERDAY.
  FOG


RELATIVE HUMIDITY (PERCENT)
 HIGHEST    97           600 AM
 LOWEST     56           300 PM
 AVERAGE    77

..........................................................


THE MORGANTOWN WV CLIMATE NORMALS FOR TODAY
                         NORMAL    RECORD    YEAR
 MAXIMUM TEMPERATURE (F)   75        91      1914
 MINIMUM TEMPERATURE (F)   54        32      1949


SUNRISE AND SUNSET
MAY 29 2017...........SUNRISE   555 AM EDT   SUNSET   839 PM EDT
MAY 30 2017...........SUNRISE   555 AM EDT   SUNSET   840 PM EDT


-  INDICATES NEGATIVE NUMBERS.
R  INDICATES RECORD WAS SET OR TIED.
MM INDICATES DATA IS MISSING.
T  INDICATES TRACE AMOUNT.




$$
