000
CDUS41 KPBZ 062229
CLIMGW


CLIMATE REPORT
NATIONAL WEATHER SERVICE PITTSBURGH PA
523 PM EST FRI MAR 6 2015


...................................

...THE MORGANTOWN WV CLIMATE SUMMARY FOR MARCH 6 2015...
VALID TODAY AS OF 0500 PM LOCAL TIME.

CLIMATE NORMAL PERIOD 1981 TO 2010
CLIMATE RECORD PERIOD 1948 TO 2015


WEATHER ITEM   OBSERVED TIME   RECORD YEAR NORMAL DEPARTURE LAST
                VALUE   (LST)  VALUE       VALUE  FROM      YEAR
                                                  NORMAL
..................................................................
TEMPERATURE (F)
 TODAY
  MAXIMUM         23    359 PM  75    1946  48    -25       38
  MINIMUM         -3R   627 AM  12    1972  29    -32       21
  AVERAGE         10                        39    -29       30

PRECIPITATION (IN)
  TODAY            T            MM      MM   0.10  -0.10     0.00
  MONTH TO DATE    3.90                      0.64   3.26     0.52
  SINCE JUN 1     34.42                     30.69   3.73    34.12
  SINCE JAN 1      8.19                      6.05   2.14     5.69

DEGREE DAYS
 HEATING
  TODAY           55                        26     29       35
  MONTH TO DATE  216                       162     54      240
  SINCE MAR 1    216                       162     54      240
  SINCE JUL 1   4340                      4051    289     4366

 COOLING
  TODAY            0                         0      0        0
  MONTH TO DATE    0                         0      0        0
  SINCE MAR 1      0                         0      0        0
  SINCE JAN 1      0                         0      0        0
..................................................................


WIND (MPH)
  RESULTANT WIND SPEED   1   RESULTANT WIND DIRECTION  SW (240)
  HIGHEST WIND SPEED     8   HIGHEST WIND DIRECTION    SW (230)
  HIGHEST GUST SPEED    11   HIGHEST GUST DIRECTION    SW (220)
  AVERAGE WIND SPEED     2.2


SKY COVER
  POSSIBLE SUNSHINE  MM
  AVERAGE SKY COVER 0.0


WEATHER CONDITIONS
 THE FOLLOWING WEATHER WAS RECORDED TODAY.
  NO SIGNIFICANT WEATHER WAS OBSERVED.


RELATIVE HUMIDITY (PERCENT)
 HIGHEST    91           900 AM
 LOWEST     54          1100 AM
 AVERAGE    73

..........................................................


THE MORGANTOWN WV CLIMATE NORMALS FOR TOMORROW
                         NORMAL    RECORD    YEAR
 MAXIMUM TEMPERATURE (F)   49        79      1995
 MINIMUM TEMPERATURE (F)   30         6      1960


SUNRISE AND SUNSET
MARCH  6 2015.........SUNRISE   646 AM EST   SUNSET   617 PM EST
MARCH  7 2015.........SUNRISE   644 AM EST   SUNSET   618 PM EST


-  INDICATES NEGATIVE NUMBERS.
R  INDICATES RECORD WAS SET OR TIED.
MM INDICATES DATA IS MISSING.
T  INDICATES TRACE AMOUNT.




$$
