000
CDUS41 KPBZ 212113
CLIMGW


CLIMATE REPORT
NATIONAL WEATHER SERVICE PITTSBURGH PA
513 PM EDT TUE OCT 21 2014


...................................

...THE MORGANTOWN WV CLIMATE SUMMARY FOR OCTOBER 21 2014...
VALID TODAY AS OF 0500 PM LOCAL TIME.

CLIMATE NORMAL PERIOD 1981 TO 2010
CLIMATE RECORD PERIOD 1948 TO 2014


WEATHER ITEM   OBSERVED TIME   RECORD YEAR NORMAL DEPARTURE LAST
                VALUE   (LST)  VALUE       VALUE  FROM      YEAR
                                                  NORMAL
..................................................................
TEMPERATURE (F)
 TODAY
  MAXIMUM         54    259 PM  83    1979  63     -9       66
  MINIMUM         52    650 AM  19    1952  42     10       36
  AVERAGE         53                        53      0       51

PRECIPITATION (IN)
  TODAY            0.18         MM      MM   0.08   0.10     0.00
  MONTH TO DATE    3.45                      1.87   1.58     1.19
  SINCE JUN 1     20.76                     17.36   3.40    19.74
  SINCE JAN 1     36.25                     34.55   1.70    32.38

DEGREE DAYS
 HEATING
  TODAY           12                        13     -1       14
  MONTH TO DATE  159                       205    -46      120
  SINCE SEP 1    217                       291    -74      199
  SINCE JUL 1    223                       302    -79      208

 COOLING
  TODAY            0                         0      0        0
  MONTH TO DATE   13                        10      3       36
  SINCE SEP 1    143                       102     41      120
  SINCE JAN 1    976                       811    165      906
..................................................................


WIND (MPH)
  RESULTANT WIND SPEED   2   RESULTANT WIND DIRECTION  SW (220)
  HIGHEST WIND SPEED     8   HIGHEST WIND DIRECTION     S (200)
  HIGHEST GUST SPEED    12   HIGHEST GUST DIRECTION    SW (220)
  AVERAGE WIND SPEED     3.2


SKY COVER
  POSSIBLE SUNSHINE  MM
  AVERAGE SKY COVER 1.0


WEATHER CONDITIONS
 THE FOLLOWING WEATHER WAS RECORDED TODAY.
  RAIN
  LIGHT RAIN
  FOG
  HAZE


RELATIVE HUMIDITY (PERCENT)
 HIGHEST    83           200 AM
 LOWEST     66          1200 AM
 AVERAGE    75

..........................................................


THE MORGANTOWN WV CLIMATE NORMALS FOR TOMORROW
                         NORMAL    RECORD    YEAR
 MAXIMUM TEMPERATURE (F)   63        84      1979
 MINIMUM TEMPERATURE (F)   42        27      1974


SUNRISE AND SUNSET
OCTOBER 21 2014.......SUNRISE   736 AM EDT   SUNSET   632 PM EDT
OCTOBER 22 2014.......SUNRISE   737 AM EDT   SUNSET   631 PM EDT


-  INDICATES NEGATIVE NUMBERS.
R  INDICATES RECORD WAS SET OR TIED.
MM INDICATES DATA IS MISSING.
T  INDICATES TRACE AMOUNT.




$$
