000
CDUS41 KPBZ 160705
CLIMGW


CLIMATE REPORT
NATIONAL WEATHER SERVICE PITTSBURGH PA
305 AM EDT TUE SEP 16 2014


...................................

...THE MORGANTOWN WV CLIMATE SUMMARY FOR SEPTEMBER 15 2014...

CLIMATE NORMAL PERIOD 1981 TO 2010
CLIMATE RECORD PERIOD 1948 TO 2014


WEATHER ITEM   OBSERVED TIME   RECORD YEAR NORMAL DEPARTURE LAST
                VALUE   (LST)  VALUE       VALUE  FROM      YEAR
                                                  NORMAL
..................................................................
TEMPERATURE (F)
 YESTERDAY
  MAXIMUM         72    245 PM  91    1998  76     -4       73
  MINIMUM         45    606 AM  38    1985  55    -10       44
  AVERAGE         59                        66     -7       59

PRECIPITATION (IN)
  YESTERDAY        0.00         MM      MM   0.10  -0.10     0.00
  MONTH TO DATE    1.42                      1.58  -0.16     0.57
  SINCE JUN 1     16.40                     13.86   2.54    17.12
  SINCE JAN 1     31.89                     31.05   0.84    29.76

DEGREE DAYS
 HEATING
  YESTERDAY        6                         2      4        6
  MONTH TO DATE   24                        20      4       23
  SINCE SEP 1     24                        20      4       23
  SINCE JUL 1     30                        31     -1       32

 COOLING
  YESTERDAY        0                         3     -3        0
  MONTH TO DATE  108                        63     45       75
  SINCE SEP 1    108                        63     45       75
  SINCE JAN 1    941                       772    169      861
..................................................................


WIND (MPH)
  HIGHEST WIND SPEED    13   HIGHEST WIND DIRECTION     S (160)
  HIGHEST GUST SPEED    15   HIGHEST GUST DIRECTION     S (160)
  AVERAGE WIND SPEED     1.9


SKY COVER
  POSSIBLE SUNSHINE  MM
  AVERAGE SKY COVER 0.2


WEATHER CONDITIONS
 THE FOLLOWING WEATHER WAS RECORDED YESTERDAY.
  FOG
  FOG W/VISIBILITY <= 1/4 MILE
  HAZE


RELATIVE HUMIDITY (PERCENT)
 HIGHEST    93           400 AM
 LOWEST     41           300 PM
 AVERAGE    67

..........................................................


THE MORGANTOWN WV CLIMATE NORMALS FOR TODAY
                         NORMAL    RECORD    YEAR
 MAXIMUM TEMPERATURE (F)   76        91      1991
 MINIMUM TEMPERATURE (F)   55        35      1966


SUNRISE AND SUNSET
SEPTEMBER 16 2014.....SUNRISE   702 AM EDT   SUNSET   727 PM EDT
SEPTEMBER 17 2014.....SUNRISE   703 AM EDT   SUNSET   725 PM EDT


-  INDICATES NEGATIVE NUMBERS.
R  INDICATES RECORD WAS SET OR TIED.
MM INDICATES DATA IS MISSING.
T  INDICATES TRACE AMOUNT.




$$
