000
CDUS41 KPBZ 272134
CLIMGW


CLIMATE REPORT
NATIONAL WEATHER SERVICE PITTSBURGH PA
533 PM EDT MON MAR 27 2017


...................................

...THE MORGANTOWN WV CLIMATE SUMMARY FOR MARCH 27 2017...
VALID TODAY AS OF 0500 PM LOCAL TIME.

CLIMATE NORMAL PERIOD 1981 TO 2010
CLIMATE RECORD PERIOD 1948 TO 2017


WEATHER ITEM   OBSERVED TIME   RECORD YEAR NORMAL DEPARTURE LAST
                VALUE   (LST)  VALUE       VALUE  FROM      YEAR
                                                  NORMAL
..................................................................
TEMPERATURE (F)
 TODAY
  MAXIMUM         70    357 PM  85    1950  56     14       77
  MINIMUM         56    520 AM  15    2001  36     20       45
  AVERAGE         63                        46     17       61

PRECIPITATION (IN)
  TODAY            0.03         MM      MM   0.13  -0.10      T
  MONTH TO DATE    4.07                      3.15   0.92     2.61
  SINCE JUN 1     40.38                     33.20   7.18    30.28
  SINCE JAN 1     10.97                      8.56   2.41     6.74

DEGREE DAYS
 HEATING
  TODAY            2                        19    -17        4
  MONTH TO DATE  626                       638    -12      404
  SINCE MAR 1    626                       638    -12      404
  SINCE JUL 1   3639                      4527   -888     3498

 COOLING
  TODAY            0                         0      0        0
  MONTH TO DATE    2                         0      2        0
  SINCE MAR 1      2                         0      2        0
  SINCE JAN 1      5                         0      5        0
..................................................................


WIND (MPH)
  RESULTANT WIND SPEED   4   RESULTANT WIND DIRECTION   S (190)
  HIGHEST WIND SPEED    13   HIGHEST WIND DIRECTION    SW (210)
  HIGHEST GUST SPEED    19   HIGHEST GUST DIRECTION    SW (230)
  AVERAGE WIND SPEED     6.0


SKY COVER
  POSSIBLE SUNSHINE  MM
  AVERAGE SKY COVER 0.8


WEATHER CONDITIONS
 THE FOLLOWING WEATHER WAS RECORDED TODAY.
  LIGHT RAIN
  FOG


RELATIVE HUMIDITY (PERCENT)
 HIGHEST    87           900 AM
 LOWEST     51           400 PM
 AVERAGE    69

..........................................................


THE MORGANTOWN WV CLIMATE NORMALS FOR TOMORROW
                         NORMAL    RECORD    YEAR
 MAXIMUM TEMPERATURE (F)   57        83      1989
 MINIMUM TEMPERATURE (F)   36        10      1982


SUNRISE AND SUNSET
MARCH 27 2017.........SUNRISE   711 AM EDT   SUNSET   739 PM EDT
MARCH 28 2017.........SUNRISE   710 AM EDT   SUNSET   740 PM EDT


-  INDICATES NEGATIVE NUMBERS.
R  INDICATES RECORD WAS SET OR TIED.
MM INDICATES DATA IS MISSING.
T  INDICATES TRACE AMOUNT.




$$
