000
CDUS41 KPBZ 241222
CLIMGW


CLIMATE REPORT
NATIONAL WEATHER SERVICE PITTSBURGH PA
822 AM EDT TUE MAY 24 2016


...................................

...THE MORGANTOWN WV CLIMATE SUMMARY FOR MAY 24 2016...
VALID AS OF 0800 AM LOCAL TIME.

CLIMATE NORMAL PERIOD 1981 TO 2010
CLIMATE RECORD PERIOD 1948 TO 2016


WEATHER ITEM   OBSERVED TIME   RECORD YEAR NORMAL DEPARTURE LAST
                VALUE   (LST)  VALUE       VALUE  FROM      YEAR
                                                  NORMAL
..................................................................
TEMPERATURE (F)
 TODAY
  MAXIMUM         57    659 AM  87    1952
  MINIMUM         50    538 AM  33    1956  52     -2       45

PRECIPITATION (IN)
  TODAY            0.00         MM      MM   0.16  -0.16     0.00
  MONTH TO DATE    5.20                      3.53   1.67     0.99
  SINCE JUN 1     39.57                     40.75  -1.18    43.25
  SINCE JAN 1     16.03                     16.11  -0.08    17.02

DEGREE DAYS
 HEATING
  TODAY           11

 COOLING
  TODAY            0
..................................................................





WEATHER CONDITIONS
 THE FOLLOWING WEATHER WAS RECORDED TODAY.
  FOG
  HAZE


RELATIVE HUMIDITY (PERCENT)
 HIGHEST    89           200 AM

..........................................................


THE MORGANTOWN WV CLIMATE NORMALS FOR TOMORROW
                         NORMAL    RECORD    YEAR
 MAXIMUM TEMPERATURE (F)   74        89      1991
 MINIMUM TEMPERATURE (F)   53        32      2013


SUNRISE AND SUNSET
MAY 24 2016...........SUNRISE   558 AM EDT   SUNSET   836 PM EDT
MAY 25 2016...........SUNRISE   557 AM EDT   SUNSET   836 PM EDT


-  INDICATES NEGATIVE NUMBERS.
R  INDICATES RECORD WAS SET OR TIED.
MM INDICATES DATA IS MISSING.
T  INDICATES TRACE AMOUNT.




$$
