000
CDUS41 KPBZ 080705
CLIMGW


CLIMATE REPORT
NATIONAL WEATHER SERVICE PITTSBURGH PA
302 AM EDT WED JUL 8 2015


...................................

...THE MORGANTOWN WV CLIMATE SUMMARY FOR JULY 7 2015...

CLIMATE NORMAL PERIOD 1981 TO 2010
CLIMATE RECORD PERIOD 1948 TO 2015


WEATHER ITEM   OBSERVED TIME   RECORD YEAR NORMAL DEPARTURE LAST
                VALUE   (LST)  VALUE       VALUE  FROM      YEAR
                                                  NORMAL
..................................................................
TEMPERATURE (F)
 YESTERDAY
  MAXIMUM         87    446 PM 101    2012  84      3       88
  MINIMUM         69   1259 AM  45    1983  63      6       70
  AVERAGE         78                        73      5       79

PRECIPITATION (IN)
  YESTERDAY        0.02         MM      MM   0.15  -0.13     0.02
  MONTH TO DATE    1.16                      1.06   0.10     0.04
  SINCE JUN 1      7.31                      5.17   2.14     4.56
  SINCE JAN 1     24.56                     22.36   2.20    20.05

DEGREE DAYS
 HEATING
  YESTERDAY        0                         0      0        0
  MONTH TO DATE    0                         0      0        0
  SINCE JUN 1     13                        31    -18        2
  SINCE JUL 1      0                         0      0        0

 COOLING
  YESTERDAY       13                         8      5       14
  MONTH TO DATE   55                        56     -1       59
  SINCE JUN 1    277                       218     59      299
  SINCE JAN 1    461                       285    176      408
..................................................................


WIND (MPH)
  HIGHEST WIND SPEED    15   HIGHEST WIND DIRECTION    SW (210)
  HIGHEST GUST SPEED    25   HIGHEST GUST DIRECTION     W (260)
  AVERAGE WIND SPEED     7.2


SKY COVER
  POSSIBLE SUNSHINE  MM
  AVERAGE SKY COVER 0.4


WEATHER CONDITIONS
 THE FOLLOWING WEATHER WAS RECORDED YESTERDAY.
  LIGHT RAIN
  HAZE


RELATIVE HUMIDITY (PERCENT)
 HIGHEST    84           100 AM
 LOWEST     51           100 PM
 AVERAGE    68

..........................................................


THE MORGANTOWN WV CLIMATE NORMALS FOR TODAY
                         NORMAL    RECORD    YEAR
 MAXIMUM TEMPERATURE (F)   84        97      1988
 MINIMUM TEMPERATURE (F)   63        47      1984


SUNRISE AND SUNSET
JULY  8 2015..........SUNRISE   559 AM EDT   SUNSET   850 PM EDT
JULY  9 2015..........SUNRISE   600 AM EDT   SUNSET   849 PM EDT


-  INDICATES NEGATIVE NUMBERS.
R  INDICATES RECORD WAS SET OR TIED.
MM INDICATES DATA IS MISSING.
T  INDICATES TRACE AMOUNT.




$$
