000
CDUS41 KPBZ 231340
CLIMGW


CLIMATE REPORT
NATIONAL WEATHER SERVICE PITTSBURGH PA
840 AM EST THU NOV 23 2017


...................................

...THE MORGANTOWN WV CLIMATE SUMMARY FOR NOVEMBER 23 2017...
VALID AS OF 0800 AM LOCAL TIME.

CLIMATE NORMAL PERIOD 1981 TO 2010
CLIMATE RECORD PERIOD 1872 TO 2017


WEATHER ITEM   OBSERVED TIME   RECORD YEAR NORMAL DEPARTURE LAST
                VALUE   (LST)  VALUE       VALUE  FROM      YEAR
                                                  NORMAL
..................................................................
TEMPERATURE (F)
 TODAY
  MAXIMUM         32    114 AM  78    1979
  MINIMUM         26    659 AM   9    1880  34     -8       25

PRECIPITATION (IN)
  TODAY            0.00          1.16 1875   0.12  -0.12     0.00
  MONTH TO DATE    2.99                      2.65   0.34     0.91
  SINCE JUN 1     24.72                     20.92   3.80    24.50
  SINCE JAN 1     47.81                     38.11   9.70    40.54

DEGREE DAYS
 HEATING
  TODAY           36

 COOLING
  TODAY            0
..................................................................





WEATHER CONDITIONS
 THE FOLLOWING WEATHER WAS RECORDED TODAY.
  NO SIGNIFICANT WEATHER WAS OBSERVED.


RELATIVE HUMIDITY (PERCENT)
 HIGHEST    81           800 AM

..........................................................


THE MORGANTOWN WV CLIMATE NORMALS FOR TOMORROW
                         NORMAL    RECORD    YEAR
 MAXIMUM TEMPERATURE (F)   50        72      1979
 MINIMUM TEMPERATURE (F)   34         8      1956


SUNRISE AND SUNSET
NOVEMBER 23 2017......SUNRISE   713 AM EST   SUNSET   459 PM EST
NOVEMBER 24 2017......SUNRISE   714 AM EST   SUNSET   458 PM EST


-  INDICATES NEGATIVE NUMBERS.
R  INDICATES RECORD WAS SET OR TIED.
MM INDICATES DATA IS MISSING.
T  INDICATES TRACE AMOUNT.




$$
