000
CDUS41 KPBZ 101326
CLIMGW


CLIMATE REPORT
NATIONAL WEATHER SERVICE PITTSBURGH PA
826 AM EST SAT DEC 10 2016


...................................

...THE MORGANTOWN WV CLIMATE SUMMARY FOR DECEMBER 10 2016...
VALID AS OF 0800 AM LOCAL TIME.

CLIMATE NORMAL PERIOD 1981 TO 2010
CLIMATE RECORD PERIOD 1948 TO 2016


WEATHER ITEM   OBSERVED TIME   RECORD YEAR NORMAL DEPARTURE LAST
                VALUE   (LST)  VALUE       VALUE  FROM      YEAR
                                                  NORMAL
..................................................................
TEMPERATURE (F)
 TODAY
  MAXIMUM         25   1211 AM  75    1971
  MINIMUM         22    659 AM  -1    1958  29     -7       44

PRECIPITATION (IN)
  TODAY            0.00         MM      MM   0.10  -0.10     0.00
  MONTH TO DATE    0.65                      1.02  -0.37     1.35
  SINCE JUN 1     26.01                     22.75   3.26    21.11
  SINCE JAN 1     42.05                     39.94   2.11    38.36

DEGREE DAYS
 HEATING
  TODAY           41

 COOLING
  TODAY            0
..................................................................





WEATHER CONDITIONS
 THE FOLLOWING WEATHER WAS RECORDED TODAY.
  NO SIGNIFICANT WEATHER WAS OBSERVED.


RELATIVE HUMIDITY (PERCENT)
 HIGHEST    77           800 AM

..........................................................


THE MORGANTOWN WV CLIMATE NORMALS FOR TOMORROW
                         NORMAL    RECORD    YEAR
 MAXIMUM TEMPERATURE (F)   43        68      1979
 MINIMUM TEMPERATURE (F)   28         1      1958


SUNRISE AND SUNSET
DECEMBER 10 2016......SUNRISE   730 AM EST   SUNSET   455 PM EST
DECEMBER 11 2016......SUNRISE   731 AM EST   SUNSET   456 PM EST


-  INDICATES NEGATIVE NUMBERS.
R  INDICATES RECORD WAS SET OR TIED.
MM INDICATES DATA IS MISSING.
T  INDICATES TRACE AMOUNT.




$$
