000
CDUS43 KFSD 100701
CLIMHE


CLIMATE REPORT
NATIONAL WEATHER SERVICE SIOUX FALLS SD
101 AM CST SAT DEC 10 2016


...................................

...THE MITCHELL SD CLIMATE SUMMARY FOR DECEMBER 9 2016...

CLIMATE NORMAL PERIOD 1981 TO 2010
CLIMATE RECORD PERIOD 1893 TO 2016


WEATHER ITEM   OBSERVED TIME   RECORD YEAR NORMAL DEPARTURE LAST
                VALUE   (LST)  VALUE       VALUE  FROM      YEAR
                                                  NORMAL
..................................................................
TEMPERATURE (F)
 YESTERDAY
  MAXIMUM         12    230 PM  64    1957  31    -19       52
  MINIMUM         -3    458 AM -23    1955  13    -16       31
  AVERAGE          5                        22    -17       42

PRECIPITATION (IN)
  YESTERDAY        0.03          0.40 1948   0.01   0.02     0.00
                                      1914
                                      2008
  MONTH TO DATE    0.06                      0.20  -0.14     0.16
  SINCE DEC 1      0.06                      0.20  -0.14     0.16
  SINCE JAN 1     25.27                     21.27   4.00    22.57

SNOWFALL (IN)
  YESTERDAY        0.3           4.0  2003  MM     MM        0.0
                                      1948
                                      1914
  MONTH TO DATE    0.3                      MM     MM        2.6
  SINCE DEC 1      0.3                      MM     MM        2.6
  SINCE JUL 1      5.8                      MM     MM       15.8
  SNOW DEPTH       0

DEGREE DAYS
 HEATING
  YESTERDAY       60                        43     17       23
  MONTH TO DATE  372                       373     -1      297
  SINCE DEC 1    372                       373     -1      297
  SINCE JUL 1   1466                      1941   -475     1480

 COOLING
  YESTERDAY        0                         0      0        0
  MONTH TO DATE    0                         0      0        0
  SINCE DEC 1      0                         0      0        0
  SINCE JAN 1   1036                       824    212      894
..................................................................


WIND (MPH)
  HIGHEST WIND SPEED    13   HIGHEST WIND DIRECTION     N (350)
  HIGHEST GUST SPEED    14   HIGHEST GUST DIRECTION     N (350)
  AVERAGE WIND SPEED     6.1


SKY COVER
  POSSIBLE SUNSHINE  MM
  AVERAGE SKY COVER 0.7


WEATHER CONDITIONS
 THE FOLLOWING WEATHER WAS RECORDED YESTERDAY.
  LIGHT SNOW
  FOG
  HAZE


RELATIVE HUMIDITY (PERCENT)
 HIGHEST    91           600 PM
 LOWEST     76          1100 AM
 AVERAGE    84

..........................................................


THE MITCHELL SD CLIMATE NORMALS FOR TODAY
                         NORMAL    RECORD    YEAR
 MAXIMUM TEMPERATURE (F)   31        64      1979
 MINIMUM TEMPERATURE (F)   13       -21      1917


SUNRISE AND SUNSET
DECEMBER 10 2016......SUNRISE   756 AM CST   SUNSET   455 PM CST
DECEMBER 11 2016......SUNRISE   756 AM CST   SUNSET   455 PM CST


-  INDICATES NEGATIVE NUMBERS.
R  INDICATES RECORD WAS SET OR TIED.
MM INDICATES DATA IS MISSING.
T  INDICATES TRACE AMOUNT.




$$
