000
CDUS43 KFSD 290622
CLIMHE


CLIMATE REPORT
NATIONAL WEATHER SERVICE SIOUX FALLS SD
121 AM CDT THU JUN 29 2017


...................................

...THE MITCHELL SD CLIMATE SUMMARY FOR JUNE 28 2017...

CLIMATE NORMAL PERIOD 1981 TO 2010
CLIMATE RECORD PERIOD 1893 TO 2017


WEATHER ITEM   OBSERVED TIME   RECORD YEAR NORMAL DEPARTURE LAST
                VALUE   (LST)  VALUE       VALUE  FROM      YEAR
                                                  NORMAL
..................................................................
TEMPERATURE (F)
 YESTERDAY
  MAXIMUM         90    205 PM 110    1931  85      5       81
  MINIMUM         61   1159 PM  44    1898  62     -1       60
                                      1896
  AVERAGE         76                        74      2       71

PRECIPITATION (IN)
  YESTERDAY        T             2.15 1928   0.09  -0.09      T
  MONTH TO DATE    0.75                      3.93  -3.18     2.04
  SINCE JUN 1      0.75                      3.93  -3.18     2.04
  SINCE JAN 1      7.77                     10.66  -2.89    14.56

SNOWFALL (IN)
  YESTERDAY        0.0           0.0    MM  MM     MM        0.0
  MONTH TO DATE    0.0                      MM     MM        0.0
  SINCE JUN 1      0.0                      MM     MM        0.0
  SINCE JUL 1     30.6                      MM     MM       46.3
  SNOW DEPTH       0

DEGREE DAYS
 HEATING
  YESTERDAY        0                         0      0        0
  MONTH TO DATE   12                        33    -21        4
  SINCE JUN 1     12                        33    -21        4
  SINCE JUL 1   6295                      7243   -948     6149

 COOLING
  YESTERDAY       11                         9      2        6
  MONTH TO DATE  211                       151     60      269
  SINCE JUN 1    211                       151     60      269
  SINCE JAN 1    243                       191     52      313
..................................................................


WIND (MPH)
  HIGHEST WIND SPEED    24   HIGHEST WIND DIRECTION    NW (300)
  HIGHEST GUST SPEED    29   HIGHEST GUST DIRECTION    NW (320)
  AVERAGE WIND SPEED    11.9


SKY COVER
  POSSIBLE SUNSHINE  MM
  AVERAGE SKY COVER 0.1


WEATHER CONDITIONS
 THE FOLLOWING WEATHER WAS RECORDED YESTERDAY.
  THUNDERSTORM


RELATIVE HUMIDITY (PERCENT)
 HIGHEST    87           200 AM
 LOWEST     29           600 PM
 AVERAGE    58

..........................................................


THE MITCHELL SD CLIMATE NORMALS FOR TODAY
                         NORMAL    RECORD    YEAR
 MAXIMUM TEMPERATURE (F)   86       106      1931
 MINIMUM TEMPERATURE (F)   62        42      1923


SUNRISE AND SUNSET
JUNE 29 2017..........SUNRISE   553 AM CDT   SUNSET   918 PM CDT
JUNE 30 2017..........SUNRISE   554 AM CDT   SUNSET   918 PM CDT


-  INDICATES NEGATIVE NUMBERS.
R  INDICATES RECORD WAS SET OR TIED.
MM INDICATES DATA IS MISSING.
T  INDICATES TRACE AMOUNT.




$$
