000
CDUS43 KFSD 020626
CLIMHE


CLIMATE REPORT
NATIONAL WEATHER SERVICE SIOUX FALLS SD
125 AM CDT WED SEP 2 2015


...................................

...THE MITCHELL SD CLIMATE SUMMARY FOR SEPTEMBER 1 2015...

CLIMATE NORMAL PERIOD 1981 TO 2010
CLIMATE RECORD PERIOD 1893 TO 2015


WEATHER ITEM   OBSERVED TIME   RECORD YEAR NORMAL DEPARTURE LAST
                VALUE   (LST)  VALUE       VALUE  FROM      YEAR
                                                  NORMAL
..................................................................
TEMPERATURE (F)
 YESTERDAY
  MAXIMUM         82    357 PM 100    1913  81      1       79
  MINIMUM         65    555 AM  39    1946  57      8       59
  AVERAGE         74                        69      5       69

PRECIPITATION (IN)
  YESTERDAY        T             1.43 2006   0.11  -0.11     0.39
  MONTH TO DATE    T                         0.11  -0.11     0.39
  SINCE SEP 1      T                         0.11  -0.11     0.39
  SINCE JAN 1     16.93                     16.46   0.47    15.49

SNOWFALL (IN)
  YESTERDAY        0.0           0.0    MM  MM     MM        0.0
  MONTH TO DATE    0.0                      MM     MM        0.0
  SINCE SEP 1      0.0                      MM     MM        0.0
  SINCE JUL 1      0.0                      MM     MM        0.0
  SNOW DEPTH       0

DEGREE DAYS
 HEATING
  YESTERDAY        0                         1     -1        0
  MONTH TO DATE    0                         1     -1        0
  SINCE SEP 1      0                         1     -1        0
  SINCE JUL 1     28                        18     10       12

 COOLING
  YESTERDAY        9                         5      4        4
  MONTH TO DATE    9                         5      4        4
  SINCE SEP 1      9                         5      4        4
  SINCE JAN 1    733                       750    -17      650
..................................................................


WIND (MPH)
  HIGHEST WIND SPEED    21   HIGHEST WIND DIRECTION     S (160)
  HIGHEST GUST SPEED    28   HIGHEST GUST DIRECTION    SE (140)
  AVERAGE WIND SPEED     5.3


SKY COVER
  POSSIBLE SUNSHINE  MM
  AVERAGE SKY COVER 0.1


WEATHER CONDITIONS
 THE FOLLOWING WEATHER WAS RECORDED YESTERDAY.
  LIGHT RAIN
  FOG


RELATIVE HUMIDITY (PERCENT)
 HIGHEST   100           500 AM
 LOWEST     69           400 PM
 AVERAGE    85

..........................................................


THE MITCHELL SD CLIMATE NORMALS FOR TODAY
                         NORMAL    RECORD    YEAR
 MAXIMUM TEMPERATURE (F)   81       103      1929
 MINIMUM TEMPERATURE (F)   56        40      1974
                                             1935


SUNRISE AND SUNSET
SEPTEMBER  2 2015.....SUNRISE   657 AM CDT   SUNSET   806 PM CDT
SEPTEMBER  3 2015.....SUNRISE   658 AM CDT   SUNSET   805 PM CDT


-  INDICATES NEGATIVE NUMBERS.
R  INDICATES RECORD WAS SET OR TIED.
MM INDICATES DATA IS MISSING.
T  INDICATES TRACE AMOUNT.




$$
