000
CDUS43 KFSD 240642
CLIMHE


CLIMATE REPORT
NATIONAL WEATHER SERVICE SIOUX FALLS SD
140 AM CDT THU APR 24 2014


...................................

...THE MITCHELL SD CLIMATE SUMMARY FOR APRIL 23 2014...

CLIMATE NORMAL PERIOD 1981 TO 2010
CLIMATE RECORD PERIOD 1893 TO 2014


WEATHER ITEM   OBSERVED TIME   RECORD YEAR NORMAL DEPARTURE LAST
                VALUE   (LST)  VALUE       VALUE  FROM      YEAR
                                                  NORMAL
..................................................................
TEMPERATURE (F)
 YESTERDAY
  MAXIMUM         73    328 PM  92    2009  64      9       40
                                      1939
  MINIMUM         49   1159 PM  12    2013  39     10       12
  AVERAGE         61                        51     10       26

PRECIPITATION (IN)
  YESTERDAY        0.01          1.61 1908   0.10  -0.09     0.00
  MONTH TO DATE    0.12                      1.49  -1.37     2.64
  SINCE MAR 1      1.16                      2.55  -1.39     3.44
  SINCE JAN 1      1.66                      3.11  -1.45     5.01

SNOWFALL (IN)
  YESTERDAY        0.0           1.0  2001  MM     MM        0.0
  MONTH TO DATE    T                        MM     MM       23.2
  SINCE MAR 1      8.6                      MM     MM       26.6
  SINCE JUL 1     30.8                      MM     MM       54.5
  SNOW DEPTH       0

DEGREE DAYS
 HEATING
  YESTERDAY        4                        14    -10       39
  MONTH TO DATE  441                       433      8      685
  SINCE MAR 1   1487                      1391     96     1824
  SINCE JUL 1   7437                      6913    524     7289

 COOLING
  YESTERDAY        0                         0      0        0
  MONTH TO DATE    0                         0      0        0
  SINCE MAR 1      0                         0      0        0
  SINCE JAN 1      0                         0      0        0
..................................................................


WIND (MPH)
  HIGHEST WIND SPEED    41   HIGHEST WIND DIRECTION    SE (140)
  HIGHEST GUST SPEED    53   HIGHEST GUST DIRECTION    SE (140)
  AVERAGE WIND SPEED    25.4


SKY COVER
  POSSIBLE SUNSHINE  MM
  AVERAGE SKY COVER 0.3


WEATHER CONDITIONS
 THE FOLLOWING WEATHER WAS RECORDED YESTERDAY.
  THUNDERSTORM
  LIGHT RAIN


RELATIVE HUMIDITY (PERCENT)
 HIGHEST    71          1100 PM
 LOWEST     37           100 PM
 AVERAGE    54

..........................................................


THE MITCHELL SD CLIMATE NORMALS FOR TODAY
                         NORMAL    RECORD    YEAR
 MAXIMUM TEMPERATURE (F)   65        91      1906
 MINIMUM TEMPERATURE (F)   39        23      1919


SUNRISE AND SUNSET
APRIL 24 2014.........SUNRISE   635 AM CDT   SUNSET   827 PM CDT
APRIL 25 2014.........SUNRISE   633 AM CDT   SUNSET   828 PM CDT


-  INDICATES NEGATIVE NUMBERS.
R  INDICATES RECORD WAS SET OR TIED.
MM INDICATES DATA IS MISSING.
T  INDICATES TRACE AMOUNT.




$$
