000
CDUS43 KFSD 210630
CLIMHE


CLIMATE REPORT
NATIONAL WEATHER SERVICE SIOUX FALLS SD
130 AM CDT MON APR 21 2014


...................................

...THE MITCHELL SD CLIMATE SUMMARY FOR APRIL 20 2014...

CLIMATE NORMAL PERIOD 1981 TO 2010
CLIMATE RECORD PERIOD 1893 TO 2014


WEATHER ITEM   OBSERVED TIME   RECORD YEAR NORMAL DEPARTURE LAST
                VALUE   (LST)  VALUE       VALUE  FROM      YEAR
                                                  NORMAL
..................................................................
TEMPERATURE (F)
 YESTERDAY
  MAXIMUM         83    403 PM  94    1980  63     20       36
  MINIMUM         31    543 AM  14    1966  37     -6       19
  AVERAGE         57                        50      7       28

PRECIPITATION (IN)
  YESTERDAY        T             1.60 1917   0.09  -0.09     0.08
  MONTH TO DATE    0.11                      1.21  -1.10     2.11
  SINCE MAR 1      1.15                      2.27  -1.12     2.91
  SINCE JAN 1      1.65                      2.83  -1.18     4.48

SNOWFALL (IN)
  YESTERDAY        0.0           2.0  1917  MM     MM        1.0
  MONTH TO DATE    T                        MM     MM       18.1
  SINCE MAR 1      8.6                      MM     MM       21.5
  SINCE JUL 1     30.8                      MM     MM       49.4
  SNOW DEPTH       0

DEGREE DAYS
 HEATING
  YESTERDAY        8                        15     -7       37
  MONTH TO DATE  414                       390     24      588
  SINCE MAR 1   1460                      1348    112     1727
  SINCE JUL 1   7410                      6870    540     7192

 COOLING
  YESTERDAY        0                         0      0        0
  MONTH TO DATE    0                         0      0        0
  SINCE MAR 1      0                         0      0        0
  SINCE JAN 1      0                         0      0        0
..................................................................


WIND (MPH)
  HIGHEST WIND SPEED    25   HIGHEST WIND DIRECTION    SW (230)
  HIGHEST GUST SPEED    34   HIGHEST GUST DIRECTION    SW (230)
  AVERAGE WIND SPEED     6.7


SKY COVER
  POSSIBLE SUNSHINE  MM
  AVERAGE SKY COVER 0.0


WEATHER CONDITIONS
 THE FOLLOWING WEATHER WAS RECORDED YESTERDAY.
  THUNDERSTORM


RELATIVE HUMIDITY (PERCENT)
 HIGHEST    76           700 AM
 LOWEST     19          1200 PM
 AVERAGE    48

..........................................................


THE MITCHELL SD CLIMATE NORMALS FOR TODAY
                         NORMAL    RECORD    YEAR
 MAXIMUM TEMPERATURE (F)   63        97      1980
 MINIMUM TEMPERATURE (F)   38        15      1927


SUNRISE AND SUNSET
APRIL 21 2014.........SUNRISE   639 AM CDT   SUNSET   823 PM CDT
APRIL 22 2014.........SUNRISE   638 AM CDT   SUNSET   824 PM CDT


-  INDICATES NEGATIVE NUMBERS.
R  INDICATES RECORD WAS SET OR TIED.
MM INDICATES DATA IS MISSING.
T  INDICATES TRACE AMOUNT.




$$
