000
CDUS43 KFSD 290635
CLIMHE


CLIMATE REPORT
NATIONAL WEATHER SERVICE SIOUX FALLS SD
135 AM CDT SUN MAY 29 2016


...................................

...THE MITCHELL SD CLIMATE SUMMARY FOR MAY 28 2016...

CLIMATE NORMAL PERIOD 1981 TO 2010
CLIMATE RECORD PERIOD 1893 TO 2016


WEATHER ITEM   OBSERVED TIME   RECORD YEAR NORMAL DEPARTURE LAST
                VALUE   (LST)  VALUE       VALUE  FROM      YEAR
                                                  NORMAL
..................................................................
TEMPERATURE (F)
 YESTERDAY
  MAXIMUM         66    649 PM 107    1934  74     -8       87
  MINIMUM         60   1159 PM  28    1965  52      8       63
  AVERAGE         63                        63      0       75

PRECIPITATION (IN)
  YESTERDAY        1.59R         1.20 1995   0.15   1.44      T
  MONTH TO DATE    4.45                      2.47   1.98     4.46
  SINCE MAR 1     11.18                      5.71   5.47     6.01
  SINCE JAN 1     12.41                      6.27   6.14     6.78

SNOWFALL (IN)
  YESTERDAY        0.0           0.0    MM  MM     MM        0.0
  MONTH TO DATE    0.0                      MM     MM        0.0
  SINCE MAR 1      3.9                      MM     MM        0.7
  SINCE JUL 1     46.3                      MM     MM       22.6
  SNOW DEPTH       0

DEGREE DAYS
 HEATING
  YESTERDAY        2                         4     -2        0
  MONTH TO DATE  163                       199    -36      188
  SINCE MAR 1   1356                      1677   -321     1352
  SINCE JUL 1   6145                      7199  -1054     6842

 COOLING
  YESTERDAY        0                         2     -2       10
  MONTH TO DATE   29                        30     -1       25
  SINCE MAR 1     33                        32      1       31
  SINCE JAN 1     33                        32      1       31
..................................................................


WIND (MPH)
  HIGHEST WIND SPEED    14   HIGHEST WIND DIRECTION    NW (310)
  HIGHEST GUST SPEED    17   HIGHEST GUST DIRECTION    NW (310)
  AVERAGE WIND SPEED     7.6


SKY COVER
  POSSIBLE SUNSHINE  MM
  AVERAGE SKY COVER 0.7


WEATHER CONDITIONS
 THE FOLLOWING WEATHER WAS RECORDED YESTERDAY.
  THUNDERSTORM
  HEAVY RAIN
  RAIN
  LIGHT RAIN
  FOG


RELATIVE HUMIDITY (PERCENT)
 HIGHEST   100           900 AM
 LOWEST     87           100 PM
 AVERAGE    94

..........................................................


THE MITCHELL SD CLIMATE NORMALS FOR TODAY
                         NORMAL    RECORD    YEAR
 MAXIMUM TEMPERATURE (F)   74       105      1934
 MINIMUM TEMPERATURE (F)   52        28      1947


SUNRISE AND SUNSET
MAY 29 2016...........SUNRISE   554 AM CDT   SUNSET   905 PM CDT
MAY 30 2016...........SUNRISE   554 AM CDT   SUNSET   906 PM CDT


-  INDICATES NEGATIVE NUMBERS.
R  INDICATES RECORD WAS SET OR TIED.
MM INDICATES DATA IS MISSING.
T  INDICATES TRACE AMOUNT.




$$
