000
CDUS43 KTOP 292141
CLIMHK


CLIMATE REPORT
NATIONAL WEATHER SERVICE TOPEKA KS
441 PM CDT MON SEP 29 2014


...................................

...THE MANHATTAN KS CLIMATE SUMMARY FOR SEPTEMBER 29 2014...
VALID TODAY AS OF 430 PM LOCAL TIME.

CLIMATE NORMAL PERIOD 1981 TO 2010
CLIMATE RECORD PERIOD 9999 TO 9999


WEATHER ITEM   OBSERVED NORMAL DEPARTURE LAST
                VALUE   VALUE  FROM      YEAR
                               NORMAL
...............................................
TEMPERATURE (F)
 TODAY
  MAXIMUM         88     75     13       77
  MINIMUM         52     49      3       42
  AVERAGE         70     62      8       60

PRECIPITATION (IN)
  TODAY            0.00   0.08  -0.08     0.00
  MONTH TO DATE    0.85   3.09  -2.24     3.10
  SINCE SEP 1      0.85   3.09  -2.24     3.10
  SINCE JAN 1     17.75  27.63  -9.88    24.32

DEGREE DAYS
 HEATING
  TODAY            0      5     -5        5
  MONTH TO DATE   56     61     -5       15
  SINCE SEP 1     56     61     -5       15
  SINCE JUL 1     57     64     -7       18

 COOLING
  TODAY            5      2      3        0
  MONTH TO DATE  166    152     14      252
  SINCE SEP 1    166    152     14      252
  SINCE JAN 1   1544   1335    209     1480
...............................................


WIND (MPH)
  HIGHEST WIND SPEED    13   HIGHEST WIND DIRECTION     S (160)
  HIGHEST GUST SPEED    18   HIGHEST GUST DIRECTION     S (180)
  AVERAGE WIND SPEED     2.9



WEATHER CONDITIONS
 THE FOLLOWING WEATHER WAS RECORDED TODAY.
  FOG


RELATIVE HUMIDITY (PERCENT)
 HIGHEST   100
 LOWEST     32
 AVERAGE    66

..........................................................


THE MANHATTAN KS CLIMATE NORMALS FOR TOMORROW
                         NORMAL
 MAXIMUM TEMPERATURE (F)   75
 MINIMUM TEMPERATURE (F)   49


SUNRISE AND SUNSET
SEPTEMBER 29 2014.....SUNRISE   721 AM CDT   SUNSET   712 PM CDT
SEPTEMBER 30 2014.....SUNRISE   722 AM CDT   SUNSET   711 PM CDT


-  INDICATES NEGATIVE NUMBERS.
R  INDICATES RECORD WAS SET OR TIED.
MM INDICATES DATA IS MISSING.
T  INDICATES TRACE AMOUNT.




$$
