000
CDUS43 KTOP 290638
CLIMHK


CLIMATE REPORT
NATIONAL WEATHER SERVICE TOPEKA KS
138 AM CDT SAT APR 29 2017


...................................

...THE MANHATTAN KS CLIMATE SUMMARY FOR APRIL 28 2017...

CLIMATE NORMAL PERIOD 1981 TO 2010
CLIMATE RECORD PERIOD 9999 TO 9999


WEATHER ITEM   OBSERVED NORMAL DEPARTURE LAST
                VALUE   VALUE  FROM      YEAR
                               NORMAL
...............................................
TEMPERATURE (F)
 YESTERDAY
  MAXIMUM         64     70     -6       62
  MINIMUM         44     45     -1       42
  AVERAGE         54     58     -4       52

PRECIPITATION (IN)
  YESTERDAY        0.21   0.14   0.07      T
  MONTH TO DATE    3.50   2.51   0.99     7.21
  SINCE MAR 1      7.57   4.71   2.86     7.71
  SINCE JAN 1      9.37   6.43   2.94     8.69

DEGREE DAYS
 HEATING
  YESTERDAY       11      8      3       13
  MONTH TO DATE  245    331    -86      208
  SINCE MAR 1    754   1007   -253      681
  SINCE JUL 1   4038   5167  -1129     3978

 COOLING
  YESTERDAY        0      1     -1        0
  MONTH TO DATE   38     17     21       19
  SINCE MAR 1     44     19     25       28
  SINCE JAN 1     44     19     25       28
...............................................


WIND (MPH)
  HIGHEST WIND SPEED    20   HIGHEST WIND DIRECTION     E (70)
  HIGHEST GUST SPEED    26   HIGHEST GUST DIRECTION     E (90)
  AVERAGE WIND SPEED     9.1


SKY COVER
  AVERAGE SKY COVER 0.9


WEATHER CONDITIONS
 THE FOLLOWING WEATHER WAS RECORDED YESTERDAY.
  THUNDERSTORM
  LIGHT RAIN
  FOG


RELATIVE HUMIDITY (PERCENT)
 HIGHEST   100
 LOWEST     73
 AVERAGE    87

..........................................................


THE MANHATTAN KS CLIMATE NORMALS FOR TODAY
                         NORMAL
 MAXIMUM TEMPERATURE (F)   71
 MINIMUM TEMPERATURE (F)   46


SUNRISE AND SUNSET
APRIL 29 2017.........SUNRISE   630 AM CDT   SUNSET   818 PM CDT
APRIL 30 2017.........SUNRISE   629 AM CDT   SUNSET   819 PM CDT


-  INDICATES NEGATIVE NUMBERS.
R  INDICATES RECORD WAS SET OR TIED.
MM INDICATES DATA IS MISSING.
T  INDICATES TRACE AMOUNT.




$$
