000
CDUS43 KTOP 240635
CLIMHK


CLIMATE REPORT
NATIONAL WEATHER SERVICE TOPEKA KS
134 AM CDT SUN MAY 24 2015


...................................

...THE MANHATTAN KS CLIMATE SUMMARY FOR MAY 23 2015...

CLIMATE NORMAL PERIOD 1981 TO 2010
CLIMATE RECORD PERIOD 9999 TO 9999


WEATHER ITEM   OBSERVED NORMAL DEPARTURE LAST
                VALUE   VALUE  FROM      YEAR
                               NORMAL
...............................................
TEMPERATURE (F)
 YESTERDAY
  MAXIMUM         65     78    -13       78
  MINIMUM         57     54      3       61
  AVERAGE         61     66     -5       70

PRECIPITATION (IN)
  YESTERDAY        0.79   0.18   0.61     1.08
  MONTH TO DATE    8.46   3.11   5.35     1.81
  SINCE MAR 1     11.24   8.11   3.13     4.29
  SINCE JAN 1     12.70   9.83   2.87     5.51

DEGREE DAYS
 HEATING
  YESTERDAY        4      3      1        0
  MONTH TO DATE  101    110     -9      118
  SINCE MAR 1    926   1131   -205     1210
  SINCE JUL 1   5120   5291   -171     5741

 COOLING
  YESTERDAY        0      4     -4        5
  MONTH TO DATE   53     48      5       99
  SINCE MAR 1     61     65     -4      129
  SINCE JAN 1     61     65     -4      129
...............................................


WIND (MPH)
  HIGHEST WIND SPEED    33   HIGHEST WIND DIRECTION     E (100)
  HIGHEST GUST SPEED    48   HIGHEST GUST DIRECTION     E (110)
  AVERAGE WIND SPEED     8.1


SKY COVER
  AVERAGE SKY COVER 0.9


WEATHER CONDITIONS
 THE FOLLOWING WEATHER WAS RECORDED YESTERDAY.
  THUNDERSTORM
  HEAVY RAIN
  RAIN
  LIGHT RAIN
  FOG


RELATIVE HUMIDITY (PERCENT)
 HIGHEST   100
 LOWEST     77
 AVERAGE    89

..........................................................


THE MANHATTAN KS CLIMATE NORMALS FOR TODAY
                         NORMAL
 MAXIMUM TEMPERATURE (F)   79
 MINIMUM TEMPERATURE (F)   54


SUNRISE AND SUNSET
MAY 24 2015...........SUNRISE   607 AM CDT   SUNSET   841 PM CDT
MAY 25 2015...........SUNRISE   606 AM CDT   SUNSET   841 PM CDT


-  INDICATES NEGATIVE NUMBERS.
R  INDICATES RECORD WAS SET OR TIED.
MM INDICATES DATA IS MISSING.
T  INDICATES TRACE AMOUNT.




$$
