581
CDUS43 KTOP 212232
CLIMHK


CLIMATE REPORT
NATIONAL WEATHER SERVICE TOPEKA KS
432 PM CST SUN JAN 21 2018


...................................

...THE MANHATTAN KS CLIMATE SUMMARY FOR JANUARY 21 2018...
VALID TODAY AS OF 0400 PM LOCAL TIME.

CLIMATE NORMAL PERIOD 1981 TO 2010
CLIMATE RECORD PERIOD 9999 TO 9999


WEATHER ITEM   OBSERVED NORMAL DEPARTURE LAST
                VALUE   VALUE  FROM      YEAR
                               NORMAL
...............................................
TEMPERATURE (F)
 TODAY
  MAXIMUM         63     41     22       58
  MINIMUM         36     17     19       33
  AVERAGE         50     29     21       46

PRECIPITATION (IN)
  TODAY            0.00   0.02  -0.02     0.02
  MONTH TO DATE    0.32   0.31   0.01     1.38
  SINCE DEC 1      0.43   1.33  -0.90     2.32
  SINCE JAN 1      0.32   0.31   0.01     1.38

DEGREE DAYS
 HEATING
  TODAY           15     36    -21       19
  MONTH TO DATE  763    771     -8      725
  SINCE DEC 1   1746   1837    -91     1802
  SINCE JUL 1   2628   2912   -284     2412

 COOLING
  TODAY            0      0      0        0
  MONTH TO DATE    0      0      0        0
  SINCE DEC 1      0      0      0        0
  SINCE JAN 1      0      0      0        0
...............................................


WIND (MPH)
  HIGHEST WIND SPEED    22   HIGHEST WIND DIRECTION     S (180)
  HIGHEST GUST SPEED    29   HIGHEST GUST DIRECTION     S (180)
  AVERAGE WIND SPEED     6.5



WEATHER CONDITIONS
 THE FOLLOWING WEATHER WAS RECORDED TODAY.
  FOG
  FOG W/VISIBILITY <= 1/4 MILE


RELATIVE HUMIDITY (PERCENT)
 HIGHEST   100
 LOWEST     56
 AVERAGE    78

..........................................................


THE MANHATTAN KS CLIMATE NORMALS FOR TOMORROW
                         NORMAL
 MAXIMUM TEMPERATURE (F)   41
 MINIMUM TEMPERATURE (F)   17


SUNRISE AND SUNSET
JANUARY 21 2018.......SUNRISE   741 AM CST   SUNSET   535 PM CST
JANUARY 22 2018.......SUNRISE   741 AM CST   SUNSET   536 PM CST


-  INDICATES NEGATIVE NUMBERS.
R  INDICATES RECORD WAS SET OR TIED.
MM INDICATES DATA IS MISSING.
T  INDICATES TRACE AMOUNT.




$$
