000
CDUS43 KTOP 272133
CLIMHK


CLIMATE REPORT
NATIONAL WEATHER SERVICE TOPEKA KS
431 PM CDT MON JUL 27 2015


...................................

...THE MANHATTAN KS CLIMATE SUMMARY FOR JULY 27 2015...
VALID TODAY AS OF 430 PM LOCAL TIME.

CLIMATE NORMAL PERIOD 1981 TO 2010
CLIMATE RECORD PERIOD 9999 TO 9999


WEATHER ITEM   OBSERVED NORMAL DEPARTURE LAST
                VALUE   VALUE  FROM      YEAR
                               NORMAL
...............................................
TEMPERATURE (F)
 TODAY
  MAXIMUM         94     92      2       93
  MINIMUM         76     67      9       68
  AVERAGE         85     79      6       81

PRECIPITATION (IN)
  TODAY            T      0.12  -0.12     0.00
  MONTH TO DATE    3.09   3.51  -0.42     0.45
  SINCE JUN 1      6.75   8.60  -1.85     7.27
  SINCE JAN 1     20.97  19.80   1.17    13.12

DEGREE DAYS
 HEATING
  TODAY            0      0      0        0
  MONTH TO DATE    0      0      0        1
  SINCE JUN 1      0     11    -11        1
  SINCE JUL 1      0      0      0        1

 COOLING
  TODAY           20     14      6       16
  MONTH TO DATE  420    379     41      359
  SINCE JUN 1    781    649    132      664
  SINCE JAN 1    862    749    113      867
...............................................


WIND (MPH)
  HIGHEST WIND SPEED    15   HIGHEST WIND DIRECTION     E (100)
  HIGHEST GUST SPEED    18   HIGHEST GUST DIRECTION     W (280)
  AVERAGE WIND SPEED     6.1



WEATHER CONDITIONS
 THE FOLLOWING WEATHER WAS RECORDED TODAY.
  THUNDERSTORM


RELATIVE HUMIDITY (PERCENT)
 HIGHEST    85
 LOWEST     62
 AVERAGE    74

..........................................................


THE MANHATTAN KS CLIMATE NORMALS FOR TOMORROW
                         NORMAL
 MAXIMUM TEMPERATURE (F)   92
 MINIMUM TEMPERATURE (F)   67


SUNRISE AND SUNSET
JULY 27 2015..........SUNRISE   622 AM CDT   SUNSET   843 PM CDT
JULY 28 2015..........SUNRISE   623 AM CDT   SUNSET   842 PM CDT


-  INDICATES NEGATIVE NUMBERS.
R  INDICATES RECORD WAS SET OR TIED.
MM INDICATES DATA IS MISSING.
T  INDICATES TRACE AMOUNT.




$$
