000
CDUS42 KMFL 242016
CLIMIA


CLIMATE REPORT
NATIONAL WEATHER SERVICE MIAMI, FL
415 PM EDT SAT JUN 24 2017


...................................

...THE MIAMI CLIMATE SUMMARY FOR JUNE 24 2017...
VALID TODAY AS OF 0400 PM LOCAL TIME.

CLIMATE NORMAL PERIOD 1981 TO 2010
CLIMATE RECORD PERIOD 1895 TO 2017


WEATHER ITEM   OBSERVED TIME   RECORD YEAR NORMAL DEPARTURE LAST
                VALUE   (LST)  VALUE       VALUE  FROM      YEAR
                                                  NORMAL
..................................................................
TEMPERATURE (F)
 TODAY
  MAXIMUM         91    134 PM  98    1944  90      1       90
  MINIMUM         82    604 AM  66    1938  76      6       79
  AVERAGE         87                        83      4       85

PRECIPITATION (IN)
  TODAY            0.00          3.28 1946   0.33  -0.33     0.01
  MONTH TO DATE   13.30                      7.73   5.57     6.65
  SINCE JUN 1     13.30                      7.73   5.57     6.65
  SINCE JAN 1     26.78                     23.08   3.70    27.04

SNOWFALL (IN)
  TODAY            0.0
  MONTH TO DATE    0.0
  SINCE JUN 1      0.0
  SINCE JUL 1      0.0
  SNOW DEPTH       0

DEGREE DAYS
 HEATING
  TODAY            0                         0      0        0
  MONTH TO DATE    0                         0      0        0
  SINCE JUN 1      0                         0      0        0
  SINCE JUL 1     17                       128   -111       67

 COOLING
  TODAY           22                        18      4       20
  MONTH TO DATE  445                       423     22      448
  SINCE JUN 1    445                       423     22      448
  SINCE JAN 1   2149                      1779    370     1910
..................................................................


WIND (MPH)
  HIGHEST WIND SPEED    17   HIGHEST WIND DIRECTION     E (110)
  HIGHEST GUST SPEED    24   HIGHEST GUST DIRECTION    SE (150)
  AVERAGE WIND SPEED    10.1


SKY COVER
  AVERAGE SKY COVER 0.7


WEATHER CONDITIONS
 THE FOLLOWING WEATHER WAS RECORDED TODAY.
  NO SIGNIFICANT WEATHER WAS OBSERVED.


RELATIVE HUMIDITY (PERCENT)
 HIGHEST    74
 LOWEST     56
 AVERAGE    65

..........................................................


THE MIAMI CLIMATE NORMALS FOR TOMORROW
                         NORMAL    RECORD    YEAR
 MAXIMUM TEMPERATURE (F)   90        97      1987
                                             1944
 MINIMUM TEMPERATURE (F)   76        66      1938


SUNRISE AND SUNSET
JUNE 24 2017..........SUNRISE   631 AM EDT   SUNSET   816 PM EDT
JUNE 25 2017..........SUNRISE   631 AM EDT   SUNSET   816 PM EDT


-  INDICATES NEGATIVE NUMBERS.
R  INDICATES RECORD WAS SET OR TIED.
MM INDICATES DATA IS MISSING.
T  INDICATES TRACE AMOUNT.




$$
