000
CDUS42 KMFL 210935
CLIMIA


CLIMATE REPORT
NATIONAL WEATHER SERVICE MIAMI, FL
432 AM EST TUE FEB 21 2017


...................................

...THE MIAMI CLIMATE SUMMARY FOR FEBRUARY 20 2017...

CLIMATE NORMAL PERIOD 1981 TO 2010
CLIMATE RECORD PERIOD 1895 TO 2017


WEATHER ITEM   OBSERVED TIME   RECORD YEAR NORMAL DEPARTURE LAST
                VALUE   (LST)  VALUE       VALUE  FROM      YEAR
                                                  NORMAL
..................................................................
TEMPERATURE (F)
 YESTERDAY
  MAXIMUM         78   1257 PM  87    1988  79     -1       76
  MINIMUM         64    647 AM  42    2015  63      1       66
                                      1972
  AVERAGE         71                        71      0       71

PRECIPITATION (IN)
  YESTERDAY        0.00          0.73 1959   0.07  -0.07     0.00
  MONTH TO DATE    T                         1.60  -1.60     2.14
  SINCE NOV 1      6.67                      8.53  -1.86    27.08
  SINCE JAN 1      3.40                      3.22   0.18     9.71

SNOWFALL (IN)
  YESTERDAY        0.0
  MONTH TO DATE    0.0
  SINCE DEC 1      0.0
  SINCE JUL 1      0.0
  SNOW DEPTH       0

DEGREE DAYS
 HEATING
  YESTERDAY        0                         1     -1        0
  MONTH TO DATE    0                        20    -20       22
  SINCE DEC 1     14                       107    -93       62
  SINCE JUL 1     14                       110    -96       62

 COOLING
  YESTERDAY        6                         7     -1        6
  MONTH TO DATE  156                       115     41       88
  SINCE DEC 1    785                       469    316      597
  SINCE JAN 1    414                       266    148      209
..................................................................


WIND (MPH)
  HIGHEST WIND SPEED    17   HIGHEST WIND DIRECTION     E (90)
  HIGHEST GUST SPEED    22   HIGHEST GUST DIRECTION     E (70)
  AVERAGE WIND SPEED     6.5


SKY COVER
  POSSIBLE SUNSHINE  51 PERCENT
  AVERAGE SKY COVER 0.3


WEATHER CONDITIONS
 THE FOLLOWING WEATHER WAS RECORDED YESTERDAY.
  NO SIGNIFICANT WEATHER WAS OBSERVED.


RELATIVE HUMIDITY (PERCENT)
 HIGHEST    93
 LOWEST     60
 AVERAGE    77

..........................................................


THE MIAMI CLIMATE NORMALS FOR TODAY
                         NORMAL    RECORD    YEAR
 MAXIMUM TEMPERATURE (F)   79        86      1989
 MINIMUM TEMPERATURE (F)   63        41      1977
                                             1901


SUNRISE AND SUNSET
FEBRUARY 21 2017......SUNRISE   651 AM EST   SUNSET   618 PM EST
FEBRUARY 22 2017......SUNRISE   650 AM EST   SUNSET   619 PM EST


-  INDICATES NEGATIVE NUMBERS.
R  INDICATES RECORD WAS SET OR TIED.
MM INDICATES DATA IS MISSING.
T  INDICATES TRACE AMOUNT.




$$
