000
CDUS42 KMFL 190923
CLIMIA


CLIMATE REPORT
NATIONAL WEATHER SERVICE MIAMI, FL
422 AM EST FRI JAN 19 2018


...................................

...THE MIAMI CLIMATE SUMMARY FOR JANUARY 18 2018...

CLIMATE NORMAL PERIOD 1981 TO 2010
CLIMATE RECORD PERIOD 1895 TO 2018


WEATHER ITEM   OBSERVED TIME   RECORD YEAR NORMAL DEPARTURE LAST
                VALUE   (LST)  VALUE       VALUE  FROM      YEAR
                                                  NORMAL
..................................................................
TEMPERATURE (F)
 YESTERDAY
  MAXIMUM         64    346 PM  84    2008  76    -12       83
                                      1987
  MINIMUM         44    823 AM  35    1965  60    -16       66
  AVERAGE         54                        68    -14       75

PRECIPITATION (IN)
  YESTERDAY        0.00          1.76 1913   0.05  -0.05     0.00
  MONTH TO DATE    0.91                      0.90   0.01     1.54
  SINCE NOV 1      5.98                      6.21  -0.23     4.81
  SINCE JAN 1      0.91                      0.90   0.01     1.54

SNOWFALL (IN)
  YESTERDAY        0.0
  MONTH TO DATE    0.0
  SINCE DEC 1      0.0
  SINCE JUL 1      0.0
  SNOW DEPTH       0

DEGREE DAYS
 HEATING
  YESTERDAY       11                         2      9        0
  MONTH TO DATE   46                        36     10        6
  SINCE DEC 1     74                        70      4        6
  SINCE JUL 1     74                        73      1        6

 COOLING
  YESTERDAY        0                         5     -5       10
  MONTH TO DATE   57                        90    -33      170
  SINCE DEC 1    299                       293      6      541
  SINCE JAN 1     57                        90    -33      170
..................................................................


WIND (MPH)
  HIGHEST WIND SPEED    14   HIGHEST WIND DIRECTION    NW (320)
  HIGHEST GUST SPEED    22   HIGHEST GUST DIRECTION    NW (330)
  AVERAGE WIND SPEED     9.4


SKY COVER
  POSSIBLE SUNSHINE  MM
  AVERAGE SKY COVER 0.5


WEATHER CONDITIONS
 THE FOLLOWING WEATHER WAS RECORDED YESTERDAY.
  NO SIGNIFICANT WEATHER WAS OBSERVED.


RELATIVE HUMIDITY (PERCENT)
 HIGHEST    77
 LOWEST     51
 AVERAGE    64

..........................................................


THE MIAMI CLIMATE NORMALS FOR TODAY
                         NORMAL    RECORD    YEAR
 MAXIMUM TEMPERATURE (F)   76        88      1987
 MINIMUM TEMPERATURE (F)   60        36      1977
                                             1901


SUNRISE AND SUNSET
JANUARY 19 2018.......SUNRISE   709 AM EST   SUNSET   555 PM EST
JANUARY 20 2018.......SUNRISE   709 AM EST   SUNSET   556 PM EST


-  INDICATES NEGATIVE NUMBERS.
R  INDICATES RECORD WAS SET OR TIED.
MM INDICATES DATA IS MISSING.
T  INDICATES TRACE AMOUNT.




$$
