000
CDUS42 KMFL 312016
CLIMIA


CLIMATE REPORT
NATIONAL WEATHER SERVICE MIAMI, FL
416 PM EDT FRI JUL 31 2015


...................................

...THE MIAMI CLIMATE SUMMARY FOR JULY 31 2015...
VALID TODAY AS OF 0400 PM LOCAL TIME.

CLIMATE NORMAL PERIOD 1981 TO 2010
CLIMATE RECORD PERIOD 1895 TO 2015


WEATHER ITEM   OBSERVED TIME   RECORD YEAR NORMAL DEPARTURE LAST
                VALUE   (LST)  VALUE       VALUE  FROM      YEAR
                                                  NORMAL
..................................................................
TEMPERATURE (F)
 TODAY
  MAXIMUM         92   1157 AM  95    1999  91      1       91
                                      1986
  MINIMUM         74    207 PM  70    1914  78     -4       76
  AVERAGE         83                        85     -2       84

PRECIPITATION (IN)
  TODAY            1.94R         1.26 1974   0.21   1.73     0.60
  MONTH TO DATE    5.80                      6.50  -0.70    10.29
  SINCE JUN 1      9.40                     16.17  -6.77    29.91
  SINCE JAN 1     20.90                     31.52 -10.62    40.06

SNOWFALL (IN)
  TODAY            0.0
  MONTH TO DATE    0.0
  SINCE JUN 1      0.0
  SINCE JUL 1      0.0
  SNOW DEPTH       0

DEGREE DAYS
 HEATING
  TODAY            0                         0      0        0
  MONTH TO DATE    0                         0      0        0
  SINCE JUN 1      0                         0      0        0
  SINCE JUL 1      0                         0      0        0

 COOLING
  TODAY           18                        20     -2       19
  MONTH TO DATE  619                       592     27      593
  SINCE JUN 1   1184                      1124     60     1095
  SINCE JAN 1   2861                      2480    381     2669
..................................................................


WIND (MPH)
  HIGHEST WIND SPEED    31   HIGHEST WIND DIRECTION     E (80)
  HIGHEST GUST SPEED    52   HIGHEST GUST DIRECTION     E (80)
  AVERAGE WIND SPEED     4.3


SKY COVER
  AVERAGE SKY COVER 0.7


WEATHER CONDITIONS
 THE FOLLOWING WEATHER WAS RECORDED TODAY.
  THUNDERSTORM
  HEAVY RAIN
  RAIN
  LIGHT RAIN
  FOG
  HAZE


RELATIVE HUMIDITY (PERCENT)
 HIGHEST    79
 LOWEST     56
 AVERAGE    68

..........................................................


THE MIAMI CLIMATE NORMALS FOR TOMORROW
                         NORMAL    RECORD    YEAR
 MAXIMUM TEMPERATURE (F)   91        98      1990
 MINIMUM TEMPERATURE (F)   78        71      1942
                                             1915
                                             1910


SUNRISE AND SUNSET
JULY 31 2015..........SUNRISE   647 AM EDT   SUNSET   808 PM EDT
AUGUST  1 2015........SUNRISE   647 AM EDT   SUNSET   807 PM EDT


-  INDICATES NEGATIVE NUMBERS.
R  INDICATES RECORD WAS SET OR TIED.
MM INDICATES DATA IS MISSING.
T  INDICATES TRACE AMOUNT.




$$
