801
CDUS42 KMFL 142116
CLIMIA


CLIMATE REPORT
NATIONAL WEATHER SERVICE MIAMI, FL
416 PM EST SUN FEB 14 2016


...................................

...THE MIAMI CLIMATE SUMMARY FOR FEBRUARY 14 2016...
VALID TODAY AS OF 0400 PM LOCAL TIME.

CLIMATE NORMAL PERIOD 1981 TO 2010
CLIMATE RECORD PERIOD 1895 TO 2016


WEATHER ITEM   OBSERVED TIME   RECORD YEAR NORMAL DEPARTURE LAST
                VALUE   (LST)  VALUE       VALUE  FROM      YEAR
                                                  NORMAL
..................................................................
TEMPERATURE (F)
 TODAY
  MAXIMUM         73    358 PM  89    1948  78     -5       67
  MINIMUM         59    738 AM  29    1899  62     -3       48
  AVERAGE         66                        70     -4       58

PRECIPITATION (IN)
  TODAY            0.00          1.58 1977   0.09  -0.09     0.00
  MONTH TO DATE    1.44                      1.13   0.31     0.67
  SINCE NOV 1     26.38                      8.06  18.32     5.60
  SINCE JAN 1      9.01                      2.75   6.26     1.62

SNOWFALL (IN)
  TODAY            0.0
  MONTH TO DATE    0.0
  SINCE DEC 1      0.0
  SINCE JUL 1      0.0
  SNOW DEPTH       0

DEGREE DAYS
 HEATING
  TODAY            0                         1     -1        7
  MONTH TO DATE   22                        14      8        8
  SINCE DEC 1     62                       101    -39       38
  SINCE JUL 1     62                       104    -42       49

 COOLING
  TODAY            1                         6     -5        0
  MONTH TO DATE   52                        78    -26       49
  SINCE DEC 1    561                       432    129      471
  SINCE JAN 1    173                       229    -56      251
..................................................................


WIND (MPH)
  HIGHEST WIND SPEED    21   HIGHEST WIND DIRECTION     E (90)
  HIGHEST GUST SPEED    26   HIGHEST GUST DIRECTION     E (90)
  AVERAGE WIND SPEED     8.4


SKY COVER
  AVERAGE SKY COVER 0.4


WEATHER CONDITIONS
 THE FOLLOWING WEATHER WAS RECORDED TODAY.
  NO SIGNIFICANT WEATHER WAS OBSERVED.


RELATIVE HUMIDITY (PERCENT)
 HIGHEST    72
 LOWEST     46
 AVERAGE    59

..........................................................


THE MIAMI CLIMATE NORMALS FOR TOMORROW
                         NORMAL    RECORD    YEAR
 MAXIMUM TEMPERATURE (F)   78        86      1939
                                             1897
 MINIMUM TEMPERATURE (F)   62        36      1943


SUNRISE AND SUNSET
FEBRUARY 14 2016......SUNRISE   657 AM EST   SUNSET   614 PM EST
FEBRUARY 15 2016......SUNRISE   657 AM EST   SUNSET   614 PM EST


-  INDICATES NEGATIVE NUMBERS.
R  INDICATES RECORD WAS SET OR TIED.
MM INDICATES DATA IS MISSING.
T  INDICATES TRACE AMOUNT.




$$
