000
CDUS43 KIND 010641
CLIMIE


CLIMATE REPORT
NATIONAL WEATHER SERVICE INDIANAPOLIS IN
139 AM EST SUN FEB 1 2015


...................................

...THE MUNCIE IN CLIMATE SUMMARY FOR JANUARY 31 2015...

CLIMATE NORMAL PERIOD 1981 TO 2010
CLIMATE RECORD PERIOD 9999 TO 9999


WEATHER ITEM   OBSERVED TIME   NORMAL DEPARTURE LAST
                VALUE   (LST)  VALUE  FROM      YEAR
                                      NORMAL
......................................................
TEMPERATURE (F)
 YESTERDAY
  MAXIMUM         37    345 PM  35      2       32
  MINIMUM         19    202 AM  19      0       28
  AVERAGE         28            27      1       30

PRECIPITATION (IN)
  YESTERDAY        0.02          0.08  -0.06      T
  MONTH TO DATE    1.93          2.23  -0.30     0.63
  SINCE DEC 1      3.76          5.11  -1.35     5.29
  SINCE JAN 1      1.93          2.23  -0.30     0.63

DEGREE DAYS
 HEATING
  YESTERDAY       37            38     -1       35
  MONTH TO DATE 1251          1197     54     1326
  SINCE DEC 1   2210          2258    -48     2415
  SINCE JUL 1   3563          3393    170     3666

 COOLING
  YESTERDAY        0             0      0        0
  MONTH TO DATE    0             0      0        0
  SINCE DEC 1      0             0      0        0
  SINCE JAN 1      0             0      0        0
......................................................


WIND (MPH)
  HIGHEST WIND SPEED    21   HIGHEST WIND DIRECTION    NW (310)
  HIGHEST GUST SPEED    24   HIGHEST GUST DIRECTION    NW (320)
  AVERAGE WIND SPEED     8.4


SKY COVER
  AVERAGE SKY COVER 0.4


WEATHER CONDITIONS
 THE FOLLOWING WEATHER WAS RECORDED YESTERDAY.
  LIGHT SNOW
  FOG


RELATIVE HUMIDITY (PERCENT)
 HIGHEST    89          1000 PM
 LOWEST     52           300 PM
 AVERAGE    71

..........................................................


THE MUNCIE IN CLIMATE NORMALS FOR TODAY
                         NORMAL
 MAXIMUM TEMPERATURE (F)   35
 MINIMUM TEMPERATURE (F)   19


SUNRISE AND SUNSET
FEBRUARY  1 2015......SUNRISE   751 AM EST   SUNSET   600 PM EST
FEBRUARY  2 2015......SUNRISE   750 AM EST   SUNSET   601 PM EST


-  INDICATES NEGATIVE NUMBERS.
R  INDICATES RECORD WAS SET OR TIED.
MM INDICATES DATA IS MISSING.
T  INDICATES TRACE AMOUNT.




$$
