000
CDUS43 KIND 090539
CLIMIE


CLIMATE REPORT
NATIONAL WEATHER SERVICE INDIANAPOLIS IN
1239 AM EST FRI DEC 9 2016


...................................

...THE MUNCIE IN CLIMATE SUMMARY FOR DECEMBER 8 2016...

CLIMATE NORMAL PERIOD 1981 TO 2010
CLIMATE RECORD PERIOD 9999 TO 9999


WEATHER ITEM   OBSERVED TIME   NORMAL DEPARTURE LAST
                VALUE   (LST)  VALUE  FROM      YEAR
                                      NORMAL
......................................................
TEMPERATURE (F)
 YESTERDAY
  MAXIMUM         29   1242 AM  40    -11       53
  MINIMUM         21   1159 PM  26     -5       38
  AVERAGE         25            33     -8       46

PRECIPITATION (IN)
  YESTERDAY        T             0.09  -0.09     0.00
  MONTH TO DATE    0.34          0.79  -0.45     0.08
  SINCE DEC 1      0.34          0.79  -0.45     0.08
  SINCE JAN 1     39.15         38.03   1.12    38.16

DEGREE DAYS
 HEATING
  YESTERDAY       40            32      8       19
  MONTH TO DATE  241           246     -5      203
  SINCE DEC 1    241           246     -5      203
  SINCE JUL 1    943          1381   -438     1162

 COOLING
  YESTERDAY        0             0      0        0
  MONTH TO DATE    0             0      0        0
  SINCE DEC 1      0             0      0        0
  SINCE JAN 1   1355           956    399      881
......................................................


WIND (MPH)
  HIGHEST WIND SPEED    25   HIGHEST WIND DIRECTION     W (280)
  HIGHEST GUST SPEED    33   HIGHEST GUST DIRECTION     W (280)
  AVERAGE WIND SPEED    15.5


SKY COVER
  AVERAGE SKY COVER 1.0


WEATHER CONDITIONS
 THE FOLLOWING WEATHER WAS RECORDED YESTERDAY.
  LIGHT SNOW
  HAZE


RELATIVE HUMIDITY (PERCENT)
 HIGHEST    77          1000 PM
 LOWEST     60           200 PM
 AVERAGE    69

..........................................................


THE MUNCIE IN CLIMATE NORMALS FOR TODAY
                         NORMAL
 MAXIMUM TEMPERATURE (F)   40
 MINIMUM TEMPERATURE (F)   25


SUNRISE AND SUNSET
DECEMBER  9 2016......SUNRISE   753 AM EST   SUNSET   515 PM EST
DECEMBER 10 2016......SUNRISE   753 AM EST   SUNSET   516 PM EST


-  INDICATES NEGATIVE NUMBERS.
R  INDICATES RECORD WAS SET OR TIED.
MM INDICATES DATA IS MISSING.
T  INDICATES TRACE AMOUNT.




$$
