000
CDUS43 KIND 252044
CLIMIE


CLIMATE REPORT
NATIONAL WEATHER SERVICE INDIANAPOLIS IN
443 PM EDT THU MAY 25 2017


...................................

...THE MUNCIE IN CLIMATE SUMMARY FOR MAY 25 2017...
VALID TODAY AS OF 0400 PM LOCAL TIME.

CLIMATE NORMAL PERIOD 1981 TO 2010
CLIMATE RECORD PERIOD 9999 TO 9999


WEATHER ITEM   OBSERVED TIME   NORMAL DEPARTURE LAST
                VALUE   (LST)  VALUE  FROM      YEAR
                                      NORMAL
......................................................
TEMPERATURE (F)
 TODAY
  MAXIMUM         63   1053 AM  75    -12       87
  MINIMUM         58    505 AM  55      3       64
  AVERAGE         61            65     -4       76

PRECIPITATION (IN)
  TODAY           MM             0.16  MM         T
  MONTH TO DATE    2.92          3.47  -0.55     2.64
  SINCE MAR 1     13.22         10.09   3.13    10.90
  SINCE JAN 1     18.93         14.63   4.30    14.01

......................................................


WIND (MPH)
  HIGHEST WIND SPEED    22   HIGHEST WIND DIRECTION    NW (320)
  HIGHEST GUST SPEED    26   HIGHEST GUST DIRECTION    NW (320)
  AVERAGE WIND SPEED     8.1


SKY COVER
  AVERAGE SKY COVER 1.0


WEATHER CONDITIONS
 THE FOLLOWING WEATHER WAS RECORDED TODAY.
  RAIN
  LIGHT RAIN
  FOG


RELATIVE HUMIDITY (PERCENT)
 HIGHEST    93           500 AM
 LOWEST     84           300 PM

..........................................................


THE MUNCIE IN CLIMATE NORMALS FOR TOMORROW
                         NORMAL
 MAXIMUM TEMPERATURE (F)   75
 MINIMUM TEMPERATURE (F)   55


SUNRISE AND SUNSET
MAY 25 2017...........SUNRISE   618 AM EDT   SUNSET   900 PM EDT
MAY 26 2017...........SUNRISE   617 AM EDT   SUNSET   901 PM EDT


-  INDICATES NEGATIVE NUMBERS.
R  INDICATES RECORD WAS SET OR TIED.
MM INDICATES DATA IS MISSING.
T  INDICATES TRACE AMOUNT.




$$
