000
CDUS43 KIND 200531
CLIMIE


CLIMATE REPORT
NATIONAL WEATHER SERVICE INDIANAPOLIS IN
1231 AM EST MON NOV 20 2017


...................................

...THE MUNCIE IN CLIMATE SUMMARY FOR NOVEMBER 19 2017...

CLIMATE NORMAL PERIOD 1981 TO 2010
CLIMATE RECORD PERIOD 9999 TO 9999


WEATHER ITEM   OBSERVED TIME   NORMAL DEPARTURE LAST
                VALUE   (LST)  VALUE  FROM      YEAR
                                      NORMAL
......................................................
TEMPERATURE (F)
 YESTERDAY
  MAXIMUM         41   1247 AM  50     -9       45
  MINIMUM         29   1159 PM  33     -4       34
  AVERAGE         35            41     -6       40

PRECIPITATION (IN)
  YESTERDAY        0.00          0.12  -0.12     0.08
  MONTH TO DATE    5.77          2.16   3.61     1.11
  SINCE SEP 1     11.68          8.04   3.64     8.15
  SINCE JAN 1     46.57         35.95  10.62    37.43

DEGREE DAYS
 HEATING
  YESTERDAY       30            24      6       25
  MONTH TO DATE  378           378      0      246
  SINCE SEP 1    670           832   -162      443
  SINCE JUL 1    673           842   -169      446

 COOLING
  YESTERDAY        0             0      0        0
  MONTH TO DATE    0             0      0       11
  SINCE SEP 1    212           121     91      255
  SINCE JAN 1   1090           955    135     1355
......................................................


WIND (MPH)
  HIGHEST WIND SPEED    22   HIGHEST WIND DIRECTION     W (260)
  HIGHEST GUST SPEED    31   HIGHEST GUST DIRECTION    NW (300)
  AVERAGE WIND SPEED    12.7


SKY COVER
  AVERAGE SKY COVER 0.7


WEATHER CONDITIONS
 THE FOLLOWING WEATHER WAS RECORDED YESTERDAY.
  NO SIGNIFICANT WEATHER WAS OBSERVED.


RELATIVE HUMIDITY (PERCENT)
 HIGHEST    79           100 AM
 LOWEST     63           500 PM
 AVERAGE    71

..........................................................


THE MUNCIE IN CLIMATE NORMALS FOR TODAY
                         NORMAL
 MAXIMUM TEMPERATURE (F)   49
 MINIMUM TEMPERATURE (F)   33


SUNRISE AND SUNSET
NOVEMBER 20 2017......SUNRISE   733 AM EST   SUNSET   521 PM EST
NOVEMBER 21 2017......SUNRISE   734 AM EST   SUNSET   520 PM EST


-  INDICATES NEGATIVE NUMBERS.
R  INDICATES RECORD WAS SET OR TIED.
MM INDICATES DATA IS MISSING.
T  INDICATES TRACE AMOUNT.




$$
