000
CDUS43 KIND 200542
CLIMIE


CLIMATE REPORT
NATIONAL WEATHER SERVICE INDIANAPOLIS IN
1242 AM EST FRI JAN 20 2017


...................................

...THE MUNCIE IN CLIMATE SUMMARY FOR JANUARY 19 2017...

CLIMATE NORMAL PERIOD 1981 TO 2010
CLIMATE RECORD PERIOD 9999 TO 9999


WEATHER ITEM   OBSERVED TIME   NORMAL DEPARTURE LAST
                VALUE   (LST)  VALUE  FROM      YEAR
                                      NORMAL
......................................................
TEMPERATURE (F)
 YESTERDAY
  MAXIMUM         46    443 PM  34     12       19
  MINIMUM         37   1027 AM  19     18        5
  AVERAGE         42            26     16       12

PRECIPITATION (IN)
  YESTERDAY        0.59          0.06   0.53     0.00
  MONTH TO DATE    3.88          1.36   2.52     1.13
  SINCE DEC 1      5.07          4.24   0.83     6.21
  SINCE JAN 1      3.88          1.36   2.52     1.13

DEGREE DAYS
 HEATING
  YESTERDAY       23            39    -16       53
  MONTH TO DATE  622           732   -110      707
  SINCE DEC 1   1680          1795   -115     1347
  SINCE JUL 1   2382          2930   -548     2306

 COOLING
  YESTERDAY        0             0      0        0
  MONTH TO DATE    0             0      0        0
  SINCE DEC 1      0             0      0        1
  SINCE JAN 1      0             0      0        0
......................................................


WIND (MPH)
  HIGHEST WIND SPEED    15   HIGHEST WIND DIRECTION     E (110)
  HIGHEST GUST SPEED    20   HIGHEST GUST DIRECTION     E (90)
  AVERAGE WIND SPEED     6.9


SKY COVER
  AVERAGE SKY COVER 0.8


WEATHER CONDITIONS
 THE FOLLOWING WEATHER WAS RECORDED YESTERDAY.
  HEAVY RAIN
  RAIN
  LIGHT RAIN
  FOG


RELATIVE HUMIDITY (PERCENT)
 HIGHEST    92          1100 AM
 LOWEST     76           200 PM
 AVERAGE    84

..........................................................


THE MUNCIE IN CLIMATE NORMALS FOR TODAY
                         NORMAL
 MAXIMUM TEMPERATURE (F)   34
 MINIMUM TEMPERATURE (F)   19


SUNRISE AND SUNSET
JANUARY 20 2017.......SUNRISE   800 AM EST   SUNSET   546 PM EST
JANUARY 21 2017.......SUNRISE   759 AM EST   SUNSET   547 PM EST


-  INDICATES NEGATIVE NUMBERS.
R  INDICATES RECORD WAS SET OR TIED.
MM INDICATES DATA IS MISSING.
T  INDICATES TRACE AMOUNT.




$$
