000
CDUS43 KMKX 300641
CLIMKE


CLIMATE REPORT
NATIONAL WEATHER SERVICE IN MILWAUKEE
140 AM CDT THU JUL 30 2015


...................................

...THE MILWAUKEE WI CLIMATE SUMMARY FOR JULY 29 2015...

CLIMATE NORMAL PERIOD 1981 TO 2010
CLIMATE RECORD PERIOD 1871 TO 2015


WEATHER ITEM   OBSERVED TIME   RECORD YEAR NORMAL DEPARTURE LAST
                VALUE   (LST)  VALUE       VALUE  FROM      YEAR
                                                  NORMAL
..................................................................
TEMPERATURE (F)
 YESTERDAY
  MAXIMUM         87    222 PM  98    1941  80      7       79
  MINIMUM         72   1159 PM  49    1981  64      8       59
  AVERAGE         80                        72      8       69

PRECIPITATION (IN)
  YESTERDAY        T             0.61 1959   0.11  -0.11     0.12
  MONTH TO DATE    1.60                      3.45  -1.85     2.31
  SINCE JUN 1      4.09                      7.35  -3.26     8.65
  SINCE JAN 1     14.29                     19.99  -5.70    19.60

SNOWFALL (IN)
  YESTERDAY        0.0           0.0    MM   0.0    0.0      0.0
  MONTH TO DATE    0.0                       0.0    0.0      0.0
  SINCE JUN 1      0.0                       0.0    0.0      0.0
  SINCE JUL 1      0.0                       0.0    0.0      0.0
  SNOW DEPTH       0

DEGREE DAYS
 HEATING
  YESTERDAY        0                         0      0        0
  MONTH TO DATE   28                         4     24       20
  SINCE JUN 1    130                        88     42       94
  SINCE JUL 1     28                         4     24       20

 COOLING
  YESTERDAY       15                         7      8        4
  MONTH TO DATE  183                       202    -19      120
  SINCE JUN 1    256                       322    -66      210
  SINCE JAN 1    282                       352    -70      228
..................................................................


WIND (MPH)
  HIGHEST WIND SPEED    23   HIGHEST WIND DIRECTION     W (280)
  HIGHEST GUST SPEED    34   HIGHEST GUST DIRECTION     W (260)
  AVERAGE WIND SPEED    12.1


SKY COVER
  POSSIBLE SUNSHINE  MM
  AVERAGE SKY COVER 0.4


WEATHER CONDITIONS
 THE FOLLOWING WEATHER WAS RECORDED YESTERDAY.
  LIGHT RAIN


RELATIVE HUMIDITY (PERCENT)
 HIGHEST    87           300 AM
 LOWEST     27           100 PM
 AVERAGE    57

..........................................................


THE MILWAUKEE WI CLIMATE NORMALS FOR TODAY
                         NORMAL    RECORD    YEAR
 MAXIMUM TEMPERATURE (F)   80       102      1916
 MINIMUM TEMPERATURE (F)   64        49      1956


SUNRISE AND SUNSET
JULY 30 2015..........SUNRISE   540 AM CDT   SUNSET   815 PM CDT
JULY 31 2015..........SUNRISE   541 AM CDT   SUNSET   814 PM CDT


-  INDICATES NEGATIVE NUMBERS.
R  INDICATES RECORD WAS SET OR TIED.
MM INDICATES DATA IS MISSING.
T  INDICATES TRACE AMOUNT.




$$
