000
CDUS43 KMKX 290651
CLIMKE


CLIMATE REPORT
NATIONAL WEATHER SERVICE IN MILWAUKEE
150 AM CDT FRI JUL 29 2016


...................................

...THE MILWAUKEE WI CLIMATE SUMMARY FOR JULY 28 2016...

CLIMATE NORMAL PERIOD 1981 TO 2010
CLIMATE RECORD PERIOD 1871 TO 2016


WEATHER ITEM   OBSERVED TIME   RECORD YEAR NORMAL DEPARTURE LAST
                VALUE   (LST)  VALUE       VALUE  FROM      YEAR
                                                  NORMAL
..................................................................
TEMPERATURE (F)
 YESTERDAY
  MAXIMUM         78   1149 AM  98    1931  80     -2       86
                                      1916
                                      1886
  MINIMUM         67    914 PM  53    1967  64      3       66
  AVERAGE         73                        72      1       76

PRECIPITATION (IN)
  YESTERDAY        0.03          2.14 1942   0.12  -0.09     0.00
  MONTH TO DATE    1.76                      3.34  -1.58     1.60
  SINCE JUN 1      5.25                      7.24  -1.99     4.09
  SINCE JAN 1     14.07                     19.88  -5.81    14.29

SNOWFALL (IN)
  YESTERDAY        0.0           0.0    MM   0.0    0.0      0.0
  MONTH TO DATE    0.0                       0.0    0.0      0.0
  SINCE JUN 1      0.0                       0.0    0.0      0.0
  SINCE JUL 1      0.0                       0.0    0.0      0.0
  SNOW DEPTH       0

DEGREE DAYS
 HEATING
  YESTERDAY        0                         0      0        0
  MONTH TO DATE    2                         4     -2       28
  SINCE JUN 1     31                        88    -57      130
  SINCE JUL 1      2                         4     -2       28

 COOLING
  YESTERDAY        8                         7      1       11
  MONTH TO DATE  285                       195     90      168
  SINCE JUN 1    436                       315    121      241
  SINCE JAN 1    481                       345    136      267
..................................................................


WIND (MPH)
  HIGHEST WIND SPEED    20   HIGHEST WIND DIRECTION     N (20)
  HIGHEST GUST SPEED    25   HIGHEST GUST DIRECTION     N (10)
  AVERAGE WIND SPEED    11.0


SKY COVER
  POSSIBLE SUNSHINE  MM
  AVERAGE SKY COVER 0.8


WEATHER CONDITIONS
 THE FOLLOWING WEATHER WAS RECORDED YESTERDAY.
  THUNDERSTORM
  LIGHT RAIN
  FOG
  FOG W/VISIBILITY <= 1/4 MILE


RELATIVE HUMIDITY (PERCENT)
 HIGHEST    97           600 AM
 LOWEST     64           100 PM
 AVERAGE    81

..........................................................


THE MILWAUKEE WI CLIMATE NORMALS FOR TODAY
                         NORMAL    RECORD    YEAR
 MAXIMUM TEMPERATURE (F)   80        98      1941
 MINIMUM TEMPERATURE (F)   64        49      1981


SUNRISE AND SUNSET
JULY 29 2016..........SUNRISE   540 AM CDT   SUNSET   815 PM CDT
JULY 30 2016..........SUNRISE   541 AM CDT   SUNSET   814 PM CDT


-  INDICATES NEGATIVE NUMBERS.
R  INDICATES RECORD WAS SET OR TIED.
MM INDICATES DATA IS MISSING.
T  INDICATES TRACE AMOUNT.




$$
