000
CDUS43 KMKX 132041
CLIMKE


CLIMATE REPORT
NATIONAL WEATHER SERVICE IN MILWAUKEE
341 PM CDT SUN JUL 13 2014


...................................

...THE MILWAUKEE WI CLIMATE SUMMARY FOR JULY 13 2014...
VALID TODAY AS OF 0300 PM LOCAL TIME.

CLIMATE NORMAL PERIOD 1981 TO 2010
CLIMATE RECORD PERIOD 1871 TO 2014


WEATHER ITEM   OBSERVED TIME   RECORD YEAR NORMAL DEPARTURE LAST
                VALUE   (LST)  VALUE       VALUE  FROM      YEAR
                                                  NORMAL
..................................................................
TEMPERATURE (F)
 TODAY
  MAXIMUM         84    159 PM 103    1995  80      4       81
  MINIMUM         65    539 AM  52    1967  64      1       60
                                      1888
                                      1883
  AVERAGE         75                        72      3       71

PRECIPITATION (IN)
  TODAY            T             2.19 1912   0.12  -0.12     0.00
  MONTH TO DATE    1.73                      1.61   0.12     0.60
  SINCE JUN 1      8.07                      5.51   2.56     6.40
  SINCE JAN 1     19.02                     18.15   0.87    25.91

SNOWFALL (IN)
  TODAY            0.0           0.0    MM   0.0    0.0      0.0
  MONTH TO DATE    0.0                       0.0    0.0      0.0
  SINCE JUN 1      0.0                       0.0    0.0      0.0
  SINCE JUL 1      0.0                       0.0    0.0      0.0
  SNOW DEPTH       0

DEGREE DAYS
 HEATING
  TODAY            0                         0      0        0
  MONTH TO DATE    7                         4      3        3
  SINCE JUN 1     81                        88     -7       90
  SINCE JUL 1      7                         4      3        3

 COOLING
  TODAY           10                         7      3        6
  MONTH TO DATE   64                        90    -26       92
  SINCE JUN 1    154                       210    -56      191
  SINCE JAN 1    172                       240    -68      230
..................................................................


WIND (MPH)
  HIGHEST WIND SPEED    18   HIGHEST WIND DIRECTION     W (260)
  HIGHEST GUST SPEED    24   HIGHEST GUST DIRECTION     W (250)
  AVERAGE WIND SPEED     9.0


SKY COVER
  POSSIBLE SUNSHINE  MM
  AVERAGE SKY COVER 0.4


WEATHER CONDITIONS
 THE FOLLOWING WEATHER WAS RECORDED TODAY.
  LIGHT RAIN


RELATIVE HUMIDITY (PERCENT)
 HIGHEST    93           100 AM
 LOWEST     51          1100 AM
 AVERAGE    72

..........................................................


THE MILWAUKEE WI CLIMATE NORMALS FOR TOMORROW
                         NORMAL    RECORD    YEAR
 MAXIMUM TEMPERATURE (F)   80       102      1995
 MINIMUM TEMPERATURE (F)   64        48      1950


SUNRISE AND SUNSET
JULY 13 2014..........SUNRISE   525 AM CDT   SUNSET   830 PM CDT
JULY 14 2014..........SUNRISE   525 AM CDT   SUNSET   829 PM CDT


-  INDICATES NEGATIVE NUMBERS.
R  INDICATES RECORD WAS SET OR TIED.
MM INDICATES DATA IS MISSING.
T  INDICATES TRACE AMOUNT.




$$
