000
CDUS43 KMKX 190652
CLIMKE


CLIMATE REPORT
NATIONAL WEATHER SERVICE IN MILWAUKEE
152 AM CDT TUE SEP 19 2017


...................................

...THE MILWAUKEE WI CLIMATE SUMMARY FOR SEPTEMBER 18 2017...

CLIMATE NORMAL PERIOD 1981 TO 2010
CLIMATE RECORD PERIOD 1871 TO 2017


WEATHER ITEM   OBSERVED TIME   RECORD YEAR NORMAL DEPARTURE LAST
                VALUE   (LST)  VALUE       VALUE  FROM      YEAR
                                                  NORMAL
..................................................................
TEMPERATURE (F)
 YESTERDAY
  MAXIMUM         71   1254 PM  92    1955  71      0       78
  MINIMUM         54    556 AM  35    1875  54      0       58
  AVERAGE         63                        62      1       68

PRECIPITATION (IN)
  YESTERDAY        0.00          1.73 1972   0.10  -0.10     0.00
  MONTH TO DATE    0.39                      1.89  -1.50     1.78
  SINCE SEP 1      0.39                      1.89  -1.50     1.78
  SINCE JAN 1     27.71                     26.07   1.64    19.44

SNOWFALL (IN)
  YESTERDAY        0.0           0.0    MM   0.0    0.0      0.0
  MONTH TO DATE    0.0                       0.0    0.0      0.0
  SINCE SEP 1      0.0                       0.0    0.0      0.0
  SINCE JUL 1      0.0                       0.0    0.0      0.0
  SNOW DEPTH       0

DEGREE DAYS
 HEATING
  YESTERDAY        2                         5     -3        0
  MONTH TO DATE   45                        46     -1        0
  SINCE SEP 1     45                        46     -1        0
  SINCE JUL 1     54                        72    -18        2

 COOLING
  YESTERDAY        0                         2     -2        3
  MONTH TO DATE   38                        56    -18      106
  SINCE SEP 1     38                        56    -18      106
  SINCE JAN 1    648                       621     27      942
..................................................................


WIND (MPH)
  HIGHEST WIND SPEED    13   HIGHEST WIND DIRECTION     E (70)
  HIGHEST GUST SPEED    17   HIGHEST GUST DIRECTION    NE (50)
  AVERAGE WIND SPEED     6.0


SKY COVER
  POSSIBLE SUNSHINE  MM
  AVERAGE SKY COVER 0.5


WEATHER CONDITIONS
 THE FOLLOWING WEATHER WAS RECORDED YESTERDAY.
  NO SIGNIFICANT WEATHER WAS OBSERVED.


RELATIVE HUMIDITY (PERCENT)
 HIGHEST    87          1100 PM
 LOWEST     66           200 PM
 AVERAGE    77

..........................................................


THE MILWAUKEE WI CLIMATE NORMALS FOR TODAY
                         NORMAL    RECORD    YEAR
 MAXIMUM TEMPERATURE (F)   70        91      1895
 MINIMUM TEMPERATURE (F)   54        35      1956


SUNRISE AND SUNSET
SEPTEMBER 19 2017.....SUNRISE   636 AM CDT   SUNSET   654 PM CDT
SEPTEMBER 20 2017.....SUNRISE   637 AM CDT   SUNSET   652 PM CDT


-  INDICATES NEGATIVE NUMBERS.
R  INDICATES RECORD WAS SET OR TIED.
MM INDICATES DATA IS MISSING.
T  INDICATES TRACE AMOUNT.




$$
