000
CDUS43 KGRR 030542
CLIMKG


CLIMATE REPORT
NATIONAL WEATHER SERVICE GRAND RAPIDS, MI
141 AM EDT WED JUN 3 2015


...................................

...THE MUSKEGON MI CLIMATE SUMMARY FOR JUNE 2 2015...

CLIMATE NORMAL PERIOD 1981 TO 2010
CLIMATE RECORD PERIOD 1896 TO 2015


WEATHER ITEM   OBSERVED TIME   RECORD YEAR NORMAL DEPARTURE LAST
                VALUE   (LST)  VALUE       VALUE  FROM      YEAR
                                                  NORMAL
..................................................................
TEMPERATURE (F)
 YESTERDAY
  MAXIMUM         67    430 PM  87    1963  72     -5       82
  MINIMUM         41    518 AM  35    2003  52    -11       59
  AVERAGE         54                        62     -8       71

PRECIPITATION (IN)
  YESTERDAY        0.00          1.23 1947   0.09  -0.09     0.02
  MONTH TO DATE    0.00                      0.18  -0.18     0.02
  SINCE JUN 1      0.00                      0.18  -0.18     0.02
  SINCE JAN 1     12.43                     12.45  -0.02    13.32

SNOWFALL (IN)
  YESTERDAY        0.0          MM      MM   0.0    0.0      0.0
  MONTH TO DATE    0.0                       0.0    0.0      0.0
  SINCE JUN 1      0.0                       0.0    0.0      0.0
  SINCE JUL 1     92.1                      93.7   -1.6    132.7
  SNOW DEPTH       0

DEGREE DAYS
 HEATING
  YESTERDAY       11                         4      7        0
  MONTH TO DATE   20                         9     11        0
  SINCE JUN 1     20                         9     11        0
  SINCE JUL 1   6898                      6503    395     7164

 COOLING
  YESTERDAY        0                         2     -2        6
  MONTH TO DATE    0                         4     -4       17
  SINCE JUN 1      0                         4     -4       17
  SINCE JAN 1     39                        33      6       34
..................................................................


WIND (MPH)
  RESULTANT WIND SPEED   1   RESULTANT WIND DIRECTION  SW (230)
  HIGHEST WIND SPEED    12   HIGHEST WIND DIRECTION    SW (240)
  HIGHEST GUST SPEED    18   HIGHEST GUST DIRECTION     N (360)
  AVERAGE WIND SPEED     5.3


SKY COVER
  AVERAGE SKY COVER 0.3


WEATHER CONDITIONS
 THE FOLLOWING WEATHER WAS RECORDED YESTERDAY.
  NO SIGNIFICANT WEATHER WAS OBSERVED.


RELATIVE HUMIDITY (PERCENT)
 HIGHEST    82           600 AM
 LOWEST     43           700 PM
 AVERAGE    63

..........................................................


THE MUSKEGON MI CLIMATE NORMALS FOR TODAY
                         NORMAL    RECORD    YEAR
 MAXIMUM TEMPERATURE (F)   72        90      1919
 MINIMUM TEMPERATURE (F)   53        37      1945


SUNRISE AND SUNSET
JUNE  3 2015..........SUNRISE   607 AM EDT   SUNSET   919 PM EDT
JUNE  4 2015..........SUNRISE   607 AM EDT   SUNSET   920 PM EDT


-  INDICATES NEGATIVE NUMBERS.
R  INDICATES RECORD WAS SET OR TIED.
MM INDICATES DATA IS MISSING.
T  INDICATES TRACE AMOUNT.




$$

63
