000
CDUS43 KGRR 301347
CLIMKG


CLIMATE REPORT
NATIONAL WEATHER SERVICE GRAND RAPIDS, MI
947 AM EDT THU JUL 30 2015


...................................

...THE MUSKEGON MI CLIMATE SUMMARY FOR JULY 30 2015...
VALID AS OF 0900 AM LOCAL TIME.

CLIMATE NORMAL PERIOD 1981 TO 2010
CLIMATE RECORD PERIOD 1896 TO 2015


WEATHER ITEM   OBSERVED TIME   RECORD YEAR NORMAL DEPARTURE LAST
                VALUE   (LST)  VALUE       VALUE  FROM      YEAR
                                                  NORMAL
..................................................................
TEMPERATURE (F)
 TODAY
  MAXIMUM         75   1242 AM  99    1913  80     -5       72
  MINIMUM         70    603 AM  46    1956  62      8       52
  AVERAGE         73                        71      2       62

PRECIPITATION (IN)
  TODAY            0.00          0.92 2000   0.09  -0.09     0.00
  MONTH TO DATE    5.05                      2.28   2.77     3.73
  SINCE JUN 1      8.35                      4.83   3.52    10.75
  SINCE JAN 1     20.78                     17.10   3.68    24.05

SNOWFALL (IN)
  TODAY            0.0          MM      MM   0.0    0.0      0.0
  MONTH TO DATE    0.0                       0.0    0.0      0.0
  SINCE JUN 1      0.0                       0.0    0.0      0.0
  SINCE JUL 1      0.0                       0.0    0.0      0.0
  SNOW DEPTH       0

DEGREE DAYS
 HEATING
  TODAY            0                         0      0        3
  MONTH TO DATE   15                         4     11       30
  SINCE JUN 1     48                        70    -22       61
  SINCE JUL 1     15                         4     11       30

 COOLING
  TODAY            8                         7      1        0
  MONTH TO DATE  164                       201    -37       74
  SINCE JUN 1    227                       306    -79      209
  SINCE JAN 1    266                       335    -69      226
..................................................................


WIND (MPH)
  RESULTANT WIND SPEED  13   RESULTANT WIND DIRECTION   W (280)
  HIGHEST WIND SPEED    18   HIGHEST WIND DIRECTION     W (280)
  HIGHEST GUST SPEED    25   HIGHEST GUST DIRECTION     W (270)
  AVERAGE WIND SPEED    13.2


SKY COVER
  AVERAGE SKY COVER 0.0


WEATHER CONDITIONS
 THE FOLLOWING WEATHER WAS RECORDED TODAY.
  NO SIGNIFICANT WEATHER WAS OBSERVED.


RELATIVE HUMIDITY (PERCENT)
 HIGHEST    53          1200 AM
 LOWEST     35           400 AM
 AVERAGE    44

..........................................................


THE MUSKEGON MI CLIMATE NORMALS FOR TOMORROW
                         NORMAL    RECORD    YEAR
 MAXIMUM TEMPERATURE (F)   80        93      1975
 MINIMUM TEMPERATURE (F)   62        42      1934


SUNRISE AND SUNSET
JULY 30 2015..........SUNRISE   633 AM EDT   SUNSET   909 PM EDT
JULY 31 2015..........SUNRISE   634 AM EDT   SUNSET   908 PM EDT


-  INDICATES NEGATIVE NUMBERS.
R  INDICATES RECORD WAS SET OR TIED.
MM INDICATES DATA IS MISSING.
T  INDICATES TRACE AMOUNT.




$$
