000
CDUS44 KMEG 282149
CLIMKL


CLIMATE REPORT
NATIONAL WEATHER SERVICE MEMPHIS TN
449 PM CDT THU AUG 28 2014


...................................

...THE JACKSON CLIMATE SUMMARY FOR AUGUST 28 2014...
VALID TODAY AS OF 0400 PM LOCAL TIME.

CLIMATE NORMAL PERIOD 1981 TO 2010
CLIMATE RECORD PERIOD 1948 TO 2014


WEATHER ITEM   OBSERVED TIME   RECORD YEAR NORMAL DEPARTURE LAST
                VALUE   (LST)  VALUE       VALUE  FROM      YEAR
                                                  NORMAL
..................................................................
TEMPERATURE (F)
 TODAY
  MAXIMUM         92    256 PM 102    1954  89      3       91
  MINIMUM         70    554 AM  50    1968  65      5       64
                                      1967
  AVERAGE         81                        77      4       78

PRECIPITATION (IN)
  TODAY            0.00          1.48 1950   0.08  -0.08     0.00
  MONTH TO DATE    4.82                      2.76   2.06     1.71
  SINCE JUN 1     21.18                     12.09   9.09    10.09
  SINCE JAN 1     43.19                     35.63   7.56    45.07

SNOWFALL (IN)
  TODAY            0.0

DEGREE DAYS
 HEATING
  TODAY            0                         0      0        0
  MONTH TO DATE    0                         0      0        0
  SINCE JUN 1      0                         2     -2        0
  SINCE JUL 1      0                         0      0        0

 COOLING
  TODAY           16                        12      4       13
  MONTH TO DATE  374                       381     -7      325
  SINCE JUN 1   1027                      1169   -142     1034
  SINCE JAN 1   1277                      1384   -107     1234
..................................................................


WIND (MPH)
  HIGHEST WIND SPEED     9   HIGHEST WIND DIRECTION     E (110)
  HIGHEST GUST SPEED    13   HIGHEST GUST DIRECTION     S (180)
  AVERAGE WIND SPEED     1.3


SKY COVER
  POSSIBLE SUNSHINE  MM
  AVERAGE SKY COVER 0.2


WEATHER CONDITIONS
 THE FOLLOWING WEATHER WAS RECORDED TODAY.
  FOG


RELATIVE HUMIDITY (PERCENT)
 HIGHEST    97           400 AM
 LOWEST     44           300 PM
 AVERAGE    71

..........................................................


THE JACKSON CLIMATE NORMALS FOR TOMORROW
                         NORMAL    RECORD    YEAR
 MAXIMUM TEMPERATURE (F)   89       103      2000
 MINIMUM TEMPERATURE (F)   65        48      1986


SUNRISE AND SUNSET
AUGUST 28 2014........SUNRISE   625 AM CDT   SUNSET   728 PM CDT
AUGUST 29 2014........SUNRISE   625 AM CDT   SUNSET   727 PM CDT


-  INDICATES NEGATIVE NUMBERS.
R  INDICATES RECORD WAS SET OR TIED.
MM INDICATES DATA IS MISSING.
T  INDICATES TRACE AMOUNT.




$$
