000
CDUS44 KMEG 220651
CLIMKL


CLIMATE REPORT
NATIONAL WEATHER SERVICE MEMPHIS TN
151 AM CDT WED OCT 22 2014


...................................

...THE JACKSON CLIMATE SUMMARY FOR OCTOBER 21 2014...

CLIMATE NORMAL PERIOD 1981 TO 2010
CLIMATE RECORD PERIOD 1948 TO 2014


WEATHER ITEM   OBSERVED TIME   RECORD YEAR NORMAL DEPARTURE LAST
                VALUE   (LST)  VALUE       VALUE  FROM      YEAR
                                                  NORMAL
..................................................................
TEMPERATURE (F)
 YESTERDAY
  MAXIMUM         75    300 PM  89    1963  72      3       71
                                      1953
  MINIMUM         45    613 AM  28    1952  46     -1       35
  AVERAGE         60                        59      1       53

PRECIPITATION (IN)
  YESTERDAY        0.00          1.49 1949   0.12  -0.12     0.03
  MONTH TO DATE    3.45                      2.53   0.92     2.05
  SINCE SEP 1      8.28                      5.91   2.37     4.91
  SINCE JAN 1     51.94                     41.78  10.16    50.00

SNOWFALL (IN)
  YESTERDAY        0.0           0.0  2002   0.0    0.0      0.0
                                      2001
  MONTH TO DATE    0.0                       0.0    0.0      0.0
  SINCE SEP 1      0.0                       0.0    0.0      0.0
  SINCE JUL 1      0.0                       0.0    0.0      0.0
  SNOW DEPTH       0

DEGREE DAYS
 HEATING
  YESTERDAY        5                         7     -2       12
  MONTH TO DATE   79                       102    -23       89
  SINCE SEP 1     89                       128    -39       97
  SINCE JUL 1     89                       128    -39       97

 COOLING
  YESTERDAY        0                         1     -1        0
  MONTH TO DATE   63                        39     24       68
  SINCE SEP 1    278                       259     19      305
  SINCE JAN 1   1595                      1682    -87     1589
..................................................................


WIND (MPH)
  HIGHEST WIND SPEED    15   HIGHEST WIND DIRECTION    NW (330)
  HIGHEST GUST SPEED    18   HIGHEST GUST DIRECTION     N (350)
  AVERAGE WIND SPEED     3.8


SKY COVER
  POSSIBLE SUNSHINE  MM
  AVERAGE SKY COVER 0.1


WEATHER CONDITIONS
 THE FOLLOWING WEATHER WAS RECORDED YESTERDAY.
  FOG
  HAZE


RELATIVE HUMIDITY (PERCENT)
 HIGHEST   100           700 AM
 LOWEST     33           300 PM
 AVERAGE    67

..........................................................


THE JACKSON CLIMATE NORMALS FOR TODAY
                         NORMAL    RECORD    YEAR
 MAXIMUM TEMPERATURE (F)   71        90      1953
 MINIMUM TEMPERATURE (F)   46        25      1952


SUNRISE AND SUNSET
OCTOBER 22 2014.......SUNRISE   708 AM CDT   SUNSET   611 PM CDT
OCTOBER 23 2014.......SUNRISE   709 AM CDT   SUNSET   610 PM CDT


-  INDICATES NEGATIVE NUMBERS.
R  INDICATES RECORD WAS SET OR TIED.
MM INDICATES DATA IS MISSING.
T  INDICATES TRACE AMOUNT.




$$
