000
CDUS44 KMEG 290643
CLIMKL


CLIMATE REPORT
NATIONAL WEATHER SERVICE MEMPHIS TN
143 AM CDT WED JUL 29 2015


...................................

...THE JACKSON CLIMATE SUMMARY FOR JULY 28 2015...

CLIMATE NORMAL PERIOD 1981 TO 2010
CLIMATE RECORD PERIOD 1948 TO 2015


WEATHER ITEM   OBSERVED TIME   RECORD YEAR NORMAL DEPARTURE LAST
                VALUE   (LST)  VALUE       VALUE  FROM      YEAR
                                                  NORMAL
..................................................................
TEMPERATURE (F)
 YESTERDAY
  MAXIMUM         97    251 PM 106    1952  91      6       84
  MINIMUM         75    422 AM  55    2004  68      7       66
  AVERAGE         86                        80      6       75

PRECIPITATION (IN)
  YESTERDAY        0.00          1.34 1979   0.13  -0.13     0.00
  MONTH TO DATE    2.30                      4.10  -1.80     3.79
  SINCE JUN 1      5.06                      8.94  -3.88    16.36
  SINCE JAN 1     26.84                     32.48  -5.64    38.37

SNOWFALL (IN)
  YESTERDAY        0.0          MM      MM   0.0    0.0      0.0
  MONTH TO DATE    0.0                       0.0    0.0      0.0
  SINCE JUN 1      0.0                       0.0    0.0      0.0
  SINCE JUL 1      0.0                       0.0    0.0      0.0
  SNOW DEPTH       0

DEGREE DAYS
 HEATING
  YESTERDAY        0                         0      0        0
  MONTH TO DATE    0                         0      0        0
  SINCE JUN 1      0                         2     -2        0
  SINCE JUL 1      0                         0      0        0

 COOLING
  YESTERDAY       21                        14      7       10
  MONTH TO DATE  488                       412     76      274
  SINCE JUN 1    909                       751    158      637
  SINCE JAN 1   1140                       966    174      887
..................................................................


WIND (MPH)
  HIGHEST WIND SPEED    14   HIGHEST WIND DIRECTION     E (90)
  HIGHEST GUST SPEED    19   HIGHEST GUST DIRECTION     E (80)
  AVERAGE WIND SPEED     4.5


SKY COVER
  POSSIBLE SUNSHINE  MM
  AVERAGE SKY COVER 0.1


WEATHER CONDITIONS
 THE FOLLOWING WEATHER WAS RECORDED YESTERDAY.
  FOG


RELATIVE HUMIDITY (PERCENT)
 HIGHEST    94           300 AM
 LOWEST     48           200 PM
 AVERAGE    71

..........................................................


THE JACKSON CLIMATE NORMALS FOR TODAY
                         NORMAL    RECORD    YEAR
 MAXIMUM TEMPERATURE (F)   91       105      1952
 MINIMUM TEMPERATURE (F)   68        56      1994


SUNRISE AND SUNSET
JULY 29 2015..........SUNRISE   601 AM CDT   SUNSET   802 PM CDT
JULY 30 2015..........SUNRISE   602 AM CDT   SUNSET   802 PM CDT


-  INDICATES NEGATIVE NUMBERS.
R  INDICATES RECORD WAS SET OR TIED.
MM INDICATES DATA IS MISSING.
T  INDICATES TRACE AMOUNT.




$$
