000
CDUS44 KMEG 220733
CLIMKL


CLIMATE REPORT
NATIONAL WEATHER SERVICE MEMPHIS TN
133 AM CST WED FEB 22 2017


...................................

...THE JACKSON CLIMATE SUMMARY FOR FEBRUARY 21 2017...

CLIMATE NORMAL PERIOD 1981 TO 2010
CLIMATE RECORD PERIOD 1948 TO 2017


WEATHER ITEM   OBSERVED TIME   RECORD YEAR NORMAL DEPARTURE LAST
                VALUE   (LST)  VALUE       VALUE  FROM      YEAR
                                                  NORMAL
..................................................................
TEMPERATURE (F)
 YESTERDAY
  MAXIMUM         65    143 PM  76    1996  55     10       68
  MINIMUM         57    702 AM  10    1963  33     24       53
  AVERAGE         61                        44     17       61

PRECIPITATION (IN)
  YESTERDAY        0.14          3.13 2015   0.15  -0.01     0.03
  MONTH TO DATE    1.53                      3.14  -1.61     2.40
  SINCE DEC 1     11.63                     12.56  -0.93     9.59
  SINCE JAN 1      4.45                      7.21  -2.76     4.44

DEGREE DAYS
 HEATING
  YESTERDAY        4                        21    -17        4
  MONTH TO DATE  303                       496   -193      456
  SINCE DEC 1   1593                      2078   -485     1746
  SINCE JUL 1   1977                      2745   -768     2221

 COOLING
  YESTERDAY        0                         0      0        0
  MONTH TO DATE    2                         0      2        0
  SINCE DEC 1      4                         1      3        9
  SINCE JAN 1      2                         0      2        0
..................................................................


WIND (MPH)
  HIGHEST WIND SPEED    16   HIGHEST WIND DIRECTION     S (180)
  HIGHEST GUST SPEED    21   HIGHEST GUST DIRECTION     S (200)
  AVERAGE WIND SPEED     5.1


SKY COVER
  POSSIBLE SUNSHINE  MM
  AVERAGE SKY COVER 0.6


WEATHER CONDITIONS
 THE FOLLOWING WEATHER WAS RECORDED YESTERDAY.
  LIGHT RAIN
  FOG


RELATIVE HUMIDITY (PERCENT)
 HIGHEST   100           600 PM
 LOWEST     60          1200 AM
 AVERAGE    80

..........................................................


THE JACKSON CLIMATE NORMALS FOR TODAY
                         NORMAL    RECORD    YEAR
 MAXIMUM TEMPERATURE (F)   55        73      2000
                                             1985
 MINIMUM TEMPERATURE (F)   34         5      1978


SUNRISE AND SUNSET
FEBRUARY 22 2017......SUNRISE   634 AM CST   SUNSET   545 PM CST
FEBRUARY 23 2017......SUNRISE   633 AM CST   SUNSET   546 PM CST


-  INDICATES NEGATIVE NUMBERS.
R  INDICATES RECORD WAS SET OR TIED.
MM INDICATES DATA IS MISSING.
T  INDICATES TRACE AMOUNT.


$$
