000
CDUS44 KMEG 030633
CLIMKL


CLIMATE REPORT
NATIONAL WEATHER SERVICE MEMPHIS TN
133 AM CDT WED JUN 3 2015


...................................

...THE JACKSON CLIMATE SUMMARY FOR JUNE 2 2015...

CLIMATE NORMAL PERIOD 1981 TO 2010
CLIMATE RECORD PERIOD 1948 TO 2015


WEATHER ITEM   OBSERVED TIME   RECORD YEAR NORMAL DEPARTURE LAST
                VALUE   (LST)  VALUE       VALUE  FROM      YEAR
                                                  NORMAL
..................................................................
TEMPERATURE (F)
 YESTERDAY
  MAXIMUM         71    548 PM  95    1998  84    -13       83
  MINIMUM         59   1159 PM  47    1956  62     -3       72
  AVERAGE         65                        73     -8       78

PRECIPITATION (IN)
  YESTERDAY        0.00          2.45 1979   0.18  -0.18     0.10
  MONTH TO DATE    0.01                      0.36  -0.35     0.26
  SINCE JUN 1      0.01                      0.36  -0.35     0.26
  SINCE JAN 1     21.79                     23.90  -2.11    22.27

SNOWFALL (IN)
  YESTERDAY        0.0          MM      MM   0.0    0.0      0.0
  MONTH TO DATE    0.0                       0.0    0.0      0.0
  SINCE JUN 1      0.0                       0.0    0.0      0.0
  SINCE JUL 1      5.9                       4.6    1.3      1.3
  SNOW DEPTH       0

DEGREE DAYS
 HEATING
  YESTERDAY        0                         0      0        0
  MONTH TO DATE    0                         0      0        0
  SINCE JUN 1      0                         0      0        0
  SINCE JUL 1   3837                      3572    265     4147

 COOLING
  YESTERDAY        0                         8     -8       13
  MONTH TO DATE    3                        16    -13       26
  SINCE JUN 1      3                        16    -13       26
  SINCE JAN 1    234                       231      3      276
..................................................................


WIND (MPH)
  HIGHEST WIND SPEED     9   HIGHEST WIND DIRECTION     N (10)
  HIGHEST GUST SPEED    11   HIGHEST GUST DIRECTION     N (10)
  AVERAGE WIND SPEED     4.9


SKY COVER
  POSSIBLE SUNSHINE  MM
  AVERAGE SKY COVER 0.9


WEATHER CONDITIONS
 THE FOLLOWING WEATHER WAS RECORDED YESTERDAY.
  NO SIGNIFICANT WEATHER WAS OBSERVED.


RELATIVE HUMIDITY (PERCENT)
 HIGHEST    93           300 AM
 LOWEST     61           300 PM
 AVERAGE    77

..........................................................


THE JACKSON CLIMATE NORMALS FOR TODAY
                         NORMAL    RECORD    YEAR
 MAXIMUM TEMPERATURE (F)   85        95      2011
                                             1991
 MINIMUM TEMPERATURE (F)   62        46      1956


SUNRISE AND SUNSET
JUNE  3 2015..........SUNRISE   541 AM CDT   SUNSET   807 PM CDT
JUNE  4 2015..........SUNRISE   541 AM CDT   SUNSET   808 PM CDT


-  INDICATES NEGATIVE NUMBERS.
R  INDICATES RECORD WAS SET OR TIED.
MM INDICATES DATA IS MISSING.
T  INDICATES TRACE AMOUNT.




$$
