000
CDUS44 KMEG 240638
CLIMKL


CLIMATE REPORT
NATIONAL WEATHER SERVICE MEMPHIS TN
138 AM CDT TUE MAY 24 2016


...................................

...THE JACKSON CLIMATE SUMMARY FOR MAY 23 2016...

CLIMATE NORMAL PERIOD 1981 TO 2010
CLIMATE RECORD PERIOD 1948 TO 2016


WEATHER ITEM   OBSERVED TIME   RECORD YEAR NORMAL DEPARTURE LAST
                VALUE   (LST)  VALUE       VALUE  FROM      YEAR
                                                  NORMAL
..................................................................
TEMPERATURE (F)
 YESTERDAY
  MAXIMUM         83    238 PM  93    1996  82      1       82
  MINIMUM         50    510 AM  40    1963  59     -9       50
  AVERAGE         67                        70     -3       66

PRECIPITATION (IN)
  YESTERDAY        0.00          1.21 1984   0.18  -0.18     0.00
  MONTH TO DATE    2.50                      4.24  -1.74     2.86
  SINCE MAR 1     18.35                     13.85   4.50    12.86
  SINCE JAN 1     23.97                     22.09   1.88    18.75

SNOWFALL (IN)
  YESTERDAY        0.0          MM      MM   0.0    0.0      0.0
  MONTH TO DATE    0.0                       0.0    0.0      0.0
  SINCE MAR 1      T                         0.4   -0.4      4.4
  SINCE JUL 1      1.5                       4.6   -3.1      5.9
  SNOW DEPTH       0

DEGREE DAYS
 HEATING
  YESTERDAY        0                         1     -1        0
  MONTH TO DATE   64                        42     22       39
  SINCE MAR 1    511                       684   -173      664
  SINCE JUL 1   2879                      3568   -689     3837

 COOLING
  YESTERDAY        2                         6     -4        1
  MONTH TO DATE   54                       100    -46      103
  SINCE MAR 1     98                       158    -60      164
  SINCE JAN 1     98                       159    -61      164
..................................................................


WIND (MPH)
  HIGHEST WIND SPEED    12   HIGHEST WIND DIRECTION     W (250)
  HIGHEST GUST SPEED    14   HIGHEST GUST DIRECTION     W (250)
  AVERAGE WIND SPEED     2.1


SKY COVER
  POSSIBLE SUNSHINE  MM
  AVERAGE SKY COVER 0.0


WEATHER CONDITIONS
 THE FOLLOWING WEATHER WAS RECORDED YESTERDAY.
  NO SIGNIFICANT WEATHER WAS OBSERVED.


RELATIVE HUMIDITY (PERCENT)
 HIGHEST    96           200 AM
 LOWEST     34           300 PM
 AVERAGE    65

..........................................................


THE JACKSON CLIMATE NORMALS FOR TODAY
                         NORMAL    RECORD    YEAR
 MAXIMUM TEMPERATURE (F)   82        94      1962
 MINIMUM TEMPERATURE (F)   60        44      1963


SUNRISE AND SUNSET
MAY 24 2016...........SUNRISE   545 AM CDT   SUNSET   801 PM CDT
MAY 25 2016...........SUNRISE   544 AM CDT   SUNSET   802 PM CDT


-  INDICATES NEGATIVE NUMBERS.
R  INDICATES RECORD WAS SET OR TIED.
MM INDICATES DATA IS MISSING.
T  INDICATES TRACE AMOUNT.




$$
