000
CDUS44 KMEG 292205
CLIMKL


CLIMATE REPORT
NATIONAL WEATHER SERVICE MEMPHIS TN
504 PM CDT WED MAR 29 2017


...................................

...THE JACKSON CLIMATE SUMMARY FOR MARCH 29 2017...
VALID TODAY AS OF 0500 PM LOCAL TIME.

CLIMATE NORMAL PERIOD 1981 TO 2010
CLIMATE RECORD PERIOD 1948 TO 2017


WEATHER ITEM   OBSERVED TIME   RECORD YEAR NORMAL DEPARTURE LAST
                VALUE   (LST)  VALUE       VALUE  FROM      YEAR
                                                  NORMAL
..................................................................
TEMPERATURE (F)
 TODAY
  MAXIMUM         84    234 PM  86    1963  67     17       69
  MINIMUM         57    625 AM  24    2015  43     14       36
  AVERAGE         71                        55     16       53

PRECIPITATION (IN)
  TODAY            0.00          2.10 1965   0.17  -0.17     0.00
  MONTH TO DATE    7.58                      4.41   3.17     9.52
  SINCE MAR 1      7.58                      4.41   3.17     9.52
  SINCE JAN 1     12.41                     12.65  -0.24    15.14

DEGREE DAYS
 HEATING
  TODAY            0                        11    -11       12
  MONTH TO DATE  351                       424    -73      311
  SINCE MAR 1    351                       424    -73      311
  SINCE JUL 1   2391                      3308   -917     2679

 COOLING
  TODAY            6                         1      5        0
  MONTH TO DATE   13                         5      8        6
  SINCE MAR 1     13                         5      8        6
  SINCE JAN 1     15                         6      9        6
..................................................................


WIND (MPH)
  HIGHEST WIND SPEED    17   HIGHEST WIND DIRECTION     S (160)
  HIGHEST GUST SPEED    27   HIGHEST GUST DIRECTION     S (160)
  AVERAGE WIND SPEED     7.3


SKY COVER
  POSSIBLE SUNSHINE  MM
  AVERAGE SKY COVER 0.3


WEATHER CONDITIONS
 THE FOLLOWING WEATHER WAS RECORDED TODAY.
  NO SIGNIFICANT WEATHER WAS OBSERVED.


RELATIVE HUMIDITY (PERCENT)
 HIGHEST    93           200 AM
 LOWEST     40           300 PM
 AVERAGE    67

..........................................................


THE JACKSON CLIMATE NORMALS FOR TOMORROW
                         NORMAL    RECORD    YEAR
 MAXIMUM TEMPERATURE (F)   67        87      1986
 MINIMUM TEMPERATURE (F)   43        21      1964


SUNRISE AND SUNSET
MARCH 29 2017.........SUNRISE   646 AM CDT   SUNSET   715 PM CDT
MARCH 30 2017.........SUNRISE   645 AM CDT   SUNSET   716 PM CDT


-  INDICATES NEGATIVE NUMBERS.
R  INDICATES RECORD WAS SET OR TIED.
MM INDICATES DATA IS MISSING.
T  INDICATES TRACE AMOUNT.




$$
