000
CDUS44 KMEG 242149
CLIMKL


CLIMATE REPORT
NATIONAL WEATHER SERVICE MEMPHIS TN
447 PM CDT MON JUL 24 2017


...................................

...THE JACKSON CLIMATE SUMMARY FOR JULY 24 2017...
VALID TODAY AS OF 0400 PM LOCAL TIME.

CLIMATE NORMAL PERIOD 1981 TO 2010
CLIMATE RECORD PERIOD 1948 TO 2017


WEATHER ITEM   OBSERVED TIME   RECORD YEAR NORMAL DEPARTURE LAST
                VALUE   (LST)  VALUE       VALUE  FROM      YEAR
                                                  NORMAL
..................................................................
TEMPERATURE (F)
 TODAY
  MAXIMUM         90    328 PM 101    1965  91     -1       94
  MINIMUM         72    411 AM  58    2003  69      3       74
                                      2000
  AVERAGE         81                        80      1       84

PRECIPITATION (IN)
  TODAY            0.00          1.93 1987   0.16  -0.16     0.01
  MONTH TO DATE    3.47                      3.54  -0.07     0.81
  SINCE JUN 1      5.51                      8.38  -2.87     3.11
  SINCE JAN 1     28.16                     31.92  -3.76    28.35

DEGREE DAYS
 HEATING
  TODAY            0                         0      0        0
  MONTH TO DATE    0                         0      0        0
  SINCE JUN 1      0                         2     -2        0
  SINCE JUL 1      0                         0      0        0

 COOLING
  TODAY           16                        15      1       19
  MONTH TO DATE  394                       353     41      411
  SINCE JUN 1    739                       692     47      834
  SINCE JAN 1   1007                       907    100     1018
..................................................................


WIND (MPH)
  HIGHEST WIND SPEED     8   HIGHEST WIND DIRECTION     W (280)
  HIGHEST GUST SPEED    11   HIGHEST GUST DIRECTION    SW (240)
  AVERAGE WIND SPEED     2.2


SKY COVER
  POSSIBLE SUNSHINE  MM
  AVERAGE SKY COVER 0.0


WEATHER CONDITIONS
 THE FOLLOWING WEATHER WAS RECORDED TODAY.
  FOG


RELATIVE HUMIDITY (PERCENT)
 HIGHEST   100          1200 AM
 LOWEST     64           200 PM
 AVERAGE    82

..........................................................


THE JACKSON CLIMATE NORMALS FOR TOMORROW
                         NORMAL    RECORD    YEAR
 MAXIMUM TEMPERATURE (F)   91       101      1952
 MINIMUM TEMPERATURE (F)   68        56      2000


SUNRISE AND SUNSET
JULY 24 2017..........SUNRISE   558 AM CDT   SUNSET   806 PM CDT
JULY 25 2017..........SUNRISE   559 AM CDT   SUNSET   805 PM CDT


-  INDICATES NEGATIVE NUMBERS.
R  INDICATES RECORD WAS SET OR TIED.
MM INDICATES DATA IS MISSING.
T  INDICATES TRACE AMOUNT.




$$
