062
CDUS44 KMEG 100734
CLIMKL


CLIMATE REPORT
NATIONAL WEATHER SERVICE MEMPHIS TN
133 AM CST SAT DEC 10 2016


...................................

...THE JACKSON CLIMATE SUMMARY FOR DECEMBER 9 2016...

CLIMATE NORMAL PERIOD 1981 TO 2010
CLIMATE RECORD PERIOD 1948 TO 2016


WEATHER ITEM   OBSERVED TIME   RECORD YEAR NORMAL DEPARTURE LAST
                VALUE   (LST)  VALUE       VALUE  FROM      YEAR
                                                  NORMAL
..................................................................
TEMPERATURE (F)
 YESTERDAY
  MAXIMUM         36    252 PM  75    2007  52    -16       63
  MINIMUM         19   1105 PM   9    1995  32    -13       40
  AVERAGE         28                        42    -14       52

PRECIPITATION (IN)
  YESTERDAY        0.00          3.86 2008   0.19  -0.19     0.00
  MONTH TO DATE    1.19                      1.65  -0.46     0.29
  SINCE DEC 1      1.19                      1.65  -0.46     0.29
  SINCE JAN 1     40.74                     49.57  -8.83    43.36

DEGREE DAYS
 HEATING
  YESTERDAY       37                        23     14       13
  MONTH TO DATE  223                       197     26      179
  SINCE DEC 1    223                       197     26      179
  SINCE JUL 1    607                       864   -257      654

 COOLING
  YESTERDAY        0                         0      0        0
  MONTH TO DATE    0                         0      0        0
  SINCE DEC 1      0                         0      0        0
  SINCE JAN 1   2092                      1697    395     1855
..................................................................


WIND (MPH)
  HIGHEST WIND SPEED    12   HIGHEST WIND DIRECTION     N (10)
  HIGHEST GUST SPEED    14   HIGHEST GUST DIRECTION     N (10)
  AVERAGE WIND SPEED     3.9


SKY COVER
  POSSIBLE SUNSHINE  MM
  AVERAGE SKY COVER 0.0


WEATHER CONDITIONS
 THE FOLLOWING WEATHER WAS RECORDED YESTERDAY.
  NO SIGNIFICANT WEATHER WAS OBSERVED.


RELATIVE HUMIDITY (PERCENT)
 HIGHEST    92          1100 PM
 LOWEST     47           200 PM
 AVERAGE    70

..........................................................


THE JACKSON CLIMATE NORMALS FOR TODAY
                         NORMAL    RECORD    YEAR
 MAXIMUM TEMPERATURE (F)   52        73      1965
 MINIMUM TEMPERATURE (F)   32         7      1995


SUNRISE AND SUNSET
DECEMBER 10 2016......SUNRISE   655 AM CST   SUNSET   443 PM CST
DECEMBER 11 2016......SUNRISE   655 AM CST   SUNSET   443 PM CST


-  INDICATES NEGATIVE NUMBERS.
R  INDICATES RECORD WAS SET OR TIED.
MM INDICATES DATA IS MISSING.
T  INDICATES TRACE AMOUNT.




$$
