000
CDUS44 KMEG 040646
CLIMKL


CLIMATE REPORT
NATIONAL WEATHER SERVICE MEMPHIS TN
146 AM CDT WED MAY 4 2016


...................................

...THE JACKSON CLIMATE SUMMARY FOR MAY 3 2016...

CLIMATE NORMAL PERIOD 1981 TO 2010
CLIMATE RECORD PERIOD 1948 TO 2016


WEATHER ITEM   OBSERVED TIME   RECORD YEAR NORMAL DEPARTURE LAST
                VALUE   (LST)  VALUE       VALUE  FROM      YEAR
                                                  NORMAL
..................................................................
TEMPERATURE (F)
 YESTERDAY
  MAXIMUM         65    443 PM  90    1955  77    -12       81
                                      1949
  MINIMUM         49   1051 PM  35    2005  54     -5       46
  AVERAGE         57                        65     -8       64

PRECIPITATION (IN)
  YESTERDAY        0.01          3.23 1979   0.19  -0.18     0.00
  MONTH TO DATE    0.76                      0.57   0.19     0.00
  SINCE MAR 1     15.25                     10.18   5.07    10.00
  SINCE JAN 1     20.87                     18.42   2.45    15.89

SNOWFALL (IN)
  YESTERDAY        0.0          MM      MM   0.0    0.0      0.0
  MONTH TO DATE    0.0                       0.0    0.0      0.0
  SINCE MAR 1      T                         0.4   -0.4      4.4
  SINCE JUL 1      1.5                       4.6   -3.1      5.9
  SNOW DEPTH       0

DEGREE DAYS
 HEATING
  YESTERDAY        8                         3      5        1
  MONTH TO DATE   12                         9      3       16
  SINCE MAR 1    459                       651   -192      641
  SINCE JUL 1   2827                      3535   -708     3814

 COOLING
  YESTERDAY        0                         3     -3        0
  MONTH TO DATE    7                         9     -2        0
  SINCE MAR 1     51                        67    -16       61
  SINCE JAN 1     51                        68    -17       61
..................................................................


WIND (MPH)
  HIGHEST WIND SPEED    16   HIGHEST WIND DIRECTION     N (360)
  HIGHEST GUST SPEED    20   HIGHEST GUST DIRECTION     N (360)
  AVERAGE WIND SPEED     5.9


SKY COVER
  POSSIBLE SUNSHINE  MM
  AVERAGE SKY COVER 0.8


WEATHER CONDITIONS
 THE FOLLOWING WEATHER WAS RECORDED YESTERDAY.
  NO SIGNIFICANT WEATHER WAS OBSERVED.


RELATIVE HUMIDITY (PERCENT)
 HIGHEST    93          1100 PM
 LOWEST     56           500 PM
 AVERAGE    75

..........................................................


THE JACKSON CLIMATE NORMALS FOR TODAY
                         NORMAL    RECORD    YEAR
 MAXIMUM TEMPERATURE (F)   77        91      1952
 MINIMUM TEMPERATURE (F)   54        34      2013


SUNRISE AND SUNSET
MAY  4 2016...........SUNRISE   600 AM CDT   SUNSET   745 PM CDT
MAY  5 2016...........SUNRISE   559 AM CDT   SUNSET   746 PM CDT


-  INDICATES NEGATIVE NUMBERS.
R  INDICATES RECORD WAS SET OR TIED.
MM INDICATES DATA IS MISSING.
T  INDICATES TRACE AMOUNT.




$$
