171
CDUS42 KMLB 202118
CLIMLB


CLIMATE REPORT
NATIONAL WEATHER SERVICE MELBOURNE FL
417 PM EST FRI JAN 20 2017


...................................

...THE MELBOURNE CLIMATE SUMMARY FOR JANUARY 20 2017...
VALID TODAY AS OF 0400 PM LOCAL TIME.

CLIMATE NORMAL PERIOD 1981 TO 2010
CLIMATE RECORD PERIOD 1939 TO 2017


WEATHER ITEM   OBSERVED TIME   RECORD YEAR NORMAL DEPARTURE LAST
                VALUE   (LST)  VALUE       VALUE  FROM      YEAR
                                                  NORMAL
..................................................................
TEMPERATURE (F)
 TODAY
  MAXIMUM         83    353 PM  86    1987  71     12       66
  MINIMUM         57    626 AM  19    1977  49      8       40
  AVERAGE         70                        60     10       53

PRECIPITATION (IN)
  TODAY            0.00          4.13 1983   0.07  -0.07     0.00
  MONTH TO DATE    0.56                      1.41  -0.85     5.66
  SINCE DEC 1      0.88                      3.98  -3.10     9.35
  SINCE JAN 1      0.56                      1.41  -0.85     5.66

SNOWFALL (IN)
  TODAY            0.0
  MONTH TO DATE    0.0
  SINCE JUL 1      0.0

DEGREE DAYS
 HEATING
  TODAY            0                         6     -6       12
  MONTH TO DATE   39                       120    -81       95
  SINCE DEC 1     67                       257   -190      102
  SINCE JUL 1     86                       299   -213      107

 COOLING
  TODAY            5                         1      4        0
  MONTH TO DATE   53                        23     30       31
  SINCE DEC 1    229                        99    130      315
  SINCE JAN 1     53                        23     30       31
..................................................................


WIND (MPH)
  HIGHEST WIND SPEED    17   HIGHEST WIND DIRECTION     S (200)
  HIGHEST GUST SPEED    23   HIGHEST GUST DIRECTION     S (190)
  AVERAGE WIND SPEED     6.8


SKY COVER
  AVERAGE SKY COVER 0.0


WEATHER CONDITIONS
 THE FOLLOWING WEATHER WAS RECORDED TODAY.
  NO SIGNIFICANT WEATHER WAS OBSERVED.


RELATIVE HUMIDITY (PERCENT)
 HIGHEST   100           800 AM
 LOWEST     37           400 PM
 AVERAGE    69

..........................................................


THE MELBOURNE CLIMATE NORMALS FOR TOMORROW
                         NORMAL    RECORD    YEAR
 MAXIMUM TEMPERATURE (F)   72        85      1963
 MINIMUM TEMPERATURE (F)   49        23      1985


SUNRISE AND SUNSET
JANUARY 20 2017.......SUNRISE   714 AM EST   SUNSET   553 PM EST
JANUARY 21 2017.......SUNRISE   714 AM EST   SUNSET   554 PM EST


-  INDICATES NEGATIVE NUMBERS.
R  INDICATES RECORD WAS SET OR TIED.
MM INDICATES DATA IS MISSING.
T  INDICATES TRACE AMOUNT.




$$
