000
CDUS42 KMLB 022015
CLIMLB


CLIMATE REPORT
NATIONAL WEATHER SERVICE MELBOURNE FL
414 PM EDT WED SEP 2 2015


...................................

...THE MELBOURNE CLIMATE SUMMARY FOR SEPTEMBER 2 2015...
VALID TODAY AS OF 0400 PM LOCAL TIME.

CLIMATE NORMAL PERIOD 1981 TO 2010
CLIMATE RECORD PERIOD 1939 TO 2015


WEATHER ITEM   OBSERVED TIME   RECORD YEAR NORMAL DEPARTURE LAST
                VALUE   (LST)  VALUE       VALUE  FROM      YEAR
                                                  NORMAL
..................................................................
TEMPERATURE (F)
 TODAY
  MAXIMUM         92   1252 PM  95    1951  90      2       90
  MINIMUM         77    630 AM  66    1977  73      4       75
  AVERAGE         85                        81      4       83

PRECIPITATION (IN)
  TODAY            0.00          2.35 1977   0.26  -0.26     0.00
  MONTH TO DATE    0.00                      0.52  -0.52     0.00
  SINCE SEP 1      0.00                      0.52  -0.52     0.00
  SINCE JAN 1     39.12                     34.37   4.75    37.83

SNOWFALL (IN)
  TODAY            0.0
  MONTH TO DATE    0.0
  SINCE JUL 1      0.0

DEGREE DAYS
 HEATING
  TODAY            0                         0      0        0
  MONTH TO DATE    0                         0      0        0
  SINCE SEP 1      0                         0      0        0
  SINCE JUL 1      0                         0      0        0

 COOLING
  TODAY           20                        16      4       18
  MONTH TO DATE   37                        32      5       36
  SINCE SEP 1     37                        32      5       36
  SINCE JAN 1   2696                      2258    438     2523
..................................................................


WIND (MPH)
  HIGHEST WIND SPEED    14   HIGHEST WIND DIRECTION     E (100)
  HIGHEST GUST SPEED    17   HIGHEST GUST DIRECTION     E (90)
  AVERAGE WIND SPEED     4.7


SKY COVER
  AVERAGE SKY COVER 0.2


WEATHER CONDITIONS
 THE FOLLOWING WEATHER WAS RECORDED TODAY.
  NO SIGNIFICANT WEATHER WAS OBSERVED.


RELATIVE HUMIDITY (PERCENT)
 HIGHEST    91           200 AM
 LOWEST     56           100 PM
 AVERAGE    74

..........................................................


THE MELBOURNE CLIMATE NORMALS FOR TOMORROW
                         NORMAL    RECORD    YEAR
 MAXIMUM TEMPERATURE (F)   89        97      2010
 MINIMUM TEMPERATURE (F)   73        65      1978


SUNRISE AND SUNSET
SEPTEMBER  2 2015.....SUNRISE   701 AM EDT   SUNSET   743 PM EDT
SEPTEMBER  3 2015.....SUNRISE   702 AM EDT   SUNSET   742 PM EDT


-  INDICATES NEGATIVE NUMBERS.
R  INDICATES RECORD WAS SET OR TIED.
MM INDICATES DATA IS MISSING.
T  INDICATES TRACE AMOUNT.




$$
