000
CDUS42 KMLB 242017
CLIMLB


CLIMATE REPORT
NATIONAL WEATHER SERVICE MELBOURNE FL
417 PM EDT SAT SEP 24 2016


...................................

...THE MELBOURNE CLIMATE SUMMARY FOR SEPTEMBER 24 2016...
VALID TODAY AS OF 0400 PM LOCAL TIME.

CLIMATE NORMAL PERIOD 1981 TO 2010
CLIMATE RECORD PERIOD 1939 TO 2016


WEATHER ITEM   OBSERVED TIME   RECORD YEAR NORMAL DEPARTURE LAST
                VALUE   (LST)  VALUE       VALUE  FROM      YEAR
                                                  NORMAL
..................................................................
TEMPERATURE (F)
 TODAY
  MAXIMUM         88   1127 AM  92    1975  88      0       86
  MINIMUM         76    642 AM  63    1996  72      4       73
  AVERAGE         82                        80      2       80

PRECIPITATION (IN)
  TODAY            T             3.61 1975   0.24  -0.24     0.00
  MONTH TO DATE   11.23                      6.11   5.12     5.02
  SINCE SEP 1     11.23                      6.11   5.12     5.02
  SINCE JAN 1     49.79                     39.96   9.83    44.14

SNOWFALL (IN)
  TODAY            0.0
  MONTH TO DATE    0.0
  SINCE JUL 1      0.0

DEGREE DAYS
 HEATING
  TODAY            0                         0      0        0
  MONTH TO DATE    0                         0      0        0
  SINCE SEP 1      0                         0      0        0
  SINCE JUL 1      0                         0      0        0

 COOLING
  TODAY           17                        15      2       15
  MONTH TO DATE  416                       378     38      392
  SINCE SEP 1    416                       378     38      392
  SINCE JAN 1   3064                      2604    460     3051
..................................................................


WIND (MPH)
  HIGHEST WIND SPEED    15   HIGHEST WIND DIRECTION    NE (60)
  HIGHEST GUST SPEED    19   HIGHEST GUST DIRECTION    NE (60)
  AVERAGE WIND SPEED     3.3


SKY COVER
  AVERAGE SKY COVER 0.2


WEATHER CONDITIONS
 THE FOLLOWING WEATHER WAS RECORDED TODAY.
  THUNDERSTORM
  LIGHT RAIN


RELATIVE HUMIDITY (PERCENT)
 HIGHEST   100           700 AM
 LOWEST     68          1100 AM
 AVERAGE    84

..........................................................


THE MELBOURNE CLIMATE NORMALS FOR TOMORROW
                         NORMAL    RECORD    YEAR
 MAXIMUM TEMPERATURE (F)   88        92      1997
                                             1991
 MINIMUM TEMPERATURE (F)   72        62      1982


SUNRISE AND SUNSET
SEPTEMBER 24 2016.....SUNRISE   712 AM EDT   SUNSET   716 PM EDT
SEPTEMBER 25 2016.....SUNRISE   713 AM EDT   SUNSET   715 PM EDT


-  INDICATES NEGATIVE NUMBERS.
R  INDICATES RECORD WAS SET OR TIED.
MM INDICATES DATA IS MISSING.
T  INDICATES TRACE AMOUNT.




$$
