000
CDUS42 KMLB 282018
CLIMLB


CLIMATE REPORT
NATIONAL WEATHER SERVICE MELBOURNE FL
418 PM EDT MON JUL 28 2014


...................................

...THE MELBOURNE CLIMATE SUMMARY FOR JULY 28 2014...
VALID TODAY AS OF 0400 PM LOCAL TIME.

CLIMATE NORMAL PERIOD 1981 TO 2010
CLIMATE RECORD PERIOD 1939 TO 2014


WEATHER ITEM   OBSERVED TIME   RECORD YEAR NORMAL DEPARTURE LAST
                VALUE   (LST)  VALUE       VALUE  FROM      YEAR
                                                  NORMAL
..................................................................
TEMPERATURE (F)
 TODAY
  MAXIMUM         94    252 PM  98    1999  91      3       89
  MINIMUM         77    554 AM  67    1938  73      4       76
  AVERAGE         86                        82      4       83

PRECIPITATION (IN)
  TODAY            0.00          1.65 1956   0.21  -0.21     0.54
  MONTH TO DATE   11.10                      5.33   5.77     6.91
  SINCE JUN 1     17.16                     12.04   5.12    13.65
  SINCE JAN 1     33.38                     25.54   7.84    28.98

SNOWFALL (IN)
  TODAY            0.0
  MONTH TO DATE    0.0
  SINCE JUL 1      0.0

DEGREE DAYS
 HEATING
  TODAY            0                         0      0        0
  MONTH TO DATE    0                         0      0        0
  SINCE JUN 1      0                         0      0        0
  SINCE JUL 1      0                         0      0        0

 COOLING
  TODAY           21                        17      4       18
  MONTH TO DATE  491                       465     26      480
  SINCE JUN 1    952                       927     25      978
  SINCE JAN 1   1845                      1653    192     1839
..................................................................


WIND (MPH)
  HIGHEST WIND SPEED    17   HIGHEST WIND DIRECTION     W (250)
  HIGHEST GUST SPEED    25   HIGHEST GUST DIRECTION    SW (220)
  AVERAGE WIND SPEED     9.0


SKY COVER
  AVERAGE SKY COVER 0.2


WEATHER CONDITIONS
 THE FOLLOWING WEATHER WAS RECORDED TODAY.
  THUNDERSTORM


RELATIVE HUMIDITY (PERCENT)
 HIGHEST    94           500 AM
 LOWEST     52          1200 PM
 AVERAGE    73

..........................................................


THE MELBOURNE CLIMATE NORMALS FOR TOMORROW
                         NORMAL    RECORD    YEAR
 MAXIMUM TEMPERATURE (F)   91        98      1999
 MINIMUM TEMPERATURE (F)   73        68      1975
                                             1969
                                             1965


SUNRISE AND SUNSET
JULY 28 2014..........SUNRISE   643 AM EDT   SUNSET   815 PM EDT
JULY 29 2014..........SUNRISE   643 AM EDT   SUNSET   814 PM EDT


-  INDICATES NEGATIVE NUMBERS.
R  INDICATES RECORD WAS SET OR TIED.
MM INDICATES DATA IS MISSING.
T  INDICATES TRACE AMOUNT.




$$
