000
CDUS42 KMLB 170648
CLIMLB


CLIMATE REPORT
NATIONAL WEATHER SERVICE MELBOURNE FL
138 AM EST SUN DEC 17 2017


...................................

...THE MELBOURNE CLIMATE SUMMARY FOR DECEMBER 16 2017...

CLIMATE NORMAL PERIOD 1981 TO 2010
CLIMATE RECORD PERIOD 1939 TO 2017


WEATHER ITEM   OBSERVED TIME   RECORD YEAR NORMAL DEPARTURE LAST
                VALUE   (LST)  VALUE       VALUE  FROM      YEAR
                                                  NORMAL
..................................................................
TEMPERATURE (F)
 YESTERDAY
  MAXIMUM         75    147 PM  89    1961  73      2       77
  MINIMUM         54    726 AM  29    1968  53      1       54
  AVERAGE         65                        63      2       66

PRECIPITATION (IN)
  YESTERDAY        0.00          1.90 1977   0.08  -0.08      T
  MONTH TO DATE    1.07                      1.35  -0.28     0.21
  SINCE DEC 1      1.07                      1.35  -0.28     0.21
  SINCE JAN 1     65.73                     50.78  14.95    59.53

SNOWFALL (IN)
  YESTERDAY        0.0
  MONTH TO DATE    0.0
  SINCE JUL 1      0.0

DEGREE DAYS
 HEATING
  YESTERDAY        0                         4     -4        0
  MONTH TO DATE   52                        56     -4        7
  SINCE DEC 1     52                        56     -4        7
  SINCE JUL 1     65                        98    -33       26

 COOLING
  YESTERDAY        0                         2     -2        1
  MONTH TO DATE   66                        45     21       89
  SINCE DEC 1     66                        45     21       89
  SINCE JAN 1   4152                      3240    912     3817
..................................................................


WIND (MPH)
  HIGHEST WIND SPEED    14   HIGHEST WIND DIRECTION    NE (30)
  HIGHEST GUST SPEED    18   HIGHEST GUST DIRECTION     N (20)
  AVERAGE WIND SPEED     6.0


SKY COVER
  AVERAGE SKY COVER 0.0


WEATHER CONDITIONS
 THE FOLLOWING WEATHER WAS RECORDED YESTERDAY.
  FOG


RELATIVE HUMIDITY (PERCENT)
 HIGHEST    93           200 AM
 LOWEST     57          1200 PM
 AVERAGE    75

..........................................................


THE MELBOURNE CLIMATE NORMALS FOR TODAY
                         NORMAL    RECORD    YEAR
 MAXIMUM TEMPERATURE (F)   73        86      2015
 MINIMUM TEMPERATURE (F)   53        29      1968


SUNRISE AND SUNSET
DECEMBER 17 2017......SUNRISE   708 AM EST   SUNSET   530 PM EST
DECEMBER 18 2017......SUNRISE   708 AM EST   SUNSET   530 PM EST


-  INDICATES NEGATIVE NUMBERS.
R  INDICATES RECORD WAS SET OR TIED.
MM INDICATES DATA IS MISSING.
T  INDICATES TRACE AMOUNT.




$$
