000
CDUS43 KDVN 300931
CLIMLI


CLIMATE REPORT
NATIONAL WEATHER SERVICE QUAD CITIES IA IL
429 AM CDT SUN APR 30 2017


...................................

...THE MOLINE IL CLIMATE SUMMARY FOR APRIL 29 2017...

CLIMATE NORMAL PERIOD 1981 TO 2010
CLIMATE RECORD PERIOD 1872 TO 2017


WEATHER ITEM   OBSERVED TIME   RECORD YEAR NORMAL DEPARTURE LAST
                VALUE   (LST)  VALUE       VALUE  FROM      YEAR
                                                  NORMAL
..................................................................
TEMPERATURE (F)
 YESTERDAY
  MAXIMUM         48    810 AM  91    1970  67    -19       53
                                      1952
  MINIMUM         41    658 PM  27    1977  45     -4       45
  AVERAGE         45                        56    -11       49

PRECIPITATION (IN)
  YESTERDAY        1.14          2.11 1872   0.13   1.01     0.00
  MONTH TO DATE    5.35                      3.45   1.90     1.78
  SINCE MAR 1      8.84                      6.31   2.53     4.69
  SINCE JAN 1     11.25                      9.40   1.85     6.02

SNOWFALL (IN)
  YESTERDAY        0.0          MM      MM   0.0    0.0      0.0
  MONTH TO DATE    0.0                       0.9   -0.9       T
  SINCE MAR 1      5.9                       4.9    1.0      2.9
  SINCE JUL 1     22.4                      31.6   -9.2     24.1
  SNOW DEPTH       0

DEGREE DAYS
 HEATING
  YESTERDAY       20                         9     11       16
  MONTH TO DATE  300                       412   -112      401
  SINCE MAR 1   1046                      1216   -170     1000
  SINCE JUL 1   4849                      6014  -1165     4989

 COOLING
  YESTERDAY        0                         1     -1        0
  MONTH TO DATE   14                        13      1        8
  SINCE MAR 1     14                        14      0       11
  SINCE JAN 1     14                        14      0       11
..................................................................


WIND (MPH)
  HIGHEST WIND SPEED    32   HIGHEST WIND DIRECTION    NE (60)
  HIGHEST GUST SPEED    40   HIGHEST GUST DIRECTION    NE (60)
  AVERAGE WIND SPEED    16.1


SKY COVER
  POSSIBLE SUNSHINE  MM
  AVERAGE SKY COVER 1.0


WEATHER CONDITIONS
 THE FOLLOWING WEATHER WAS RECORDED YESTERDAY.
  THUNDERSTORM
  HEAVY RAIN
  RAIN
  LIGHT RAIN
  FOG
  HAZE


RELATIVE HUMIDITY (PERCENT)
 HIGHEST    89          1200 PM
 LOWEST     65           900 AM
 AVERAGE    77

..........................................................


THE MOLINE IL CLIMATE NORMALS FOR TODAY
                         NORMAL    RECORD    YEAR
 MAXIMUM TEMPERATURE (F)   68        89      2007
                                             1942
                                             1926
 MINIMUM TEMPERATURE (F)   46        31      1971
                                             1956
                                             1908


SUNRISE AND SUNSET
APRIL 30 2017.........SUNRISE   600 AM CDT   SUNSET   759 PM CDT
MAY  1 2017...........SUNRISE   559 AM CDT   SUNSET   800 PM CDT


-  INDICATES NEGATIVE NUMBERS.
R  INDICATES RECORD WAS SET OR TIED.
MM INDICATES DATA IS MISSING.
T  INDICATES TRACE AMOUNT.




$$
