000
CDUS43 KDVN 012141
CLIMLI


CLIMATE REPORT
NATIONAL WEATHER SERVICE QUAD CITIES IA IL
441 PM CDT MON JUN 1 2015


...................................

...THE MOLINE IL CLIMATE SUMMARY FOR JUNE 1 2015...
VALID TODAY AS OF 0400 PM LOCAL TIME.

CLIMATE NORMAL PERIOD 1981 TO 2010
CLIMATE RECORD PERIOD 1872 TO 2015


WEATHER ITEM   OBSERVED TIME   RECORD YEAR NORMAL DEPARTURE LAST
                VALUE   (LST)  VALUE       VALUE  FROM      YEAR
                                                  NORMAL
..................................................................
TEMPERATURE (F)
 TODAY
  MAXIMUM         71    259 PM 104    1934  78     -7       89
  MINIMUM         52    504 AM  39    1993  56     -4       71
  AVERAGE         62                        67     -5       80

PRECIPITATION (IN)
  TODAY            0.00          1.85 1876   0.15  -0.15     0.03
  MONTH TO DATE    0.00                      0.15  -0.15     0.03
  SINCE JUN 1      0.00                      0.15  -0.15     0.03
  SINCE JAN 1      8.94                     14.01  -5.07    11.59

SNOWFALL (IN)
  TODAY            0.0          MM      MM   0.0    0.0      0.0
  MONTH TO DATE    0.0                       0.0    0.0      0.0
  SINCE JUN 1      0.0                       0.0    0.0      0.0
  SINCE JUL 1     39.1                      31.6    7.5     65.1
  SNOW DEPTH       0

DEGREE DAYS
 HEATING
  TODAY            3                         2      1        0
  MONTH TO DATE    3                         2      1        0
  SINCE JUN 1      3                         2      1        0
  SINCE JUL 1   6592                      6186    406     7313

 COOLING
  TODAY            0                         4     -4       15
  MONTH TO DATE    0                         4     -4       15
  SINCE JUN 1      0                         4     -4       15
  SINCE JAN 1     81                        80      1      120
..................................................................


WIND (MPH)
  HIGHEST WIND SPEED    14   HIGHEST WIND DIRECTION     E (90)
  HIGHEST GUST SPEED    17   HIGHEST GUST DIRECTION     E (80)
  AVERAGE WIND SPEED     8.1


SKY COVER
  POSSIBLE SUNSHINE  MM
  AVERAGE SKY COVER 0.9


WEATHER CONDITIONS
 THE FOLLOWING WEATHER WAS RECORDED TODAY.
  NO SIGNIFICANT WEATHER WAS OBSERVED.


RELATIVE HUMIDITY (PERCENT)
 HIGHEST    66          1200 AM
 LOWEST     42           100 PM
 AVERAGE    54

..........................................................


THE MOLINE IL CLIMATE NORMALS FOR TOMORROW
                         NORMAL    RECORD    YEAR
 MAXIMUM TEMPERATURE (F)   78       104      1934
 MINIMUM TEMPERATURE (F)   56        42      2003


SUNRISE AND SUNSET
JUNE  1 2015..........SUNRISE   531 AM CDT   SUNSET   829 PM CDT
JUNE  2 2015..........SUNRISE   530 AM CDT   SUNSET   830 PM CDT


-  INDICATES NEGATIVE NUMBERS.
R  INDICATES RECORD WAS SET OR TIED.
MM INDICATES DATA IS MISSING.
T  INDICATES TRACE AMOUNT.




$$
