000
CDUS43 KDVN 061008
CLIMLI


CLIMATE REPORT
NATIONAL WEATHER SERVICE QUAD CITIES IA IL
408 AM CST TUE DEC 6 2016


...................................

...THE MOLINE IL CLIMATE SUMMARY FOR DECEMBER 5 2016...

CLIMATE NORMAL PERIOD 1981 TO 2010
CLIMATE RECORD PERIOD 1872 TO 2016


WEATHER ITEM   OBSERVED TIME   RECORD YEAR NORMAL DEPARTURE LAST
                VALUE   (LST)  VALUE       VALUE  FROM      YEAR
                                                  NORMAL
..................................................................
TEMPERATURE (F)
 YESTERDAY
  MAXIMUM         36    328 PM  69    2001  38     -2       49
  MINIMUM         32    951 AM  -4    2005  22     10       28
  AVERAGE         34                        30      4       39

PRECIPITATION (IN)
  YESTERDAY        0.00          0.65 1909   0.08  -0.08     0.00
  MONTH TO DATE    0.61                      0.41   0.20      T
  SINCE DEC 1      0.61                      0.41   0.20      T
  SINCE JAN 1     35.45                     36.19  -0.74    40.34

SNOWFALL (IN)
  YESTERDAY        0.0          MM      MM   0.2   -0.2      0.0
  MONTH TO DATE    7.8                       1.1    6.7      0.6
  SINCE DEC 1      7.8                       1.1    6.7      0.6
  SINCE JUL 1      7.8                       2.3    5.5     10.5
  SNOW DEPTH       5

DEGREE DAYS
 HEATING
  YESTERDAY       31                        35     -4       26
  MONTH TO DATE  143                       171    -28      149
  SINCE DEC 1    143                       171    -28      149
  SINCE JUL 1    924                      1402   -478     1112

 COOLING
  YESTERDAY        0                         0      0        0
  MONTH TO DATE    0                         0      0        0
  SINCE DEC 1      0                         0      0        0
  SINCE JAN 1   1314                      1004    310     1017
..................................................................


WIND (MPH)
  HIGHEST WIND SPEED    17   HIGHEST WIND DIRECTION    SE (130)
  HIGHEST GUST SPEED    25   HIGHEST GUST DIRECTION     S (180)
  AVERAGE WIND SPEED     9.7


SKY COVER
  POSSIBLE SUNSHINE  MM
  AVERAGE SKY COVER 1.0


WEATHER CONDITIONS
 THE FOLLOWING WEATHER WAS RECORDED YESTERDAY.
  FOG


RELATIVE HUMIDITY (PERCENT)
 HIGHEST    92           700 AM
 LOWEST     82          1200 AM
 AVERAGE    87

..........................................................


THE MOLINE IL CLIMATE NORMALS FOR TODAY
                         NORMAL    RECORD    YEAR
 MAXIMUM TEMPERATURE (F)   38        63      1951
 MINIMUM TEMPERATURE (F)   21        -6      1882


SUNRISE AND SUNSET
DECEMBER  6 2016......SUNRISE   714 AM CST   SUNSET   432 PM CST
DECEMBER  7 2016......SUNRISE   715 AM CST   SUNSET   432 PM CST


-  INDICATES NEGATIVE NUMBERS.
R  INDICATES RECORD WAS SET OR TIED.
MM INDICATES DATA IS MISSING.
T  INDICATES TRACE AMOUNT.




$$
