000
CDUS43 KDVN 290920
CLIMLI


CLIMATE REPORT
NATIONAL WEATHER SERVICE QUAD CITIES IA IL
420 AM CDT FRI APR 29 2016


...................................

...THE MOLINE IL CLIMATE SUMMARY FOR APRIL 28 2016...

CLIMATE NORMAL PERIOD 1981 TO 2010
CLIMATE RECORD PERIOD 1872 TO 2016


WEATHER ITEM   OBSERVED TIME   RECORD YEAR NORMAL DEPARTURE LAST
                VALUE   (LST)  VALUE       VALUE  FROM      YEAR
                                                  NORMAL
..................................................................
TEMPERATURE (F)
 YESTERDAY
  MAXIMUM         57    454 PM  89    1970  67    -10       72
  MINIMUM         46    413 AM  29    1992  45      1       36
  AVERAGE         52                        56     -4       54

PRECIPITATION (IN)
  YESTERDAY        0.01          0.75 2014   0.13  -0.12     0.00
  MONTH TO DATE    1.78                      3.32  -1.54     1.48
  SINCE MAR 1      4.69                      6.18  -1.49     2.37
  SINCE JAN 1      6.02                      9.27  -3.25     5.30

SNOWFALL (IN)
  YESTERDAY        0.0          MM      MM   0.0    0.0      0.0
  MONTH TO DATE    T                         0.9   -0.9      0.0
  SINCE MAR 1      2.9                       4.9   -2.0      0.1
  SINCE JUL 1     24.1                      31.6   -7.5     39.1
  SNOW DEPTH       0

DEGREE DAYS
 HEATING
  YESTERDAY       13                        10      3       11
  MONTH TO DATE  385                       403    -18      348
  SINCE MAR 1    984                      1207   -223     1191
  SINCE JUL 1   4973                      6005  -1032     6449

 COOLING
  YESTERDAY        0                         1     -1        0
  MONTH TO DATE    8                        12     -4        0
  SINCE MAR 1     11                        13     -2        0
  SINCE JAN 1     11                        13     -2        0
..................................................................


WIND (MPH)
  HIGHEST WIND SPEED    24   HIGHEST WIND DIRECTION     E (80)
  HIGHEST GUST SPEED    27   HIGHEST GUST DIRECTION     E (80)
  AVERAGE WIND SPEED     6.8


SKY COVER
  POSSIBLE SUNSHINE  MM
  AVERAGE SKY COVER 0.8


WEATHER CONDITIONS
 THE FOLLOWING WEATHER WAS RECORDED YESTERDAY.
  THUNDERSTORM
  LIGHT RAIN
  FOG
  HAZE


RELATIVE HUMIDITY (PERCENT)
 HIGHEST    93           300 AM
 LOWEST     67           500 PM
 AVERAGE    80

..........................................................


THE MOLINE IL CLIMATE NORMALS FOR TODAY
                         NORMAL    RECORD    YEAR
 MAXIMUM TEMPERATURE (F)   67        91      1970
                                             1952
 MINIMUM TEMPERATURE (F)   45        27      1977


SUNRISE AND SUNSET
APRIL 29 2016.........SUNRISE   601 AM CDT   SUNSET   758 PM CDT
APRIL 30 2016.........SUNRISE   600 AM CDT   SUNSET   759 PM CDT


-  INDICATES NEGATIVE NUMBERS.
R  INDICATES RECORD WAS SET OR TIED.
MM INDICATES DATA IS MISSING.
T  INDICATES TRACE AMOUNT.




$$
