000
CDUS43 KDVN 242148
CLIMLI


CLIMATE REPORT
NATIONAL WEATHER SERVICE QUAD CITIES IA IL
448 PM CDT THU JUL 24 2014


...................................

...THE MOLINE IL CLIMATE SUMMARY FOR JULY 24 2014...
VALID TODAY AS OF 0400 PM LOCAL TIME.

CLIMATE NORMAL PERIOD 1981 TO 2010
CLIMATE RECORD PERIOD 1872 TO 2014


WEATHER ITEM   OBSERVED TIME   RECORD YEAR NORMAL DEPARTURE LAST
                VALUE   (LST)  VALUE       VALUE  FROM      YEAR
                                                  NORMAL
..................................................................
TEMPERATURE (F)
 TODAY
  MAXIMUM         79    237 PM 106    1901  86     -7       78
  MINIMUM         56    542 AM  54    1957  65     -9       55
                                      1947
                                      1911
  AVERAGE         68                        75     -7       67

PRECIPITATION (IN)
  TODAY            0.00          2.44 2009   0.12  -0.12     0.00
  MONTH TO DATE    1.39                      3.43  -2.04     1.36
  SINCE JUN 1     12.30                      7.92   4.38     7.50
  SINCE JAN 1     23.86                     21.78   2.08    30.65

SNOWFALL (IN)
  TODAY            0.0          MM      MM   0.0    0.0      0.0
  MONTH TO DATE    0.0                       0.0    0.0      0.0
  SINCE JUN 1      0.0                       0.0    0.0      0.0
  SINCE JUL 1      0.0                       0.0    0.0      0.0
  SNOW DEPTH       0

DEGREE DAYS
 HEATING
  TODAY            0                         0      0        0
  MONTH TO DATE    4                         0      4        0
  SINCE JUN 1      8                        19    -11       27
  SINCE JUL 1      4                         0      4        0

 COOLING
  TODAY            3                        10     -7        2
  MONTH TO DATE  138                       256   -118      242
  SINCE JUN 1    367                       470   -103      445
  SINCE JAN 1    472                       546    -74      535
..................................................................


WIND (MPH)
  HIGHEST WIND SPEED    10   HIGHEST WIND DIRECTION     E (110)
  HIGHEST GUST SPEED    15   HIGHEST GUST DIRECTION    SE (120)
  AVERAGE WIND SPEED     5.0


SKY COVER
  POSSIBLE SUNSHINE  MM
  AVERAGE SKY COVER 0.2


WEATHER CONDITIONS
 THE FOLLOWING WEATHER WAS RECORDED TODAY.
  NO SIGNIFICANT WEATHER WAS OBSERVED.


RELATIVE HUMIDITY (PERCENT)
 HIGHEST    93           400 AM
 LOWEST     42           100 PM
 AVERAGE    68

..........................................................


THE MOLINE IL CLIMATE NORMALS FOR TOMORROW
                         NORMAL    RECORD    YEAR
 MAXIMUM TEMPERATURE (F)   86       105      1940
 MINIMUM TEMPERATURE (F)   65        52      1933


SUNRISE AND SUNSET
JULY 24 2014..........SUNRISE   549 AM CDT   SUNSET   827 PM CDT
JULY 25 2014..........SUNRISE   550 AM CDT   SUNSET   826 PM CDT


-  INDICATES NEGATIVE NUMBERS.
R  INDICATES RECORD WAS SET OR TIED.
MM INDICATES DATA IS MISSING.
T  INDICATES TRACE AMOUNT.




$$
