000
CDUS43 KDVN 300916
CLIMLI


CLIMATE REPORT
NATIONAL WEATHER SERVICE QUAD CITIES IA IL
415 AM CDT WED JUL 30 2014


...................................

...THE MOLINE IL CLIMATE SUMMARY FOR JULY 29 2014...

CLIMATE NORMAL PERIOD 1981 TO 2010
CLIMATE RECORD PERIOD 1872 TO 2014


WEATHER ITEM   OBSERVED TIME   RECORD YEAR NORMAL DEPARTURE LAST
                VALUE   (LST)  VALUE       VALUE  FROM      YEAR
                                                  NORMAL
..................................................................
TEMPERATURE (F)
 YESTERDAY
  MAXIMUM         81    257 PM 104    1916  85     -4       76
  MINIMUM         51        MM  49    1981  65    -14       50
                                      1971
  AVERAGE         66                        75     -9       63

PRECIPITATION (IN)
  YESTERDAY        0.00          1.88 1970   0.12  -0.12     0.00
  MONTH TO DATE    1.78                      4.04  -2.26     1.88
  SINCE JUN 1     12.69                      8.53   4.16     8.02
  SINCE JAN 1     24.25                     22.39   1.86    31.17

SNOWFALL (IN)
  YESTERDAY        0.0          MM      MM   0.0    0.0      0.0
  MONTH TO DATE    0.0                       0.0    0.0      0.0
  SINCE JUN 1      0.0                       0.0    0.0      0.0
  SINCE JUL 1      0.0                       0.0    0.0      0.0
  SNOW DEPTH       0

DEGREE DAYS
 HEATING
  YESTERDAY        0                         0      0        2
  MONTH TO DATE    4                         0      4        7
  SINCE JUN 1      8                        19    -11       34
  SINCE JUL 1      4                         0      4        7

 COOLING
  YESTERDAY        1                        10     -9        0
  MONTH TO DATE  160                       306   -146      250
  SINCE JUN 1    389                       520   -131      453
  SINCE JAN 1    494                       596   -102      543
..................................................................


WIND (MPH)
  HIGHEST WIND SPEED    14   HIGHEST WIND DIRECTION     W (280)
  HIGHEST GUST SPEED    20   HIGHEST GUST DIRECTION     W (280)
  AVERAGE WIND SPEED     6.0


SKY COVER
  POSSIBLE SUNSHINE  MM
  AVERAGE SKY COVER 0.0


WEATHER CONDITIONS
 THE FOLLOWING WEATHER WAS RECORDED YESTERDAY.
  NO SIGNIFICANT WEATHER WAS OBSERVED.


RELATIVE HUMIDITY (PERCENT)
 HIGHEST    93          1200 AM
 LOWEST     39           100 PM
 AVERAGE    66

..........................................................


THE MOLINE IL CLIMATE NORMALS FOR TODAY
                         NORMAL    RECORD    YEAR
 MAXIMUM TEMPERATURE (F)   85       102      1931
                                             1913
 MINIMUM TEMPERATURE (F)   65        46      1971


SUNRISE AND SUNSET
JULY 30 2014..........SUNRISE   555 AM CDT   SUNSET   821 PM CDT
JULY 31 2014..........SUNRISE   556 AM CDT   SUNSET   820 PM CDT


-  INDICATES NEGATIVE NUMBERS.
R  INDICATES RECORD WAS SET OR TIED.
MM INDICATES DATA IS MISSING.
T  INDICATES TRACE AMOUNT.




$$
