000
CDUS43 KDVN 211010
CLIMLI


CLIMATE REPORT
NATIONAL WEATHER SERVICE QUAD CITIES IA IL
409 AM CST FRI NOV 21 2014


...................................

...THE MOLINE IL CLIMATE SUMMARY FOR NOVEMBER 20 2014...

CLIMATE NORMAL PERIOD 1981 TO 2010
CLIMATE RECORD PERIOD 1872 TO 2014


WEATHER ITEM   OBSERVED TIME   RECORD YEAR NORMAL DEPARTURE LAST
                VALUE   (LST)  VALUE       VALUE  FROM      YEAR
                                                  NORMAL
..................................................................
TEMPERATURE (F)
 YESTERDAY
  MAXIMUM         29    231 PM  73    1913  47    -18       40
  MINIMUM         10   1110 PM   8    1880  29    -19       31
  AVERAGE         20                        38    -18       36

PRECIPITATION (IN)
  YESTERDAY        0.00          2.00 1992   0.09  -0.09     0.38
  MONTH TO DATE    0.45                      1.73  -1.28     1.19
  SINCE SEP 1      8.88                      7.79   1.09     5.38
  SINCE JAN 1     37.45                     34.95   2.50    37.99

SNOWFALL (IN)
  YESTERDAY        0.0          MM      MM   0.1   -0.1      0.0
  MONTH TO DATE    2.1                       0.4    1.7      0.6
  SINCE SEP 1      2.1                       0.4    1.7      1.0
  SINCE JUL 1      2.1                       0.4    1.7      1.0
  SNOW DEPTH       1

DEGREE DAYS
 HEATING
  YESTERDAY       45                        27     18       29
  MONTH TO DATE  634                       445    189      467
  SINCE SEP 1   1159                       919    240      955
  SINCE JUL 1   1164                       927    237      966

 COOLING
  YESTERDAY        0                         0      0        0
  MONTH TO DATE    0                         0      0        0
  SINCE SEP 1     73                       120    -47      184
  SINCE JAN 1    839                      1003   -164      998
..................................................................


WIND (MPH)
  HIGHEST WIND SPEED    22   HIGHEST WIND DIRECTION    NW (310)
  HIGHEST GUST SPEED    26   HIGHEST GUST DIRECTION    NW (310)
  AVERAGE WIND SPEED    10.6


SKY COVER
  POSSIBLE SUNSHINE  MM
  AVERAGE SKY COVER 0.1


WEATHER CONDITIONS
 THE FOLLOWING WEATHER WAS RECORDED YESTERDAY.
  NO SIGNIFICANT WEATHER WAS OBSERVED.


RELATIVE HUMIDITY (PERCENT)
 HIGHEST    76          1100 PM
 LOWEST     42           100 PM
 AVERAGE    59

..........................................................


THE MOLINE IL CLIMATE NORMALS FOR TODAY
                         NORMAL    RECORD    YEAR
 MAXIMUM TEMPERATURE (F)   46        71      1913
 MINIMUM TEMPERATURE (F)   28         1      1880


SUNRISE AND SUNSET
NOVEMBER 21 2014......SUNRISE   658 AM CST   SUNSET   438 PM CST
NOVEMBER 22 2014......SUNRISE   659 AM CST   SUNSET   437 PM CST


-  INDICATES NEGATIVE NUMBERS.
R  INDICATES RECORD WAS SET OR TIED.
MM INDICATES DATA IS MISSING.
T  INDICATES TRACE AMOUNT.




$$
