000
CDUS43 KDVN 300925
CLIMLI


CLIMATE REPORT
NATIONAL WEATHER SERVICE QUAD CITIES IA IL
422 AM CDT MON MAY 30 2016


...................................

...THE MOLINE IL CLIMATE SUMMARY FOR MAY 29 2016...

CLIMATE NORMAL PERIOD 1981 TO 2010
CLIMATE RECORD PERIOD 1872 TO 2016


WEATHER ITEM   OBSERVED TIME   RECORD YEAR NORMAL DEPARTURE LAST
                VALUE   (LST)  VALUE       VALUE  FROM      YEAR
                                                  NORMAL
..................................................................
TEMPERATURE (F)
 YESTERDAY
  MAXIMUM         83    401 PM  99    1934  77      6       82
  MINIMUM         66    537 AM  34    1965  55     11       65
  AVERAGE         75                        66      9       74

PRECIPITATION (IN)
  YESTERDAY        0.00          1.70 1898   0.14  -0.14     0.07
  MONTH TO DATE    3.04                      4.02  -0.98     3.45
  SINCE MAR 1      8.39                     10.47  -2.08     5.82
  SINCE JAN 1      9.72                     13.56  -3.84     8.75

SNOWFALL (IN)
  YESTERDAY        0.0          MM      MM   0.0    0.0      0.0
  MONTH TO DATE    0.0                       0.0    0.0      0.0
  SINCE MAR 1      2.9                       4.9   -2.0      0.1
  SINCE JUL 1     24.1                      31.6   -7.5     39.1
  SNOW DEPTH       0

DEGREE DAYS
 HEATING
  YESTERDAY        0                         2     -2        0
  MONTH TO DATE  158                       156      2      108
  SINCE MAR 1   1174                      1381   -207     1321
  SINCE JUL 1   5163                      6179  -1016     6579

 COOLING
  YESTERDAY       10                         3      7        9
  MONTH TO DATE   72                        55     17       81
  SINCE MAR 1     83                        69     14       81
  SINCE JAN 1     83                        69     14       81
..................................................................


WIND (MPH)
  HIGHEST WIND SPEED    17   HIGHEST WIND DIRECTION     W (270)
  HIGHEST GUST SPEED    24   HIGHEST GUST DIRECTION     W (260)
  AVERAGE WIND SPEED     8.6


SKY COVER
  POSSIBLE SUNSHINE  MM
  AVERAGE SKY COVER 0.2


WEATHER CONDITIONS
 THE FOLLOWING WEATHER WAS RECORDED YESTERDAY.
  NO SIGNIFICANT WEATHER WAS OBSERVED.


RELATIVE HUMIDITY (PERCENT)
 HIGHEST    73           100 AM
 LOWEST     40           400 PM
 AVERAGE    57

..........................................................


THE MOLINE IL CLIMATE NORMALS FOR TODAY
                         NORMAL    RECORD    YEAR
 MAXIMUM TEMPERATURE (F)   77        98      1934
 MINIMUM TEMPERATURE (F)   55        38      1889


SUNRISE AND SUNSET
MAY 30 2016...........SUNRISE   532 AM CDT   SUNSET   828 PM CDT
MAY 31 2016...........SUNRISE   531 AM CDT   SUNSET   829 PM CDT


-  INDICATES NEGATIVE NUMBERS.
R  INDICATES RECORD WAS SET OR TIED.
MM INDICATES DATA IS MISSING.
T  INDICATES TRACE AMOUNT.




$$
