000
CDUS43 KDVN 271020
CLIMLI


CLIMATE REPORT
NATIONAL WEATHER SERVICE QUAD CITIES IA IL
419 AM CST SAT DEC 27 2014


...................................

...THE MOLINE IL CLIMATE SUMMARY FOR DECEMBER 26 2014...

CLIMATE NORMAL PERIOD 1981 TO 2010
CLIMATE RECORD PERIOD 1872 TO 2014


WEATHER ITEM   OBSERVED TIME   RECORD YEAR NORMAL DEPARTURE LAST
                VALUE   (LST)  VALUE       VALUE  FROM      YEAR
                                                  NORMAL
..................................................................
TEMPERATURE (F)
 YESTERDAY
  MAXIMUM         53    337 PM  56    1936  32     21       36
  MINIMUM         39    634 PM -19    1962  16     23        9
  AVERAGE         46                        24     22       23

PRECIPITATION (IN)
  YESTERDAY        T             3.38 1942   0.06  -0.06     0.00
  MONTH TO DATE    0.69                      1.90  -1.21     1.15
  SINCE DEC 1      0.69                      1.90  -1.21     1.15
  SINCE JAN 1     39.26                     37.68   1.58    39.17

SNOWFALL (IN)
  YESTERDAY        0.0          MM      MM   0.3   -0.3      0.0
  MONTH TO DATE    T                         7.6   -7.6     12.2
  SINCE DEC 1      T                         7.6   -7.6     12.2
  SINCE JUL 1      4.6                       8.8   -4.2     13.2
  SNOW DEPTH       0

DEGREE DAYS
 HEATING
  YESTERDAY       19                        41    -22       42
  MONTH TO DATE  822                       983   -161     1141
  SINCE DEC 1    822                       983   -161     1141
  SINCE JUL 1   2327                      2214    113     2487

 COOLING
  YESTERDAY        0                         0      0        0
  MONTH TO DATE    0                         0      0        0
  SINCE DEC 1      0                         0      0        0
  SINCE JAN 1    839                      1004   -165      998
..................................................................


WIND (MPH)
  HIGHEST WIND SPEED    21   HIGHEST WIND DIRECTION     S (190)
  HIGHEST GUST SPEED    29   HIGHEST GUST DIRECTION    SW (210)
  AVERAGE WIND SPEED     9.3


SKY COVER
  POSSIBLE SUNSHINE  MM
  AVERAGE SKY COVER 0.2


WEATHER CONDITIONS
 THE FOLLOWING WEATHER WAS RECORDED YESTERDAY.
  LIGHT RAIN


RELATIVE HUMIDITY (PERCENT)
 HIGHEST    89          1000 PM
 LOWEST     59           200 PM
 AVERAGE    74

..........................................................


THE MOLINE IL CLIMATE NORMALS FOR TODAY
                         NORMAL    RECORD    YEAR
 MAXIMUM TEMPERATURE (F)   32        62      1946
 MINIMUM TEMPERATURE (F)   16       -22      1886


SUNRISE AND SUNSET
DECEMBER 27 2014......SUNRISE   727 AM CST   SUNSET   439 PM CST
DECEMBER 28 2014......SUNRISE   728 AM CST   SUNSET   440 PM CST


-  INDICATES NEGATIVE NUMBERS.
R  INDICATES RECORD WAS SET OR TIED.
MM INDICATES DATA IS MISSING.
T  INDICATES TRACE AMOUNT.




$$
