000
CDUS45 KBYZ 240723
CLIMLS


CLIMATE REPORT
NATIONAL WEATHER SERVICE BILLINGS MT
123 AM MDT SAT JUN 24 2017


...................................

...THE MILES CITY MT CLIMATE SUMMARY FOR JUNE 23 2017...

CLIMATE NORMAL PERIOD 1981 TO 2010
CLIMATE RECORD PERIOD 1937 TO 2017


WEATHER ITEM   OBSERVED TIME   RECORD YEAR NORMAL DEPARTURE LAST
                VALUE   (LST)  VALUE       VALUE  FROM      YEAR
                                                  NORMAL
..................................................................
TEMPERATURE (F)
 YESTERDAY
  MAXIMUM         72    501 PM 104    1988  82    -10       95
  MINIMUM         50   1150 PM  43    1942  55     -5       60
  AVERAGE         61                        68     -7       78

PRECIPITATION (IN)
  YESTERDAY        0.00          0.48 1942   0.08  -0.08     0.00
  MONTH TO DATE    0.72                      2.05  -1.33     0.69
  SINCE OCT 1      4.25                      8.35  -4.10     9.81
  SINCE JAN 1      3.16                      6.75  -3.59     8.55

DEGREE DAYS
 HEATING
  YESTERDAY        4                         2      2        0
  MONTH TO DATE   12                        80    -68        9
  SINCE JUN 1     12                        80    -68        9
  SINCE JUL 1   7109                      7629   -520     6101

 COOLING
  YESTERDAY        0                         5     -5       13
  MONTH TO DATE  109                        68     41      146
  SINCE JUN 1    109                        68     41      146
  SINCE JAN 1    130                        88     42      170
..................................................................


WIND (MPH)
  HIGHEST WIND SPEED    26   HIGHEST WIND DIRECTION    NW (320)
  HIGHEST GUST SPEED    34   HIGHEST GUST DIRECTION    NW (320)
  AVERAGE WIND SPEED    13.8


SKY COVER
  POSSIBLE SUNSHINE  MM
  AVERAGE SKY COVER 0.3


WEATHER CONDITIONS
 THE FOLLOWING WEATHER WAS RECORDED YESTERDAY.
  NO SIGNIFICANT WEATHER WAS OBSERVED.


RELATIVE HUMIDITY (PERCENT)
 HIGHEST    61           500 AM
 LOWEST     17           300 PM
 AVERAGE    39

..........................................................


THE MILES CITY MT CLIMATE NORMALS FOR TODAY
                         NORMAL    RECORD    YEAR
 MAXIMUM TEMPERATURE (F)   82       102      1986
 MINIMUM TEMPERATURE (F)   55        44      2003


SUNRISE AND SUNSET
JUNE 24 2017..........SUNRISE   512 AM MDT   SUNSET   900 PM MDT
JUNE 25 2017..........SUNRISE   512 AM MDT   SUNSET   900 PM MDT


-  INDICATES NEGATIVE NUMBERS.
R  INDICATES RECORD WAS SET OR TIED.
MM INDICATES DATA IS MISSING.
T  INDICATES TRACE AMOUNT.




$$
