000
CDUS45 KBYZ 292235
CLIMLS


CLIMATE REPORT
NATIONAL WEATHER SERVICE BILLINGS MT
434 PM MDT SUN MAR 29 2015


...................................

...THE MILES CITY MT CLIMATE SUMMARY FOR MARCH 29 2015...
VALID TODAY AS OF 0400 PM LOCAL TIME.

CLIMATE NORMAL PERIOD 1981 TO 2010
CLIMATE RECORD PERIOD 1937 TO 2015


WEATHER ITEM   OBSERVED TIME   RECORD YEAR NORMAL DEPARTURE LAST
                VALUE   (LST)  VALUE       VALUE  FROM      YEAR
                                                  NORMAL
..................................................................
TEMPERATURE (F)
 TODAY
  MAXIMUM         64    157 PM  83    1943  52     12       64
  MINIMUM         37    606 AM  -5    1954  28      9       32
  AVERAGE         51                        40     11       48

PRECIPITATION (IN)
  TODAY            0.00          0.56        0.03  -0.03     0.00
  MONTH TO DATE    0.08                      0.54  -0.46     0.70
  SINCE OCT 1      1.44                      2.69  -1.25     2.63
  SINCE JAN 1      0.43                      1.09  -0.66     0.95

DEGREE DAYS
 HEATING
  TODAY           14                        25    -11       17
  MONTH TO DATE  419                       892   -473      981
  SINCE MAR 1    419                       892   -473      981
  SINCE JUL 1   5889                      6626   -737     7020

 COOLING
  TODAY            0                         0      0        0
  MONTH TO DATE    0                         0      0        0
  SINCE MAR 1      0                         0      0        0
  SINCE JAN 1      0                         0      0        0
..................................................................


WIND (MPH)
  HIGHEST WIND SPEED    31   HIGHEST WIND DIRECTION    NW (310)
  HIGHEST GUST SPEED    40   HIGHEST GUST DIRECTION    NW (310)
  AVERAGE WIND SPEED    13.3


SKY COVER
  POSSIBLE SUNSHINE  MM
  AVERAGE SKY COVER 0.3


WEATHER CONDITIONS
 THE FOLLOWING WEATHER WAS RECORDED TODAY.
  NO SIGNIFICANT WEATHER WAS OBSERVED.


RELATIVE HUMIDITY (PERCENT)
 HIGHEST   100           200 AM
 LOWEST     27           300 PM
 AVERAGE    64

..........................................................


THE MILES CITY MT CLIMATE NORMALS FOR TOMORROW
                         NORMAL    RECORD    YEAR
 MAXIMUM TEMPERATURE (F)   52        79      1986
 MINIMUM TEMPERATURE (F)   28         2      1989


SUNRISE AND SUNSET
MARCH 29 2015.........SUNRISE   649 AM MDT   SUNSET   728 PM MDT
MARCH 30 2015.........SUNRISE   647 AM MDT   SUNSET   730 PM MDT


-  INDICATES NEGATIVE NUMBERS.
R  INDICATES RECORD WAS SET OR TIED.
MM INDICATES DATA IS MISSING.
T  INDICATES TRACE AMOUNT.





&&

THIS IS AN AUTOMATED...UNATTENDED WEATHER STATION AND MAY
UNDERESTIMATE WINTER PRECIPITATION.

$$
