000
CDUS45 KBYZ 290942
CLIMLS


CLIMATE REPORT
NATIONAL WEATHER SERVICE BILLINGS MT
336 AM MDT FRI JUL 29 2016


...................................

...THE MILES CITY MT CLIMATE SUMMARY FOR JULY 28 2016...

CLIMATE NORMAL PERIOD 1981 TO 2010
CLIMATE RECORD PERIOD 1937 TO 2016


WEATHER ITEM   OBSERVED TIME   RECORD YEAR NORMAL DEPARTURE LAST
                VALUE   (LST)  VALUE       VALUE  FROM      YEAR
                                                  NORMAL
..................................................................
TEMPERATURE (F)
 YESTERDAY
  MAXIMUM         82    437 PM 108    1999  90     -8       74
                                      1947
  MINIMUM         60    515 AM  52    2009  61     -1       56
                                      1971
  AVERAGE         71                        76     -5       65

PRECIPITATION (IN)
  YESTERDAY        0.00          0.85 1966   0.05  -0.05      T
  MONTH TO DATE    1.34                      1.50  -0.16     0.90
  SINCE OCT 1     11.15                     10.31   0.84     7.31
  SINCE JAN 1      9.89                      8.71   1.18     6.30

DEGREE DAYS
 HEATING
  YESTERDAY        0                         0      0        0
  MONTH TO DATE    2                        10     -8        0
  SINCE JUN 1     11                        99    -88       25
  SINCE JUL 1      2                        10     -8        0

 COOLING
  YESTERDAY        6                        11     -5        0
  MONTH TO DATE  297                       258     39      272
  SINCE JUN 1    496                       365    131      434
  SINCE JAN 1    520                       385    135      435
..................................................................


WIND (MPH)
  HIGHEST WIND SPEED    18   HIGHEST WIND DIRECTION    NE (50)
  HIGHEST GUST SPEED    23   HIGHEST GUST DIRECTION    NE (50)
  AVERAGE WIND SPEED     7.3


SKY COVER
  POSSIBLE SUNSHINE  MM
  AVERAGE SKY COVER 0.3


WEATHER CONDITIONS
 THE FOLLOWING WEATHER WAS RECORDED YESTERDAY.
  NO SIGNIFICANT WEATHER WAS OBSERVED.


RELATIVE HUMIDITY (PERCENT)
 HIGHEST    90           200 AM
 LOWEST     42           300 PM
 AVERAGE    66

..........................................................


THE MILES CITY MT CLIMATE NORMALS FOR TODAY
                         NORMAL    RECORD    YEAR
 MAXIMUM TEMPERATURE (F)   90       106      1995
 MINIMUM TEMPERATURE (F)   61        48      1971


SUNRISE AND SUNSET
JULY 29 2016..........SUNRISE   542 AM MDT   SUNSET   837 PM MDT
JULY 30 2016..........SUNRISE   543 AM MDT   SUNSET   836 PM MDT


-  INDICATES NEGATIVE NUMBERS.
R  INDICATES RECORD WAS SET OR TIED.
MM INDICATES DATA IS MISSING.
T  INDICATES TRACE AMOUNT.





&&

THIS IS AN AUTOMATED...UNATTENDED WEATHER STATION AND MAY
UNDERESTIMATE WINTER PRECIPITATION.

$$
