000
CDUS45 KBYZ 081038
CLIMLS


CLIMATE REPORT
NATIONAL WEATHER SERVICE BILLINGS MT
337 AM MST MON FEB 8 2016


...................................

...THE MILES CITY MT CLIMATE SUMMARY FOR FEBRUARY 7 2016...

CLIMATE NORMAL PERIOD 1981 TO 2010
CLIMATE RECORD PERIOD 1937 TO 2016


WEATHER ITEM   OBSERVED TIME   RECORD YEAR NORMAL DEPARTURE LAST
                VALUE   (LST)  VALUE       VALUE  FROM      YEAR
                                                  NORMAL
..................................................................
TEMPERATURE (F)
 YESTERDAY
  MAXIMUM         41    207 PM  59    1954  33      8       51
  MINIMUM         24   1159 PM -31    1971  11     13       34
  AVERAGE         33                        22     11       43

PRECIPITATION (IN)
  YESTERDAY        0.00          0.31 1979   0.01  -0.01      T
  MONTH TO DATE    T                         0.05  -0.05     0.12
  SINCE OCT 1      1.60                      1.97  -0.37     1.35
  SINCE JAN 1      0.34                      0.37  -0.03     0.34

DEGREE DAYS
 HEATING
  YESTERDAY       32                        43    -11       22
  MONTH TO DATE  234                       303    -69      303
  SINCE DEC 1   2707                      3100   -393     2841
  SINCE JUL 1   4135                      4899   -764     4671

 COOLING
  YESTERDAY        0                         0      0        0
  MONTH TO DATE    0                         0      0        0
  SINCE DEC 1      0                         0      0        0
  SINCE JAN 1      0                         0      0        0
..................................................................


WIND (MPH)
  HIGHEST WIND SPEED    40   HIGHEST WIND DIRECTION    NW (320)
  HIGHEST GUST SPEED    48   HIGHEST GUST DIRECTION    NW (320)
  AVERAGE WIND SPEED    23.9


SKY COVER
  POSSIBLE SUNSHINE  MM
  AVERAGE SKY COVER 0.1


WEATHER CONDITIONS
 THE FOLLOWING WEATHER WAS RECORDED YESTERDAY.
  NO SIGNIFICANT WEATHER WAS OBSERVED.


RELATIVE HUMIDITY (PERCENT)
 HIGHEST    69          1200 AM
 LOWEST     33          1200 PM
 AVERAGE    51

..........................................................


THE MILES CITY MT CLIMATE NORMALS FOR TODAY
                         NORMAL    RECORD    YEAR
 MAXIMUM TEMPERATURE (F)   33        65      1954
 MINIMUM TEMPERATURE (F)   12       -33      1939


SUNRISE AND SUNSET
FEBRUARY  8 2016......SUNRISE   718 AM MST   SUNSET   518 PM MST
FEBRUARY  9 2016......SUNRISE   717 AM MST   SUNSET   519 PM MST


-  INDICATES NEGATIVE NUMBERS.
R  INDICATES RECORD WAS SET OR TIED.
MM INDICATES DATA IS MISSING.
T  INDICATES TRACE AMOUNT.





&&

THIS IS AN AUTOMATED...UNATTENDED WEATHER STATION AND MAY
UNDERESTIMATE WINTER PRECIPITATION.

$$
