000
CDUS45 KBYZ 310935
CLIMLS


CLIMATE REPORT
NATIONAL WEATHER SERVICE BILLINGS MT
333 AM MDT FRI JUL 31 2015


...................................

...THE MILES CITY MT CLIMATE SUMMARY FOR JULY 30 2015...

CLIMATE NORMAL PERIOD 1981 TO 2010
CLIMATE RECORD PERIOD 1937 TO 2015


WEATHER ITEM   OBSERVED TIME   RECORD YEAR NORMAL DEPARTURE LAST
                VALUE   (LST)  VALUE       VALUE  FROM      YEAR
                                                  NORMAL
..................................................................
TEMPERATURE (F)
 YESTERDAY
  MAXIMUM         93    239 PM 106    2000  90      3       90
  MINIMUM         53    444 AM  46    2009  61     -8       54
  AVERAGE         73                        76     -3       72

PRECIPITATION (IN)
  YESTERDAY        0.00          1.03 1987   0.04  -0.04     0.00
  MONTH TO DATE    0.90                      1.59  -0.69     0.09
  SINCE OCT 1      7.31                     10.40  -3.09    11.45
  SINCE JAN 1      6.30                      8.80  -2.50     9.77

DEGREE DAYS
 HEATING
  YESTERDAY        0                         0      0        0
  MONTH TO DATE    0                        10    -10        1
  SINCE JUN 1     25                        99    -74       95
  SINCE JUL 1      0                        10    -10        1

 COOLING
  YESTERDAY        8                        11     -3        7
  MONTH TO DATE  283                       280      3      270
  SINCE JUN 1    445                       387     58      307
  SINCE JAN 1    446                       407     39      341
..................................................................


WIND (MPH)
  HIGHEST WIND SPEED    17   HIGHEST WIND DIRECTION    NW (330)
  HIGHEST GUST SPEED    23   HIGHEST GUST DIRECTION    NW (300)
  AVERAGE WIND SPEED     7.4


SKY COVER
  POSSIBLE SUNSHINE  MM
  AVERAGE SKY COVER 0.1


WEATHER CONDITIONS
 THE FOLLOWING WEATHER WAS RECORDED YESTERDAY.
  NO SIGNIFICANT WEATHER WAS OBSERVED.


RELATIVE HUMIDITY (PERCENT)
 HIGHEST    72           100 AM
 LOWEST     18           400 PM
 AVERAGE    45

..........................................................


THE MILES CITY MT CLIMATE NORMALS FOR TODAY
                         NORMAL    RECORD    YEAR
 MAXIMUM TEMPERATURE (F)   90       105      2007
 MINIMUM TEMPERATURE (F)   61        47      1995


SUNRISE AND SUNSET
JULY 31 2015..........SUNRISE   543 AM MDT   SUNSET   836 PM MDT
AUGUST  1 2015........SUNRISE   544 AM MDT   SUNSET   834 PM MDT


-  INDICATES NEGATIVE NUMBERS.
R  INDICATES RECORD WAS SET OR TIED.
MM INDICATES DATA IS MISSING.
T  INDICATES TRACE AMOUNT.





&&

THIS IS AN AUTOMATED...UNATTENDED WEATHER STATION AND MAY
UNDERESTIMATE WINTER PRECIPITATION.

$$
