000
CDUS45 KBYZ 240933
CLIMLS


CLIMATE REPORT
NATIONAL WEATHER SERVICE BILLINGS MT
331 AM MDT WED AUG 24 2016


...................................

...THE MILES CITY MT CLIMATE SUMMARY FOR AUGUST 23 2016...

CLIMATE NORMAL PERIOD 1981 TO 2010
CLIMATE RECORD PERIOD 1937 TO 2016


WEATHER ITEM   OBSERVED TIME   RECORD YEAR NORMAL DEPARTURE LAST
                VALUE   (LST)  VALUE       VALUE  FROM      YEAR
                                                  NORMAL
..................................................................
TEMPERATURE (F)
 YESTERDAY
  MAXIMUM         80    409 PM 103    1969  86     -6       76
  MINIMUM         55    538 AM  35    2015  56     -1       35
  AVERAGE         68                        71     -3       56

PRECIPITATION (IN)
  YESTERDAY        0.00          1.66 1968   0.03  -0.03     0.00
  MONTH TO DATE    0.77                      0.71   0.06     0.64
  SINCE OCT 1     11.92                     11.16   0.76     7.95
  SINCE JAN 1     10.66                      9.56   1.10     6.94

DEGREE DAYS
 HEATING
  YESTERDAY        0                         1     -1        9
  MONTH TO DATE    5                         7     -2       41
  SINCE JUN 1     16                       108    -92       66
  SINCE JUL 1      7                        19    -12       41

 COOLING
  YESTERDAY        3                         7     -4        0
  MONTH TO DATE  196                       212    -16      196
  SINCE JUN 1    731                       607    124      654
  SINCE JAN 1    755                       627    128      655
..................................................................


WIND (MPH)
  HIGHEST WIND SPEED    26   HIGHEST WIND DIRECTION     W (290)
  HIGHEST GUST SPEED    34   HIGHEST GUST DIRECTION     W (290)
  AVERAGE WIND SPEED    13.7


SKY COVER
  POSSIBLE SUNSHINE  MM
  AVERAGE SKY COVER 0.0


WEATHER CONDITIONS
 THE FOLLOWING WEATHER WAS RECORDED YESTERDAY.
  NO SIGNIFICANT WEATHER WAS OBSERVED.


RELATIVE HUMIDITY (PERCENT)
 HIGHEST    53          1100 PM
 LOWEST     16           100 PM
 AVERAGE    35

..........................................................


THE MILES CITY MT CLIMATE NORMALS FOR TODAY
                         NORMAL    RECORD    YEAR
 MAXIMUM TEMPERATURE (F)   85       103      1953
 MINIMUM TEMPERATURE (F)   56        43      1992


SUNRISE AND SUNSET
AUGUST 24 2016........SUNRISE   614 AM MDT   SUNSET   756 PM MDT
AUGUST 25 2016........SUNRISE   616 AM MDT   SUNSET   754 PM MDT


-  INDICATES NEGATIVE NUMBERS.
R  INDICATES RECORD WAS SET OR TIED.
MM INDICATES DATA IS MISSING.
T  INDICATES TRACE AMOUNT.





&&

THIS IS AN AUTOMATED...UNATTENDED WEATHER STATION AND MAY
UNDERESTIMATE WINTER PRECIPITATION.

$$
