000
CDUS45 KBYZ 261050
CLIMLS


CLIMATE REPORT
NATIONAL WEATHER SERVICE BILLINGS MT
347 AM MST FRI DEC 26 2014


...................................

...THE MILES CITY MT CLIMATE SUMMARY FOR DECEMBER 25 2014...

CLIMATE NORMAL PERIOD 1981 TO 2010
CLIMATE RECORD PERIOD 1937 TO 2014


WEATHER ITEM   OBSERVED TIME   RECORD YEAR NORMAL DEPARTURE LAST
                VALUE   (LST)  VALUE       VALUE  FROM      YEAR
                                                  NORMAL
..................................................................
TEMPERATURE (F)
 YESTERDAY
  MAXIMUM         31    254 AM  53    1963  29      2       35
  MINIMUM         23   1159 PM -32    1983   8     15       22
  AVERAGE         27                        19      8       29

PRECIPITATION (IN)
  YESTERDAY        0.00          0.16        0.01  -0.01     0.00
  MONTH TO DATE    0.14                      0.22  -0.08     0.59
  SINCE OCT 1      0.97                      1.53  -0.56     1.66
  SINCE JAN 1     13.25                     12.37   0.88    17.09

DEGREE DAYS
 HEATING
  YESTERDAY       38                        46     -8       36
  MONTH TO DATE  872                      1106   -234     1361
  SINCE DEC 1    872                      1106   -234     1361
  SINCE JUL 1   2702                      2905   -203     3068

 COOLING
  YESTERDAY        0                         0      0        0
  MONTH TO DATE    0                         0      0        0
  SINCE DEC 1      0                         0      0        0
  SINCE JAN 1    648                       730    -82      877
..................................................................


WIND (MPH)
  HIGHEST WIND SPEED    20   HIGHEST WIND DIRECTION     N (360)
  HIGHEST GUST SPEED    23   HIGHEST GUST DIRECTION     N (350)
  AVERAGE WIND SPEED     9.9


SKY COVER
  POSSIBLE SUNSHINE  MM
  AVERAGE SKY COVER 1.0


WEATHER CONDITIONS
 THE FOLLOWING WEATHER WAS RECORDED YESTERDAY.
  NO SIGNIFICANT WEATHER WAS OBSERVED.


RELATIVE HUMIDITY (PERCENT)
 HIGHEST    92           100 AM
 LOWEST     74           600 PM
 AVERAGE    83

..........................................................


THE MILES CITY MT CLIMATE NORMALS FOR TODAY
                         NORMAL    RECORD    YEAR
 MAXIMUM TEMPERATURE (F)   29        54      1976
 MINIMUM TEMPERATURE (F)    8       -25      1996


SUNRISE AND SUNSET
DECEMBER 26 2014......SUNRISE   746 AM MST   SUNSET   422 PM MST
DECEMBER 27 2014......SUNRISE   746 AM MST   SUNSET   423 PM MST


-  INDICATES NEGATIVE NUMBERS.
R  INDICATES RECORD WAS SET OR TIED.
MM INDICATES DATA IS MISSING.
T  INDICATES TRACE AMOUNT.





&&

THIS IS AN AUTOMATED...UNATTENDED WEATHER STATION AND MAY
UNDERESTIMATE WINTER PRECIPITATION.

$$
