000
CDUS45 KBYZ 280931
CLIMLS


CLIMATE REPORT
NATIONAL WEATHER SERVICE BILLINGS MT
331 AM MDT THU AUG 28 2014


...................................

...THE MILES CITY MT CLIMATE SUMMARY FOR AUGUST 27 2014...

CLIMATE NORMAL PERIOD 1981 TO 2010
CLIMATE RECORD PERIOD 1937 TO 2014


WEATHER ITEM   OBSERVED TIME   RECORD YEAR NORMAL DEPARTURE LAST
                VALUE   (LST)  VALUE       VALUE  FROM      YEAR
                                                  NORMAL
..................................................................
TEMPERATURE (F)
 YESTERDAY
  MAXIMUM         86    303 PM 102    1997  84      2       94
  MINIMUM         53    540 AM  44    1988  55     -2       71
  AVERAGE         70                        69      1       83

PRECIPITATION (IN)
  YESTERDAY        0.00          0.38 1977   0.03  -0.03      T
  MONTH TO DATE    2.17                      0.81   1.36     1.58
  SINCE OCT 1     13.62                     11.26   2.36    15.23
  SINCE JAN 1     11.94                      9.66   2.28    13.70

SNOWFALL (IN)
  YESTERDAY       MM
  MONTH TO DATE   MM
  SINCE JUN 1     MM
  SINCE JUL 1     MM
  SNOW DEPTH      MM

DEGREE DAYS
 HEATING
  YESTERDAY        0                         1     -1        0
  MONTH TO DATE   33                        11     22        0
  SINCE JUN 1    128                       112     16       59
  SINCE JUL 1     34                        23     11        0

 COOLING
  YESTERDAY        5                         6     -1       18
  MONTH TO DATE  228                       237     -9      260
  SINCE JUN 1    549                       632    -83      672
  SINCE JAN 1    583                       652    -69      685
..................................................................


WIND (MPH)
  HIGHEST WIND SPEED    15   HIGHEST WIND DIRECTION    SE (150)
  HIGHEST GUST SPEED    22   HIGHEST GUST DIRECTION     S (160)
  AVERAGE WIND SPEED     8.3


SKY COVER
  POSSIBLE SUNSHINE  MM
  AVERAGE SKY COVER 0.0


WEATHER CONDITIONS
 THE FOLLOWING WEATHER WAS RECORDED YESTERDAY.
  NO SIGNIFICANT WEATHER WAS OBSERVED.


RELATIVE HUMIDITY (PERCENT)
 HIGHEST    93           400 AM
 LOWEST     26           100 PM
 AVERAGE    60

..........................................................


THE MILES CITY MT CLIMATE NORMALS FOR TODAY
                         NORMAL    RECORD    YEAR
 MAXIMUM TEMPERATURE (F)   84       102      2012
 MINIMUM TEMPERATURE (F)   54        43      1960


SUNRISE AND SUNSET
AUGUST 28 2014........SUNRISE   619 AM MDT   SUNSET   750 PM MDT
AUGUST 29 2014........SUNRISE   620 AM MDT   SUNSET   748 PM MDT


-  INDICATES NEGATIVE NUMBERS.
R  INDICATES RECORD WAS SET OR TIED.
MM INDICATES DATA IS MISSING.
T  INDICATES TRACE AMOUNT.





&&

THIS IS AN AUTOMATED...UNATTENDED WEATHER STATION AND MAY
UNDERESTIMATE WINTER PRECIPITATION.

$$
