000
CDUS45 KBYZ 040940
CLIMLS


CLIMATE REPORT
NATIONAL WEATHER SERVICE BILLINGS MT
339 AM MDT FRI SEP 4 2015


...................................

...THE MILES CITY MT CLIMATE SUMMARY FOR SEPTEMBER 3 2015...

CLIMATE NORMAL PERIOD 1981 TO 2010
CLIMATE RECORD PERIOD 1937 TO 2015


WEATHER ITEM   OBSERVED TIME   RECORD YEAR NORMAL DEPARTURE LAST
                VALUE   (LST)  VALUE       VALUE  FROM      YEAR
                                                  NORMAL
..................................................................
TEMPERATURE (F)
 YESTERDAY
  MAXIMUM         88    357 PM 102    2005  81      7       87
  MINIMUM         62    621 AM  37    1962  52     10       48
  AVERAGE         75                        66      9       68

PRECIPITATION (IN)
  YESTERDAY        0.03          1.36 1973   0.03   0.00     0.00
  MONTH TO DATE    0.03                      0.09  -0.06     0.00
  SINCE OCT 1      8.10                     11.45  -3.35    13.67
  SINCE JAN 1      7.09                      9.85  -2.76    11.99

DEGREE DAYS
 HEATING
  YESTERDAY        0                         3     -3        0
  MONTH TO DATE    0                         8     -8        4
  SINCE SEP 1      0                         8     -8        4
  SINCE JUL 1     41                        42     -1       38

 COOLING
  YESTERDAY       10                         4      6        3
  MONTH TO DATE   34                        13     21        3
  SINCE SEP 1     34                        13     21        3
  SINCE JAN 1    773                       685     88      598
..................................................................


WIND (MPH)
  HIGHEST WIND SPEED    28   HIGHEST WIND DIRECTION     W (290)
  HIGHEST GUST SPEED    33   HIGHEST GUST DIRECTION     W (280)
  AVERAGE WIND SPEED    12.3


SKY COVER
  POSSIBLE SUNSHINE  MM
  AVERAGE SKY COVER 0.0


WEATHER CONDITIONS
 THE FOLLOWING WEATHER WAS RECORDED YESTERDAY.
  THUNDERSTORM
  RAIN
  LIGHT RAIN
  HAZE


RELATIVE HUMIDITY (PERCENT)
 HIGHEST    48           600 AM
 LOWEST     22           400 PM
 AVERAGE    35

..........................................................


THE MILES CITY MT CLIMATE NORMALS FOR TODAY
                         NORMAL    RECORD    YEAR
 MAXIMUM TEMPERATURE (F)   80       105      1950
 MINIMUM TEMPERATURE (F)   51        30      1962


SUNRISE AND SUNSET
SEPTEMBER  4 2015.....SUNRISE   627 AM MDT   SUNSET   737 PM MDT
SEPTEMBER  5 2015.....SUNRISE   629 AM MDT   SUNSET   735 PM MDT


-  INDICATES NEGATIVE NUMBERS.
R  INDICATES RECORD WAS SET OR TIED.
MM INDICATES DATA IS MISSING.
T  INDICATES TRACE AMOUNT.





&&

THIS IS AN AUTOMATED...UNATTENDED WEATHER STATION AND MAY
UNDERESTIMATE WINTER PRECIPITATION.

$$
