000
CDUS45 KBYZ 222326
CLIMLS


CLIMATE REPORT
NATIONAL WEATHER SERVICE BILLINGS MT
424 PM MST SUN JAN 22 2017


...................................

...THE MILES CITY MT CLIMATE SUMMARY FOR JANUARY 22 2017...
VALID TODAY AS OF 0400 PM LOCAL TIME.

CLIMATE NORMAL PERIOD 1981 TO 2010
CLIMATE RECORD PERIOD 1937 TO 2017


WEATHER ITEM   OBSERVED TIME   RECORD YEAR NORMAL DEPARTURE LAST
                VALUE   (LST)  VALUE       VALUE  FROM      YEAR
                                                  NORMAL
..................................................................
TEMPERATURE (F)
 TODAY
  MAXIMUM         25    359 PM  59    1981  30     -5       44
  MINIMUM          9    728 AM -30    1982   9      0       23
  AVERAGE         17                        20     -3       34

PRECIPITATION (IN)
  TODAY            T             0.34 1993   0.00   0.00     0.00
  MONTH TO DATE    0.04                      0.24  -0.20     0.15
  SINCE OCT 1      1.13                      1.84  -0.71     1.41
  SINCE JAN 1      0.04                      0.24  -0.20     0.15

DEGREE DAYS
 HEATING
  TODAY           48                        45      3       31
  MONTH TO DATE 1283                      1009    274     1018
  SINCE DEC 1   2862                      2394    468     2208
  SINCE JUL 1   4177                      4193    -16     3636

 COOLING
  TODAY            0                         0      0        0
  MONTH TO DATE    0                         0      0        0
  SINCE DEC 1      0                         0      0        0
  SINCE JAN 1      0                         0      0        0
..................................................................


WIND (MPH)
  HIGHEST WIND SPEED     9   HIGHEST WIND DIRECTION     S (170)
  HIGHEST GUST SPEED    10   HIGHEST GUST DIRECTION     S (170)
  AVERAGE WIND SPEED     4.7


SKY COVER
  POSSIBLE SUNSHINE  MM
  AVERAGE SKY COVER 0.4


WEATHER CONDITIONS
 THE FOLLOWING WEATHER WAS RECORDED TODAY.
  LIGHT SNOW
  FOG
  FOG W/VISIBILITY <= 1/4 MILE
  HAZE


RELATIVE HUMIDITY (PERCENT)
 HIGHEST    92           300 AM
 LOWEST     80           500 AM
 AVERAGE    86

..........................................................


THE MILES CITY MT CLIMATE NORMALS FOR TOMORROW
                         NORMAL    RECORD    YEAR
 MAXIMUM TEMPERATURE (F)   31        59      2005
 MINIMUM TEMPERATURE (F)    9       -32      1982


SUNRISE AND SUNSET
JANUARY 22 2017.......SUNRISE   737 AM MST   SUNSET   454 PM MST
JANUARY 23 2017.......SUNRISE   736 AM MST   SUNSET   455 PM MST


-  INDICATES NEGATIVE NUMBERS.
R  INDICATES RECORD WAS SET OR TIED.
MM INDICATES DATA IS MISSING.
T  INDICATES TRACE AMOUNT.





&&

THIS IS AN AUTOMATED...UNATTENDED WEATHER STATION AND MAY
UNDERESTIMATE WINTER PRECIPITATION.

$$
