000
CDUS45 KBYZ 291032
CLIMLS


CLIMATE REPORT
NATIONAL WEATHER SERVICE BILLINGS MT
331 AM MST THU JAN 29 2015


...................................

...THE MILES CITY MT CLIMATE SUMMARY FOR JANUARY 28 2015...

CLIMATE NORMAL PERIOD 1981 TO 2010
CLIMATE RECORD PERIOD 1937 TO 2015


WEATHER ITEM   OBSERVED TIME   RECORD YEAR NORMAL DEPARTURE LAST
                VALUE   (LST)  VALUE       VALUE  FROM      YEAR
                                                  NORMAL
..................................................................
TEMPERATURE (F)
 YESTERDAY
  MAXIMUM         46   1039 AM  57    1992  31     15       29
  MINIMUM         26   1140 PM -25    1969  10     16       -1
  AVERAGE         36                        21     15       14

PRECIPITATION (IN)
  YESTERDAY        0.00          0.25        0.01  -0.01     0.00
  MONTH TO DATE    0.21                      0.30  -0.09     0.03
  SINCE OCT 1      1.22                      1.90  -0.68     1.71
  SINCE JAN 1      0.21                      0.30  -0.09     0.03

DEGREE DAYS
 HEATING
  YESTERDAY       29                        44    -15       51
  MONTH TO DATE 1225                      1278    -53     1154
  SINCE DEC 1   2426                      2663   -237     2765
  SINCE JUL 1   4256                      4462   -206     4472

 COOLING
  YESTERDAY        0                         0      0        0
  MONTH TO DATE    0                         0      0        0
  SINCE DEC 1      0                         0      0        0
  SINCE JAN 1      0                         0      0        0
..................................................................


WIND (MPH)
  HIGHEST WIND SPEED    31   HIGHEST WIND DIRECTION    NW (330)
  HIGHEST GUST SPEED    37   HIGHEST GUST DIRECTION    NW (320)
  AVERAGE WIND SPEED    12.3


SKY COVER
  POSSIBLE SUNSHINE  MM
  AVERAGE SKY COVER 0.3


WEATHER CONDITIONS
 THE FOLLOWING WEATHER WAS RECORDED YESTERDAY.
  NO SIGNIFICANT WEATHER WAS OBSERVED.


RELATIVE HUMIDITY (PERCENT)
 HIGHEST    92           900 PM
 LOWEST     53          1000 AM
 AVERAGE    73

..........................................................


THE MILES CITY MT CLIMATE NORMALS FOR TODAY
                         NORMAL    RECORD    YEAR
 MAXIMUM TEMPERATURE (F)   31        58      1992
 MINIMUM TEMPERATURE (F)   10       -27      1996


SUNRISE AND SUNSET
JANUARY 29 2015.......SUNRISE   731 AM MST   SUNSET   503 PM MST
JANUARY 30 2015.......SUNRISE   729 AM MST   SUNSET   505 PM MST


-  INDICATES NEGATIVE NUMBERS.
R  INDICATES RECORD WAS SET OR TIED.
MM INDICATES DATA IS MISSING.
T  INDICATES TRACE AMOUNT.





&&

THIS IS AN AUTOMATED...UNATTENDED WEATHER STATION AND MAY
UNDERESTIMATE WINTER PRECIPITATION.

$$
