000
CDUS45 KBYZ 300933
CLIMLS


CLIMATE REPORT
NATIONAL WEATHER SERVICE BILLINGS MT
331 AM MDT TUE SEP 30 2014


...................................

...THE MILES CITY MT CLIMATE SUMMARY FOR SEPTEMBER 29 2014...

CLIMATE NORMAL PERIOD 1981 TO 2010
CLIMATE RECORD PERIOD 1937 TO 2014


WEATHER ITEM   OBSERVED TIME   RECORD YEAR NORMAL DEPARTURE LAST
                VALUE   (LST)  VALUE       VALUE  FROM      YEAR
                                                  NORMAL
..................................................................
TEMPERATURE (F)
 YESTERDAY
  MAXIMUM         58    518 PM  94    1989  67     -9       80
  MINIMUM         48    904 AM  26    1939  40      8       46
  AVERAGE         53                        54     -1       63

PRECIPITATION (IN)
  YESTERDAY        0.07          0.37 1950   0.04   0.03     0.00
  MONTH TO DATE    0.29                      1.05  -0.76     1.50
  SINCE OCT 1     13.96                     12.41   1.55    16.87
  SINCE JAN 1     12.28                     10.81   1.47    15.34

SNOWFALL (IN)
  YESTERDAY       MM
  MONTH TO DATE   MM
  SINCE SEP 1     MM
  SINCE JUL 1     MM
  SNOW DEPTH      MM

DEGREE DAYS
 HEATING
  YESTERDAY       12                        12      0        2
  MONTH TO DATE  185                       190     -5       95
  SINCE SEP 1    185                       190     -5       95
  SINCE JUL 1    219                       224     -5       95

 COOLING
  YESTERDAY        0                         0      0        0
  MONTH TO DATE   53                        56     -3      142
  SINCE SEP 1     53                        56     -3      142
  SINCE JAN 1    648                       728    -80      877
..................................................................


WIND (MPH)
  HIGHEST WIND SPEED    17   HIGHEST WIND DIRECTION    SE (120)
  HIGHEST GUST SPEED    23   HIGHEST GUST DIRECTION    SE (140)
  AVERAGE WIND SPEED     9.3


SKY COVER
  POSSIBLE SUNSHINE  MM
  AVERAGE SKY COVER 0.9


WEATHER CONDITIONS
 THE FOLLOWING WEATHER WAS RECORDED YESTERDAY.
  LIGHT RAIN
  FOG


RELATIVE HUMIDITY (PERCENT)
 HIGHEST    93           900 AM
 LOWEST     72           300 PM
 AVERAGE    83

..........................................................


THE MILES CITY MT CLIMATE NORMALS FOR TODAY
                         NORMAL    RECORD    YEAR
 MAXIMUM TEMPERATURE (F)   67        93      1989
 MINIMUM TEMPERATURE (F)   40        21      1985


SUNRISE AND SUNSET
SEPTEMBER 30 2014.....SUNRISE   701 AM MDT   SUNSET   645 PM MDT
OCTOBER  1 2014.......SUNRISE   702 AM MDT   SUNSET   643 PM MDT


-  INDICATES NEGATIVE NUMBERS.
R  INDICATES RECORD WAS SET OR TIED.
MM INDICATES DATA IS MISSING.
T  INDICATES TRACE AMOUNT.





&&

THIS IS AN AUTOMATED...UNATTENDED WEATHER STATION AND MAY
UNDERESTIMATE WINTER PRECIPITATION.

$$
