000
CDUS41 KCAR 270537
CLIMLT


CLIMATE REPORT
NATIONAL WEATHER SERVICE CARIBOU, ME
1234 AM EST MON FEB 27 2017


...................................

...THE MILLINOCKET ME CLIMATE SUMMARY FOR FEBRUARY 26 2017...

CLIMATE NORMAL PERIOD 1981 TO 2010
CLIMATE RECORD PERIOD 1903 TO 2017


WEATHER ITEM   OBSERVED TIME   RECORD YEAR NORMAL DEPARTURE LAST
                VALUE   (LST)  VALUE       VALUE  FROM      YEAR
                                                  NORMAL
..................................................................
TEMPERATURE (F)
 YESTERDAY
  MAXIMUM         48   1239 AM  50    1931  32     16       35
  MINIMUM         20   1159 PM -18    1910  12      8       13
  AVERAGE         34                        22     12       24

PRECIPITATION (IN)
  YESTERDAY        0.71          1.95 1965   0.10   0.61     0.01
  MONTH TO DATE    2.28                      1.98   0.30     3.23
  SINCE DEC 1      8.50                      8.44   0.06     9.70
  SINCE JAN 1      5.19                      4.91   0.28     5.30

SNOWFALL (IN)
  YESTERDAY       MM            MM      MM  MM     MM       MM
  MONTH TO DATE   MM                        MM     MM       MM
  SINCE DEC 1     MM                        MM     MM       MM
  SINCE JUL 1     MM                        MM     MM       MM
  SNOW DEPTH      MM

DEGREE DAYS
 HEATING
  YESTERDAY       31                        43    -12       41
  MONTH TO DATE 1169                      1222    -53     1033
  SINCE DEC 1   3874                      4125   -251     3310
  SINCE JUL 1   5424                      5968   -544     4851

 COOLING
  YESTERDAY        0                         0      0        0
  MONTH TO DATE    0                         0      0        0
  SINCE DEC 1      0                         0      0        0
  SINCE JAN 1      0                         0      0        0
..................................................................


WIND (MPH)
  HIGHEST WIND SPEED    28   HIGHEST WIND DIRECTION    NW (310)
  HIGHEST GUST SPEED    37   HIGHEST GUST DIRECTION    NW (310)
  AVERAGE WIND SPEED    13.2


SKY COVER
  POSSIBLE SUNSHINE  MM
  AVERAGE SKY COVER 0.7


WEATHER CONDITIONS
 THE FOLLOWING WEATHER WAS RECORDED YESTERDAY.
  HEAVY RAIN
  RAIN
  LIGHT RAIN
  FOG


RELATIVE HUMIDITY (PERCENT)
 HIGHEST    92           200 AM
 LOWEST     47           100 PM
 AVERAGE    70

..........................................................


THE MILLINOCKET ME CLIMATE NORMALS FOR TODAY
                         NORMAL    RECORD    YEAR
 MAXIMUM TEMPERATURE (F)   33        52      1903
 MINIMUM TEMPERATURE (F)   12       -24      1963


SUNRISE AND SUNSET
FEBRUARY 27 2017......SUNRISE   616 AM EST   SUNSET   519 PM EST
FEBRUARY 28 2017......SUNRISE   615 AM EST   SUNSET   520 PM EST


-  INDICATES NEGATIVE NUMBERS.
R  INDICATES RECORD WAS SET OR TIED.
MM INDICATES DATA IS MISSING.
T  INDICATES TRACE AMOUNT.




$$
