000
CDUS41 KCAR 200548
CLIMLT


CLIMATE REPORT
NATIONAL WEATHER SERVICE CARIBOU, ME
148 AM EDT SUN APR 20 2014


...................................

...THE MILLINOCKET ME CLIMATE SUMMARY FOR APRIL 19 2014...

CLIMATE NORMAL PERIOD 1981 TO 2010
CLIMATE RECORD PERIOD 1903 TO 2014


WEATHER ITEM   OBSERVED TIME   RECORD YEAR NORMAL DEPARTURE LAST
                VALUE   (LST)  VALUE       VALUE  FROM      YEAR
                                                  NORMAL
..................................................................
TEMPERATURE (F)
 YESTERDAY
  MAXIMUM         49   1215 PM  81    1927  53     -4       72
  MINIMUM         31    348 AM  17    1925  33     -2       45
  AVERAGE         40                        43     -3       59

PRECIPITATION (IN)
  YESTERDAY        0.00          1.06 1924   0.10  -0.10      T
  MONTH TO DATE    1.88                      2.36  -0.48     0.95
  SINCE MAR 1      4.48                      5.42  -0.94     2.45
  SINCE JAN 1      9.67                     10.53  -0.86     5.88

SNOWFALL (IN)
  YESTERDAY       MM            MM      MM  MM     MM       MM
  MONTH TO DATE    0.0                      MM     MM       MM
  SINCE MAR 1      0.0                      MM     MM       MM
  SINCE JUL 1      0.0                      MM     MM       MM
  SNOW DEPTH      MM

DEGREE DAYS
 HEATING
  YESTERDAY       25                        22      3        6
  MONTH TO DATE  498                       508    -10      516
  SINCE MAR 1   1876                      1655    221     1523
  SINCE JUL 1   7914                      7707    207     7074

 COOLING
  YESTERDAY        0                         0      0        0
  MONTH TO DATE    0                         0      0        0
  SINCE MAR 1      0                         0      0        0
  SINCE JAN 1      0                         0      0        0
..................................................................


WIND (MPH)
  HIGHEST WIND SPEED    22   HIGHEST WIND DIRECTION    NW (300)
  HIGHEST GUST SPEED    30   HIGHEST GUST DIRECTION    NW (310)
  AVERAGE WIND SPEED     8.1


SKY COVER
  POSSIBLE SUNSHINE  MM
  AVERAGE SKY COVER 0.7


WEATHER CONDITIONS
 THE FOLLOWING WEATHER WAS RECORDED YESTERDAY.
  NO SIGNIFICANT WEATHER WAS OBSERVED.


RELATIVE HUMIDITY (PERCENT)
 HIGHEST    82           700 AM
 LOWEST     39           700 PM
 AVERAGE    61

..........................................................


THE MILLINOCKET ME CLIMATE NORMALS FOR TODAY
                         NORMAL    RECORD    YEAR
 MAXIMUM TEMPERATURE (F)   54        85      1927
 MINIMUM TEMPERATURE (F)   33        18      1974


SUNRISE AND SUNSET
APRIL 20 2014.........SUNRISE   540 AM EDT   SUNSET   728 PM EDT
APRIL 21 2014.........SUNRISE   539 AM EDT   SUNSET   729 PM EDT


-  INDICATES NEGATIVE NUMBERS.
R  INDICATES RECORD WAS SET OR TIED.
MM INDICATES DATA IS MISSING.
T  INDICATES TRACE AMOUNT.




$$
