000
CDUS41 KCAR 222027
CLIMLT


CLIMATE REPORT
NATIONAL WEATHER SERVICE CARIBOU, ME
426 PM EDT MON SEP 22 2014


...................................

...THE MILLINOCKET ME CLIMATE SUMMARY FOR SEPTEMBER 22 2014...
VALID TODAY AS OF 0400 PM LOCAL TIME.

CLIMATE NORMAL PERIOD 1981 TO 2010
CLIMATE RECORD PERIOD 1903 TO 2014


WEATHER ITEM   OBSERVED TIME   RECORD YEAR NORMAL DEPARTURE LAST
                VALUE   (LST)  VALUE       VALUE  FROM      YEAR
                                                  NORMAL
..................................................................
TEMPERATURE (F)
 TODAY
  MAXIMUM         71    956 AM  91    1914  65      6       66
  MINIMUM         58    259 PM  24    1950  44     14       52
  AVERAGE         65                        55     10       59

PRECIPITATION (IN)
  TODAY            0.05          2.24 1950   0.13  -0.08     0.90
  MONTH TO DATE    0.60                      2.60  -2.00     4.64
  SINCE SEP 1      0.60                      2.60  -2.00     4.64
  SINCE JAN 1     25.74                     29.53  -3.79    30.13

SNOWFALL (IN)
  TODAY           MM            MM      MM  MM     MM       MM
  MONTH TO DATE   MM                        MM     MM       MM
  SINCE SEP 1     MM                        MM     MM       MM
  SINCE JUL 1     MM                        MM     MM       MM
  SNOW DEPTH      MM

DEGREE DAYS
 HEATING
  TODAY            0                        11    -11        6
  MONTH TO DATE  172                       150     22      118
  SINCE SEP 1    172                       150     22      118
  SINCE JUL 1    200                       229    -29      163

 COOLING
  TODAY            0                         0      0        0
  MONTH TO DATE   35                        15     20       28
  SINCE SEP 1     35                        15     20       28
  SINCE JAN 1    363                       266     97      380
..................................................................


WIND (MPH)
  HIGHEST WIND SPEED    21   HIGHEST WIND DIRECTION     W (290)
  HIGHEST GUST SPEED    34   HIGHEST GUST DIRECTION     W (290)
  AVERAGE WIND SPEED     6.6


SKY COVER
  POSSIBLE SUNSHINE  MM
  AVERAGE SKY COVER 0.8


WEATHER CONDITIONS
 THE FOLLOWING WEATHER WAS RECORDED TODAY.
  HEAVY RAIN
  RAIN
  LIGHT RAIN
  FOG
  FOG W/VISIBILITY <= 1/4 MILE


RELATIVE HUMIDITY (PERCENT)
 HIGHEST   100          1200 AM
 LOWEST     52           100 PM
 AVERAGE    76

..........................................................


THE MILLINOCKET ME CLIMATE NORMALS FOR TOMORROW
                         NORMAL    RECORD    YEAR
 MAXIMUM TEMPERATURE (F)   65        91      1914
 MINIMUM TEMPERATURE (F)   44        25      1904


SUNRISE AND SUNSET
SEPTEMBER 22 2014.....SUNRISE   622 AM EDT   SUNSET   632 PM EDT
SEPTEMBER 23 2014.....SUNRISE   623 AM EDT   SUNSET   630 PM EDT


-  INDICATES NEGATIVE NUMBERS.
R  INDICATES RECORD WAS SET OR TIED.
MM INDICATES DATA IS MISSING.
T  INDICATES TRACE AMOUNT.




$$
