000
CDUS41 KCAR 250527
CLIMLT


CLIMATE REPORT
NATIONAL WEATHER SERVICE CARIBOU, ME
126 AM EDT SUN SEP 25 2016


...................................

...THE MILLINOCKET ME CLIMATE SUMMARY FOR SEPTEMBER 24 2016...

CLIMATE NORMAL PERIOD 1981 TO 2010
CLIMATE RECORD PERIOD 1903 TO 2016


WEATHER ITEM   OBSERVED TIME   RECORD YEAR NORMAL DEPARTURE LAST
                VALUE   (LST)  VALUE       VALUE  FROM      YEAR
                                                  NORMAL
..................................................................
TEMPERATURE (F)
 YESTERDAY
  MAXIMUM         59    405 PM  86    1920  64     -5       70
  MINIMUM         37    256 AM  29    1974  43     -6       41
  AVERAGE         48                        54     -6       56

PRECIPITATION (IN)
  YESTERDAY        0.00          3.03 1981   0.14  -0.14     0.00
  MONTH TO DATE    1.17                      2.87  -1.70     2.55
  SINCE SEP 1      1.17                      2.87  -1.70     2.55
  SINCE JAN 1     24.17                     29.80  -5.63    28.15

SNOWFALL (IN)
  YESTERDAY       MM            MM      MM  MM     MM       MM
  MONTH TO DATE   MM                        MM     MM       MM
  SINCE SEP 1     MM                        MM     MM       MM
  SINCE JUL 1     MM                        MM     MM       MM
  SNOW DEPTH      MM

DEGREE DAYS
 HEATING
  YESTERDAY       17                        11      6        9
  MONTH TO DATE   89                       172    -83       52
  SINCE SEP 1     89                       172    -83       52
  SINCE JUL 1    129                       251   -122       73

 COOLING
  YESTERDAY        0                         0      0        0
  MONTH TO DATE   43                        15     28       86
  SINCE SEP 1     43                        15     28       86
  SINCE JAN 1    350                       266     84      398
..................................................................


WIND (MPH)
  HIGHEST WIND SPEED    21   HIGHEST WIND DIRECTION    NW (310)
  HIGHEST GUST SPEED    28   HIGHEST GUST DIRECTION    NW (320)
  AVERAGE WIND SPEED     7.5


SKY COVER
  POSSIBLE SUNSHINE  MM
  AVERAGE SKY COVER 0.3


WEATHER CONDITIONS
 THE FOLLOWING WEATHER WAS RECORDED YESTERDAY.
  NO SIGNIFICANT WEATHER WAS OBSERVED.


RELATIVE HUMIDITY (PERCENT)
 HIGHEST   100           500 AM
 LOWEST     37           400 PM
 AVERAGE    69

..........................................................


THE MILLINOCKET ME CLIMATE NORMALS FOR TODAY
                         NORMAL    RECORD    YEAR
 MAXIMUM TEMPERATURE (F)   64        84      1920
 MINIMUM TEMPERATURE (F)   43        26      1974


SUNRISE AND SUNSET
SEPTEMBER 25 2016.....SUNRISE   626 AM EDT   SUNSET   626 PM EDT
SEPTEMBER 26 2016.....SUNRISE   627 AM EDT   SUNSET   624 PM EDT


-  INDICATES NEGATIVE NUMBERS.
R  INDICATES RECORD WAS SET OR TIED.
MM INDICATES DATA IS MISSING.
T  INDICATES TRACE AMOUNT.




$$
