000
CDUS44 KSHV 192243
CLIMLU


CLIMATE REPORT
NATIONAL WEATHER SERVICE SHREVEPORT, LA
441 PM CST SUN FEB 19 2017


...................................

...THE MONROE CLIMATE SUMMARY FOR FEBRUARY 19 2017...
VALID TODAY AS OF 0400 PM LOCAL TIME.

CLIMATE NORMAL PERIOD 1981 TO 2010
CLIMATE RECORD PERIOD 1930 TO 2017


WEATHER ITEM   OBSERVED TIME   RECORD YEAR NORMAL DEPARTURE LAST
                VALUE   (LST)  VALUE       VALUE  FROM      YEAR
                                                  NORMAL
..................................................................
TEMPERATURE (F)
 TODAY
  MAXIMUM         80    359 PM  81    1956  63     17       79
  MINIMUM         50    644 AM  22    1936  40     10       53
  AVERAGE         65                        51     14       66

PRECIPITATION (IN)
  TODAY            0.00          1.46 1956   0.18  -0.18     0.00
  MONTH TO DATE    0.85                      3.10  -2.25     1.25
  SINCE DEC 1     11.19                     13.40  -2.21    12.36
  SINCE JAN 1      6.36                      8.11  -1.75     5.97

SNOWFALL (IN)
  TODAY            0.0
  MONTH TO DATE    0.0
  SINCE DEC 1      0.2
  SINCE JUL 1      0.2
  SNOW DEPTH       0

DEGREE DAYS
 HEATING
  TODAY            0                        14    -14        0
  MONTH TO DATE  165                       298   -133      246
  SINCE DEC 1    949                      1407   -458     1142
  SINCE JUL 1   1162                      1779   -617     1330

 COOLING
  TODAY            0                         0      0        1
  MONTH TO DATE   25                         0     25        2
  SINCE DEC 1     62                        11     51       58
  SINCE JAN 1     42                         4     38        5
..................................................................


WIND (MPH)
  HIGHEST WIND SPEED    12   HIGHEST WIND DIRECTION     S (170)
  HIGHEST GUST SPEED    17   HIGHEST GUST DIRECTION     S (160)
  AVERAGE WIND SPEED     4.2


SKY COVER
  POSSIBLE SUNSHINE  MM
  AVERAGE SKY COVER 0.5


WEATHER CONDITIONS
 THE FOLLOWING WEATHER WAS RECORDED TODAY.
  FOG
  FOG W/VISIBILITY <= 1/4 MILE


RELATIVE HUMIDITY (PERCENT)
 HIGHEST   100           600 AM
 LOWEST     35           300 PM
 AVERAGE    68

..........................................................


THE MONROE CLIMATE NORMALS FOR TOMORROW
                         NORMAL    RECORD    YEAR
 MAXIMUM TEMPERATURE (F)   63        82      1986
 MINIMUM TEMPERATURE (F)   41        23      1978


SUNRISE AND SUNSET
FEBRUARY 19 2017......SUNRISE   647 AM CST   SUNSET   558 PM CST
FEBRUARY 20 2017......SUNRISE   645 AM CST   SUNSET   558 PM CST


-  INDICATES NEGATIVE NUMBERS.
R  INDICATES RECORD WAS SET OR TIED.
MM INDICATES DATA IS MISSING.
T  INDICATES TRACE AMOUNT.




$$
