000
CDUS44 KSHV 040733
CLIMLU


CLIMATE REPORT
NATIONAL WEATHER SERVICE SHREVEPORT, LA
232 AM CDT WED MAY 4 2016


...................................

...THE MONROE CLIMATE SUMMARY FOR MAY 3 2016...

CLIMATE NORMAL PERIOD 1981 TO 2010
CLIMATE RECORD PERIOD 1930 TO 2016


WEATHER ITEM   OBSERVED TIME   RECORD YEAR NORMAL DEPARTURE LAST
                VALUE   (LST)  VALUE       VALUE  FROM      YEAR
                                                  NORMAL
..................................................................
TEMPERATURE (F)
 YESTERDAY
  MAXIMUM         74    209 PM  91    2010  82     -8       84
  MINIMUM         55   1135 PM  41    2013  59     -4       54
  AVERAGE         65                        71     -6       69

PRECIPITATION (IN)
  YESTERDAY        0.00          3.64 1991   0.17  -0.17     0.00
  MONTH TO DATE    0.50                      0.50   0.00     0.00
  SINCE DEC 1     48.20                     24.65  23.55    22.95
  SINCE JAN 1     41.81                     19.36  22.45    18.47

SNOWFALL (IN)
  YESTERDAY        0.0
  MONTH TO DATE    0.0
  SINCE MAR 1      0.0
  SINCE JUL 1      T
  SNOW DEPTH       0

DEGREE DAYS
 HEATING
  YESTERDAY        0                         1     -1        0
  MONTH TO DATE    0                         3     -3        0
  SINCE MAR 1    166                       333   -167      308
  SINCE JUL 1   1594                      2227   -633     2512

 COOLING
  YESTERDAY        0                         6     -6        4
  MONTH TO DATE   13                        18     -5        7
  SINCE MAR 1    154                       154      0      151
  SINCE JAN 1    162                       165     -3      151
..................................................................


WIND (MPH)
  HIGHEST WIND SPEED    15   HIGHEST WIND DIRECTION     N (360)
  HIGHEST GUST SPEED    20   HIGHEST GUST DIRECTION     N (340)
  AVERAGE WIND SPEED     6.0


SKY COVER
  POSSIBLE SUNSHINE  MM
  AVERAGE SKY COVER 0.3


WEATHER CONDITIONS
 THE FOLLOWING WEATHER WAS RECORDED YESTERDAY.
  NO SIGNIFICANT WEATHER WAS OBSERVED.


RELATIVE HUMIDITY (PERCENT)
 HIGHEST   100           500 AM
 LOWEST     53           300 PM
 AVERAGE    77

..........................................................


THE MONROE CLIMATE NORMALS FOR TODAY
                         NORMAL    RECORD    YEAR
 MAXIMUM TEMPERATURE (F)   83        92      2012
 MINIMUM TEMPERATURE (F)   59        39      2013


SUNRISE AND SUNSET
MAY  4 2016...........SUNRISE   618 AM CDT   SUNSET   752 PM CDT
MAY  5 2016...........SUNRISE   617 AM CDT   SUNSET   753 PM CDT


-  INDICATES NEGATIVE NUMBERS.
R  INDICATES RECORD WAS SET OR TIED.
MM INDICATES DATA IS MISSING.
T  INDICATES TRACE AMOUNT.




$$
