000
CDUS44 KSHV 182238
CLIMLU


CLIMATE REPORT
NATIONAL WEATHER SERVICE SHREVEPORT, LA
437 PM CST THU DEC 18 2014


...................................

...THE MONROE CLIMATE SUMMARY FOR DECEMBER 18 2014...
VALID TODAY AS OF 0400 PM LOCAL TIME.

CLIMATE NORMAL PERIOD 1981 TO 2010
CLIMATE RECORD PERIOD 1930 TO 2014


WEATHER ITEM   OBSERVED TIME   RECORD YEAR NORMAL DEPARTURE LAST
                VALUE   (LST)  VALUE       VALUE  FROM      YEAR
                                                  NORMAL
..................................................................
TEMPERATURE (F)
 TODAY
  MAXIMUM         55    330 PM  77    2002  58     -3       68
  MINIMUM         44    754 AM  18    1979  37      7       31
  AVERAGE         50                        48      2       50

PRECIPITATION (IN)
  TODAY            0.02          2.95 1931   0.17  -0.15     0.00
  MONTH TO DATE    0.70                      3.13  -2.43     2.07
  SINCE DEC 1      0.70                      3.13  -2.43     2.07
  SINCE JAN 1     48.31                     51.86  -3.55    49.12

SNOWFALL (IN)
  TODAY           MM
  MONTH TO DATE    0.0
  SINCE DEC 1      0.0
  SINCE JUL 1      0.0
  SNOW DEPTH       0

DEGREE DAYS
 HEATING
  TODAY           15                        18     -3       15
  MONTH TO DATE  235                       290    -55      339
  SINCE DEC 1    235                       290    -55      339
  SINCE JUL 1    709                       662     47      819

 COOLING
  TODAY            0                         0      0        0
  MONTH TO DATE    1                         0      1        9
  SINCE DEC 1      1                         0      1        9
  SINCE JAN 1   2284                      2508   -224     2442
..................................................................


WIND (MPH)
  HIGHEST WIND SPEED    13   HIGHEST WIND DIRECTION    NE (40)
  HIGHEST GUST SPEED    16   HIGHEST GUST DIRECTION    NE (50)
  AVERAGE WIND SPEED     6.2


SKY COVER
  POSSIBLE SUNSHINE  MM
  AVERAGE SKY COVER 1.0


WEATHER CONDITIONS
 THE FOLLOWING WEATHER WAS RECORDED TODAY.
  LIGHT RAIN
  FOG


RELATIVE HUMIDITY (PERCENT)
 HIGHEST   100           900 AM
 LOWEST     71           200 PM
 AVERAGE    86

..........................................................


THE MONROE CLIMATE NORMALS FOR TOMORROW
                         NORMAL    RECORD    YEAR
 MAXIMUM TEMPERATURE (F)   58        78      2012
 MINIMUM TEMPERATURE (F)   37        18      1975


SUNRISE AND SUNSET
DECEMBER 18 2014......SUNRISE   704 AM CST   SUNSET   505 PM CST
DECEMBER 19 2014......SUNRISE   705 AM CST   SUNSET   506 PM CST


-  INDICATES NEGATIVE NUMBERS.
R  INDICATES RECORD WAS SET OR TIED.
MM INDICATES DATA IS MISSING.
T  INDICATES TRACE AMOUNT.




$$
