000
CDUS44 KSHV 250743
CLIMLU


CLIMATE REPORT
NATIONAL WEATHER SERVICE SHREVEPORT, LA
243 AM CDT WED MAY 25 2016


...................................

...THE MONROE CLIMATE SUMMARY FOR MAY 24 2016...

CLIMATE NORMAL PERIOD 1981 TO 2010
CLIMATE RECORD PERIOD 1930 TO 2016


WEATHER ITEM   OBSERVED TIME   RECORD YEAR NORMAL DEPARTURE LAST
                VALUE   (LST)  VALUE       VALUE  FROM      YEAR
                                                  NORMAL
..................................................................
TEMPERATURE (F)
 YESTERDAY
  MAXIMUM         90    411 PM  95    2010  87      3       86
                                      1996
  MINIMUM         63    329 AM  49    1931  65     -2       70
  AVERAGE         77                        76      1       78

PRECIPITATION (IN)
  YESTERDAY        0.00          1.33 2005   0.16  -0.16     0.01
  MONTH TO DATE    0.65                      4.05  -3.40     5.39
  SINCE DEC 1     48.35                     28.20  20.15    28.34
  SINCE JAN 1     41.96                     22.91  19.05    23.86

SNOWFALL (IN)
  YESTERDAY        0.0
  MONTH TO DATE    0.0
  SINCE MAR 1      0.0
  SINCE JUL 1      T
  SNOW DEPTH       0

DEGREE DAYS
 HEATING
  YESTERDAY        0                         0      0        0
  MONTH TO DATE    1                         3     -2        3
  SINCE MAR 1    167                       333   -166      311
  SINCE JUL 1   1595                      2227   -632     2515

 COOLING
  YESTERDAY       12                        11      1       13
  MONTH TO DATE  137                       204    -67      198
  SINCE MAR 1    278                       340    -62      342
  SINCE JAN 1    286                       351    -65      342
..................................................................


WIND (MPH)
  HIGHEST WIND SPEED    14   HIGHEST WIND DIRECTION     S (200)
  HIGHEST GUST SPEED    23   HIGHEST GUST DIRECTION     S (200)
  AVERAGE WIND SPEED     5.1


SKY COVER
  POSSIBLE SUNSHINE  MM
  AVERAGE SKY COVER 0.1


WEATHER CONDITIONS
 THE FOLLOWING WEATHER WAS RECORDED YESTERDAY.
  NO SIGNIFICANT WEATHER WAS OBSERVED.


RELATIVE HUMIDITY (PERCENT)
 HIGHEST    93           300 AM
 LOWEST     38           300 PM
 AVERAGE    66

..........................................................


THE MONROE CLIMATE NORMALS FOR TODAY
                         NORMAL    RECORD    YEAR
 MAXIMUM TEMPERATURE (F)   88        95      1963
 MINIMUM TEMPERATURE (F)   65        53      2001
                                             1935


SUNRISE AND SUNSET
MAY 25 2016...........SUNRISE   604 AM CDT   SUNSET   807 PM CDT
MAY 26 2016...........SUNRISE   603 AM CDT   SUNSET   807 PM CDT


-  INDICATES NEGATIVE NUMBERS.
R  INDICATES RECORD WAS SET OR TIED.
MM INDICATES DATA IS MISSING.
T  INDICATES TRACE AMOUNT.




$$
