000
CDUS44 KSHV 100744
CLIMLU


CLIMATE REPORT
NATIONAL WEATHER SERVICE SHREVEPORT, LA
237 AM CDT THU JUL 10 2014


...................................

...THE MONROE CLIMATE SUMMARY FOR JULY 9 2014...

CLIMATE NORMAL PERIOD 1981 TO 2010
CLIMATE RECORD PERIOD 1930 TO 2014


WEATHER ITEM   OBSERVED TIME   RECORD YEAR NORMAL DEPARTURE LAST
                VALUE   (LST)  VALUE       VALUE  FROM      YEAR
                                                  NORMAL
..................................................................
TEMPERATURE (F)
 YESTERDAY
  MAXIMUM         85   1154 AM 101    1998  94     -9       94
  MINIMUM         74   1114 PM  66    1956  72      2       73
  AVERAGE         80                        83     -3       84

PRECIPITATION (IN)
  YESTERDAY        T             2.31 2007   0.13  -0.13     0.00
  MONTH TO DATE    0.09                      1.25  -1.16     0.00
  SINCE DEC 1     33.19                     35.27  -2.08    35.19
  SINCE JAN 1     29.93                     29.98  -0.05    30.46

SNOWFALL (IN)
  YESTERDAY        0.0
  MONTH TO DATE    0.0
  SINCE JUN 1      0.0
  SINCE JUL 1      0.0
  SNOW DEPTH       0

DEGREE DAYS
 HEATING
  YESTERDAY        0                         0      0        0
  MONTH TO DATE    0                         0      0        0
  SINCE JUN 1      0                         0      0        0
  SINCE JUL 1      0                         0      0        0

 COOLING
  YESTERDAY       15                        18     -3       19
  MONTH TO DATE  138                       162    -24      126
  SINCE JUN 1    614                       628    -14      570
  SINCE JAN 1    944                      1063   -119      920
..................................................................


WIND (MPH)
  HIGHEST WIND SPEED    14   HIGHEST WIND DIRECTION    SW (220)
  HIGHEST GUST SPEED    18   HIGHEST GUST DIRECTION    SW (210)
  AVERAGE WIND SPEED     1.9


SKY COVER
  POSSIBLE SUNSHINE  MM
  AVERAGE SKY COVER 0.3


WEATHER CONDITIONS
 THE FOLLOWING WEATHER WAS RECORDED YESTERDAY.
  THUNDERSTORM
  LIGHT RAIN


RELATIVE HUMIDITY (PERCENT)
 HIGHEST    94           500 AM
 LOWEST     69          1000 AM
 AVERAGE    82

..........................................................


THE MONROE CLIMATE NORMALS FOR TODAY
                         NORMAL    RECORD    YEAR
 MAXIMUM TEMPERATURE (F)   94       103      1930
 MINIMUM TEMPERATURE (F)   72        66      1952


SUNRISE AND SUNSET
JULY 10 2014..........SUNRISE   609 AM CDT   SUNSET   818 PM CDT
JULY 11 2014..........SUNRISE   609 AM CDT   SUNSET   818 PM CDT


-  INDICATES NEGATIVE NUMBERS.
R  INDICATES RECORD WAS SET OR TIED.
MM INDICATES DATA IS MISSING.
T  INDICATES TRACE AMOUNT.




$$
