000
CDUS44 KSHV 212248
CLIMLU


CLIMATE REPORT
NATIONAL WEATHER SERVICE SHREVEPORT, LA
448 PM CST FRI NOV 21 2014


...................................

...THE MONROE CLIMATE SUMMARY FOR NOVEMBER 21 2014...
VALID TODAY AS OF 0400 PM LOCAL TIME.

CLIMATE NORMAL PERIOD 1981 TO 2010
CLIMATE RECORD PERIOD 1930 TO 2014


WEATHER ITEM   OBSERVED TIME   RECORD YEAR NORMAL DEPARTURE LAST
                VALUE   (LST)  VALUE       VALUE  FROM      YEAR
                                                  NORMAL
..................................................................
TEMPERATURE (F)
 TODAY
  MAXIMUM         68    359 PM  85    2011  66      2       71
                                      1933
  MINIMUM         49   1236 AM  25    1937  43      6       42
  AVERAGE         59                        55      4       57

PRECIPITATION (IN)
  TODAY            T             5.38 1934   0.17  -0.17     0.01
  MONTH TO DATE    2.53                      3.28  -0.75     1.06
  SINCE DEC 1     50.18                     52.46  -2.28    47.94
  SINCE JAN 1     46.92                     47.17  -0.25    43.21

SNOWFALL (IN)
  TODAY            0.0
  MONTH TO DATE    0.0
  SINCE SEP 1      0.0
  SINCE JUL 1      0.0
  SNOW DEPTH       0

DEGREE DAYS
 HEATING
  TODAY            6                        11     -5        8
  MONTH TO DATE  327                       170    157      201
  SINCE SEP 1    380                       260    120      267
  SINCE JUL 1    380                       260    120      267

 COOLING
  TODAY            0                         0      0        0
  MONTH TO DATE    2                        22    -20       13
  SINCE SEP 1    529                       499     30      588
  SINCE JAN 1   2280                      2506   -226     2433
..................................................................


WIND (MPH)
  HIGHEST WIND SPEED    13   HIGHEST WIND DIRECTION    SE (150)
  HIGHEST GUST SPEED    18   HIGHEST GUST DIRECTION    SE (130)
  AVERAGE WIND SPEED     4.5


SKY COVER
  POSSIBLE SUNSHINE  MM
  AVERAGE SKY COVER 0.9


WEATHER CONDITIONS
 THE FOLLOWING WEATHER WAS RECORDED TODAY.
  NO SIGNIFICANT WEATHER WAS OBSERVED.


RELATIVE HUMIDITY (PERCENT)
 HIGHEST    96           400 AM
 LOWEST     42           400 PM
 AVERAGE    69

..........................................................


THE MONROE CLIMATE NORMALS FOR TOMORROW
                         NORMAL    RECORD    YEAR
 MAXIMUM TEMPERATURE (F)   66        80      2010
                                             1999
 MINIMUM TEMPERATURE (F)   43        24      1964


SUNRISE AND SUNSET
NOVEMBER 21 2014......SUNRISE   643 AM CST   SUNSET   505 PM CST
NOVEMBER 22 2014......SUNRISE   644 AM CST   SUNSET   504 PM CST


-  INDICATES NEGATIVE NUMBERS.
R  INDICATES RECORD WAS SET OR TIED.
MM INDICATES DATA IS MISSING.
T  INDICATES TRACE AMOUNT.




$$
