000
CDUS44 KSHV 240742
CLIMLU


CLIMATE REPORT
NATIONAL WEATHER SERVICE SHREVEPORT, LA
240 AM CDT SAT JUN 24 2017


...................................

...THE MONROE CLIMATE SUMMARY FOR JUNE 23 2017...

CLIMATE NORMAL PERIOD 1981 TO 2010
CLIMATE RECORD PERIOD 1930 TO 2017


WEATHER ITEM   OBSERVED TIME   RECORD YEAR NORMAL DEPARTURE LAST
                VALUE   (LST)  VALUE       VALUE  FROM      YEAR
                                                  NORMAL
..................................................................
TEMPERATURE (F)
 YESTERDAY
  MAXIMUM         90    513 PM 101    2009  93     -3       93
  MINIMUM         71   1145 PM  57    1902  71      0       73
  AVERAGE         81                        82     -1       83

PRECIPITATION (IN)
  YESTERDAY        2.13          2.43 1970   0.17   1.96     0.00
  MONTH TO DATE    7.71                      3.56   4.15     4.09
  SINCE DEC 1     38.17                     32.90   5.27    54.21
  SINCE JAN 1     33.34                     27.61   5.73    47.82

SNOWFALL (IN)
  YESTERDAY        0.0
  MONTH TO DATE    0.0
  SINCE JUN 1      0.0
  SINCE JUL 1      0.2
  SNOW DEPTH       0

DEGREE DAYS
 HEATING
  YESTERDAY        0                         0      0        0
  MONTH TO DATE    0                         0      0        0
  SINCE JUN 1      0                         0      0        0
  SINCE JUL 1   1400                      2230   -830     1595

 COOLING
  YESTERDAY       16                        17     -1       18
  MONTH TO DATE  315                       346    -31      362
  SINCE JUN 1    315                       346    -31      362
  SINCE JAN 1    833                       781     52      743
..................................................................


WIND (MPH)
  HIGHEST WIND SPEED    32   HIGHEST WIND DIRECTION     N (350)
  HIGHEST GUST SPEED    40   HIGHEST GUST DIRECTION     N (350)
  AVERAGE WIND SPEED    10.5


SKY COVER
  POSSIBLE SUNSHINE  MM
  AVERAGE SKY COVER 0.8


WEATHER CONDITIONS
 THE FOLLOWING WEATHER WAS RECORDED YESTERDAY.
  THUNDERSTORM
  HEAVY RAIN
  RAIN
  LIGHT RAIN
  FOG


RELATIVE HUMIDITY (PERCENT)
 HIGHEST    93          1000 PM
 LOWEST     64           300 PM
 AVERAGE    79

..........................................................


THE MONROE CLIMATE NORMALS FOR TODAY
                         NORMAL    RECORD    YEAR
 MAXIMUM TEMPERATURE (F)   93       100      1954
 MINIMUM TEMPERATURE (F)   71        59      1902


SUNRISE AND SUNSET
JUNE 24 2017..........SUNRISE   602 AM CDT   SUNSET   819 PM CDT
JUNE 25 2017..........SUNRISE   602 AM CDT   SUNSET   819 PM CDT


-  INDICATES NEGATIVE NUMBERS.
R  INDICATES RECORD WAS SET OR TIED.
MM INDICATES DATA IS MISSING.
T  INDICATES TRACE AMOUNT.




$$
