000
CDUS44 KSHV 122251
CLIMLU


CLIMATE REPORT
NATIONAL WEATHER SERVICE SHREVEPORT, LA
451 PM CST TUE DEC 12 2017


...................................

...THE MONROE CLIMATE SUMMARY FOR DECEMBER 12 2017...
VALID TODAY AS OF 0400 PM LOCAL TIME.

CLIMATE NORMAL PERIOD 1981 TO 2010
CLIMATE RECORD PERIOD 1930 TO 2017


WEATHER ITEM   OBSERVED TIME   RECORD YEAR NORMAL DEPARTURE LAST
                VALUE   (LST)  VALUE       VALUE  FROM      YEAR
                                                  NORMAL
..................................................................
TEMPERATURE (F)
 TODAY
  MAXIMUM         60    208 PM  80    1996  59      1       64
  MINIMUM         41    705 AM  11    1962  38      3       53
  AVERAGE         51                        49      2       59

PRECIPITATION (IN)
  TODAY            0.00          2.97 1979   0.17  -0.17     0.03
  MONTH TO DATE    1.58                      2.09  -0.51     3.75
  SINCE DEC 1      1.58                      2.09  -0.51     3.75
  SINCE JAN 1     51.98                     50.82   1.16    67.36

SNOWFALL (IN)
  TODAY            0.0
  MONTH TO DATE    0.0
  SINCE DEC 1      0.0
  SINCE JUL 1      0.0
  SNOW DEPTH       0

DEGREE DAYS
 HEATING
  TODAY           14                        17     -3        6
  MONTH TO DATE  166                       186    -20      205
  SINCE DEC 1    166                       186    -20      205
  SINCE JUL 1    470                       558    -88      418

 COOLING
  TODAY            0                         0      0        0
  MONTH TO DATE    2                         0      2        0
  SINCE DEC 1      2                         0      2        0
  SINCE JAN 1   2626                      2508    118     2732
..................................................................


WIND (MPH)
  HIGHEST WIND SPEED    18   HIGHEST WIND DIRECTION     N (340)
  HIGHEST GUST SPEED    24   HIGHEST GUST DIRECTION    NW (330)
  AVERAGE WIND SPEED    10.2


SKY COVER
  POSSIBLE SUNSHINE  MM
  AVERAGE SKY COVER 0.0


WEATHER CONDITIONS
 THE FOLLOWING WEATHER WAS RECORDED TODAY.
  NO SIGNIFICANT WEATHER WAS OBSERVED.


RELATIVE HUMIDITY (PERCENT)
 HIGHEST    57           700 AM
 LOWEST     25           400 PM
 AVERAGE    41

..........................................................


THE MONROE CLIMATE NORMALS FOR TOMORROW
                         NORMAL    RECORD    YEAR
 MAXIMUM TEMPERATURE (F)   59        81      1933
 MINIMUM TEMPERATURE (F)   38         8      1962


SUNRISE AND SUNSET
DECEMBER 12 2017......SUNRISE   701 AM CST   SUNSET   503 PM CST
DECEMBER 13 2017......SUNRISE   701 AM CST   SUNSET   504 PM CST


-  INDICATES NEGATIVE NUMBERS.
R  INDICATES RECORD WAS SET OR TIED.
MM INDICATES DATA IS MISSING.
T  INDICATES TRACE AMOUNT.




$$
