000
CDUS44 KSHV 200737
CLIMLU


CLIMATE REPORT
NATIONAL WEATHER SERVICE SHREVEPORT, LA
234 AM CDT FRI OCT 20 2017


...................................

...THE MONROE CLIMATE SUMMARY FOR OCTOBER 19 2017...

CLIMATE NORMAL PERIOD 1981 TO 2010
CLIMATE RECORD PERIOD 1930 TO 2017


WEATHER ITEM   OBSERVED TIME   RECORD YEAR NORMAL DEPARTURE LAST
                VALUE   (LST)  VALUE       VALUE  FROM      YEAR
                                                  NORMAL
..................................................................
TEMPERATURE (F)
 YESTERDAY
  MAXIMUM         81    233 PM  94    1910  78      3       90
  MINIMUM         46    542 AM  30    1948  52     -6       68
  AVERAGE         64                        65     -1       79

PRECIPITATION (IN)
  YESTERDAY        0.00          2.20 1915   0.18  -0.18     0.00
  MONTH TO DATE    T                         2.87  -2.87     0.02
  SINCE DEC 1     52.36                     47.27   5.09    66.84
  SINCE JAN 1     47.53                     41.98   5.55    60.45

SNOWFALL (IN)
  YESTERDAY        0.0
  MONTH TO DATE    0.0
  SINCE SEP 1      0.0
  SINCE JUL 1      0.0
  SNOW DEPTH       0

DEGREE DAYS
 HEATING
  YESTERDAY        1                         3     -2        0
  MONTH TO DATE   11                        34    -23        0
  SINCE SEP 1     11                        40    -29        0
  SINCE JUL 1     11                        40    -29        0

 COOLING
  YESTERDAY        0                         3     -3       14
  MONTH TO DATE  160                        91     69      163
  SINCE SEP 1    516                       448     68      616
  SINCE JAN 1   2543                      2455     88     2670
..................................................................


WIND (MPH)
  HIGHEST WIND SPEED    10   HIGHEST WIND DIRECTION    NE (50)
  HIGHEST GUST SPEED    14   HIGHEST GUST DIRECTION    NE (60)
  AVERAGE WIND SPEED     1.7


SKY COVER
  POSSIBLE SUNSHINE  MM
  AVERAGE SKY COVER 0.0


WEATHER CONDITIONS
 THE FOLLOWING WEATHER WAS RECORDED YESTERDAY.
  FOG


RELATIVE HUMIDITY (PERCENT)
 HIGHEST   100           400 AM
 LOWEST     39           300 PM
 AVERAGE    70

..........................................................


THE MONROE CLIMATE NORMALS FOR TODAY
                         NORMAL    RECORD    YEAR
 MAXIMUM TEMPERATURE (F)   78        90      1979
                                             1962
                                             1935
 MINIMUM TEMPERATURE (F)   52        30      1989
                                             1964


SUNRISE AND SUNSET
OCTOBER 20 2017.......SUNRISE   716 AM CDT   SUNSET   629 PM CDT
OCTOBER 21 2017.......SUNRISE   717 AM CDT   SUNSET   628 PM CDT


-  INDICATES NEGATIVE NUMBERS.
R  INDICATES RECORD WAS SET OR TIED.
MM INDICATES DATA IS MISSING.
T  INDICATES TRACE AMOUNT.




$$
