000
CDUS46 KPQR 231147
CLIMMV


CLIMATE REPORT
NATIONAL WEATHER SERVICE PORTLAND OREGON
447 AM PDT THU OCT 23 2014


...................................

...THE MCMINNVILLE OR CLIMATE SUMMARY FOR OCTOBER 22 2014...

CLIMATE NORMAL PERIOD 1981 TO 2010
CLIMATE RECORD PERIOD 1894 TO 2014


WEATHER ITEM   OBSERVED TIME   RECORD YEAR NORMAL DEPARTURE LAST
                VALUE   (LST)  VALUE       VALUE  FROM      YEAR
                                                  NORMAL
..................................................................
TEMPERATURE (F)
 YESTERDAY
  MAXIMUM         59    736 PM  83    1929  60     -1       77
  MINIMUM         52   1159 PM  29    1905  40     12       39
  AVERAGE         56                        50      6       58

PRECIPITATION (IN)
  YESTERDAY        1.90          2.10 1943   0.13   1.77     0.00
  MONTH TO DATE    3.96                      2.02   1.94     0.70
  SINCE OCT 1      3.96                      2.02   1.94     0.70
  SINCE JAN 1     27.74                     25.73   2.01    17.95

DEGREE DAYS
 HEATING
  YESTERDAY        9                        15     -6        7
  MONTH TO DATE  101                       260   -159      277
  SINCE JUL 1    141                       476   -335      412

 COOLING
  YESTERDAY        0                         0      0        0
  MONTH TO DATE   11                         0     11        0
  SINCE JAN 1    529                       214    315      405
..................................................................


WIND (MPH)
  HIGHEST WIND SPEED    29   HIGHEST WIND DIRECTION     S (190)
  HIGHEST GUST SPEED    39   HIGHEST GUST DIRECTION     S (180)
  AVERAGE WIND SPEED    12.9


SKY COVER
  POSSIBLE SUNSHINE  MM
  AVERAGE SKY COVER 0.8


WEATHER CONDITIONS
 THE FOLLOWING WEATHER WAS RECORDED YESTERDAY.
  HEAVY RAIN
  RAIN
  LIGHT RAIN
  FOG


RELATIVE HUMIDITY (PERCENT)
 HIGHEST   100           200 PM
 LOWEST     80           400 AM
 AVERAGE    90

..........................................................


THE MCMINNVILLE OR CLIMATE NORMALS FOR TODAY
                         NORMAL    RECORD    YEAR
 MAXIMUM TEMPERATURE (F)   60        86      1929
 MINIMUM TEMPERATURE (F)   40        28      1945


SUNRISE AND SUNSET
OCTOBER 23 2014.......SUNRISE   639 AM PST   SUNSET   514 PM PST
OCTOBER 24 2014.......SUNRISE   641 AM PST   SUNSET   512 PM PST


-  INDICATES NEGATIVE NUMBERS.
R  INDICATES RECORD WAS SET OR TIED.
MM INDICATES DATA IS MISSING.
T  INDICATES TRACE AMOUNT.




$$
