000
CDUS46 KPQR 230221
CLIMMV


CLIMATE REPORT
NATIONAL WEATHER SERVICE PORTLAND OREGON
720 PM PDT MON SEP 22 2014


...................................

...THE MCMINNVILLE OR CLIMATE SUMMARY FOR SEPTEMBER 22 2014...
VALID TODAY AS OF 0700 PM LOCAL TIME.

CLIMATE NORMAL PERIOD 1981 TO 2010
CLIMATE RECORD PERIOD 1894 TO 2014


WEATHER ITEM   OBSERVED TIME   RECORD YEAR NORMAL DEPARTURE LAST
                VALUE   (LST)  VALUE       VALUE  FROM      YEAR
                                                  NORMAL
..................................................................
TEMPERATURE (F)
 TODAY
  MAXIMUM         73        MM  96    1989  74     -1       62
  MINIMUM         57        MM  32    1961  46     11       49
  AVERAGE         65                        60      5       56

PRECIPITATION (IN)
  TODAY            0.00          0.83 1901   0.06  -0.06     0.41
  MONTH TO DATE    0.06                      0.88  -0.82     1.89
  SINCE OCT 1     27.66                     39.24 -11.58    34.09
  SINCE JAN 1     22.70                     23.21  -0.51    12.95

DEGREE DAYS
 HEATING
  TODAY            0                         5     -5        9
  MONTH TO DATE    5                        75    -70       35
  SINCE JUL 1     11                       160   -149       52

 COOLING
  TODAY            0                         1     -1        0
  MONTH TO DATE   73                        30     43       68
  SINCE JAN 1    518                       214    304      405
..................................................................


WIND (MPH)
  HIGHEST WIND SPEED     9   HIGHEST WIND DIRECTION     S (200)
  HIGHEST GUST SPEED    MM   HIGHEST GUST DIRECTION    MM
  AVERAGE WIND SPEED     3.8


SKY COVER
  POSSIBLE SUNSHINE  MM
  AVERAGE SKY COVER 0.5


WEATHER CONDITIONS
 THE FOLLOWING WEATHER WAS RECORDED TODAY.
  NO SIGNIFICANT WEATHER WAS OBSERVED.


RELATIVE HUMIDITY (PERCENT)
 HIGHEST    87          1200 AM
 LOWEST     53           300 PM
 AVERAGE    70

..........................................................


THE MCMINNVILLE OR CLIMATE NORMALS FOR TOMORROW
                         NORMAL    RECORD    YEAR
 MAXIMUM TEMPERATURE (F)   74        93      1989
 MINIMUM TEMPERATURE (F)   46        29      1908


SUNRISE AND SUNSET
SEPTEMBER 22 2014.....SUNRISE   600 AM PST   SUNSET   610 PM PST
SEPTEMBER 23 2014.....SUNRISE   601 AM PST   SUNSET   608 PM PST


-  INDICATES NEGATIVE NUMBERS.
R  INDICATES RECORD WAS SET OR TIED.
MM INDICATES DATA IS MISSING.
T  INDICATES TRACE AMOUNT.




$$
