000
CDUS46 KPQR 281145
CLIMMV


CLIMATE REPORT
NATIONAL WEATHER SERVICE PORTLAND OREGON
444 AM PDT THU AUG 28 2014


...................................

...THE MCMINNVILLE OR CLIMATE SUMMARY FOR AUGUST 27 2014...

CLIMATE NORMAL PERIOD 1981 TO 2010
CLIMATE RECORD PERIOD 1894 TO 2014


WEATHER ITEM   OBSERVED TIME   RECORD YEAR NORMAL DEPARTURE LAST
                VALUE   (LST)  VALUE       VALUE  FROM      YEAR
                                                  NORMAL
..................................................................
TEMPERATURE (F)
 YESTERDAY
  MAXIMUM         93    307 PM 100    1922  81     12       81
  MINIMUM         58    559 AM  33    1957  50      8       62
  AVERAGE         76                        65     11       72

PRECIPITATION (IN)
  YESTERDAY        0.00          0.40 1920   0.03  -0.03      T
  MONTH TO DATE    0.01                      0.47  -0.46     0.48
  SINCE OCT 1     27.47                     38.25 -10.78    32.02
  SINCE JAN 1     22.51                     22.22   0.29    10.88

DEGREE DAYS
 HEATING
  YESTERDAY        0                         2     -2        0
  MONTH TO DATE    1                        31    -30        6
  SINCE JUL 1      5                        75    -70       17

 COOLING
  YESTERDAY       11                         2      9        7
  MONTH TO DATE  195                        73    122      128
  SINCE JAN 1    435                       173    262      314
..................................................................


WIND (MPH)
  HIGHEST WIND SPEED    14   HIGHEST WIND DIRECTION    SW (210)
  HIGHEST GUST SPEED    17   HIGHEST GUST DIRECTION    SW (220)
  AVERAGE WIND SPEED     3.6


SKY COVER
  POSSIBLE SUNSHINE  MM
  AVERAGE SKY COVER 0.0


WEATHER CONDITIONS
 THE FOLLOWING WEATHER WAS RECORDED YESTERDAY.
  NO SIGNIFICANT WEATHER WAS OBSERVED.


RELATIVE HUMIDITY (PERCENT)
 HIGHEST    86           600 AM
 LOWEST     30           300 PM
 AVERAGE    58

..........................................................


THE MCMINNVILLE OR CLIMATE NORMALS FOR TODAY
                         NORMAL    RECORD    YEAR
 MAXIMUM TEMPERATURE (F)   81       103      1923
 MINIMUM TEMPERATURE (F)   50        36      1957


SUNRISE AND SUNSET
AUGUST 28 2014........SUNRISE   530 AM PST   SUNSET   657 PM PST
AUGUST 29 2014........SUNRISE   531 AM PST   SUNSET   655 PM PST


-  INDICATES NEGATIVE NUMBERS.
R  INDICATES RECORD WAS SET OR TIED.
MM INDICATES DATA IS MISSING.
T  INDICATES TRACE AMOUNT.




$$
