000
CDUS46 KPQR 290221
CLIMMV


CLIMATE REPORT
NATIONAL WEATHER SERVICE PORTLAND OREGON
721 PM PDT MON JUL 28 2014


...................................

...THE MCMINNVILLE OR CLIMATE SUMMARY FOR JULY 28 2014...
VALID TODAY AS OF 0700 PM LOCAL TIME.

CLIMATE NORMAL PERIOD 1981 TO 2010
CLIMATE RECORD PERIOD 1894 TO 2014


WEATHER ITEM   OBSERVED TIME   RECORD YEAR NORMAL DEPARTURE LAST
                VALUE   (LST)  VALUE       VALUE  FROM      YEAR
                                                  NORMAL
..................................................................
TEMPERATURE (F)
 TODAY
  MAXIMUM         96        MM 106    2009  84     12       79
  MINIMUM         57        MM  35    1956  52      5       48
  AVERAGE         77                        68      9       64

PRECIPITATION (IN)
  TODAY            0.00          0.28 1950   0.01  -0.01     0.00
  MONTH TO DATE    0.38                      0.48  -0.10      T
  SINCE OCT 1     27.46                     37.76 -10.30    31.54
  SINCE JAN 1     22.50                     21.73   0.77    10.40

DEGREE DAYS
 HEATING
  TODAY            0                         1     -1        1
  MONTH TO DATE    4                        42    -38       11
  SINCE JUL 1      4                        42    -38       11

 COOLING
  TODAY           12                         3      9        0
  MONTH TO DATE  181                        68    113      127
  SINCE JAN 1    211                        90    121      180
..................................................................


WIND (MPH)
  HIGHEST WIND SPEED    13   HIGHEST WIND DIRECTION     N (20)
  HIGHEST GUST SPEED    MM   HIGHEST GUST DIRECTION    MM
  AVERAGE WIND SPEED     4.6


SKY COVER
  POSSIBLE SUNSHINE  MM
  AVERAGE SKY COVER 0.0


WEATHER CONDITIONS
 THE FOLLOWING WEATHER WAS RECORDED TODAY.
  NO SIGNIFICANT WEATHER WAS OBSERVED.


RELATIVE HUMIDITY (PERCENT)
 HIGHEST    93           400 AM
 LOWEST     17           300 PM
 AVERAGE    55

..........................................................


THE MCMINNVILLE OR CLIMATE NORMALS FOR TOMORROW
                         NORMAL    RECORD    YEAR
 MAXIMUM TEMPERATURE (F)   84       105      2009
 MINIMUM TEMPERATURE (F)   52        35      1917


SUNRISE AND SUNSET
JULY 28 2014..........SUNRISE   453 AM PST   SUNSET   744 PM PST
JULY 29 2014..........SUNRISE   454 AM PST   SUNSET   743 PM PST


-  INDICATES NEGATIVE NUMBERS.
R  INDICATES RECORD WAS SET OR TIED.
MM INDICATES DATA IS MISSING.
T  INDICATES TRACE AMOUNT.




$$
