000
CDUS46 KPQR 221148
CLIMMV


CLIMATE REPORT
NATIONAL WEATHER SERVICE PORTLAND OREGON
448 AM PDT FRI SEP 22 2017


...................................

...THE MCMINNVILLE OR CLIMATE SUMMARY FOR SEPTEMBER 21 2017...

CLIMATE NORMAL PERIOD 1981 TO 2010
CLIMATE RECORD PERIOD 1894 TO 2017


WEATHER ITEM   OBSERVED TIME   RECORD YEAR NORMAL DEPARTURE LAST
                VALUE   (LST)  VALUE       VALUE  FROM      YEAR
                                                  NORMAL
..................................................................
TEMPERATURE (F)
 YESTERDAY
  MAXIMUM         66    353 PM  96    1952  75     -9       76
  MINIMUM         42    214 AM  29    1895  46     -4       39
  AVERAGE         54                        60     -6       58

PRECIPITATION (IN)
  YESTERDAY        0.00          2.12 1898   0.04  -0.04     0.00
  MONTH TO DATE    1.78                      0.82   0.96     0.41
  SINCE OCT 1     55.29                     39.18  16.11    50.28
  SINCE JAN 1     31.48                     23.15   8.33    25.21

DEGREE DAYS
 HEATING
  YESTERDAY       11                         5      6        7
  MONTH TO DATE   54                        70    -16       71
  SINCE JUL 1     63                       155    -92      107

 COOLING
  YESTERDAY        0                         1     -1        0
  MONTH TO DATE   97                        29     68        8
  SINCE JAN 1    493                       213    280      357
..................................................................


WIND (MPH)
  HIGHEST WIND SPEED    13   HIGHEST WIND DIRECTION    NE (30)
  HIGHEST GUST SPEED    20   HIGHEST GUST DIRECTION     W (250)
  AVERAGE WIND SPEED     2.0


SKY COVER
  POSSIBLE SUNSHINE  MM
  AVERAGE SKY COVER 0.7


WEATHER CONDITIONS
 THE FOLLOWING WEATHER WAS RECORDED YESTERDAY.
  FOG


RELATIVE HUMIDITY (PERCENT)
 HIGHEST   100          1200 AM
 LOWEST     52           400 PM
 AVERAGE    76

..........................................................


THE MCMINNVILLE OR CLIMATE NORMALS FOR TODAY
                         NORMAL    RECORD    YEAR
 MAXIMUM TEMPERATURE (F)   74        96      1989
 MINIMUM TEMPERATURE (F)   46        32      1961


SUNRISE AND SUNSET
SEPTEMBER 22 2017.....SUNRISE   600 AM PST   SUNSET   609 PM PST
SEPTEMBER 23 2017.....SUNRISE   601 AM PST   SUNSET   607 PM PST


-  INDICATES NEGATIVE NUMBERS.
R  INDICATES RECORD WAS SET OR TIED.
MM INDICATES DATA IS MISSING.
T  INDICATES TRACE AMOUNT.




$$
