000
CDUS46 KPQR 021143
CLIMMV


CLIMATE REPORT
NATIONAL WEATHER SERVICE PORTLAND OREGON
442 AM PDT WED SEP 2 2015


...................................

...THE MCMINNVILLE OR CLIMATE SUMMARY FOR SEPTEMBER 1 2015...

CLIMATE NORMAL PERIOD 1981 TO 2010
CLIMATE RECORD PERIOD 1894 TO 2015


WEATHER ITEM   OBSERVED TIME   RECORD YEAR NORMAL DEPARTURE LAST
                VALUE   (LST)  VALUE       VALUE  FROM      YEAR
                                                  NORMAL
..................................................................
TEMPERATURE (F)
 YESTERDAY
  MAXIMUM         75   1230 PM 101    1988  80     -5       83
  MINIMUM         54    555 AM  34    1973  49      5       49
  AVERAGE         65                        65      0       66

PRECIPITATION (IN)
  YESTERDAY        0.00          1.80 1971   0.03  -0.03     0.00
  MONTH TO DATE    0.00                      0.03  -0.03     0.00
  SINCE OCT 1     33.14                     38.39  -5.25    27.60
  SINCE JAN 1     16.90                     22.36  -5.46    22.64

DEGREE DAYS
 HEATING
  YESTERDAY        0                         2     -2        0
  MONTH TO DATE    0                         2     -2        0
  SINCE JUL 1      5                        87    -82        6

 COOLING
  YESTERDAY        0                         2     -2        1
  MONTH TO DATE    0                         2     -2        1
  SINCE JAN 1    494                       186    308      446
..................................................................


WIND (MPH)
  HIGHEST WIND SPEED    20   HIGHEST WIND DIRECTION     W (250)
  HIGHEST GUST SPEED    24   HIGHEST GUST DIRECTION     W (250)
  AVERAGE WIND SPEED     6.6


SKY COVER
  POSSIBLE SUNSHINE  MM
  AVERAGE SKY COVER 0.7


WEATHER CONDITIONS
 THE FOLLOWING WEATHER WAS RECORDED YESTERDAY.
  NO SIGNIFICANT WEATHER WAS OBSERVED.


RELATIVE HUMIDITY (PERCENT)
 HIGHEST    93           500 AM
 LOWEST     46          1100 AM
 AVERAGE    70

..........................................................


THE MCMINNVILLE OR CLIMATE NORMALS FOR TODAY
                         NORMAL    RECORD    YEAR
 MAXIMUM TEMPERATURE (F)   80       105      1988
 MINIMUM TEMPERATURE (F)   49        33      1960


SUNRISE AND SUNSET
SEPTEMBER  2 2015.....SUNRISE   535 AM PST   SUNSET   648 PM PST
SEPTEMBER  3 2015.....SUNRISE   536 AM PST   SUNSET   646 PM PST


-  INDICATES NEGATIVE NUMBERS.
R  INDICATES RECORD WAS SET OR TIED.
MM INDICATES DATA IS MISSING.
T  INDICATES TRACE AMOUNT.




$$
