281
CDUS46 KPQR 241141
CLIMMV


CLIMATE REPORT
NATIONAL WEATHER SERVICE PORTLAND OREGON
441 AM PDT FRI MAR 24 2017


...................................

...THE MCMINNVILLE OR CLIMATE SUMMARY FOR MARCH 23 2017...

CLIMATE NORMAL PERIOD 1981 TO 2010
CLIMATE RECORD PERIOD 1894 TO 2017


WEATHER ITEM   OBSERVED TIME   RECORD YEAR NORMAL DEPARTURE LAST
                VALUE   (LST)  VALUE       VALUE  FROM      YEAR
                                                  NORMAL
..................................................................
TEMPERATURE (F)
 YESTERDAY
  MAXIMUM         56    231 PM  74    1979  57     -1       54
  MINIMUM         38    518 AM  16    1920  38      0       44
  AVERAGE         47                        48     -1       49

PRECIPITATION (IN)
  YESTERDAY        0.21          1.33 1917   0.12   0.09     0.04
  MONTH TO DATE    5.57                      3.07   2.50     6.13
  SINCE OCT 1     44.56                     29.64  14.92    43.64
  SINCE JAN 1     20.75                     13.61   7.14    18.57

DEGREE DAYS
 HEATING
  YESTERDAY       18                        17      1       16
  MONTH TO DATE  409                       437    -28      368
  SINCE JUL 1   3705                      3816   -111     3128

 COOLING
  YESTERDAY        0                         0      0        0
  MONTH TO DATE    0                         0      0        0
  SINCE JAN 1      0                         0      0        0
..................................................................


WIND (MPH)
  HIGHEST WIND SPEED    20   HIGHEST WIND DIRECTION     S (180)
  HIGHEST GUST SPEED    27   HIGHEST GUST DIRECTION     S (180)
  AVERAGE WIND SPEED     4.8


SKY COVER
  POSSIBLE SUNSHINE  MM
  AVERAGE SKY COVER 0.8


WEATHER CONDITIONS
 THE FOLLOWING WEATHER WAS RECORDED YESTERDAY.
  LIGHT RAIN
  FOG


RELATIVE HUMIDITY (PERCENT)
 HIGHEST    92           400 AM
 LOWEST     54           100 PM
 AVERAGE    73

..........................................................


THE MCMINNVILLE OR CLIMATE NORMALS FOR TODAY
                         NORMAL    RECORD    YEAR
 MAXIMUM TEMPERATURE (F)   57        74      1979
 MINIMUM TEMPERATURE (F)   38        26      1980


SUNRISE AND SUNSET
MARCH 24 2017.........SUNRISE   607 AM PST   SUNSET   631 PM PST
MARCH 25 2017.........SUNRISE   605 AM PST   SUNSET   632 PM PST


-  INDICATES NEGATIVE NUMBERS.
R  INDICATES RECORD WAS SET OR TIED.
MM INDICATES DATA IS MISSING.
T  INDICATES TRACE AMOUNT.




$$
