937
CDUS46 KPQR 131141
CLIMMV


CLIMATE REPORT
NATIONAL WEATHER SERVICE PORTLAND OREGON
341 AM PST SAT FEB 13 2016


...................................

...THE MCMINNVILLE OR CLIMATE SUMMARY FOR FEBRUARY 12 2016...

CLIMATE NORMAL PERIOD 1981 TO 2010
CLIMATE RECORD PERIOD 1894 TO 2016


WEATHER ITEM   OBSERVED TIME   RECORD YEAR NORMAL DEPARTURE LAST
                VALUE   (LST)  VALUE       VALUE  FROM      YEAR
                                                  NORMAL
..................................................................
TEMPERATURE (F)
 YESTERDAY
  MAXIMUM         60    318 PM  63    1981  50     10       50
  MINIMUM         42   1122 PM  17    1929  35      7       41
  AVERAGE         51                        42      9       46

PRECIPITATION (IN)
  YESTERDAY        0.12          2.05 1954   0.17  -0.05     0.00
  MONTH TO DATE    1.33                      2.23  -0.90     4.90
  SINCE OCT 1     34.91                     24.36  10.55    24.45
  SINCE JAN 1      9.84                      8.33   1.51     8.21

DEGREE DAYS
 HEATING
  YESTERDAY       14                        23     -9       19
  MONTH TO DATE  203                       276    -73      187
  SINCE JUL 1   2481                      3031   -550     2220

 COOLING
  YESTERDAY        0                         0      0        0
  MONTH TO DATE    0                         0      0        0
  SINCE JAN 1      0                         0      0        0
..................................................................


WIND (MPH)
  HIGHEST WIND SPEED    15   HIGHEST WIND DIRECTION     W (260)
  HIGHEST GUST SPEED    20   HIGHEST GUST DIRECTION     W (260)
  AVERAGE WIND SPEED     4.8


SKY COVER
  POSSIBLE SUNSHINE  MM
  AVERAGE SKY COVER 0.7


WEATHER CONDITIONS
 THE FOLLOWING WEATHER WAS RECORDED YESTERDAY.
  RAIN
  LIGHT RAIN
  FOG
  FOG W/VISIBILITY <= 1/4 MILE


RELATIVE HUMIDITY (PERCENT)
 HIGHEST   100           400 AM
 LOWEST     57           400 PM
 AVERAGE    79

..........................................................


THE MCMINNVILLE OR CLIMATE NORMALS FOR TODAY
                         NORMAL    RECORD    YEAR
 MAXIMUM TEMPERATURE (F)   50        64      1931
 MINIMUM TEMPERATURE (F)   35        18      1929


SUNRISE AND SUNSET
FEBRUARY 13 2016......SUNRISE   717 AM PST   SUNSET   537 PM PST
FEBRUARY 14 2016......SUNRISE   716 AM PST   SUNSET   538 PM PST


-  INDICATES NEGATIVE NUMBERS.
R  INDICATES RECORD WAS SET OR TIED.
MM INDICATES DATA IS MISSING.
T  INDICATES TRACE AMOUNT.




$$
