000
CDUS46 KPQR 171149
CLIMMV


CLIMATE REPORT
NATIONAL WEATHER SERVICE PORTLAND OREGON
348 AM PST WED DEC 17 2014


...................................

...THE MCMINNVILLE OR CLIMATE SUMMARY FOR DECEMBER 16 2014...

CLIMATE NORMAL PERIOD 1981 TO 2010
CLIMATE RECORD PERIOD 1894 TO 2014


WEATHER ITEM   OBSERVED TIME   RECORD YEAR NORMAL DEPARTURE LAST
                VALUE   (LST)  VALUE       VALUE  FROM      YEAR
                                                  NORMAL
..................................................................
TEMPERATURE (F)
 YESTERDAY
  MAXIMUM         50    217 PM  60    1974  45      5       43
  MINIMUM         41    604 AM   9    1919  33      8       38
  AVERAGE         46                        39      7       41

PRECIPITATION (IN)
  YESTERDAY        0.03          1.17 1970   0.22  -0.19     0.00
  MONTH TO DATE    2.92                      3.12  -0.20     1.08
  SINCE OCT 1     13.12                     13.06   0.06     4.72
  SINCE JAN 1     36.90                     36.77   0.13    21.97

DEGREE DAYS
 HEATING
  YESTERDAY       19                        26     -7       24
  MONTH TO DATE  295                       394    -99      520
  SINCE JUL 1   1082                      1616   -534     1648

 COOLING
  YESTERDAY        0                         0      0        0
  MONTH TO DATE    0                         0      0        0
  SINCE JAN 1    529                       215    314      405
..................................................................


WIND (MPH)
  HIGHEST WIND SPEED    12   HIGHEST WIND DIRECTION     N (350)
  HIGHEST GUST SPEED    24   HIGHEST GUST DIRECTION    SW (230)
  AVERAGE WIND SPEED     7.9


SKY COVER
  POSSIBLE SUNSHINE  MM
  AVERAGE SKY COVER 0.8


WEATHER CONDITIONS
 THE FOLLOWING WEATHER WAS RECORDED YESTERDAY.
  LIGHT RAIN


RELATIVE HUMIDITY (PERCENT)
 HIGHEST    89           400 AM
 LOWEST     71           200 PM
 AVERAGE    80

..........................................................


THE MCMINNVILLE OR CLIMATE NORMALS FOR TODAY
                         NORMAL    RECORD    YEAR
 MAXIMUM TEMPERATURE (F)   45        60      2005
 MINIMUM TEMPERATURE (F)   33         6      1964


SUNRISE AND SUNSET
DECEMBER 17 2014......SUNRISE   746 AM PST   SUNSET   431 PM PST
DECEMBER 18 2014......SUNRISE   747 AM PST   SUNSET   432 PM PST


-  INDICATES NEGATIVE NUMBERS.
R  INDICATES RECORD WAS SET OR TIED.
MM INDICATES DATA IS MISSING.
T  INDICATES TRACE AMOUNT.




$$
