201
CDUS46 KPQR 120028
CLIMMV


CLIMATE REPORT
NATIONAL WEATHER SERVICE PORTLAND OREGON
428 PM PST MON DEC 11 2017


...................................

...THE MCMINNVILLE OR CLIMATE SUMMARY FOR DECEMBER 11 2017...
VALID TODAY AS OF 0400 PM LOCAL TIME.

CLIMATE NORMAL PERIOD 1981 TO 2010
CLIMATE RECORD PERIOD 1894 TO 2017


WEATHER ITEM   OBSERVED TIME   RECORD YEAR NORMAL DEPARTURE LAST
                VALUE   (LST)  VALUE       VALUE  FROM      YEAR
                                                  NORMAL
..................................................................
TEMPERATURE (F)
 TODAY
  MAXIMUM         48    243 PM  62    2014  46      2       47
                                      1924
  MINIMUM         31    812 AM  -1    1972  34     -3       39
  AVERAGE         40                        40      0       43

PRECIPITATION (IN)
  TODAY            0.00                      0.19  -0.19     0.75
  MONTH TO DATE    0.55                      2.11  -1.56     3.27
  SINCE OCT 1     12.71                     12.05   0.66    21.58
  SINCE JAN 1     44.45                     35.76   8.69    46.85

DEGREE DAYS
 HEATING
  TODAY           25                                        22
  MONTH TO DATE  255                                       291
  SINCE DEC 1    255                                       291
  SINCE JUL 1   1228                                      1193

 COOLING
  TODAY            0                                         0
  MONTH TO DATE    0                                         0
  SINCE DEC 1      0                                         0
  SINCE JAN 1    507                                       363
..................................................................


WIND (MPH)
  HIGHEST WIND SPEED    13   HIGHEST WIND DIRECTION     N (350)
  HIGHEST GUST SPEED    14   HIGHEST GUST DIRECTION     N (350)
  AVERAGE WIND SPEED     7.3


SKY COVER
  POSSIBLE SUNSHINE  MM
  AVERAGE SKY COVER 0.0


WEATHER CONDITIONS
 THE FOLLOWING WEATHER WAS RECORDED TODAY.
  NO SIGNIFICANT WEATHER WAS OBSERVED.


RELATIVE HUMIDITY (PERCENT)
 HIGHEST    78           500 AM
 LOWEST     49           100 PM
 AVERAGE    64

..........................................................


THE MCMINNVILLE OR CLIMATE NORMALS FOR TOMORROW
                         NORMAL    RECORD    YEAR
 MAXIMUM TEMPERATURE (F)   46        64      1960
 MINIMUM TEMPERATURE (F)   34       -24      1919


SUNRISE AND SUNSET
DECEMBER 11 2017......SUNRISE   742 AM PST   SUNSET   430 PM PST
DECEMBER 12 2017......SUNRISE   743 AM PST   SUNSET   430 PM PST


-  INDICATES NEGATIVE NUMBERS.
R  INDICATES RECORD WAS SET OR TIED.
MM INDICATES DATA IS MISSING.
T  INDICATES TRACE AMOUNT.




$$
