000
CDUS46 KPQR 261142
CLIMMV


CLIMATE REPORT
NATIONAL WEATHER SERVICE PORTLAND OREGON
442 AM PDT TUE JUL 26 2016


...................................

...THE MCMINNVILLE OR CLIMATE SUMMARY FOR JULY 25 2016...

CLIMATE NORMAL PERIOD 1981 TO 2010
CLIMATE RECORD PERIOD 1894 TO 2016


WEATHER ITEM   OBSERVED TIME   RECORD YEAR NORMAL DEPARTURE LAST
                VALUE   (LST)  VALUE       VALUE  FROM      YEAR
                                                  NORMAL
..................................................................
TEMPERATURE (F)
 YESTERDAY
  MAXIMUM         87    402 PM 107    1928  83      4       74
  MINIMUM         57    505 AM  40    1930  52      5       55
  AVERAGE         72                        67      5       65

PRECIPITATION (IN)
  YESTERDAY        0.00          0.10 1983   0.01  -0.01      T
  MONTH TO DATE    0.35                      0.45  -0.10      T
  SINCE OCT 1     49.54                     37.73  11.81    32.44
  SINCE JAN 1     24.47                     21.70   2.77    16.20

DEGREE DAYS
 HEATING
  YESTERDAY        0                         1     -1        0
  MONTH TO DATE   17                        39    -22        3
  SINCE JUL 1     17                        39    -22        3

 COOLING
  YESTERDAY        7                         3      4        0
  MONTH TO DATE   45                        59    -14      167
  SINCE JAN 1    136                        81     55      297
..................................................................


WIND (MPH)
  HIGHEST WIND SPEED    17   HIGHEST WIND DIRECTION    SW (220)
  HIGHEST GUST SPEED    20   HIGHEST GUST DIRECTION    SW (230)
  AVERAGE WIND SPEED     6.8


SKY COVER
  POSSIBLE SUNSHINE  MM
  AVERAGE SKY COVER 0.0


WEATHER CONDITIONS
 THE FOLLOWING WEATHER WAS RECORDED YESTERDAY.
  NO SIGNIFICANT WEATHER WAS OBSERVED.


RELATIVE HUMIDITY (PERCENT)
 HIGHEST    87           300 AM
 LOWEST     40           100 PM
 AVERAGE    64

..........................................................


THE MCMINNVILLE OR CLIMATE NORMALS FOR TODAY
                         NORMAL    RECORD    YEAR
 MAXIMUM TEMPERATURE (F)   83       104      1939
 MINIMUM TEMPERATURE (F)   52        39      1969


SUNRISE AND SUNSET
JULY 26 2016..........SUNRISE   451 AM PST   SUNSET   746 PM PST
JULY 27 2016..........SUNRISE   452 AM PST   SUNSET   745 PM PST


-  INDICATES NEGATIVE NUMBERS.
R  INDICATES RECORD WAS SET OR TIED.
MM INDICATES DATA IS MISSING.
T  INDICATES TRACE AMOUNT.




$$
