000
CDUS46 KPQR 011142
CLIMMV


CLIMATE REPORT
NATIONAL WEATHER SERVICE PORTLAND OREGON
442 AM PDT WED JUL 1 2015


...................................

...THE MCMINNVILLE OR CLIMATE SUMMARY FOR JUNE 30 2015...

CLIMATE NORMAL PERIOD 1981 TO 2010
CLIMATE RECORD PERIOD 1894 TO 2015


WEATHER ITEM   OBSERVED TIME   RECORD YEAR NORMAL DEPARTURE LAST
                VALUE   (LST)  VALUE       VALUE  FROM      YEAR
                                                  NORMAL
..................................................................
TEMPERATURE (F)
 YESTERDAY
  MAXIMUM         95    401 PM 101    1915  77     18       86
  MINIMUM         58    513 AM  37    1971  49      9       49
  AVERAGE         77                        63     14       68

PRECIPITATION (IN)
  YESTERDAY        0.00          0.70 1916   0.04  -0.04     0.00
  MONTH TO DATE    0.67                      1.53  -0.86     1.26
  SINCE OCT 1     32.44                     37.28  -4.84    27.08
  SINCE JAN 1     16.20                     21.25  -5.05    22.12

DEGREE DAYS
 HEATING
  YESTERDAY        0                         3     -3        0
  MONTH TO DATE   36                       169   -133       92
  SINCE JUL 1   3565                      4871  -1306     4600

 COOLING
  YESTERDAY       12                         1     11        3
  MONTH TO DATE  122                        16    106       10
  SINCE JAN 1    130                        22    108       30
..................................................................


WIND (MPH)
  HIGHEST WIND SPEED    17   HIGHEST WIND DIRECTION     N (10)
  HIGHEST GUST SPEED    22   HIGHEST GUST DIRECTION     N (20)
  AVERAGE WIND SPEED     6.0


SKY COVER
  POSSIBLE SUNSHINE  MM
  AVERAGE SKY COVER 0.0


WEATHER CONDITIONS
 THE FOLLOWING WEATHER WAS RECORDED YESTERDAY.
  NO SIGNIFICANT WEATHER WAS OBSERVED.


RELATIVE HUMIDITY (PERCENT)
 HIGHEST    87           400 AM
 LOWEST     24           400 PM
 AVERAGE    56

..........................................................


THE MCMINNVILLE OR CLIMATE NORMALS FOR TODAY
                         NORMAL    RECORD    YEAR
 MAXIMUM TEMPERATURE (F)   77       100      1942
 MINIMUM TEMPERATURE (F)   49        35      1962


SUNRISE AND SUNSET
JULY  1 2015..........SUNRISE   429 AM PST   SUNSET   804 PM PST
JULY  2 2015..........SUNRISE   429 AM PST   SUNSET   803 PM PST


-  INDICATES NEGATIVE NUMBERS.
R  INDICATES RECORD WAS SET OR TIED.
MM INDICATES DATA IS MISSING.
T  INDICATES TRACE AMOUNT.




$$
