000
CDUS46 KPQR 111145
CLIMMV


CLIMATE REPORT
NATIONAL WEATHER SERVICE PORTLAND OREGON
344 AM PST SUN DEC 11 2016


...................................

...THE MCMINNVILLE OR CLIMATE SUMMARY FOR DECEMBER 10 2016...

CLIMATE NORMAL PERIOD 1981 TO 2010
CLIMATE RECORD PERIOD 1894 TO 2016


WEATHER ITEM   OBSERVED TIME   RECORD YEAR NORMAL DEPARTURE LAST
                VALUE   (LST)  VALUE       VALUE  FROM      YEAR
                                                  NORMAL
..................................................................
TEMPERATURE (F)
 YESTERDAY
  MAXIMUM         46    232 PM  63    2014  46      0       54
  MINIMUM         34    311 AM  -5    1972  34      0       44
  AVERAGE         40                        40      0       49

PRECIPITATION (IN)
  YESTERDAY        0.48          1.94 1992   0.19   0.29     0.85
  MONTH TO DATE    2.52                      1.92   0.60     7.51
  SINCE OCT 1     20.83                     11.86   8.97    17.23
  SINCE JAN 1     46.10                     35.57  10.53    35.33

DEGREE DAYS
 HEATING
  YESTERDAY       25                        25      0       16
  MONTH TO DATE  269                       241     28      164
  SINCE JUL 1   1171                      1463   -292     1130

 COOLING
  YESTERDAY        0                         0      0        0
  MONTH TO DATE    0                         0      0        0
  SINCE JAN 1    363                       215    148      530
..................................................................


WIND (MPH)
  HIGHEST WIND SPEED    23   HIGHEST WIND DIRECTION    SW (230)
  HIGHEST GUST SPEED    33   HIGHEST GUST DIRECTION    SW (220)
  AVERAGE WIND SPEED     4.3


SKY COVER
  POSSIBLE SUNSHINE  MM
  AVERAGE SKY COVER 0.9


WEATHER CONDITIONS
 THE FOLLOWING WEATHER WAS RECORDED YESTERDAY.
  RAIN
  LIGHT RAIN
  FOG
  FOG W/VISIBILITY <= 1/4 MILE


RELATIVE HUMIDITY (PERCENT)
 HIGHEST   100           600 AM
 LOWEST     83           400 PM
 AVERAGE    92

..........................................................


THE MCMINNVILLE OR CLIMATE NORMALS FOR TODAY
                         NORMAL    RECORD    YEAR
 MAXIMUM TEMPERATURE (F)   46        62      2014
                                             1924
 MINIMUM TEMPERATURE (F)   34        -1      1972


SUNRISE AND SUNSET
DECEMBER 11 2016......SUNRISE   742 AM PST   SUNSET   430 PM PST
DECEMBER 12 2016......SUNRISE   743 AM PST   SUNSET   430 PM PST


-  INDICATES NEGATIVE NUMBERS.
R  INDICATES RECORD WAS SET OR TIED.
MM INDICATES DATA IS MISSING.
T  INDICATES TRACE AMOUNT.




$$
