621
CDUS46 KSTO 210040
CLIMOD


CLIMATE REPORT
NATIONAL WEATHER SERVICE SACRAMENTO, CA
540 PM PDT FRI OCT 20 2017


...................................

...THE MODESTO CA CLIMATE SUMMARY FOR OCTOBER 20 2017...
VALID TODAY AS OF 0500 PM LOCAL TIME.

CLIMATE NORMAL PERIOD 1981 TO 2010
CLIMATE RECORD PERIOD 1931 TO 2017


WEATHER ITEM   OBSERVED TIME   RECORD YEAR NORMAL DEPARTURE LAST
                VALUE   (LST)  VALUE       VALUE  FROM      YEAR
                                                  NORMAL
..................................................................
TEMPERATURE (F)
 TODAY
  MAXIMUM         67    319 PM  90    1964  77    -10       82
  MINIMUM         51    651 AM  31    1949  52     -1       50
  AVERAGE         59

PRECIPITATION (IN)
  TODAY            0.12          0.24 1944   0.03   0.09     0.00
  MONTH TO DATE    0.12                      0.36  -0.24     0.23
  SINCE OCT 1      0.12                      0.36  -0.24     0.23
  SINCE JAN 1     12.02                      9.39   2.63    11.43

SNOWFALL (IN)
  TODAY            0.0           0.0  2002
                                      2001
  MONTH TO DATE    0.0
  SINCE SEP 1      0.0
  SINCE JUL 1      0.0

DEGREE DAYS
 HEATING
  TODAY            6                         2      4        0
  MONTH TO DATE   25                        21      4       13
  SINCE SEP 1     28                        24      4       16
  SINCE JUL 1     28                        24      4       16

 COOLING
  TODAY            0                         2     -2        1
  MONTH TO DATE   29                        75    -46       43
  SINCE SEP 1    362                       351     11      338
  SINCE JAN 1   2097                      1687    410     1955
..................................................................


WIND (MPH)
  RESULTANT WIND SPEED   6   RESULTANT WIND DIRECTION  NW (320)
  HIGHEST WIND SPEED    23   HIGHEST WIND DIRECTION    NW (310)
  HIGHEST GUST SPEED    30   HIGHEST GUST DIRECTION    NW (300)


SKY COVER
  POSSIBLE SUNSHINE  MM
  AVERAGE SKY COVER 0.3


WEATHER CONDITIONS
 THE FOLLOWING WEATHER WAS RECORDED TODAY.
  HEAVY RAIN
  RAIN
  LIGHT RAIN
  FOG
  HAZE


RELATIVE HUMIDITY (PERCENT)
 HIGHEST    96           700 AM
 LOWEST     42           300 PM
 AVERAGE    69

..........................................................


THE MODESTO CA CLIMATE NORMALS FOR TOMORROW
                         NORMAL    RECORD    YEAR
 MAXIMUM TEMPERATURE (F)   77        91      1991
 MINIMUM TEMPERATURE (F)   51        31      1949


SUNRISE AND SUNSET
OCTOBER 20 2017.......SUNRISE   717 AM PDT   SUNSET   619 PM PDT
OCTOBER 21 2017.......SUNRISE   718 AM PDT   SUNSET   618 PM PDT


-  INDICATES NEGATIVE NUMBERS.
R  INDICATES RECORD WAS SET OR TIED.
MM INDICATES DATA IS MISSING.
T  INDICATES TRACE AMOUNT.




$$
