000
CDUS46 KSTO 241444
CLIMOD


CLIMATE REPORT
NATIONAL WEATHER SERVICE SACRAMENTO, CA
743 AM PDT THU APR 24 2014


...................................

...THE MODESTO CA CLIMATE SUMMARY FOR APRIL 23 2014...

CLIMATE NORMAL PERIOD 1981 TO 2010
CLIMATE RECORD PERIOD 1931 TO 2014


WEATHER ITEM   OBSERVED TIME   RECORD YEAR NORMAL DEPARTURE LAST
                VALUE   (LST)  VALUE       VALUE  FROM      YEAR
                                                  NORMAL
..................................................................
TEMPERATURE (F)
 YESTERDAY
  MAXIMUM         73    343 PM  95    1946  77     -4       85
  MINIMUM         46    447 AM  37    1932  51     -5       59
  AVERAGE         60

PRECIPITATION (IN)
  YESTERDAY        0.00          0.70 1988   0.02  -0.02     0.00
  MONTH TO DATE    0.59                      0.78  -0.19     0.34
  SINCE JUL 1      6.63                     12.17  -5.54     8.88
  SINCE JAN 1      5.14                      7.81  -2.67     3.00

SNOWFALL (IN)
  YESTERDAY        0.0          MM      MM
  MONTH TO DATE    0.0
  SINCE MAR 1      0.0
  SINCE JUL 1      0.0
  SNOW DEPTH       0

DEGREE DAYS
 HEATING
  YESTERDAY        5                         3      2        0
  MONTH TO DATE   74                       111    -37       57
  SINCE MAR 1    235                       348   -113      226
  SINCE JUL 1   1933                      2116   -183     2139

 COOLING
  YESTERDAY        0                         2     -2        7
  MONTH TO DATE   47                        23     24       30
  SINCE MAR 1     47                        28     19       35
  SINCE JAN 1     47                        28     19       35
..................................................................


WIND (MPH)
  RESULTANT WIND SPEED  13   RESULTANT WIND DIRECTION  NW (320)
  HIGHEST WIND SPEED    22   HIGHEST WIND DIRECTION    NW (330)
  HIGHEST GUST SPEED    28   HIGHEST GUST DIRECTION    NW (310)


SKY COVER
  POSSIBLE SUNSHINE  MM
  AVERAGE SKY COVER 0.0


WEATHER CONDITIONS
 THE FOLLOWING WEATHER WAS RECORDED YESTERDAY.
  NO SIGNIFICANT WEATHER WAS OBSERVED.


RELATIVE HUMIDITY (PERCENT)
 HIGHEST    71           500 AM
 LOWEST     22           300 PM
 AVERAGE    47

..........................................................


THE MODESTO CA CLIMATE NORMALS FOR TODAY
                         NORMAL    RECORD    YEAR
 MAXIMUM TEMPERATURE (F)   77        90      1966
 MINIMUM TEMPERATURE (F)   51        36      1964


SUNRISE AND SUNSET
APRIL 24 2014.........SUNRISE   617 AM PDT   SUNSET   748 PM PDT
APRIL 25 2014.........SUNRISE   615 AM PDT   SUNSET   749 PM PDT


-  INDICATES NEGATIVE NUMBERS.
R  INDICATES RECORD WAS SET OR TIED.
MM INDICATES DATA IS MISSING.
T  INDICATES TRACE AMOUNT.




$$
