000
CDUS46 KSTO 040837
CLIMOD


CLIMATE REPORT
NATIONAL WEATHER SERVICE SACRAMENTO, CA
1237 AM PST WED MAR 4 2015


...................................

...THE MODESTO CA CLIMATE SUMMARY FOR MARCH 3 2015...

CLIMATE NORMAL PERIOD 1981 TO 2010
CLIMATE RECORD PERIOD 1931 TO 2015


WEATHER ITEM   OBSERVED TIME   RECORD YEAR NORMAL DEPARTURE LAST
                VALUE   (LST)  VALUE       VALUE  FROM      YEAR
                                                  NORMAL
..................................................................
TEMPERATURE (F)
 YESTERDAY
  MAXIMUM         65    419 PM  80    1959  67     -2       62
  MINIMUM         41    709 AM  29    1966  45     -4       46
  AVERAGE         53

PRECIPITATION (IN)
  YESTERDAY        0.00          0.74 1938   0.08  -0.08     0.23
  MONTH TO DATE    0.00                      0.25  -0.25     0.43
  SINCE OCT 1      9.16                      9.32  -0.16     4.71
  SINCE JAN 1      1.76                      5.24  -3.48     3.35

SNOWFALL (IN)
  YESTERDAY        0.0          MM      MM
  MONTH TO DATE    0.0
  SINCE MAR 1      0.0
  SINCE JUL 1      0.0
  SNOW DEPTH       0

DEGREE DAYS
 HEATING
  YESTERDAY       12                         9      3       11
  MONTH TO DATE   35                        27      8       26
  SINCE MAR 1     35                        27      8       26
  SINCE JUL 1   1447                      1795   -348     1724

 COOLING
  YESTERDAY        0                         0      0        0
  MONTH TO DATE    0                         0      0        0
  SINCE MAR 1      0                         0      0        0
  SINCE JAN 1      0                         0      0        0
..................................................................


WIND (MPH)
  RESULTANT WIND SPEED   7   RESULTANT WIND DIRECTION  NW (300)
  HIGHEST WIND SPEED    20   HIGHEST WIND DIRECTION     W (290)
  HIGHEST GUST SPEED    24   HIGHEST GUST DIRECTION    NW (330)


SKY COVER
  POSSIBLE SUNSHINE  MM
  AVERAGE SKY COVER 0.0


WEATHER CONDITIONS
 THE FOLLOWING WEATHER WAS RECORDED YESTERDAY.
  FOG


RELATIVE HUMIDITY (PERCENT)
 HIGHEST    89           200 AM
 LOWEST     43           300 PM
 AVERAGE    66

..........................................................


THE MODESTO CA CLIMATE NORMALS FOR TODAY
                         NORMAL    RECORD    YEAR
 MAXIMUM TEMPERATURE (F)   67        79      1986
 MINIMUM TEMPERATURE (F)   46        30      1939


SUNRISE AND SUNSET
MARCH  4 2015.........SUNRISE   631 AM PST   SUNSET   600 PM PST
MARCH  5 2015.........SUNRISE   630 AM PST   SUNSET   601 PM PST


-  INDICATES NEGATIVE NUMBERS.
R  INDICATES RECORD WAS SET OR TIED.
MM INDICATES DATA IS MISSING.
T  INDICATES TRACE AMOUNT.




$$
