000
CDUS46 KSTO 200038
CLIMOD


CLIMATE REPORT
NATIONAL WEATHER SERVICE SACRAMENTO, CA
537 PM PDT SUN OCT 19 2014


...................................

...THE MODESTO CA CLIMATE SUMMARY FOR OCTOBER 19 2014...
VALID TODAY AS OF 0500 PM LOCAL TIME.

CLIMATE NORMAL PERIOD 1981 TO 2010
CLIMATE RECORD PERIOD 1931 TO 2014


WEATHER ITEM   OBSERVED TIME   RECORD YEAR NORMAL DEPARTURE LAST
                VALUE   (LST)  VALUE       VALUE  FROM      YEAR
                                                  NORMAL
..................................................................
TEMPERATURE (F)
 TODAY
  MAXIMUM         83    340 PM  88    1991  78      5       83
  MINIMUM         51    319 AM  37    1949  52     -1       47
  AVERAGE         67

PRECIPITATION (IN)
  TODAY            0.00          0.28 2004   0.02  -0.02     0.00
  MONTH TO DATE    0.00                      0.33  -0.33     0.00
  SINCE JUL 1      0.30                      0.61  -0.31     0.13
  SINCE JAN 1      5.81                      9.36  -3.55     3.34

SNOWFALL (IN)
  TODAY            0.0           0.0  2002
                                      2001
  MONTH TO DATE    0.0
  SINCE SEP 1      0.0
  SINCE JUL 1      0.0

DEGREE DAYS
 HEATING
  TODAY            0                         2     -2        0
  MONTH TO DATE    0                        19    -19       25
  SINCE SEP 1      1                        22    -21       27
  SINCE JUL 1      1                        22    -21       27

 COOLING
  TODAY            2                         2      0        0
  MONTH TO DATE  124                        73     51       10
  SINCE SEP 1    423                       349     74      244
  SINCE JAN 1   1852                      1685    167     1716
..................................................................


WIND (MPH)
  RESULTANT WIND SPEED   1   RESULTANT WIND DIRECTION  SE (120)
  HIGHEST WIND SPEED     6   HIGHEST WIND DIRECTION     W (280)
  HIGHEST GUST SPEED     9   HIGHEST GUST DIRECTION     N (360)


SKY COVER
  POSSIBLE SUNSHINE  MM
  AVERAGE SKY COVER 0.0


WEATHER CONDITIONS
 THE FOLLOWING WEATHER WAS RECORDED TODAY.
  NO SIGNIFICANT WEATHER WAS OBSERVED.


RELATIVE HUMIDITY (PERCENT)
 HIGHEST    96           500 AM
 LOWEST     31           400 PM
 AVERAGE    64

..........................................................


THE MODESTO CA CLIMATE NORMALS FOR TOMORROW
                         NORMAL    RECORD    YEAR
 MAXIMUM TEMPERATURE (F)   77        90      1964
 MINIMUM TEMPERATURE (F)   52        31      1949


SUNRISE AND SUNSET
OCTOBER 19 2014.......SUNRISE   716 AM PDT   SUNSET   621 PM PDT
OCTOBER 20 2014.......SUNRISE   717 AM PDT   SUNSET   620 PM PDT


-  INDICATES NEGATIVE NUMBERS.
R  INDICATES RECORD WAS SET OR TIED.
MM INDICATES DATA IS MISSING.
T  INDICATES TRACE AMOUNT.




$$
