000
CDUS46 KSTO 040834
CLIMOD


CLIMATE REPORT
NATIONAL WEATHER SERVICE SACRAMENTO, CA
1234 AM PST SUN DEC 4 2016


...................................

...THE MODESTO CA CLIMATE SUMMARY FOR DECEMBER 3 2016...

CLIMATE NORMAL PERIOD 1981 TO 2010
CLIMATE RECORD PERIOD 1931 TO 2016


WEATHER ITEM   OBSERVED TIME   RECORD YEAR NORMAL DEPARTURE LAST
                VALUE   (LST)  VALUE       VALUE  FROM      YEAR
                                                  NORMAL
..................................................................
TEMPERATURE (F)
 YESTERDAY
  MAXIMUM         61    249 PM  71    1958  59      2       63
  MINIMUM         36    751 AM  28    2004  41     -5       40
                                      1936
  AVERAGE         49

PRECIPITATION (IN)
  YESTERDAY        0.00          1.30 1974   0.05  -0.05     0.29
  MONTH TO DATE    0.00                      0.16  -0.16     0.29
  SINCE OCT 1      2.99                      2.20   0.79     2.71
  SINCE JAN 1     14.19                     11.23   2.96     5.56

SNOWFALL (IN)
  YESTERDAY        0.0          MM      MM
  MONTH TO DATE    0.0
  SINCE DEC 1      0.0
  SINCE JUL 1      0.0
  SNOW DEPTH       0

DEGREE DAYS
 HEATING
  YESTERDAY       16                        15      1       13
  MONTH TO DATE   44                        45     -1       48
  SINCE DEC 1     44                        45     -1       48
  SINCE JUL 1    257                       406   -149      419

 COOLING
  YESTERDAY        0                         0      0        0
  MONTH TO DATE    0                         0      0        0
  SINCE DEC 1      0                         0      0        0
  SINCE JAN 1   1982                      1699    283     2087
..................................................................


WIND (MPH)
  RESULTANT WIND SPEED   1   RESULTANT WIND DIRECTION   E (90)
  HIGHEST WIND SPEED     9   HIGHEST WIND DIRECTION    NW (310)
  HIGHEST GUST SPEED    16   HIGHEST GUST DIRECTION     W (260)


SKY COVER
  POSSIBLE SUNSHINE  MM
  AVERAGE SKY COVER 0.0


WEATHER CONDITIONS
 THE FOLLOWING WEATHER WAS RECORDED YESTERDAY.
  FOG
  HAZE


RELATIVE HUMIDITY (PERCENT)
 HIGHEST    92           500 AM
 LOWEST     39           200 PM
 AVERAGE    66

..........................................................


THE MODESTO CA CLIMATE NORMALS FOR TODAY
                         NORMAL    RECORD    YEAR
 MAXIMUM TEMPERATURE (F)   58        73      1958
 MINIMUM TEMPERATURE (F)   41        28      2004
                                             1948


SUNRISE AND SUNSET
DECEMBER  4 2016......SUNRISE   703 AM PST   SUNSET   445 PM PST
DECEMBER  5 2016......SUNRISE   704 AM PST   SUNSET   445 PM PST


-  INDICATES NEGATIVE NUMBERS.
R  INDICATES RECORD WAS SET OR TIED.
MM INDICATES DATA IS MISSING.
T  INDICATES TRACE AMOUNT.




$$
