000
CDUS46 KSTO 260039
CLIMOD


CLIMATE REPORT
NATIONAL WEATHER SERVICE SACRAMENTO, CA
539 PM PDT SUN JUN 25 2017


...................................

...THE MODESTO CA CLIMATE SUMMARY FOR JUNE 25 2017...
VALID TODAY AS OF 0500 PM LOCAL TIME.

CLIMATE NORMAL PERIOD 1981 TO 2010
CLIMATE RECORD PERIOD 1931 TO 2017


WEATHER ITEM   OBSERVED TIME   RECORD YEAR NORMAL DEPARTURE LAST
                VALUE   (LST)  VALUE       VALUE  FROM      YEAR
                                                  NORMAL
..................................................................
TEMPERATURE (F)
 TODAY
  MAXIMUM         95    306 PM 109    1964  92      3      101
  MINIMUM         67    454 AM  46    1965  61      6       64
  AVERAGE         81

PRECIPITATION (IN)
  TODAY            0.00          0.04 1988   0.00   0.00     0.00
  MONTH TO DATE    T                         0.11  -0.11     0.00
  SINCE OCT 1     16.93                     12.82   4.11    15.61
  SINCE JAN 1     11.90                      8.74   3.16    11.20

SNOWFALL (IN)
  TODAY            0.0          MM      MM
  MONTH TO DATE    0.0
  SINCE JUN 1      0.0
  SINCE JUL 1      0.0

DEGREE DAYS
 HEATING
  TODAY            0                         0      0        0
  MONTH TO DATE    6                         0      6        2
  SINCE JUN 1      6                         0      6        2
  SINCE JUL 1   1814                      2168   -354     1836

 COOLING
  TODAY           16                        12      4       18
  MONTH TO DATE  342                       236    106      323
  SINCE JUN 1    342                       236    106      323
  SINCE JAN 1    564                       435    129      571
..................................................................


WIND (MPH)
  RESULTANT WIND SPEED   7   RESULTANT WIND DIRECTION  NW (330)
  HIGHEST WIND SPEED    21   HIGHEST WIND DIRECTION     N (340)
  HIGHEST GUST SPEED    43   HIGHEST GUST DIRECTION     E (90)


SKY COVER
  POSSIBLE SUNSHINE  MM
  AVERAGE SKY COVER 0.0


WEATHER CONDITIONS
 THE FOLLOWING WEATHER WAS RECORDED TODAY.
  NO SIGNIFICANT WEATHER WAS OBSERVED.


RELATIVE HUMIDITY (PERCENT)
 HIGHEST    68           500 AM
 LOWEST     30           100 PM
 AVERAGE    49

..........................................................


THE MODESTO CA CLIMATE NORMALS FOR TOMORROW
                         NORMAL    RECORD    YEAR
 MAXIMUM TEMPERATURE (F)   92       105      2015
                                             2003
 MINIMUM TEMPERATURE (F)   62        43      1965


SUNRISE AND SUNSET
JUNE 25 2017..........SUNRISE   544 AM PDT   SUNSET   829 PM PDT
JUNE 26 2017..........SUNRISE   544 AM PDT   SUNSET   829 PM PDT


-  INDICATES NEGATIVE NUMBERS.
R  INDICATES RECORD WAS SET OR TIED.
MM INDICATES DATA IS MISSING.
T  INDICATES TRACE AMOUNT.




$$
