000
CDUS46 KSTO 240841
CLIMOD


CLIMATE REPORT
NATIONAL WEATHER SERVICE SACRAMENTO, CA
137 AM PDT FRI OCT 24 2014


...................................

...THE MODESTO CA CLIMATE SUMMARY FOR OCTOBER 23 2014...

CLIMATE NORMAL PERIOD 1981 TO 2010
CLIMATE RECORD PERIOD 1931 TO 2014


WEATHER ITEM   OBSERVED TIME   RECORD YEAR NORMAL DEPARTURE LAST
                VALUE   (LST)  VALUE       VALUE  FROM      YEAR
                                                  NORMAL
..................................................................
TEMPERATURE (F)
 YESTERDAY
  MAXIMUM         79    117 PM  92    1965  76      3       82
  MINIMUM         52    231 AM  31    1949  51      1       49
  AVERAGE         66

PRECIPITATION (IN)
  YESTERDAY        0.00          0.52 1989   0.03  -0.03     0.00
  MONTH TO DATE    0.00                      0.43  -0.43     0.00
  SINCE JUL 1      0.30                      0.71  -0.41     0.13
  SINCE JAN 1      5.81                      9.46  -3.65     3.34

SNOWFALL (IN)
  YESTERDAY        0.0           0.0  2002
                                      2001
  MONTH TO DATE    0.0
  SINCE SEP 1      0.0
  SINCE JUL 1      0.0
  SNOW DEPTH       0

DEGREE DAYS
 HEATING
  YESTERDAY        0                         3     -3        0
  MONTH TO DATE    5                        29    -24       26
  SINCE SEP 1      6                        32    -26       28
  SINCE JUL 1      6                        32    -26       28

 COOLING
  YESTERDAY        1                         1      0        1
  MONTH TO DATE  127                        78     49       12
  SINCE SEP 1    426                       354     72      246
  SINCE JAN 1   1855                      1690    165     1718
..................................................................


WIND (MPH)
  RESULTANT WIND SPEED   3   RESULTANT WIND DIRECTION  NW (320)
  HIGHEST WIND SPEED    13   HIGHEST WIND DIRECTION     W (290)
  HIGHEST GUST SPEED    15   HIGHEST GUST DIRECTION     W (290)


SKY COVER
  POSSIBLE SUNSHINE  MM
  AVERAGE SKY COVER 0.0


WEATHER CONDITIONS
 THE FOLLOWING WEATHER WAS RECORDED YESTERDAY.
  NO SIGNIFICANT WEATHER WAS OBSERVED.


RELATIVE HUMIDITY (PERCENT)
 HIGHEST    83           200 AM
 LOWEST     33           100 PM
 AVERAGE    58

..........................................................


THE MODESTO CA CLIMATE NORMALS FOR TODAY
                         NORMAL    RECORD    YEAR
 MAXIMUM TEMPERATURE (F)   76        93      1959
 MINIMUM TEMPERATURE (F)   51        35      1949


SUNRISE AND SUNSET
OCTOBER 24 2014.......SUNRISE   721 AM PDT   SUNSET   615 PM PDT
OCTOBER 25 2014.......SUNRISE   722 AM PDT   SUNSET   613 PM PDT


-  INDICATES NEGATIVE NUMBERS.
R  INDICATES RECORD WAS SET OR TIED.
MM INDICATES DATA IS MISSING.
T  INDICATES TRACE AMOUNT.




$$
