000
CDUS46 KSTO 280034
CLIMOD


CLIMATE REPORT
NATIONAL WEATHER SERVICE SACRAMENTO, CA
533 PM PDT FRI MAY 27 2016


...................................

...THE MODESTO CA CLIMATE SUMMARY FOR MAY 27 2016...
VALID TODAY AS OF 0500 PM LOCAL TIME.

CLIMATE NORMAL PERIOD 1981 TO 2010
CLIMATE RECORD PERIOD 1931 TO 2016


WEATHER ITEM   OBSERVED TIME   RECORD YEAR NORMAL DEPARTURE LAST
                VALUE   (LST)  VALUE       VALUE  FROM      YEAR
                                                  NORMAL
..................................................................
TEMPERATURE (F)
 TODAY
  MAXIMUM         90    332 PM 100    1984  85      5       85
  MINIMUM         56    502 AM  46    1961  57     -1       54
  AVERAGE         73

PRECIPITATION (IN)
  TODAY            0.00          0.64 1990   0.02  -0.02     0.00
  MONTH TO DATE    0.25                      0.58  -0.33     0.27
  SINCE OCT 1     15.61                     12.66   2.95    10.25
  SINCE JAN 1     11.20                      8.58   2.62     2.85

SNOWFALL (IN)
  TODAY            0.0          MM      MM
  MONTH TO DATE    0.0
  SINCE MAR 1      0.0
  SINCE JUL 1      0.0

DEGREE DAYS
 HEATING
  TODAY            0                         0      0        0
  MONTH TO DATE   16                        33    -17       23
  SINCE MAR 1    242                       399   -157      200
  SINCE JUL 1   1834                      2167   -333     1612

 COOLING
  TODAY            8                         7      1        5
  MONTH TO DATE  135                       127      8       62
  SINCE MAR 1    189                       171     18      145
  SINCE JAN 1    189                       171     18      145
..................................................................


WIND (MPH)
  RESULTANT WIND SPEED   7   RESULTANT WIND DIRECTION  NW (320)
  HIGHEST WIND SPEED    17   HIGHEST WIND DIRECTION    NW (320)
  HIGHEST GUST SPEED    22   HIGHEST GUST DIRECTION    NW (320)


SKY COVER
  POSSIBLE SUNSHINE  MM
  AVERAGE SKY COVER 0.0


WEATHER CONDITIONS
 THE FOLLOWING WEATHER WAS RECORDED TODAY.
  NO SIGNIFICANT WEATHER WAS OBSERVED.


RELATIVE HUMIDITY (PERCENT)
 HIGHEST    67           500 AM
 LOWEST     24           300 PM
 AVERAGE    46

..........................................................


THE MODESTO CA CLIMATE NORMALS FOR TOMORROW
                         NORMAL    RECORD    YEAR
 MAXIMUM TEMPERATURE (F)   86       105      1984
 MINIMUM TEMPERATURE (F)   57        43      1969


SUNRISE AND SUNSET
MAY 27 2016...........SUNRISE   546 AM PDT   SUNSET   817 PM PDT
MAY 28 2016...........SUNRISE   545 AM PDT   SUNSET   817 PM PDT


-  INDICATES NEGATIVE NUMBERS.
R  INDICATES RECORD WAS SET OR TIED.
MM INDICATES DATA IS MISSING.
T  INDICATES TRACE AMOUNT.




$$
