000
CDUS43 KBIS 010807
CLIMOT


CLIMATE REPORT
NATIONAL WEATHER SERVICE BISMARCK ND
307 AM CDT WED JUL 1 2015


...................................

...THE MINOT ND CLIMATE SUMMARY FOR JUNE 30 2015...

CLIMATE NORMAL PERIOD 1981 TO 2010
CLIMATE RECORD PERIOD 1897 TO 2015


WEATHER ITEM   OBSERVED TIME   RECORD YEAR NORMAL DEPARTURE LAST
                VALUE   (LST)  VALUE       VALUE  FROM      YEAR
                                                  NORMAL
..................................................................
TEMPERATURE (F)
 YESTERDAY
  MAXIMUM         72    113 PM 103    1921  79     -7       71
  MINIMUM         63   1139 PM  39    1918  56      7       56
  AVERAGE         68                        68      0       64

PRECIPITATION (IN)
  YESTERDAY        0.00          1.29 1991   0.11  -0.11     0.18
  MONTH TO DATE    4.03                      3.58   0.45     5.34
  SINCE JUN 1      4.03                      3.58   0.45     5.34
  SINCE JAN 1      8.16                      8.97  -0.81     9.15

DEGREE DAYS
 COOLING
  YESTERDAY        3                         4     -1        0
  MONTH TO DATE   74                        73      1       22
  SINCE JUN 1     74                        73      1       22
  SINCE JAN 1     81                        89     -8       63
..................................................................


WIND (MPH)
  HIGHEST WIND SPEED    14   HIGHEST WIND DIRECTION    NW (320)
  HIGHEST GUST SPEED    19   HIGHEST GUST DIRECTION    NW (320)
  AVERAGE WIND SPEED     4.0


SKY COVER
  POSSIBLE SUNSHINE  MM
  AVERAGE SKY COVER 0.9


WEATHER CONDITIONS
 THE FOLLOWING WEATHER WAS RECORDED YESTERDAY.
  FOG
  HAZE


RELATIVE HUMIDITY (PERCENT)
 HIGHEST    93           900 AM
 LOWEST     73           100 PM
 AVERAGE    83

..........................................................


THE MINOT ND CLIMATE NORMALS FOR TODAY
                         NORMAL    RECORD    YEAR
 MAXIMUM TEMPERATURE (F)   79        94      2003
                                             1937
 MINIMUM TEMPERATURE (F)   57        37      1927


SUNRISE AND SUNSET
JULY  1 2015..........SUNRISE   548 AM CDT   SUNSET   949 PM CDT
JULY  2 2015..........SUNRISE   549 AM CDT   SUNSET   949 PM CDT


-  INDICATES NEGATIVE NUMBERS.
R  INDICATES RECORD WAS SET OR TIED.
MM INDICATES DATA IS MISSING.
T  INDICATES TRACE AMOUNT.




$$
