000
CDUS43 KBIS 290806
CLIMOT


CLIMATE REPORT
NATIONAL WEATHER SERVICE BISMARCK ND
306 AM CDT FRI AUG 29 2014


...................................

...THE MINOT ND CLIMATE SUMMARY FOR AUGUST 28 2014...

CLIMATE NORMAL PERIOD 1981 TO 2010
CLIMATE RECORD PERIOD 1905 TO 2014


WEATHER ITEM   OBSERVED TIME   RECORD YEAR NORMAL DEPARTURE LAST
                VALUE   (LST)  VALUE       VALUE  FROM      YEAR
                                                  NORMAL
..................................................................
TEMPERATURE (F)
 YESTERDAY
  MAXIMUM         86    425 PM 101    1971  78      8       91
  MINIMUM         59   1208 AM  29    1917  53      6       64
  AVERAGE         73                        66      7       78

PRECIPITATION (IN)
  YESTERDAY        0.00          0.90 1997   0.07  -0.07     0.00
  MONTH TO DATE    2.84                      1.86   0.98     2.16
  SINCE JUN 1      9.90                      7.87   2.03    11.20
  SINCE JAN 1     13.71                     13.26   0.45    19.57

DEGREE DAYS
 COOLING
  YESTERDAY        8                         3      5       13
  MONTH TO DATE  133                       143    -10      146
  SINCE JUN 1    264                       385   -121      333
  SINCE JAN 1    305                       401    -96      343
..................................................................


WIND (MPH)
  HIGHEST WIND SPEED    17   HIGHEST WIND DIRECTION     S (180)
  HIGHEST GUST SPEED    24   HIGHEST GUST DIRECTION     S (180)
  AVERAGE WIND SPEED    10.2


SKY COVER
  POSSIBLE SUNSHINE  MM
  AVERAGE SKY COVER 0.3


WEATHER CONDITIONS
 THE FOLLOWING WEATHER WAS RECORDED YESTERDAY.
  FOG


RELATIVE HUMIDITY (PERCENT)
 HIGHEST    93           200 AM
 LOWEST     32           100 PM
 AVERAGE    63

..........................................................


THE MINOT ND CLIMATE NORMALS FOR TODAY
                         NORMAL    RECORD    YEAR
 MAXIMUM TEMPERATURE (F)   78       104      2012
 MINIMUM TEMPERATURE (F)   53        27      1915


SUNRISE AND SUNSET
AUGUST 29 2014........SUNRISE   659 AM CDT   SUNSET   832 PM CDT
AUGUST 30 2014........SUNRISE   700 AM CDT   SUNSET   830 PM CDT


-  INDICATES NEGATIVE NUMBERS.
R  INDICATES RECORD WAS SET OR TIED.
MM INDICATES DATA IS MISSING.
T  INDICATES TRACE AMOUNT.




$$
