000
CDUS43 KBIS 210742
CLIMOT


CLIMATE REPORT
NATIONAL WEATHER SERVICE BISMARCK ND
141 AM CST FRI NOV 21 2014


...................................

...THE MINOT ND CLIMATE SUMMARY FOR NOVEMBER 20 2014...

CLIMATE NORMAL PERIOD 1981 TO 2010
CLIMATE RECORD PERIOD 1905 TO 2014


WEATHER ITEM   OBSERVED TIME   RECORD YEAR NORMAL DEPARTURE LAST
                VALUE   (LST)  VALUE       VALUE  FROM      YEAR
                                                  NORMAL
..................................................................
TEMPERATURE (F)
 YESTERDAY
  MAXIMUM         23   1159 PM  65    1908  34    -11       23
  MINIMUM          3    755 AM -19    1921  18    -15        5
  AVERAGE         13                        26    -13       14

PRECIPITATION (IN)
  YESTERDAY        0.00          1.02 1977   0.02  -0.02     0.08
  MONTH TO DATE    0.08                      0.56  -0.48     0.15
  SINCE SEP 1      1.21                      3.18  -1.97     4.63
  SINCE JAN 1     15.85                     16.62  -0.77    24.81

DEGREE DAYS
 HEATING
  YESTERDAY       52                        39     13       51
  MONTH TO DATE  823                       677    146      671
  SINCE SEP 1   1594                      1566     28     1495
  SINCE JUL 1   1662                      1637     25     1564
..................................................................


WIND (MPH)
  HIGHEST WIND SPEED    21   HIGHEST WIND DIRECTION     S (200)
  HIGHEST GUST SPEED    27   HIGHEST GUST DIRECTION     S (200)
  AVERAGE WIND SPEED     9.5


SKY COVER
  POSSIBLE SUNSHINE  MM
  AVERAGE SKY COVER 0.2


WEATHER CONDITIONS
 THE FOLLOWING WEATHER WAS RECORDED YESTERDAY.
  NO SIGNIFICANT WEATHER WAS OBSERVED.


RELATIVE HUMIDITY (PERCENT)
 HIGHEST    86           500 AM
 LOWEST     57           200 PM
 AVERAGE    72

..........................................................


THE MINOT ND CLIMATE NORMALS FOR TODAY
                         NORMAL    RECORD    YEAR
 MAXIMUM TEMPERATURE (F)   33        60      1939
 MINIMUM TEMPERATURE (F)   17       -20      1921


SUNRISE AND SUNSET
NOVEMBER 21 2014......SUNRISE   801 AM CST   SUNSET   500 PM CST
NOVEMBER 22 2014......SUNRISE   803 AM CST   SUNSET   459 PM CST


-  INDICATES NEGATIVE NUMBERS.
R  INDICATES RECORD WAS SET OR TIED.
MM INDICATES DATA IS MISSING.
T  INDICATES TRACE AMOUNT.




$$
