000
CDUS43 KBIS 301245
CLIMOT


CLIMATE REPORT
NATIONAL WEATHER SERVICE BISMARCK ND
745 AM CDT SUN AUG 30 2015


...................................

...THE MINOT ND CLIMATE SUMMARY FOR AUGUST 29 2015...

CLIMATE NORMAL PERIOD 1981 TO 2010
CLIMATE RECORD PERIOD 1897 TO 2015


WEATHER ITEM   OBSERVED TIME   RECORD YEAR NORMAL DEPARTURE LAST
                VALUE   (LST)  VALUE       VALUE  FROM      YEAR
                                                  NORMAL
..................................................................
TEMPERATURE (F)
 YESTERDAY
  MAXIMUM         94    439 PM 104    2012  78     16       71
  MINIMUM         60    604 AM  27    1915  53      7       51
  AVERAGE         77                        65     12       61

PRECIPITATION (IN)
  YESTERDAY        0.00          3.78 1964   0.06  -0.06     0.00
  MONTH TO DATE    1.26                      1.92  -0.66     2.84
  SINCE JUN 1      7.33                      7.93  -0.60     9.90
  SINCE JAN 1     11.46                     13.32  -1.86    13.71

DEGREE DAYS
 COOLING
  YESTERDAY       12                         3      9        0
  MONTH TO DATE  151                       146      5      133
  SINCE JUN 1    420                       388     32      264
  SINCE JAN 1    427                       404     23      305
..................................................................


WIND (MPH)
  HIGHEST WIND SPEED    16   HIGHEST WIND DIRECTION     S (180)
  HIGHEST GUST SPEED    22   HIGHEST GUST DIRECTION     S (180)
  AVERAGE WIND SPEED     6.8


SKY COVER
  POSSIBLE SUNSHINE  MM
  AVERAGE SKY COVER 0.7


WEATHER CONDITIONS
 THE FOLLOWING WEATHER WAS RECORDED YESTERDAY.
  FOG
  HAZE


RELATIVE HUMIDITY (PERCENT)
 HIGHEST    87          1200 AM
 LOWEST     21           500 PM
 AVERAGE    54

..........................................................


THE MINOT ND CLIMATE NORMALS FOR TODAY
                         NORMAL    RECORD    YEAR
 MAXIMUM TEMPERATURE (F)   77        99      1929
 MINIMUM TEMPERATURE (F)   52        33      1897


SUNRISE AND SUNSET
AUGUST 30 2015........SUNRISE   700 AM CDT   SUNSET   831 PM CDT
AUGUST 31 2015........SUNRISE   701 AM CDT   SUNSET   829 PM CDT


-  INDICATES NEGATIVE NUMBERS.
R  INDICATES RECORD WAS SET OR TIED.
MM INDICATES DATA IS MISSING.
T  INDICATES TRACE AMOUNT.




$$
