000
CDUS43 KBIS 210726
CLIMOT


CLIMATE REPORT
NATIONAL WEATHER SERVICE BISMARCK ND
225 AM CDT MON AUG 21 2017


...................................

...THE MINOT ND CLIMATE SUMMARY FOR AUGUST 20 2017...

CLIMATE NORMAL PERIOD 1981 TO 2010
CLIMATE RECORD PERIOD 1897 TO 2017


WEATHER ITEM   OBSERVED TIME   RECORD YEAR NORMAL DEPARTURE LAST
                VALUE   (LST)  VALUE       VALUE  FROM      YEAR
                                                  NORMAL
..................................................................
TEMPERATURE (F)
 YESTERDAY
  MAXIMUM         79    604 PM 100    1942  81     -2       72
                                      1903
  MINIMUM         50    612 AM  31    1921  55     -5       53
  AVERAGE         65                        68     -3       63

PRECIPITATION (IN)
  YESTERDAY        0.00          1.71 1980   0.06  -0.06     0.00
  MONTH TO DATE    2.27                      1.33   0.94     1.23
  SINCE JUN 1      3.96                      7.34  -3.38     6.70
  SINCE JAN 1      5.33                     12.73  -7.40    11.85

DEGREE DAYS
 COOLING
  YESTERDAY        0                         5     -5        0
  MONTH TO DATE   55                       113    -58      194
  SINCE JUN 1    458                       355    103      570
  SINCE JAN 1    461                       371     90      610
..................................................................


WIND (MPH)
  HIGHEST WIND SPEED    14   HIGHEST WIND DIRECTION     W (290)
  HIGHEST GUST SPEED    17   HIGHEST GUST DIRECTION     W (280)
  AVERAGE WIND SPEED     6.6


SKY COVER
  POSSIBLE SUNSHINE  MM
  AVERAGE SKY COVER 0.0


WEATHER CONDITIONS
 THE FOLLOWING WEATHER WAS RECORDED YESTERDAY.
  NO SIGNIFICANT WEATHER WAS OBSERVED.


RELATIVE HUMIDITY (PERCENT)
 HIGHEST    66           700 AM
 LOWEST     19           600 PM
 AVERAGE    43

..........................................................


THE MINOT ND CLIMATE NORMALS FOR TODAY
                         NORMAL    RECORD    YEAR
 MAXIMUM TEMPERATURE (F)   81       103      1971
 MINIMUM TEMPERATURE (F)   55        32      1920


SUNRISE AND SUNSET
AUGUST 21 2017........SUNRISE   648 AM CDT   SUNSET   847 PM CDT
AUGUST 22 2017........SUNRISE   649 AM CDT   SUNSET   845 PM CDT


-  INDICATES NEGATIVE NUMBERS.
R  INDICATES RECORD WAS SET OR TIED.
MM INDICATES DATA IS MISSING.
T  INDICATES TRACE AMOUNT.




$$
