000
CDUS43 KBIS 270033
CLIMOT


CLIMATE REPORT
NATIONAL WEATHER SERVICE BISMARCK ND
733 PM CDT THU MAY 26 2016


...................................

...THE MINOT ND CLIMATE SUMMARY FOR MAY 26 2016...
VALID TODAY AS OF 0700 PM LOCAL TIME.

CLIMATE NORMAL PERIOD 1981 TO 2010
CLIMATE RECORD PERIOD 1897 TO 2016


WEATHER ITEM   OBSERVED TIME   RECORD YEAR NORMAL DEPARTURE LAST
                VALUE   (LST)  VALUE       VALUE  FROM      YEAR
                                                  NORMAL
..................................................................
TEMPERATURE (F)
 TODAY
  MAXIMUM         72    336 PM  94    1969  70      2       82
  MINIMUM         57    729 AM  23    1907  46     11       56
  AVERAGE         65                        58      7       69

PRECIPITATION (IN)
  TODAY            0.10          1.00 1899   0.09   0.01     0.01
  MONTH TO DATE    0.86                      2.02  -1.16     2.52
  SINCE MAR 1      3.44                      4.00  -0.56     3.48
  SINCE JAN 1      4.02                      4.91  -0.89     3.95

DEGREE DAYS
 HEATING
  TODAY            0                         8     -8        0
  MONTH TO DATE  130                       295   -165      329
  SINCE MAR 1   1515                      2085   -570     1912
  SINCE JUL 1   6947                      8661  -1714     8600

 COOLING
  TODAY            0                         1     -1        4
  MONTH TO DATE   39                         4     35        5
  SINCE MAR 1     39                         5     34        5
  SINCE JAN 1     39                         5     34        5
..................................................................


WIND (MPH)
  RESULTANT WIND SPEED   4   RESULTANT WIND DIRECTION   W (290)
  HIGHEST WIND SPEED    18   HIGHEST WIND DIRECTION     N (10)
  HIGHEST GUST SPEED    23   HIGHEST GUST DIRECTION     N (360)
  AVERAGE WIND SPEED     8.7


SKY COVER
  POSSIBLE SUNSHINE  MM
  AVERAGE SKY COVER 0.9


WEATHER CONDITIONS
 THE FOLLOWING WEATHER WAS RECORDED TODAY.
  THUNDERSTORM
  RAIN
  LIGHT RAIN
  FOG
  HAZE


RELATIVE HUMIDITY (PERCENT)
 HIGHEST    93           100 AM
 LOWEST     49           400 PM
 AVERAGE    71

..........................................................


THE MINOT ND CLIMATE NORMALS FOR TOMORROW
                         NORMAL    RECORD    YEAR
 MAXIMUM TEMPERATURE (F)   70       100      1900
 MINIMUM TEMPERATURE (F)   47        22      1907


SUNRISE AND SUNSET
MAY 26 2016...........SUNRISE   553 AM CDT   SUNSET   932 PM CDT
MAY 27 2016...........SUNRISE   552 AM CDT   SUNSET   933 PM CDT


-  INDICATES NEGATIVE NUMBERS.
R  INDICATES RECORD WAS SET OR TIED.
MM INDICATES DATA IS MISSING.
T  INDICATES TRACE AMOUNT.




$$
