000
CDUS43 KBIS 250741
CLIMOT


CLIMATE REPORT
NATIONAL WEATHER SERVICE BISMARCK ND
241 AM CDT FRI JUL 25 2014


...................................

...THE MINOT ND CLIMATE SUMMARY FOR JULY 24 2014...

CLIMATE NORMAL PERIOD 1981 TO 2010
CLIMATE RECORD PERIOD 1905 TO 2014


WEATHER ITEM   OBSERVED TIME   RECORD YEAR NORMAL DEPARTURE LAST
                VALUE   (LST)  VALUE       VALUE  FROM      YEAR
                                                  NORMAL
..................................................................
TEMPERATURE (F)
 YESTERDAY
  MAXIMUM         80    207 PM 106    1931  83     -3       79
  MINIMUM         62    436 AM  41    1916  58      4       58
  AVERAGE         71                        71      0       69

PRECIPITATION (IN)
  YESTERDAY        0.29          1.09 1963   0.07   0.22      T
  MONTH TO DATE    1.35                      2.01  -0.66     4.14
  SINCE JUN 1      6.69                      5.59   1.10     8.74
  SINCE JAN 1     10.50                     10.98  -0.48    17.11

DEGREE DAYS
 COOLING
  YESTERDAY        6                         6      0        4
  MONTH TO DATE   95                       126    -31      123
  SINCE JUN 1    117                       199    -82      187
  SINCE JAN 1    158                       215    -57      197
..................................................................


WIND (MPH)
  HIGHEST WIND SPEED    26   HIGHEST WIND DIRECTION     S (160)
  HIGHEST GUST SPEED    35   HIGHEST GUST DIRECTION     S (160)
  AVERAGE WIND SPEED    11.9


SKY COVER
  POSSIBLE SUNSHINE  MM
  AVERAGE SKY COVER 0.1


WEATHER CONDITIONS
 THE FOLLOWING WEATHER WAS RECORDED YESTERDAY.
  THUNDERSTORM
  HEAVY RAIN
  RAIN
  LIGHT RAIN
  FOG


RELATIVE HUMIDITY (PERCENT)
 HIGHEST    93          1200 AM
 LOWEST     58          1200 PM
 AVERAGE    76

..........................................................


THE MINOT ND CLIMATE NORMALS FOR TODAY
                         NORMAL    RECORD    YEAR
 MAXIMUM TEMPERATURE (F)   83       106      1931
 MINIMUM TEMPERATURE (F)   58        43      1911


SUNRISE AND SUNSET
JULY 25 2014..........SUNRISE   612 AM CDT   SUNSET   931 PM CDT
JULY 26 2014..........SUNRISE   613 AM CDT   SUNSET   930 PM CDT


-  INDICATES NEGATIVE NUMBERS.
R  INDICATES RECORD WAS SET OR TIED.
MM INDICATES DATA IS MISSING.
T  INDICATES TRACE AMOUNT.




$$
