000
CDUS41 KPHI 242128
CLIMPO


CLIMATE REPORT
NATIONAL WEATHER SERVICE MOUNT HOLLY NJ
427 PM EST FRI NOV 24 2017


...................................

...THE MOUNT POCONO PA CLIMATE SUMMARY FOR NOVEMBER 24 2017...
VALID TODAY AS OF 0400 PM LOCAL TIME.

CLIMATE NORMAL PERIOD 1981 TO 2010
CLIMATE RECORD PERIOD 1901 TO 2017


WEATHER ITEM   OBSERVED TIME   RECORD YEAR NORMAL DEPARTURE LAST
                VALUE   (LST)  VALUE       VALUE  FROM      YEAR
                                                  NORMAL
..................................................................
TEMPERATURE (F)
 TODAY
  MAXIMUM         47    231 PM  64    1931  42      5       36
  MINIMUM         26    536 AM   4    2000  29     -3       28
  AVERAGE         37                        35      2       32

PRECIPITATION (IN)
  TODAY            0.00          2.46 1916   0.16  -0.16     0.05
  MONTH TO DATE    0.97                      3.51  -2.54     0.59
  SINCE SEP 1     10.43                     12.83  -2.40     6.47
  SINCE JAN 1     41.04                     43.81  -2.77    36.06

DEGREE DAYS
 HEATING
  TODAY           28                        30     -2       33
  MONTH TO DATE  674                       605     69      575
  SINCE SEP 1   1170                      1330   -160     1202
  SINCE JUL 1   1268                      1393   -125     1234

 COOLING
  TODAY            0                         0      0        0
  MONTH TO DATE    0                         0      0        0
  SINCE SEP 1     58                        18     40       51
  SINCE JAN 1    287                       314    -27      397
..................................................................


WIND (MPH)
  HIGHEST WIND SPEED    13   HIGHEST WIND DIRECTION     W (290)
  HIGHEST GUST SPEED    16   HIGHEST GUST DIRECTION     W (290)
  AVERAGE WIND SPEED     7.2


SKY COVER
  POSSIBLE SUNSHINE  MM
  AVERAGE SKY COVER 0.1


WEATHER CONDITIONS
 THE FOLLOWING WEATHER WAS RECORDED TODAY.
  NO SIGNIFICANT WEATHER WAS OBSERVED.


RELATIVE HUMIDITY (PERCENT)
 HIGHEST    75          1200 AM
 LOWEST     37           200 PM
 AVERAGE    56

..........................................................


THE MOUNT POCONO PA CLIMATE NORMALS FOR TOMORROW
                         NORMAL    RECORD    YEAR
 MAXIMUM TEMPERATURE (F)   42        63      1979
 MINIMUM TEMPERATURE (F)   29         6      1989


SUNRISE AND SUNSET
NOVEMBER 24 2017......SUNRISE   700 AM EST   SUNSET   436 PM EST
NOVEMBER 25 2017......SUNRISE   701 AM EST   SUNSET   436 PM EST


-  INDICATES NEGATIVE NUMBERS.
R  INDICATES RECORD WAS SET OR TIED.
MM INDICATES DATA IS MISSING.
T  INDICATES TRACE AMOUNT.




$$
