000
CDUS41 KPHI 230627
CLIMPO


CLIMATE REPORT
NATIONAL WEATHER SERVICE MOUNT HOLLY NJ
227 AM EDT FRI JUN 23 2017


...................................

...THE MOUNT POCONO PA CLIMATE SUMMARY FOR JUNE 22 2017...

CLIMATE NORMAL PERIOD 1981 TO 2010
CLIMATE RECORD PERIOD 1901 TO 2017


WEATHER ITEM   OBSERVED TIME   RECORD YEAR NORMAL DEPARTURE LAST
                VALUE   (LST)  VALUE       VALUE  FROM      YEAR
                                                  NORMAL
..................................................................
TEMPERATURE (F)
 YESTERDAY
  MAXIMUM         80    407 PM  90    1908  76      4       75
  MINIMUM         47    422 AM  35    1940  56     -9       49
  AVERAGE         64                        66     -2       62

PRECIPITATION (IN)
  YESTERDAY        0.00          1.30 1918   0.10  -0.10     0.00
  MONTH TO DATE    3.15                      3.42  -0.27     1.42
  SINCE JUN 1      3.15                      3.42  -0.27     1.42
  SINCE JAN 1     20.05                     20.92  -0.87    18.85

DEGREE DAYS
 HEATING
  YESTERDAY        1                         2     -1        3
  MONTH TO DATE  104                        88     16       85
  SINCE JUN 1    104                        88     16       85
  SINCE JUL 1   6628                      7104   -476     6137

 COOLING
  YESTERDAY        0                         3     -3        0
  MONTH TO DATE   41                        37      4       15
  SINCE JUN 1     41                        37      4       15
  SINCE JAN 1     59                        56      3       44
..................................................................


WIND (MPH)
  HIGHEST WIND SPEED    16   HIGHEST WIND DIRECTION     W (260)
  HIGHEST GUST SPEED    22   HIGHEST GUST DIRECTION     W (270)
  AVERAGE WIND SPEED     5.9


SKY COVER
  POSSIBLE SUNSHINE  MM
  AVERAGE SKY COVER 0.1


WEATHER CONDITIONS
 THE FOLLOWING WEATHER WAS RECORDED YESTERDAY.
  NO SIGNIFICANT WEATHER WAS OBSERVED.


RELATIVE HUMIDITY (PERCENT)
 HIGHEST   100          1200 AM
 LOWEST     47           200 PM
 AVERAGE    74

..........................................................


THE MOUNT POCONO PA CLIMATE NORMALS FOR TODAY
                         NORMAL    RECORD    YEAR
 MAXIMUM TEMPERATURE (F)   76        90      1908
 MINIMUM TEMPERATURE (F)   56        32      1992


SUNRISE AND SUNSET
JUNE 23 2017..........SUNRISE   530 AM EDT   SUNSET   838 PM EDT
JUNE 24 2017..........SUNRISE   530 AM EDT   SUNSET   838 PM EDT


-  INDICATES NEGATIVE NUMBERS.
R  INDICATES RECORD WAS SET OR TIED.
MM INDICATES DATA IS MISSING.
T  INDICATES TRACE AMOUNT.




$$
