000
CDUS41 KPHI 280628
CLIMPO


CLIMATE REPORT
NATIONAL WEATHER SERVICE MOUNT HOLLY NJ
128 AM EST WED JAN 28 2015


...................................

...THE MOUNT POCONO PA CLIMATE SUMMARY FOR JANUARY 27 2015...

CLIMATE NORMAL PERIOD 1981 TO 2010
CLIMATE RECORD PERIOD 1901 TO 2015


WEATHER ITEM   OBSERVED TIME   RECORD YEAR NORMAL DEPARTURE LAST
                VALUE   (LST)  VALUE       VALUE  FROM      YEAR
                                                  NORMAL
..................................................................
TEMPERATURE (F)
 YESTERDAY
  MAXIMUM         21    301 PM  67    1916  31    -10       36
  MINIMUM          7   1159 PM -23    1907  16     -9        6
  AVERAGE         14                        23     -9       21

PRECIPITATION (IN)
  YESTERDAY        T             2.82 1976   0.08  -0.08      T
  MONTH TO DATE    1.67                      2.60  -0.93     3.35
  SINCE DEC 1      4.47                      6.47  -2.00     5.98
  SINCE JAN 1      1.67                      2.60  -0.93     3.35

SNOWFALL (IN)
  YESTERDAY       MM            MM      MM  MM     MM       MM
  MONTH TO DATE   MM                        MM     MM       MM
  SINCE DEC 1     MM                        MM     MM       MM
  SINCE JUL 1     MM                        MM     MM       MM
  SNOW DEPTH      MM

DEGREE DAYS
 HEATING
  YESTERDAY       51                        42      9       44
  MONTH TO DATE 1193                      1130     63     1229
  SINCE DEC 1   2229                      2288    -59     2349
  SINCE JUL 1   3796                      3867    -71     3961

 COOLING
  YESTERDAY        0                         0      0        0
  MONTH TO DATE    0                         0      0        0
  SINCE DEC 1      0                         0      0        0
  SINCE JAN 1      0                         0      0        0
..................................................................


WIND (MPH)
  HIGHEST WIND SPEED    28   HIGHEST WIND DIRECTION    NW (320)
  HIGHEST GUST SPEED    38   HIGHEST GUST DIRECTION    NW (330)
  AVERAGE WIND SPEED    17.1


SKY COVER
  POSSIBLE SUNSHINE  MM
  AVERAGE SKY COVER 0.6


WEATHER CONDITIONS
 THE FOLLOWING WEATHER WAS RECORDED YESTERDAY.
  LIGHT SNOW
  FOG
  HAZE


RELATIVE HUMIDITY (PERCENT)
 HIGHEST    84           400 AM
 LOWEST     49          1000 AM
 AVERAGE    67

..........................................................


THE MOUNT POCONO PA CLIMATE NORMALS FOR TODAY
                         NORMAL    RECORD    YEAR
 MAXIMUM TEMPERATURE (F)   31        55      1916
 MINIMUM TEMPERATURE (F)   16       -24      1904


SUNRISE AND SUNSET
JANUARY 28 2015.......SUNRISE   716 AM EST   SUNSET   513 PM EST
JANUARY 29 2015.......SUNRISE   715 AM EST   SUNSET   514 PM EST


-  INDICATES NEGATIVE NUMBERS.
R  INDICATES RECORD WAS SET OR TIED.
MM INDICATES DATA IS MISSING.
T  INDICATES TRACE AMOUNT.




$$
