000
CDUS41 KPHI 292127
CLIMPO


CLIMATE REPORT
NATIONAL WEATHER SERVICE MOUNT HOLLY NJ
526 PM EDT SAT APR 29 2017


...................................

...THE MOUNT POCONO PA CLIMATE SUMMARY FOR APRIL 29 2017...
VALID TODAY AS OF 0500 PM LOCAL TIME.

CLIMATE NORMAL PERIOD 1981 TO 2010
CLIMATE RECORD PERIOD 1901 TO 2017


WEATHER ITEM   OBSERVED TIME   RECORD YEAR NORMAL DEPARTURE LAST
                VALUE   (LST)  VALUE       VALUE  FROM      YEAR
                                                  NORMAL
..................................................................
TEMPERATURE (F)
 TODAY
  MAXIMUM         72    152 PM  82    1974  61     11       48
  MINIMUM         53    339 AM  24    2001  40     13       36
  AVERAGE         63                        50     13       42

PRECIPITATION (IN)
  TODAY            0.09          1.08 1912   0.12  -0.03     0.11
  MONTH TO DATE    4.06                      3.90   0.16     2.55
  SINCE MAR 1      7.85                      7.73   0.12     3.54
  SINCE JAN 1     12.81                     12.99  -0.18    11.52

DEGREE DAYS
 HEATING
  TODAY            2                        15    -13       23
  MONTH TO DATE  431                       581   -150      605
  SINCE MAR 1   1531                      1556    -25     1351
  SINCE JUL 1   6134                      6679   -545     5636

 COOLING
  TODAY            0                         0      0        0
  MONTH TO DATE    3                         0      3        0
  SINCE MAR 1      3                         0      3        0
  SINCE JAN 1      3                         0      3        0
..................................................................


WIND (MPH)
  HIGHEST WIND SPEED    29   HIGHEST WIND DIRECTION     W (290)
  HIGHEST GUST SPEED    38   HIGHEST GUST DIRECTION     W (290)
  AVERAGE WIND SPEED    11.6


SKY COVER
  POSSIBLE SUNSHINE  MM
  AVERAGE SKY COVER 0.5


WEATHER CONDITIONS
 THE FOLLOWING WEATHER WAS RECORDED TODAY.
  THUNDERSTORM
  LIGHT RAIN


RELATIVE HUMIDITY (PERCENT)
 HIGHEST   100           300 AM
 LOWEST     51          1200 AM
 AVERAGE    76

..........................................................


THE MOUNT POCONO PA CLIMATE NORMALS FOR TOMORROW
                         NORMAL    RECORD    YEAR
 MAXIMUM TEMPERATURE (F)   61        82      1942
 MINIMUM TEMPERATURE (F)   40        24      1914


SUNRISE AND SUNSET
APRIL 29 2017.........SUNRISE   602 AM EDT   SUNSET   757 PM EDT
APRIL 30 2017.........SUNRISE   600 AM EDT   SUNSET   758 PM EDT


-  INDICATES NEGATIVE NUMBERS.
R  INDICATES RECORD WAS SET OR TIED.
MM INDICATES DATA IS MISSING.
T  INDICATES TRACE AMOUNT.




$$
