000
CDUS41 KPHI 220630
CLIMPO


CLIMATE REPORT
NATIONAL WEATHER SERVICE MOUNT HOLLY NJ
229 AM EDT TUE JUL 22 2014


...................................

...THE MOUNT POCONO PA CLIMATE SUMMARY FOR JULY 21 2014...

CLIMATE NORMAL PERIOD 1981 TO 2010
CLIMATE RECORD PERIOD 1901 TO 2014


WEATHER ITEM   OBSERVED TIME   RECORD YEAR NORMAL DEPARTURE LAST
                VALUE   (LST)  VALUE       VALUE  FROM      YEAR
                                                  NORMAL
..................................................................
TEMPERATURE (F)
 YESTERDAY
  MAXIMUM         78    107 PM  94    2011  78      0       82
  MINIMUM         56    528 AM  36    1966  59     -3       64
  AVERAGE         67                        68     -1       73

PRECIPITATION (IN)
  YESTERDAY        T             2.99 1988   0.17  -0.17     0.00
  MONTH TO DATE    2.83                      2.87  -0.04     4.26
  SINCE JUN 1      6.28                      7.25  -0.97    13.45
  SINCE JAN 1     25.04                     24.75   0.29    27.46

SNOWFALL (IN)
  YESTERDAY       MM            MM      MM  MM     MM       MM
  MONTH TO DATE   MM                        MM     MM       MM
  SINCE JUN 1     MM                        MM     MM       MM
  SINCE JUL 1     MM                        MM     MM       MM
  SNOW DEPTH      MM

DEGREE DAYS
 HEATING
  YESTERDAY        0                         1     -1        0
  MONTH TO DATE   10                        21    -11        0
  SINCE JUN 1     65                       121    -56       76
  SINCE JUL 1     10                        21    -11        0

 COOLING
  YESTERDAY        2                         4     -2        8
  MONTH TO DATE   84                        83      1      210
  SINCE JUN 1    144                       145     -1      291
  SINCE JAN 1    151                       164    -13      323
..................................................................


WIND (MPH)
  HIGHEST WIND SPEED    10   HIGHEST WIND DIRECTION    SW (220)
  HIGHEST GUST SPEED    15   HIGHEST GUST DIRECTION     S (160)
  AVERAGE WIND SPEED     4.0


SKY COVER
  POSSIBLE SUNSHINE  MM
  AVERAGE SKY COVER 0.4


WEATHER CONDITIONS
 THE FOLLOWING WEATHER WAS RECORDED YESTERDAY.
  LIGHT RAIN
  FOG


RELATIVE HUMIDITY (PERCENT)
 HIGHEST    93           200 AM
 LOWEST     56           200 PM
 AVERAGE    75

..........................................................


THE MOUNT POCONO PA CLIMATE NORMALS FOR TODAY
                         NORMAL    RECORD    YEAR
 MAXIMUM TEMPERATURE (F)   78        94      2011
 MINIMUM TEMPERATURE (F)   59        42      1974


SUNRISE AND SUNSET
JULY 22 2014..........SUNRISE   548 AM EDT   SUNSET   828 PM EDT
JULY 23 2014..........SUNRISE   549 AM EDT   SUNSET   827 PM EDT


-  INDICATES NEGATIVE NUMBERS.
R  INDICATES RECORD WAS SET OR TIED.
MM INDICATES DATA IS MISSING.
T  INDICATES TRACE AMOUNT.




$$
