000
CDUS41 KPHI 240630
CLIMPO


CLIMATE REPORT
NATIONAL WEATHER SERVICE MOUNT HOLLY NJ
228 AM EDT FRI MAR 24 2017


...................................

...THE MOUNT POCONO PA CLIMATE SUMMARY FOR MARCH 23 2017...

CLIMATE NORMAL PERIOD 1981 TO 2010
CLIMATE RECORD PERIOD 1901 TO 2017


WEATHER ITEM   OBSERVED TIME   RECORD YEAR NORMAL DEPARTURE LAST
                VALUE   (LST)  VALUE       VALUE  FROM      YEAR
                                                  NORMAL
..................................................................
TEMPERATURE (F)
 YESTERDAY
  MAXIMUM         33    516 PM  72    2012  45    -12       63
  MINIMUM         10    623 AM  -8    1912  27    -17       42
  AVERAGE         22                        36    -14       53

PRECIPITATION (IN)
  YESTERDAY        0.00          3.13 1977   0.16  -0.16     0.00
  MONTH TO DATE    2.06                      2.57  -0.51     0.52
  SINCE MAR 1      2.06                      2.57  -0.51     0.52
  SINCE JAN 1      7.02                      7.83  -0.81     8.50

DEGREE DAYS
 HEATING
  YESTERDAY       43                        29     14       12
  MONTH TO DATE  887                       756    131      573
  SINCE MAR 1    887                       756    131      573
  SINCE JUL 1   5490                      5879   -389     4858

 COOLING
  YESTERDAY        0                         0      0        0
  MONTH TO DATE    0                         0      0        0
  SINCE MAR 1      0                         0      0        0
  SINCE JAN 1      0                         0      0        0
..................................................................


WIND (MPH)
  HIGHEST WIND SPEED    16   HIGHEST WIND DIRECTION    NW (330)
  HIGHEST GUST SPEED    25   HIGHEST GUST DIRECTION    NW (330)
  AVERAGE WIND SPEED     7.3


SKY COVER
  POSSIBLE SUNSHINE  MM
  AVERAGE SKY COVER 0.0


WEATHER CONDITIONS
 THE FOLLOWING WEATHER WAS RECORDED YESTERDAY.
  NO SIGNIFICANT WEATHER WAS OBSERVED.


RELATIVE HUMIDITY (PERCENT)
 HIGHEST    73           500 AM
 LOWEST     24           400 PM
 AVERAGE    49

..........................................................


THE MOUNT POCONO PA CLIMATE NORMALS FOR TODAY
                         NORMAL    RECORD    YEAR
 MAXIMUM TEMPERATURE (F)   45        70      1988
 MINIMUM TEMPERATURE (F)   27        -8      1906


SUNRISE AND SUNSET
MARCH 24 2017.........SUNRISE   658 AM EDT   SUNSET   718 PM EDT
MARCH 25 2017.........SUNRISE   656 AM EDT   SUNSET   719 PM EDT


-  INDICATES NEGATIVE NUMBERS.
R  INDICATES RECORD WAS SET OR TIED.
MM INDICATES DATA IS MISSING.
T  INDICATES TRACE AMOUNT.




$$
