508
CDUS41 KBTV 240537
CLIMPV


CLIMATE REPORT
NATIONAL WEATHER SERVICE BURLINGTON VT
136 AM EDT SUN JUL 24 2016


...................................

...THE MONTPELIER VT CLIMATE SUMMARY FOR JULY 23 2016...

CLIMATE NORMAL PERIOD 1981 TO 2010
CLIMATE RECORD PERIOD 1948 TO 2016


WEATHER ITEM   OBSERVED TIME   RECORD YEAR NORMAL DEPARTURE LAST
                VALUE   (LST)  VALUE       VALUE  FROM      YEAR
                                                  NORMAL
..................................................................
TEMPERATURE (F)
 YESTERDAY
  MAXIMUM         83    222 PM  92    1952  79      4       71
  MINIMUM         59   1019 PM  41    1981  56      3       53
  AVERAGE         71                        67      4       62

PRECIPITATION (IN)
  YESTERDAY        0.41          1.57        0.15   0.26     0.00
  MONTH TO DATE    4.04                      2.92   1.12     3.27
  SINCE JUN 1      6.72                      6.72   0.00    12.32
  SINCE JAN 1     19.00                     19.63  -0.63    23.02

DEGREE DAYS
 HEATING
  YESTERDAY        0                         1     -1        3
  MONTH TO DATE   29                        29      0       47
  SINCE JUN 1    161                       150     11      209
  SINCE JUL 1     29                        29      0       47

 COOLING
  YESTERDAY        6                         3      3        0
  MONTH TO DATE   78                        73      5       57
  SINCE JUN 1    110                       126    -16       69
  SINCE JAN 1    139                       136      3      103
..................................................................


WIND (MPH)
  HIGHEST WIND SPEED    25   HIGHEST WIND DIRECTION     N (350)
  HIGHEST GUST SPEED    37   HIGHEST GUST DIRECTION    NW (330)
  AVERAGE WIND SPEED     3.7


SKY COVER
  AVERAGE SKY COVER 0.2


WEATHER CONDITIONS
 THE FOLLOWING WEATHER WAS RECORDED YESTERDAY.
  THUNDERSTORM
  HEAVY RAIN
  RAIN
  LIGHT RAIN
  FOG
  FOG W/VISIBILITY <= 1/4 MILE


RELATIVE HUMIDITY (PERCENT)
 HIGHEST   100           300 AM
 LOWEST     49           100 PM
 AVERAGE    75

..........................................................


THE MONTPELIER VT CLIMATE NORMALS FOR TODAY
                         NORMAL    RECORD    YEAR
 MAXIMUM TEMPERATURE (F)   79        89      1987
 MINIMUM TEMPERATURE (F)   56        42      1985


SUNRISE AND SUNSET
JULY 24 2016..........SUNRISE   530 AM EDT   SUNSET   823 PM EDT
JULY 25 2016..........SUNRISE   531 AM EDT   SUNSET   822 PM EDT


-  INDICATES NEGATIVE NUMBERS.
R  INDICATES RECORD WAS SET OR TIED.
MM INDICATES DATA IS MISSING.
T  INDICATES TRACE AMOUNT.




$$
