000
CDUS41 KBTV 080534
CLIMPV


CLIMATE REPORT
NATIONAL WEATHER SERVICE BURLINGTON VT
1231 AM EST MON FEB 8 2016


...................................

...THE MONTPELIER VT CLIMATE SUMMARY FOR FEBRUARY 7 2016...

CLIMATE NORMAL PERIOD 1981 TO 2010
CLIMATE RECORD PERIOD 1948 TO 2016


WEATHER ITEM   OBSERVED TIME   RECORD YEAR NORMAL DEPARTURE LAST
                VALUE   (LST)  VALUE       VALUE  FROM      YEAR
                                                  NORMAL
..................................................................
TEMPERATURE (F)
 YESTERDAY
  MAXIMUM         35    400 PM  53    2005  29      6       18
  MINIMUM         19   1157 PM -28    1993   8     11        9
  AVERAGE         27                        18      9       14

PRECIPITATION (IN)
  YESTERDAY        0.00          1.58        0.07  -0.07     0.04
  MONTH TO DATE    0.30                      0.54  -0.24     0.37
  SINCE DEC 1      5.25                      5.73  -0.48     5.72
  SINCE JAN 1      1.56                      2.99  -1.43     2.15

DEGREE DAYS
 HEATING
  YESTERDAY       38                        47     -9       51
  MONTH TO DATE  235                       331    -96      412
  SINCE DEC 1   2539                      3130   -591     3262
  SINCE JUL 1   4182                      4976   -794     5080

 COOLING
  YESTERDAY        0                         0      0        0
  MONTH TO DATE    0                         0      0        0
  SINCE DEC 1      0                         0      0        0
  SINCE JAN 1      0                         0      0        0
..................................................................


WIND (MPH)
  HIGHEST WIND SPEED    18   HIGHEST WIND DIRECTION    SW (240)
  HIGHEST GUST SPEED    26   HIGHEST GUST DIRECTION    SW (240)
  AVERAGE WIND SPEED     4.4


SKY COVER
  AVERAGE SKY COVER 0.6


WEATHER CONDITIONS
 THE FOLLOWING WEATHER WAS RECORDED YESTERDAY.
  NO SIGNIFICANT WEATHER WAS OBSERVED.


RELATIVE HUMIDITY (PERCENT)
 HIGHEST    81           700 PM
 LOWEST     49           200 AM
 AVERAGE    65

..........................................................


THE MONTPELIER VT CLIMATE NORMALS FOR TODAY
                         NORMAL    RECORD    YEAR
 MAXIMUM TEMPERATURE (F)   29        49      2009
 MINIMUM TEMPERATURE (F)    8       -25      1967


SUNRISE AND SUNSET
FEBRUARY  8 2016......SUNRISE   700 AM EST   SUNSET   509 PM EST
FEBRUARY  9 2016......SUNRISE   659 AM EST   SUNSET   511 PM EST


-  INDICATES NEGATIVE NUMBERS.
R  INDICATES RECORD WAS SET OR TIED.
MM INDICATES DATA IS MISSING.
T  INDICATES TRACE AMOUNT.




$$
