000
CDUS41 KBTV 170627
CLIMPV


CLIMATE REPORT
NATIONAL WEATHER SERVICE BURLINGTON VT
126 AM EST TUE JAN 17 2017


...................................

...THE MONTPELIER VT CLIMATE SUMMARY FOR JANUARY 16 2017...

CLIMATE NORMAL PERIOD 1981 TO 2010
CLIMATE RECORD PERIOD 1948 TO 2017


WEATHER ITEM   OBSERVED TIME   RECORD YEAR NORMAL DEPARTURE LAST
                VALUE   (LST)  VALUE       VALUE  FROM      YEAR
                                                  NORMAL
..................................................................
TEMPERATURE (F)
 YESTERDAY
  MAXIMUM         38    307 PM  64    1995  26     12       36
  MINIMUM          4    751 AM -26    2009   7     -3       27
  AVERAGE         21                        16      5       32

PRECIPITATION (IN)
  YESTERDAY        0.00          0.68        0.08  -0.08     0.13
  MONTH TO DATE    0.67                      1.18  -0.51     1.03
  SINCE DEC 1      3.26                      3.92  -0.66     4.72
  SINCE JAN 1      0.67                      1.18  -0.51     1.03

DEGREE DAYS
 HEATING
  YESTERDAY       44                        49     -5       33
  MONTH TO DATE  703                       772    -69      705
  SINCE DEC 1   1998                      2074    -76     1633
  SINCE JUL 1   3587                      3920   -333     3276

 COOLING
  YESTERDAY        0                         0      0        0
  MONTH TO DATE    0                         0      0        0
  SINCE DEC 1      0                         0      0        0
  SINCE JAN 1      0                         0      0        0
..................................................................


WIND (MPH)
  HIGHEST WIND SPEED    13   HIGHEST WIND DIRECTION     S (160)
  HIGHEST GUST SPEED    15   HIGHEST GUST DIRECTION    SE (150)
  AVERAGE WIND SPEED     2.4


SKY COVER
  AVERAGE SKY COVER 0.0


WEATHER CONDITIONS
 THE FOLLOWING WEATHER WAS RECORDED YESTERDAY.
  FOG


RELATIVE HUMIDITY (PERCENT)
 HIGHEST    96           400 AM
 LOWEST     40           300 PM
 AVERAGE    68

..........................................................


THE MONTPELIER VT CLIMATE NORMALS FOR TODAY
                         NORMAL    RECORD    YEAR
 MAXIMUM TEMPERATURE (F)   26        61      1999
 MINIMUM TEMPERATURE (F)    7       -22      1968


SUNRISE AND SUNSET
JANUARY 17 2017.......SUNRISE   721 AM EST   SUNSET   440 PM EST
JANUARY 18 2017.......SUNRISE   720 AM EST   SUNSET   442 PM EST


-  INDICATES NEGATIVE NUMBERS.
R  INDICATES RECORD WAS SET OR TIED.
MM INDICATES DATA IS MISSING.
T  INDICATES TRACE AMOUNT.




$$
