000
CDUS41 KBTV 270526
CLIMPV


CLIMATE REPORT
NATIONAL WEATHER SERVICE BURLINGTON VT
125 AM EDT WED MAY 27 2015


...................................

...THE MONTPELIER VT CLIMATE SUMMARY FOR MAY 26 2015...

CLIMATE NORMAL PERIOD 1981 TO 2010
CLIMATE RECORD PERIOD 1948 TO 2015


WEATHER ITEM   OBSERVED TIME   RECORD YEAR NORMAL DEPARTURE LAST
                VALUE   (LST)  VALUE       VALUE  FROM      YEAR
                                                  NORMAL
..................................................................
TEMPERATURE (F)
 YESTERDAY
  MAXIMUM         83    416 PM  87    2010  69     14       74
  MINIMUM         59   1245 AM  27    1956  45     14       55
  AVERAGE         71                        57     14       65

PRECIPITATION (IN)
  YESTERDAY        T             3.83        0.12  -0.12     0.03
  MONTH TO DATE    2.09                      2.79  -0.70     2.85
  SINCE MAR 1      4.99                      7.84  -2.85     8.00
  SINCE JAN 1      7.86                     12.33  -4.47    12.31

DEGREE DAYS
 HEATING
  YESTERDAY        0                         9     -9        0
  MONTH TO DATE  204                       317   -113      277
  SINCE MAR 1   2278                      2113    165     2456
  SINCE JUL 1   8616                      8021    595     8621

 COOLING
  YESTERDAY        6                         1      5        0
  MONTH TO DATE   15                         2     13        1
  SINCE MAR 1     15                         3     12        1
  SINCE JAN 1     15                         3     12        1
..................................................................


WIND (MPH)
  HIGHEST WIND SPEED    18   HIGHEST WIND DIRECTION    NW (300)
  HIGHEST GUST SPEED    24   HIGHEST GUST DIRECTION     W (270)
  AVERAGE WIND SPEED     6.1


SKY COVER
  AVERAGE SKY COVER 0.4


WEATHER CONDITIONS
 THE FOLLOWING WEATHER WAS RECORDED YESTERDAY.
  FOG
  HAZE


RELATIVE HUMIDITY (PERCENT)
 HIGHEST    97          1200 AM
 LOWEST     40           300 PM
 AVERAGE    69

..........................................................


THE MONTPELIER VT CLIMATE NORMALS FOR TODAY
                         NORMAL    RECORD    YEAR
 MAXIMUM TEMPERATURE (F)   69        88      1960
 MINIMUM TEMPERATURE (F)   45        27      1969


SUNRISE AND SUNSET
MAY 27 2015...........SUNRISE   513 AM EDT   SUNSET   822 PM EDT
MAY 28 2015...........SUNRISE   512 AM EDT   SUNSET   823 PM EDT


-  INDICATES NEGATIVE NUMBERS.
R  INDICATES RECORD WAS SET OR TIED.
MM INDICATES DATA IS MISSING.
T  INDICATES TRACE AMOUNT.




$$
