000
CDUS41 KBTV 270521
CLIMPV


CLIMATE REPORT
NATIONAL WEATHER SERVICE BURLINGTON VT
119 AM EDT MON MAR 27 2017


...................................

...THE MONTPELIER VT CLIMATE SUMMARY FOR MARCH 26 2017...

CLIMATE NORMAL PERIOD 1981 TO 2010
CLIMATE RECORD PERIOD 1948 TO 2017


WEATHER ITEM   OBSERVED TIME   RECORD YEAR NORMAL DEPARTURE LAST
                VALUE   (LST)  VALUE       VALUE  FROM      YEAR
                                                  NORMAL
..................................................................
TEMPERATURE (F)
 YESTERDAY
  MAXIMUM         37    251 PM  65    1986  43     -6       49
  MINIMUM          9    611 AM -12    1960  23    -14       26
  AVERAGE         23                        33    -10       38

PRECIPITATION (IN)
  YESTERDAY        0.01          1.01        0.08  -0.07     0.00
  MONTH TO DATE    1.82                      1.98  -0.16     2.18
  SINCE MAR 1      1.82                      1.98  -0.16     2.18
  SINCE JAN 1      5.74                      6.47  -0.73     7.35

DEGREE DAYS
 HEATING
  YESTERDAY       42                        32     10       27
  MONTH TO DATE 1129                       964    165      843
  SINCE MAR 1   1129                       964    165      843
  SINCE JUL 1   6350                      6872   -522     5997

 COOLING
  YESTERDAY        0                         0      0        0
  MONTH TO DATE    0                         0      0        0
  SINCE MAR 1      0                         0      0        0
  SINCE JAN 1      0                         0      0        0
..................................................................


WIND (MPH)
  HIGHEST WIND SPEED    16   HIGHEST WIND DIRECTION     S (180)
  HIGHEST GUST SPEED    20   HIGHEST GUST DIRECTION     S (200)
  AVERAGE WIND SPEED     5.6


SKY COVER
  AVERAGE SKY COVER 0.6


WEATHER CONDITIONS
 THE FOLLOWING WEATHER WAS RECORDED YESTERDAY.
  FOG
  FOG W/VISIBILITY <= 1/4 MILE


RELATIVE HUMIDITY (PERCENT)
 HIGHEST   100           300 AM
 LOWEST     40          1200 PM
 AVERAGE    70

..........................................................


THE MONTPELIER VT CLIMATE NORMALS FOR TODAY
                         NORMAL    RECORD    YEAR
 MAXIMUM TEMPERATURE (F)   43        69      1993
 MINIMUM TEMPERATURE (F)   24         2      1990


SUNRISE AND SUNSET
MARCH 27 2017.........SUNRISE   640 AM EDT   SUNSET   712 PM EDT
MARCH 28 2017.........SUNRISE   638 AM EDT   SUNSET   713 PM EDT


-  INDICATES NEGATIVE NUMBERS.
R  INDICATES RECORD WAS SET OR TIED.
MM INDICATES DATA IS MISSING.
T  INDICATES TRACE AMOUNT.




$$
