000
CDUS41 KBTV 160536
CLIMPV


CLIMATE REPORT
NATIONAL WEATHER SERVICE BURLINGTON VT
1234 AM EST SAT DEC 16 2017


...................................

...THE MONTPELIER VT CLIMATE SUMMARY FOR DECEMBER 15 2017...

CLIMATE NORMAL PERIOD 1981 TO 2010
CLIMATE RECORD PERIOD 1948 TO 2017


WEATHER ITEM   OBSERVED TIME   RECORD YEAR NORMAL DEPARTURE LAST
                VALUE   (LST)  VALUE       VALUE  FROM      YEAR
                                                  NORMAL
..................................................................
TEMPERATURE (F)
 YESTERDAY
  MAXIMUM         21    109 PM  57    1975  32    -11       22
  MINIMUM        -11    750 AM -13    1989  15    -26       -6
  AVERAGE          5                        23    -18        8

PRECIPITATION (IN)
  YESTERDAY        0.00          0.74        0.09  -0.09      T
  MONTH TO DATE    0.85                      1.46  -0.61     1.03
  SINCE DEC 1      0.85                      1.46  -0.61     1.03
  SINCE JAN 1     41.78                     35.99   5.79    32.94

DEGREE DAYS
 HEATING
  YESTERDAY       60                        42     18       57
  MONTH TO DATE  594                       585      9      599
  SINCE DEC 1    594                       585      9      599
  SINCE JUL 1   2228                      2431   -203     2188

 COOLING
  YESTERDAY        0                         0      0        0
  MONTH TO DATE    0                         0      0        0
  SINCE DEC 1      0                         0      0        0
  SINCE JAN 1    243                       264    -21      300
..................................................................


WIND (MPH)
  HIGHEST WIND SPEED    13   HIGHEST WIND DIRECTION     S (160)
  HIGHEST GUST SPEED    15   HIGHEST GUST DIRECTION     S (160)
  AVERAGE WIND SPEED     2.6


SKY COVER
  AVERAGE SKY COVER 0.3


WEATHER CONDITIONS
 THE FOLLOWING WEATHER WAS RECORDED YESTERDAY.
  FOG


RELATIVE HUMIDITY (PERCENT)
 HIGHEST   100           500 AM
 LOWEST     56           100 PM
 AVERAGE    78

..........................................................


THE MONTPELIER VT CLIMATE NORMALS FOR TODAY
                         NORMAL    RECORD    YEAR
 MAXIMUM TEMPERATURE (F)   31        53      1982
 MINIMUM TEMPERATURE (F)   14       -19      1951


SUNRISE AND SUNSET
DECEMBER 16 2017......SUNRISE   720 AM EST   SUNSET   412 PM EST
DECEMBER 17 2017......SUNRISE   720 AM EST   SUNSET   413 PM EST


-  INDICATES NEGATIVE NUMBERS.
R  INDICATES RECORD WAS SET OR TIED.
MM INDICATES DATA IS MISSING.
T  INDICATES TRACE AMOUNT.




$$
