124
CDUS43 KMPX 010629
CLIMPX


CLIMATE REPORT
NATIONAL WEATHER SERVICE CHANHASSEN MN
126 AM CDT SUN MAY 1 2016


...................................

...THE CHANHASSEN MN CLIMATE SUMMARY FOR APRIL 30 2016...

CLIMATE NORMAL PERIOD 1981 TO 2010
CLIMATE RECORD PERIOD 1995 TO 2016


WEATHER ITEM   OBSERVED TIME   RECORD YEAR NORMAL DEPARTURE LAST
                VALUE   (LST)  VALUE       VALUE  FROM      YEAR
                                                  NORMAL
..................................................................
TEMPERATURE (F)
 YESTERDAY
  MAXIMUM         57        MM  MM      MM  64     -7       67
  MINIMUM         40        MM  MM      MM  42     -2       46
  AVERAGE         49                        53     -4       57

PRECIPITATION (IN)
  YESTERDAY        0.00         MM      MM   0.12  -0.12     0.00
  MONTH TO DATE    3.31                      3.00   0.31     2.22
  SINCE MAR 1      4.73                      4.78  -0.05     3.00
  SINCE JAN 1      6.22                      6.59  -0.37     3.76

SNOWFALL (IN)
  YESTERDAY        0.0          MM      MM   0.0    0.0      0.0
  MONTH TO DATE    0.5                       3.4   -2.9      0.5
  SINCE MAR 1      5.6                      14.2   -8.6      9.3
  SINCE JUL 1     35.5                      53.9  -18.4     33.4
  SNOW DEPTH       0

DEGREE DAYS
 HEATING
  YESTERDAY       16                        12      4        8
  MONTH TO DATE  548                       560    -12      511
  SINCE MAR 1   1341                      1604   -263     1476
  SINCE JUL 1   6556                      7619  -1063     7734

 COOLING
  YESTERDAY        0                         0      0        0
  MONTH TO DATE    7                         3      4        0
  SINCE MAR 1      7                         3      4        0
  SINCE JAN 1      7                         3      4        0
..................................................................


WIND (MPH)
  HIGHEST WIND SPEED    MM   HIGHEST WIND DIRECTION    MM
  HIGHEST GUST SPEED    MM   HIGHEST GUST DIRECTION    MM
  AVERAGE WIND SPEED    MM


SKY COVER
  POSSIBLE SUNSHINE  MM
  AVERAGE SKY COVER  MM


WEATHER CONDITIONS
 THE FOLLOWING WEATHER WAS RECORDED YESTERDAY.
  NO SIGNIFICANT WEATHER WAS OBSERVED.


RELATIVE HUMIDITY (PERCENT)
 HIGHEST    MM
 LOWEST     MM
 AVERAGE    MM

..........................................................


THE CHANHASSEN MN CLIMATE NORMALS FOR TODAY
                         NORMAL    RECORD    YEAR
 MAXIMUM TEMPERATURE (F)   64        MM        MM
 MINIMUM TEMPERATURE (F)   42        MM        MM


SUNRISE AND SUNSET
MAY  1 2016...........SUNRISE   603 AM CDT   SUNSET   820 PM CDT
MAY  2 2016...........SUNRISE   602 AM CDT   SUNSET   821 PM CDT


-  INDICATES NEGATIVE NUMBERS.
R  INDICATES RECORD WAS SET OR TIED.
MM INDICATES DATA IS MISSING.
T  INDICATES TRACE AMOUNT.




$$
