000
CDUS43 KMPX 280855
CLIMPX


CLIMATE REPORT
NATIONAL WEATHER SERVICE CHANHASSEN MN
254 AM CST FRI NOV 28 2014


...................................

...THE CHANHASSEN MN CLIMATE SUMMARY FOR NOVEMBER 27 2014...

CLIMATE NORMAL PERIOD 1981 TO 2010
CLIMATE RECORD PERIOD 1995 TO 2014


WEATHER ITEM   OBSERVED NORMAL DEPARTURE LAST
                VALUE   VALUE  FROM      YEAR
                               NORMAL
...............................................
TEMPERATURE (F)
 YESTERDAY
  MAXIMUM          9     33    -24       22
  MINIMUM         -5     19    -24        6
  AVERAGE          2     26    -24       14

PRECIPITATION (IN)
  YESTERDAY        0.04   0.06  -0.02     0.00
  MONTH TO DATE    0.67   1.80  -1.13     0.51
  SINCE SEP 1      2.89   7.74  -4.85     5.61
  SINCE JAN 1     35.40  29.74   5.66    33.82

SNOWFALL (IN)
  YESTERDAY        0.5    0.3    0.2      0.0
  MONTH TO DATE    7.5    4.5    3.0      1.8
  SINCE SEP 1      7.5    4.9    2.6      1.8
  SINCE JUL 1      7.5    4.9    2.6      1.8
  SNOW DEPTH       2

DEGREE DAYS
 HEATING
  YESTERDAY       63     39     24       51
  MONTH TO DATE 1079    849    230      894
  SINCE SEP 1   1780   1562    218     1573
  SINCE JUL 1   1796   1585    211     1594

 COOLING
  YESTERDAY        0      0      0        0
  MONTH TO DATE    0      0      0        0
  SINCE SEP 1     35     52    -17       88
  SINCE JAN 1    514    605    -91      667
...............................................







THE CHANHASSEN MN CLIMATE NORMALS FOR TODAY
                         NORMAL
 MAXIMUM TEMPERATURE (F)   32
 MINIMUM TEMPERATURE (F)   18



-  INDICATES NEGATIVE NUMBERS.
R  INDICATES RECORD WAS SET OR TIED.
MM INDICATES DATA IS MISSING.
T  INDICATES TRACE AMOUNT.




$$
