000
CDUS43 KMPX 070636
CLIMPX


CLIMATE REPORT
NATIONAL WEATHER SERVICE CHANHASSEN MN
1235 AM CST WED DEC 7 2016


...................................

...THE CHANHASSEN MN CLIMATE SUMMARY FOR DECEMBER 6 2016...

CLIMATE NORMAL PERIOD 1981 TO 2010
CLIMATE RECORD PERIOD 1995 TO 2016


WEATHER ITEM   OBSERVED TIME   RECORD YEAR NORMAL DEPARTURE LAST
                VALUE   (LST)  VALUE       VALUE  FROM      YEAR
                                                  NORMAL
..................................................................
TEMPERATURE (F)
 YESTERDAY
  MAXIMUM         35        MM  45    2012  29      6       38
  MINIMUM         16        MM -10    2013  14      2       29
  AVERAGE         26                        21      5       34

PRECIPITATION (IN)
  YESTERDAY        T             0.06 2004   0.04  -0.04     0.00
  MONTH TO DATE    0.19                      0.26  -0.07     0.04
  SINCE DEC 1      0.19                      0.26  -0.07     0.04
  SINCE JAN 1     38.47                     30.17   8.30    33.48

SNOWFALL (IN)
  YESTERDAY        T             0.6  2010   0.5   -0.5      0.0
  MONTH TO DATE    3.1                       2.5    0.6      0.3
  SINCE DEC 1      3.1                       2.5    0.6      0.3
  SINCE JUL 1      8.2                       8.3   -0.1      3.3
  SNOW DEPTH       0

DEGREE DAYS
 HEATING
  YESTERDAY       39                        44     -5       31
  MONTH TO DATE  204                       255    -51      197
  SINCE DEC 1    204                       255    -51      197
  SINCE JUL 1   1427                      1962   -535     1529

 COOLING
  YESTERDAY        0                         0      0        0
  MONTH TO DATE    0                         0      0        0
  SINCE DEC 1      0                         0      0        0
  SINCE JAN 1    631                       605     26      551
..................................................................


WIND (MPH)
  HIGHEST WIND SPEED    MM   HIGHEST WIND DIRECTION    MM
  HIGHEST GUST SPEED    MM   HIGHEST GUST DIRECTION    MM
  AVERAGE WIND SPEED    MM


SKY COVER
  POSSIBLE SUNSHINE  MM
  AVERAGE SKY COVER  MM


WEATHER CONDITIONS
 THE FOLLOWING WEATHER WAS RECORDED YESTERDAY.
  NO SIGNIFICANT WEATHER WAS OBSERVED.


RELATIVE HUMIDITY (PERCENT)
 HIGHEST    MM
 LOWEST     MM
 AVERAGE    MM

..........................................................


THE CHANHASSEN MN CLIMATE NORMALS FOR TODAY
                         NORMAL    RECORD    YEAR
 MAXIMUM TEMPERATURE (F)   28        44      2015
 MINIMUM TEMPERATURE (F)   13       -16      2013


SUNRISE AND SUNSET
DECEMBER  7 2016......SUNRISE   739 AM CST   SUNSET   433 PM CST
DECEMBER  8 2016......SUNRISE   740 AM CST   SUNSET   433 PM CST


-  INDICATES NEGATIVE NUMBERS.
R  INDICATES RECORD WAS SET OR TIED.
MM INDICATES DATA IS MISSING.
T  INDICATES TRACE AMOUNT.




$$
