000
CDUS43 KMQT 250518
CLIMQT


CLIMATE REPORT
NATIONAL WEATHER SERVICE MARQUETTE MI
116 AM EDT TUE JUL 25 2017


...................................

...THE MARQUETTE MI CLIMATE SUMMARY FOR JULY 24 2017...

CLIMATE NORMAL PERIOD 1981 TO 2010
CLIMATE RECORD PERIOD 1961 TO 2017


WEATHER ITEM   OBSERVED RECORD YEAR NORMAL DEPARTURE LAST
                VALUE   VALUE       VALUE  FROM      YEAR
                                           NORMAL
...........................................................
TEMPERATURE (F)
 YESTERDAY
  MAXIMUM         72     90    1989  77     -5       85
  MINIMUM         44     40    2004  55    -11       65
  AVERAGE         58                 66     -8       75

PRECIPITATION (IN)
  YESTERDAY        0.00   2.43 1964   0.09  -0.09     0.46
  MONTH TO DATE    1.95               2.17  -0.22     3.47
  SINCE JUN 1      7.92               5.01   2.91     7.01
  SINCE JAN 1     22.76              18.65   4.11    23.22

SNOWFALL (IN)
  YESTERDAY        0.0   MM      MM   0.0    0.0      0.0
  MONTH TO DATE    T                  0.0    0.0       T
  SINCE JUN 1      T                  0.0    0.0       T
  SINCE JUL 1      T                  0.0    0.0       T
  SNOW DEPTH       0

DEGREE DAYS
 HEATING
  YESTERDAY        7                  2      5        0
  MONTH TO DATE   76                 60     16       47
  SINCE JUN 1    217                242    -25      229
  SINCE JUL 1     76                 60     16       47

 COOLING
  YESTERDAY        0                  3     -3       10
  MONTH TO DATE   36                 72    -36       87
  SINCE JUN 1     57                120    -63      128
  SINCE JAN 1     57                132    -75      139
...........................................................


WIND (MPH)
  RESULTANT WIND SPEED  MM   RESULTANT WIND DIRECTION  MM
  HIGHEST WIND SPEED    MM   HIGHEST WIND DIRECTION    MM
  HIGHEST GUST SPEED    12   HIGHEST GUST DIRECTION     E (90)
  AVERAGE WIND SPEED    MM


SKY COVER
  POSSIBLE SUNSHINE  MM
  AVERAGE SKY COVER  MM


WEATHER CONDITIONS
 THE FOLLOWING WEATHER WAS RECORDED YESTERDAY.
  NO SIGNIFICANT WEATHER WAS OBSERVED.


RELATIVE HUMIDITY (PERCENT)
 HIGHEST    MM
 LOWEST     MM
 AVERAGE    MM

..........................................................


THE MARQUETTE MI CLIMATE NORMALS FOR TODAY
                         NORMAL    RECORD    YEAR
 MAXIMUM TEMPERATURE (F)   77        91      2007
                                             1989
 MINIMUM TEMPERATURE (F)   55        42      1976


SUNRISE AND SUNSET
JULY 25 2017..........SUNRISE   623 AM EDT   SUNSET   930 PM EDT
JULY 26 2017..........SUNRISE   624 AM EDT   SUNSET   928 PM EDT


-  INDICATES NEGATIVE NUMBERS.
R  INDICATES RECORD WAS SET OR TIED.
MM INDICATES DATA IS MISSING.
T  INDICATES TRACE AMOUNT.




$$
