000
CDUS41 KLWX 010532
CLIMRB


CLIMATE REPORT
NATIONAL WEATHER SERVICE BALTIMORE MD/WASHINGTON DC
1228 AM EST SUN MAR 1 2015


...................................

...THE MARTINSBURG WV CLIMATE SUMMARY FOR FEBRUARY 28 2015...

CLIMATE NORMAL PERIOD 1981 TO 2010
CLIMATE RECORD PERIOD 1926 TO 2015


WEATHER ITEM   OBSERVED TIME   RECORD YEAR NORMAL DEPARTURE LAST
                VALUE   (LST)  VALUE       VALUE  FROM      YEAR
                                                  NORMAL
..................................................................
TEMPERATURE (F)
 YESTERDAY
  MAXIMUM         31    329 PM  75    1948  47    -16       28
  MINIMUM         12    714 AM -10    1934  27    -15        8
  AVERAGE         22                        37    -15       18

PRECIPITATION (IN)
  YESTERDAY        0.00          0.89 1966   0.09  -0.09     0.00
  MONTH TO DATE    0.23                      2.34  -2.11     2.71
  SINCE DEC 1      5.06                      7.49  -2.43     8.65
  SINCE JAN 1      2.29                      4.78  -2.49     3.75

DEGREE DAYS
 HEATING
  YESTERDAY       43                        28     15       47
  MONTH TO DATE 1085                       874    211      926
  SINCE DEC 1   2964                      2886     78     3002
  SINCE JUL 1   3923                      3956    -33     4093

 COOLING
  YESTERDAY        0                         0      0        0
  MONTH TO DATE    0                         0      0        0
  SINCE DEC 1      0                         0      0        0
  SINCE JAN 1      0                         0      0        0
..................................................................


WIND (MPH)
  HIGHEST WIND SPEED    10   HIGHEST WIND DIRECTION    NW (310)
  HIGHEST GUST SPEED    12   HIGHEST GUST DIRECTION    NW (320)
  AVERAGE WIND SPEED     3.0


SKY COVER
  POSSIBLE SUNSHINE  MM
  AVERAGE SKY COVER 0.0


WEATHER CONDITIONS
 THE FOLLOWING WEATHER WAS RECORDED YESTERDAY.
  HAZE


RELATIVE HUMIDITY (PERCENT)
 HIGHEST    62          1100 PM
 LOWEST     27           500 PM
 AVERAGE    45

..........................................................


THE MARTINSBURG WV CLIMATE NORMALS FOR TODAY
                         NORMAL    RECORD    YEAR
 MAXIMUM TEMPERATURE (F)   47        79      1972
 MINIMUM TEMPERATURE (F)   27         4      1934


SUNRISE AND SUNSET
MARCH  1 2015.........SUNRISE   645 AM EST   SUNSET   604 PM EST
MARCH  2 2015.........SUNRISE   644 AM EST   SUNSET   605 PM EST


-  INDICATES NEGATIVE NUMBERS.
R  INDICATES RECORD WAS SET OR TIED.
MM INDICATES DATA IS MISSING.
T  INDICATES TRACE AMOUNT.




$$
