000
CDUS41 KLWX 260525
CLIMRB


CLIMATE REPORT
NATIONAL WEATHER SERVICE BALTIMORE MD/WASHINGTON DC
1225 AM EST WED NOV 26 2014


...................................

...THE MARTINSBURG WV CLIMATE SUMMARY FOR NOVEMBER 25 2014...

CLIMATE NORMAL PERIOD 1981 TO 2010
CLIMATE RECORD PERIOD 1926 TO 2014


WEATHER ITEM   OBSERVED TIME   RECORD YEAR NORMAL DEPARTURE LAST
                VALUE   (LST)  VALUE       VALUE  FROM      YEAR
                                                  NORMAL
..................................................................
TEMPERATURE (F)
 YESTERDAY
  MAXIMUM         61   1200 AM  80    1973  50     11       38
  MINIMUM         36    929 PM  11    1970  32      4       14
  AVERAGE         49                        41      8       26

PRECIPITATION (IN)
  YESTERDAY        0.00          2.41 1950   0.11  -0.11     0.00
  MONTH TO DATE    1.30                      2.58  -1.28     0.61
  SINCE SEP 1      7.03                      9.20  -2.17     7.33
  SINCE JAN 1     31.50                     35.44  -3.94    29.71

DEGREE DAYS
 HEATING
  YESTERDAY       16                        24     -8       39
  MONTH TO DATE  541                       497     44      525
  SINCE SEP 1    826                       936   -110      918
  SINCE JUL 1    829                       943   -114      922

 COOLING
  YESTERDAY        0                         0      0        0
  MONTH TO DATE    0                         0      0        0
  SINCE SEP 1    130                       103     27      139
  SINCE JAN 1    958                       895     63     1057
..................................................................


WIND (MPH)
  HIGHEST WIND SPEED    30   HIGHEST WIND DIRECTION     W (290)
  HIGHEST GUST SPEED    35   HIGHEST GUST DIRECTION     W (280)
  AVERAGE WIND SPEED     8.6


SKY COVER
  POSSIBLE SUNSHINE  MM
  AVERAGE SKY COVER 0.0


WEATHER CONDITIONS
 THE FOLLOWING WEATHER WAS RECORDED YESTERDAY.
  NO SIGNIFICANT WEATHER WAS OBSERVED.


RELATIVE HUMIDITY (PERCENT)
 HIGHEST    70          1100 PM
 LOWEST     30           200 PM
 AVERAGE    50

..........................................................


THE MARTINSBURG WV CLIMATE NORMALS FOR TODAY
                         NORMAL    RECORD    YEAR
 MAXIMUM TEMPERATURE (F)   50        73      1979
 MINIMUM TEMPERATURE (F)   31         7      1938


SUNRISE AND SUNSET
NOVEMBER 26 2014......SUNRISE   708 AM EST   SUNSET   450 PM EST
NOVEMBER 27 2014......SUNRISE   709 AM EST   SUNSET   450 PM EST


-  INDICATES NEGATIVE NUMBERS.
R  INDICATES RECORD WAS SET OR TIED.
MM INDICATES DATA IS MISSING.
T  INDICATES TRACE AMOUNT.




$$
