000
CDUS41 KLWX 020523
CLIMRB


CLIMATE REPORT
NATIONAL WEATHER SERVICE BALTIMORE MD/WASHINGTON DC
123 AM EDT THU OCT 2 2014


...................................

...THE MARTINSBURG WV CLIMATE SUMMARY FOR OCTOBER 1 2014...

CLIMATE NORMAL PERIOD 1981 TO 2010
CLIMATE RECORD PERIOD 1926 TO 2014


WEATHER ITEM   OBSERVED TIME   RECORD YEAR NORMAL DEPARTURE LAST
                VALUE   (LST)  VALUE       VALUE  FROM      YEAR
                                                  NORMAL
..................................................................
TEMPERATURE (F)
 YESTERDAY
  MAXIMUM         72    433 PM  92    1927  71      1       81
  MINIMUM         57   1144 PM  27    1947  48      9       53
  AVERAGE         65                        59      6       67

PRECIPITATION (IN)
  YESTERDAY        0.08          2.40 1939   0.10  -0.02     0.00
  MONTH TO DATE    0.08                      0.10  -0.02     0.00
  SINCE SEP 1      2.53                      3.67  -1.14     1.24
  SINCE JAN 1     27.00                     29.91  -2.91    23.62

DEGREE DAYS
 HEATING
  YESTERDAY        0                         7     -7        0
  MONTH TO DATE    0                         7     -7        0
  SINCE SEP 1     51                        91    -40       96
  SINCE JUL 1     54                        98    -44      100

 COOLING
  YESTERDAY        0                         1     -1        2
  MONTH TO DATE    0                         1     -1        2
  SINCE SEP 1    127                        94     33      101
  SINCE JAN 1    955                       886     69     1019
..................................................................


WIND (MPH)
  HIGHEST WIND SPEED    10   HIGHEST WIND DIRECTION    NE (40)
  HIGHEST GUST SPEED    12   HIGHEST GUST DIRECTION    NE (30)
  AVERAGE WIND SPEED     2.3


SKY COVER
  POSSIBLE SUNSHINE  MM
  AVERAGE SKY COVER 0.7


WEATHER CONDITIONS
 THE FOLLOWING WEATHER WAS RECORDED YESTERDAY.
  RAIN
  LIGHT RAIN
  FOG
  HAZE


RELATIVE HUMIDITY (PERCENT)
 HIGHEST    90           300 AM
 LOWEST     61           300 PM
 AVERAGE    76

..........................................................


THE MARTINSBURG WV CLIMATE NORMALS FOR TODAY
                         NORMAL    RECORD    YEAR
 MAXIMUM TEMPERATURE (F)   70        98      1927
 MINIMUM TEMPERATURE (F)   47        28      1947


SUNRISE AND SUNSET
OCTOBER  2 2014.......SUNRISE   709 AM EDT   SUNSET   653 PM EDT
OCTOBER  3 2014.......SUNRISE   710 AM EDT   SUNSET   651 PM EDT


-  INDICATES NEGATIVE NUMBERS.
R  INDICATES RECORD WAS SET OR TIED.
MM INDICATES DATA IS MISSING.
T  INDICATES TRACE AMOUNT.




$$
