000
CDUS41 KLWX 232130
CLIMRB


CLIMATE REPORT
NATIONAL WEATHER SERVICE BALTIMORE MD/WASHINGTON DC
528 PM EDT THU MAR 23 2017


...................................

...THE MARTINSBURG WV CLIMATE SUMMARY FOR MARCH 23 2017...
VALID TODAY AS OF 0500 PM LOCAL TIME.

CLIMATE NORMAL PERIOD 1981 TO 2010
CLIMATE RECORD PERIOD 1926 TO 2017


WEATHER ITEM   OBSERVED TIME   RECORD YEAR NORMAL DEPARTURE LAST
                VALUE   (LST)  VALUE       VALUE  FROM      YEAR
                                                  NORMAL
..................................................................
TEMPERATURE (F)
 TODAY
  MAXIMUM         48    359 PM  86    1938  55     -7       73
  MINIMUM         19    616 AM  17    2004  34    -15       43
                                      1959
  AVERAGE         34                        44    -10       58

PRECIPITATION (IN)
  TODAY            0.00          1.73 2005   0.12  -0.12     0.00
  MONTH TO DATE    1.05                      2.53  -1.48     1.44
  SINCE MAR 1      1.05                      2.53  -1.48     1.44
  SINCE JAN 1      5.43                      7.31  -1.88     5.53

DEGREE DAYS
 HEATING
  TODAY           31                        21     10        7
  MONTH TO DATE  591                       562     29      389
  SINCE MAR 1    591                       562     29      389
  SINCE JUL 1   3669                      4518   -849     3804

 COOLING
  TODAY            0                         0      0        0
  MONTH TO DATE    0                         0      0        2
  SINCE MAR 1      0                         0      0        2
  SINCE JAN 1      0                         0      0        2
..................................................................


WIND (MPH)
  HIGHEST WIND SPEED     9   HIGHEST WIND DIRECTION     S (190)
  HIGHEST GUST SPEED    17   HIGHEST GUST DIRECTION    NW (320)
  AVERAGE WIND SPEED     2.5


SKY COVER
  POSSIBLE SUNSHINE  MM
  AVERAGE SKY COVER 0.0


WEATHER CONDITIONS
 THE FOLLOWING WEATHER WAS RECORDED TODAY.
  NO SIGNIFICANT WEATHER WAS OBSERVED.


RELATIVE HUMIDITY (PERCENT)
 HIGHEST    50           600 AM
 LOWEST     16           400 PM
 AVERAGE    33

..........................................................


THE MARTINSBURG WV CLIMATE NORMALS FOR TOMORROW
                         NORMAL    RECORD    YEAR
 MAXIMUM TEMPERATURE (F)   56        80      1988
 MINIMUM TEMPERATURE (F)   34        16      1934


SUNRISE AND SUNSET
MARCH 23 2017.........SUNRISE   710 AM EDT   SUNSET   727 PM EDT
MARCH 24 2017.........SUNRISE   709 AM EDT   SUNSET   728 PM EDT


-  INDICATES NEGATIVE NUMBERS.
R  INDICATES RECORD WAS SET OR TIED.
MM INDICATES DATA IS MISSING.
T  INDICATES TRACE AMOUNT.




$$
