000
CDUS41 KLWX 030529
CLIMRB


CLIMATE REPORT
NATIONAL WEATHER SERVICE BALTIMORE MD/WASHINGTON DC
127 AM EDT FRI JUL 3 2015


...................................

...THE MARTINSBURG WV CLIMATE SUMMARY FOR JULY 2 2015...

CLIMATE NORMAL PERIOD 1981 TO 2010
CLIMATE RECORD PERIOD 1926 TO 2015


WEATHER ITEM   OBSERVED TIME   RECORD YEAR NORMAL DEPARTURE LAST
                VALUE   (LST)  VALUE       VALUE  FROM      YEAR
                                                  NORMAL
..................................................................
TEMPERATURE (F)
 YESTERDAY
  MAXIMUM         75    418 PM 102    1933  86    -11       94
  MINIMUM         63   1159 PM  46    1943  63      0       69
  AVERAGE         69                        74     -5       82

PRECIPITATION (IN)
  YESTERDAY        0.00          3.07 1981   0.12  -0.12     0.67
  MONTH TO DATE    0.01                      0.23  -0.22     0.73
  SINCE JUN 1      4.27                      3.99   0.28     3.41
  SINCE JAN 1     15.21                     19.72  -4.51    18.28

DEGREE DAYS
 HEATING
  YESTERDAY        0                         0      0        0
  MONTH TO DATE    0                         0      0        0
  SINCE JUN 1     15                        24     -9        2
  SINCE JUL 1      0                         0      0        0

 COOLING
  YESTERDAY        4                         9     -5       17
  MONTH TO DATE   13                        18     -5       34
  SINCE JUN 1    262                       201     61      270
  SINCE JAN 1    410                       258    152      351
..................................................................


WIND (MPH)
  HIGHEST WIND SPEED     7   HIGHEST WIND DIRECTION    SE (150)
  HIGHEST GUST SPEED    10   HIGHEST GUST DIRECTION    SW (220)
  AVERAGE WIND SPEED     1.9


SKY COVER
  POSSIBLE SUNSHINE  MM
  AVERAGE SKY COVER 0.5


WEATHER CONDITIONS
 THE FOLLOWING WEATHER WAS RECORDED YESTERDAY.
  FOG
  FOG W/VISIBILITY <= 1/4 MILE
  HAZE


RELATIVE HUMIDITY (PERCENT)
 HIGHEST    93          1000 PM
 LOWEST     73          1200 PM
 AVERAGE    83

..........................................................


THE MARTINSBURG WV CLIMATE NORMALS FOR TODAY
                         NORMAL    RECORD    YEAR
 MAXIMUM TEMPERATURE (F)   86       102      1941
 MINIMUM TEMPERATURE (F)   63        49      2010
                                             2001
                                             1957


SUNRISE AND SUNSET
JULY  3 2015..........SUNRISE   550 AM EDT   SUNSET   842 PM EDT
JULY  4 2015..........SUNRISE   550 AM EDT   SUNSET   842 PM EDT


-  INDICATES NEGATIVE NUMBERS.
R  INDICATES RECORD WAS SET OR TIED.
MM INDICATES DATA IS MISSING.
T  INDICATES TRACE AMOUNT.




$$
