000
CDUS41 KLWX 230527
CLIMRB


CLIMATE REPORT
NATIONAL WEATHER SERVICE BALTIMORE MD/WASHINGTON DC
123 AM EDT WED AUG 23 2017


...................................

...THE MARTINSBURG WV CLIMATE SUMMARY FOR AUGUST 22 2017...

CLIMATE NORMAL PERIOD 1981 TO 2010
CLIMATE RECORD PERIOD 1926 TO 2017


WEATHER ITEM   OBSERVED TIME   RECORD YEAR NORMAL DEPARTURE LAST
                VALUE   (LST)  VALUE       VALUE  FROM      YEAR
                                                  NORMAL
..................................................................
TEMPERATURE (F)
 YESTERDAY
  MAXIMUM         92    229 PM 103    1983  84      8       82
  MINIMUM         67    604 AM  48    1956  61      6       60
  AVERAGE         80                        72      8       71

PRECIPITATION (IN)
  YESTERDAY        0.16          1.87 1928   0.09   0.07     0.00
  MONTH TO DATE    2.09                      2.20  -0.11     2.19
  SINCE JUN 1      9.59                      9.63  -0.04     5.26
  SINCE JAN 1     26.81                     25.36   1.45    16.85

DEGREE DAYS
 HEATING
  YESTERDAY        0                         0      0        0
  MONTH TO DATE    0                         0      0        0
  SINCE JUN 1     10                        25    -15        5
  SINCE JUL 1      0                         1     -1        0

 COOLING
  YESTERDAY       15                         7      8        6
  MONTH TO DATE  182                       188     -6      279
  SINCE JUN 1    763                       674     89      898
  SINCE JAN 1    870                       731    139      971
..................................................................


WIND (MPH)
  HIGHEST WIND SPEED    18   HIGHEST WIND DIRECTION    NW (320)
  HIGHEST GUST SPEED    23   HIGHEST GUST DIRECTION    NW (320)
  AVERAGE WIND SPEED     5.1


SKY COVER
  POSSIBLE SUNSHINE  MM
  AVERAGE SKY COVER 0.2


WEATHER CONDITIONS
 THE FOLLOWING WEATHER WAS RECORDED YESTERDAY.
  HEAVY RAIN
  RAIN
  LIGHT RAIN
  FOG
  FOG W/VISIBILITY <= 1/4 MILE
  HAZE


RELATIVE HUMIDITY (PERCENT)
 HIGHEST   100           500 AM
 LOWEST     47           100 PM
 AVERAGE    74

..........................................................


THE MARTINSBURG WV CLIMATE NORMALS FOR TODAY
                         NORMAL    RECORD    YEAR
 MAXIMUM TEMPERATURE (F)   83        97      1968
 MINIMUM TEMPERATURE (F)   61        45      1981


SUNRISE AND SUNSET
AUGUST 23 2017........SUNRISE   632 AM EDT   SUNSET   756 PM EDT
AUGUST 24 2017........SUNRISE   633 AM EDT   SUNSET   754 PM EDT


-  INDICATES NEGATIVE NUMBERS.
R  INDICATES RECORD WAS SET OR TIED.
MM INDICATES DATA IS MISSING.
T  INDICATES TRACE AMOUNT.




$$
