000
CDUS41 KLWX 202125
CLIMRB


CLIMATE REPORT
NATIONAL WEATHER SERVICE BALTIMORE MD/WASHINGTON DC
525 PM EDT SAT SEP 20 2014


...................................

...THE MARTINSBURG WV CLIMATE SUMMARY FOR SEPTEMBER 20 2014...
VALID TODAY AS OF 0500 PM LOCAL TIME.

CLIMATE NORMAL PERIOD 1981 TO 2010
CLIMATE RECORD PERIOD 1926 TO 2014


WEATHER ITEM   OBSERVED TIME   RECORD YEAR NORMAL DEPARTURE LAST
                VALUE   (LST)  VALUE       VALUE  FROM      YEAR
                                                  NORMAL
..................................................................
TEMPERATURE (F)
 TODAY
  MAXIMUM         81    302 PM  93    1983  75      6       81
  MINIMUM         60    631 AM  38    1959  52      8       51
  AVERAGE         71                        64      7       66

PRECIPITATION (IN)
  TODAY            0.00          1.40 1928   0.12  -0.12     0.00
  MONTH TO DATE    1.83                      2.39  -0.56     0.58
  SINCE SEP 1      1.83                      2.39  -0.56     0.58
  SINCE JAN 1     26.30                     28.63  -2.33    22.96

DEGREE DAYS
 HEATING
  TODAY            0                         4     -4        0
  MONTH TO DATE   24                        35    -11       40
  SINCE SEP 1     24                        35    -11       40
  SINCE JUL 1     27                        42    -15       44

 COOLING
  TODAY            6                         2      4        1
  MONTH TO DATE  118                        79     39       99
  SINCE SEP 1    118                        79     39       99
  SINCE JAN 1    946                       871     75     1017
..................................................................


WIND (MPH)
  HIGHEST WIND SPEED    17   HIGHEST WIND DIRECTION    SE (140)
  HIGHEST GUST SPEED    22   HIGHEST GUST DIRECTION    SE (140)
  AVERAGE WIND SPEED     7.6


SKY COVER
  POSSIBLE SUNSHINE  MM
  AVERAGE SKY COVER 0.4


WEATHER CONDITIONS
 THE FOLLOWING WEATHER WAS RECORDED TODAY.
  FOG
  HAZE


RELATIVE HUMIDITY (PERCENT)
 HIGHEST    90           500 AM
 LOWEST     42           100 PM
 AVERAGE    66

..........................................................


THE MARTINSBURG WV CLIMATE NORMALS FOR TOMORROW
                         NORMAL    RECORD    YEAR
 MAXIMUM TEMPERATURE (F)   75        94      1965
 MINIMUM TEMPERATURE (F)   52        29      1956


SUNRISE AND SUNSET
SEPTEMBER 20 2014.....SUNRISE   658 AM EDT   SUNSET   712 PM EDT
SEPTEMBER 21 2014.....SUNRISE   659 AM EDT   SUNSET   711 PM EDT


-  INDICATES NEGATIVE NUMBERS.
R  INDICATES RECORD WAS SET OR TIED.
MM INDICATES DATA IS MISSING.
T  INDICATES TRACE AMOUNT.




$$
