000
CDUS41 KLWX 200524
CLIMRB


CLIMATE REPORT
NATIONAL WEATHER SERVICE BALTIMORE MD/WASHINGTON DC
1224 AM EST SAT DEC 20 2014


...................................

...THE MARTINSBURG WV CLIMATE SUMMARY FOR DECEMBER 19 2014...

CLIMATE NORMAL PERIOD 1981 TO 2010
CLIMATE RECORD PERIOD 1926 TO 2014


WEATHER ITEM   OBSERVED TIME   RECORD YEAR NORMAL DEPARTURE LAST
                VALUE   (LST)  VALUE       VALUE  FROM      YEAR
                                                  NORMAL
..................................................................
TEMPERATURE (F)
 YESTERDAY
  MAXIMUM         40    251 PM  63    1937  42     -2       55
  MINIMUM         26   1130 PM   3    1989  25      1       19
  AVERAGE         33                        33      0       37

PRECIPITATION (IN)
  YESTERDAY        0.00          1.05 1936   0.08  -0.08     0.00
  MONTH TO DATE    2.03                      1.81   0.22     3.14
  SINCE DEC 1      2.03                      1.81   0.22     3.14
  SINCE JAN 1     34.42                     37.80  -3.38    34.30

DEGREE DAYS
 HEATING
  YESTERDAY       32                        32      0       28
  MONTH TO DATE  477                       559    -82      570
  SINCE DEC 1    477                       559    -82      570
  SINCE JUL 1   1436                      1629   -193     1661

 COOLING
  YESTERDAY        0                         0      0        0
  MONTH TO DATE    0                         0      0        0
  SINCE DEC 1      0                         0      0        0
  SINCE JAN 1    958                       895     63     1057
..................................................................


WIND (MPH)
  HIGHEST WIND SPEED    20   HIGHEST WIND DIRECTION    NW (330)
  HIGHEST GUST SPEED    28   HIGHEST GUST DIRECTION    NW (330)
  AVERAGE WIND SPEED    10.4


SKY COVER
  POSSIBLE SUNSHINE  MM
  AVERAGE SKY COVER 0.7


WEATHER CONDITIONS
 THE FOLLOWING WEATHER WAS RECORDED YESTERDAY.
  NO SIGNIFICANT WEATHER WAS OBSERVED.


RELATIVE HUMIDITY (PERCENT)
 HIGHEST    63          1100 PM
 LOWEST     44           300 PM
 AVERAGE    54

..........................................................


THE MARTINSBURG WV CLIMATE NORMALS FOR TODAY
                         NORMAL    RECORD    YEAR
 MAXIMUM TEMPERATURE (F)   41        68      1929
 MINIMUM TEMPERATURE (F)   24         2      1951


SUNRISE AND SUNSET
DECEMBER 20 2014......SUNRISE   728 AM EST   SUNSET   451 PM EST
DECEMBER 21 2014......SUNRISE   728 AM EST   SUNSET   452 PM EST


-  INDICATES NEGATIVE NUMBERS.
R  INDICATES RECORD WAS SET OR TIED.
MM INDICATES DATA IS MISSING.
T  INDICATES TRACE AMOUNT.




$$
