000
CDUS41 KLWX 050525
CLIMRB


CLIMATE REPORT
NATIONAL WEATHER SERVICE BALTIMORE MD/WASHINGTON DC
125 AM EDT WED AUG 5 2015


...................................

...THE MARTINSBURG WV CLIMATE SUMMARY FOR AUGUST 4 2015...

CLIMATE NORMAL PERIOD 1981 TO 2010
CLIMATE RECORD PERIOD 1926 TO 2015


WEATHER ITEM   OBSERVED TIME   RECORD YEAR NORMAL DEPARTURE LAST
                VALUE   (LST)  VALUE       VALUE  FROM      YEAR
                                                  NORMAL
..................................................................
TEMPERATURE (F)
 YESTERDAY
  MAXIMUM         90    432 PM 102    1930  85      5       85
  MINIMUM         65    553 AM  47    1965  63      2       60
  AVERAGE         78                        74      4       73

PRECIPITATION (IN)
  YESTERDAY        0.08          1.25 1929   0.10  -0.02     0.00
  MONTH TO DATE    0.08                      0.43  -0.35     0.50
  SINCE JUN 1      6.73                      7.86  -1.13     7.87
  SINCE JAN 1     17.67                     23.59  -5.92    22.74

DEGREE DAYS
 HEATING
  YESTERDAY        0                         0      0        0
  MONTH TO DATE    0                         0      0        0
  SINCE JUN 1     15                        25    -10        5
  SINCE JUL 1      0                         1     -1        3

 COOLING
  YESTERDAY       13                         9      4        8
  MONTH TO DATE   42                        36      6       29
  SINCE JUN 1    607                       522     85      566
  SINCE JAN 1    755                       579    176      647
..................................................................


WIND (MPH)
  HIGHEST WIND SPEED    17   HIGHEST WIND DIRECTION    NW (300)
  HIGHEST GUST SPEED    22   HIGHEST GUST DIRECTION    SW (240)
  AVERAGE WIND SPEED     6.7


SKY COVER
  POSSIBLE SUNSHINE  MM
  AVERAGE SKY COVER 0.2


WEATHER CONDITIONS
 THE FOLLOWING WEATHER WAS RECORDED YESTERDAY.
  RAIN
  FOG


RELATIVE HUMIDITY (PERCENT)
 HIGHEST   100           600 AM
 LOWEST     36           500 PM
 AVERAGE    68

..........................................................


THE MARTINSBURG WV CLIMATE NORMALS FOR TODAY
                         NORMAL    RECORD    YEAR
 MAXIMUM TEMPERATURE (F)   85       108      1930
 MINIMUM TEMPERATURE (F)   63        50      1951


SUNRISE AND SUNSET
AUGUST  5 2015........SUNRISE   615 AM EDT   SUNSET   820 PM EDT
AUGUST  6 2015........SUNRISE   616 AM EDT   SUNSET   819 PM EDT


-  INDICATES NEGATIVE NUMBERS.
R  INDICATES RECORD WAS SET OR TIED.
MM INDICATES DATA IS MISSING.
T  INDICATES TRACE AMOUNT.




$$
