000
CDUS41 KLWX 270527
CLIMRB


CLIMATE REPORT
NATIONAL WEATHER SERVICE BALTIMORE MD/WASHINGTON DC
126 AM EDT FRI MAY 27 2016


...................................

...THE MARTINSBURG WV CLIMATE SUMMARY FOR MAY 26 2016...

CLIMATE NORMAL PERIOD 1981 TO 2010
CLIMATE RECORD PERIOD 1926 TO 2016


WEATHER ITEM   OBSERVED TIME   RECORD YEAR NORMAL DEPARTURE LAST
                VALUE   (LST)  VALUE       VALUE  FROM      YEAR
                                                  NORMAL
..................................................................
TEMPERATURE (F)
 YESTERDAY
  MAXIMUM         87    305 PM  92    1991  75     12       84
  MINIMUM         57    401 AM  38    1972  53      4       59
  AVERAGE         72                        64      8       72

PRECIPITATION (IN)
  YESTERDAY        T             1.75 1990   0.13  -0.13     0.00
  MONTH TO DATE    4.48                      3.44   1.04     1.95
  SINCE MAR 1      7.32                     10.30  -2.98     7.57
  SINCE JAN 1     11.41                     15.08  -3.67     9.86

DEGREE DAYS
 HEATING
  YESTERDAY        0                         4     -4        0
  MONTH TO DATE  182                       155     27       65
  SINCE MAR 1   1058                      1256   -198     1092
  SINCE JUL 1   4473                      5212   -739     5015

 COOLING
  YESTERDAY        7                         3      4        7
  MONTH TO DATE   14                        37    -23       95
  SINCE MAR 1     26                        46    -20       96
  SINCE JAN 1     26                        46    -20       96
..................................................................


WIND (MPH)
  HIGHEST WIND SPEED    14   HIGHEST WIND DIRECTION    SW (240)
  HIGHEST GUST SPEED    19   HIGHEST GUST DIRECTION    SW (240)
  AVERAGE WIND SPEED     2.7


SKY COVER
  POSSIBLE SUNSHINE  MM
  AVERAGE SKY COVER 0.4


WEATHER CONDITIONS
 THE FOLLOWING WEATHER WAS RECORDED YESTERDAY.
  LIGHT RAIN


RELATIVE HUMIDITY (PERCENT)
 HIGHEST    93           300 AM
 LOWEST     37           200 PM
 AVERAGE    65

..........................................................


THE MARTINSBURG WV CLIMATE NORMALS FOR TODAY
                         NORMAL    RECORD    YEAR
 MAXIMUM TEMPERATURE (F)   76        95      1941
 MINIMUM TEMPERATURE (F)   53        37      1958


SUNRISE AND SUNSET
MAY 27 2016...........SUNRISE   549 AM EDT   SUNSET   830 PM EDT
MAY 28 2016...........SUNRISE   549 AM EDT   SUNSET   830 PM EDT


-  INDICATES NEGATIVE NUMBERS.
R  INDICATES RECORD WAS SET OR TIED.
MM INDICATES DATA IS MISSING.
T  INDICATES TRACE AMOUNT.




$$
