428
CDUS44 KHUN 180801
CLIMSL


CLIMATE REPORT
NATIONAL WEATHER SERVICE HUNTSVILLE AL
201 AM CST WED JAN 18 2017


...................................

...THE MUSCLE SHOALS CLIMATE SUMMARY FOR JANUARY 17 2017...

CLIMATE NORMAL PERIOD 1981 TO 2010
CLIMATE RECORD PERIOD 1893 TO 2017


WEATHER ITEM   OBSERVED TIME   RECORD YEAR NORMAL DEPARTURE LAST
                VALUE   (LST)  VALUE       VALUE  FROM      YEAR
                                                  NORMAL
..................................................................
TEMPERATURE (F)
 YESTERDAY
  MAXIMUM         67    914 AM  84    1936  51     16       45
  MINIMUM         57   1159 PM  -3    1982  31     26       31
  AVERAGE         62                        41     21       38

PRECIPITATION (IN)
  YESTERDAY        0.24          2.33 2006   0.15   0.09     0.00
  MONTH TO DATE    1.65                      2.49  -0.84     0.46
  SINCE DEC 1      6.99                      8.17  -1.18     7.40
  SINCE JAN 1      1.65                      2.49  -0.84     0.46

SNOWFALL (IN)
  YESTERDAY        0.0
  MONTH TO DATE    T
  SINCE DEC 1      T
  SINCE JUL 1      T
  SNOW DEPTH       0

DEGREE DAYS
 HEATING
  YESTERDAY        3                        24    -21       27
  MONTH TO DATE  259                       408   -149      413
  SINCE DEC 1    827                      1082   -255      766
  SINCE JUL 1   1155                      1644   -489     1131

 COOLING
  YESTERDAY        0                         0      0        0
  MONTH TO DATE    4                         0      4        0
  SINCE DEC 1      6                         1      5       22
  SINCE JAN 1      4                         0      4        0
..................................................................


WIND (MPH)
  HIGHEST WIND SPEED    20   HIGHEST WIND DIRECTION    NW (300)
  HIGHEST GUST SPEED    30   HIGHEST GUST DIRECTION     S (180)
  AVERAGE WIND SPEED    10.1


SKY COVER
  POSSIBLE SUNSHINE  MM
  AVERAGE SKY COVER 0.9


WEATHER CONDITIONS
 THE FOLLOWING WEATHER WAS RECORDED YESTERDAY.
  RAIN
  LIGHT RAIN
  FOG


RELATIVE HUMIDITY (PERCENT)
 HIGHEST    93          1200 PM
 LOWEST     68          1200 AM
 AVERAGE    81

..........................................................


THE MUSCLE SHOALS CLIMATE NORMALS FOR TODAY
                         NORMAL    RECORD    YEAR
 MAXIMUM TEMPERATURE (F)   51        78      1907
 MINIMUM TEMPERATURE (F)   31         5      1977
                                             1948
                                             1930


SUNRISE AND SUNSET
JANUARY 18 2017.......SUNRISE   656 AM CST   SUNSET   506 PM CST
JANUARY 19 2017.......SUNRISE   656 AM CST   SUNSET   507 PM CST


-  INDICATES NEGATIVE NUMBERS.
R  INDICATES RECORD WAS SET OR TIED.
MM INDICATES DATA IS MISSING.
T  INDICATES TRACE AMOUNT.




$$
