000
CDUS44 KHUN 272131
CLIMSL


CLIMATE REPORT
NATIONAL WEATHER SERVICE HUNTSVILLE AL
431 PM CDT TUE JUN 27 2017


...................................

...THE MUSCLE SHOALS CLIMATE SUMMARY FOR JUNE 27 2017...
VALID TODAY AS OF 0400 PM LOCAL TIME.

CLIMATE NORMAL PERIOD 1981 TO 2010
CLIMATE RECORD PERIOD 1893 TO 2017


WEATHER ITEM   OBSERVED TIME   RECORD YEAR NORMAL DEPARTURE LAST
                VALUE   (LST)  VALUE       VALUE  FROM      YEAR
                                                  NORMAL
..................................................................
TEMPERATURE (F)
 TODAY
  MAXIMUM         86    257 PM 103    1952  90     -4       94
                                      1937
                                      1914
  MINIMUM         64    456 AM  53    1974  69     -5       72
  AVERAGE         75                        79     -4       83

PRECIPITATION (IN)
  TODAY            0.00          2.37 1972   0.15  -0.15     1.11
  MONTH TO DATE    2.16                      4.30  -2.14     4.69
  SINCE JUN 1      2.16                      4.30  -2.14     4.69
  SINCE JAN 1     23.13                     27.80  -4.67    21.17

SNOWFALL (IN)
  TODAY            0.0
  MONTH TO DATE    0.0
  SINCE JUN 1      0.0
  SINCE JUL 1      T
  SNOW DEPTH       0

DEGREE DAYS
 HEATING
  TODAY            0                         0      0        0
  MONTH TO DATE    0                         0      0        0
  SINCE JUN 1      0                         0      0        0
  SINCE JUL 1   2094                      3103  -1009     2360

 COOLING
  TODAY           10                        14     -4       18
  MONTH TO DATE  313                       320     -7      411
  SINCE JUN 1    313                       320     -7      411
  SINCE JAN 1    642                       564     78      678
..................................................................


WIND (MPH)
  HIGHEST WIND SPEED    12   HIGHEST WIND DIRECTION     E (70)
  HIGHEST GUST SPEED    16   HIGHEST GUST DIRECTION    NE (60)
  AVERAGE WIND SPEED     2.6


SKY COVER
  POSSIBLE SUNSHINE  MM
  AVERAGE SKY COVER 0.3


WEATHER CONDITIONS
 THE FOLLOWING WEATHER WAS RECORDED TODAY.
  NO SIGNIFICANT WEATHER WAS OBSERVED.


RELATIVE HUMIDITY (PERCENT)
 HIGHEST    93           100 AM
 LOWEST     40           300 PM
 AVERAGE    67

..........................................................


THE MUSCLE SHOALS CLIMATE NORMALS FOR TOMORROW
                         NORMAL    RECORD    YEAR
 MAXIMUM TEMPERATURE (F)   90       105      2012
 MINIMUM TEMPERATURE (F)   69        53      1926


SUNRISE AND SUNSET
JUNE 27 2017..........SUNRISE   539 AM CDT   SUNSET   808 PM CDT
JUNE 28 2017..........SUNRISE   540 AM CDT   SUNSET   808 PM CDT


-  INDICATES NEGATIVE NUMBERS.
R  INDICATES RECORD WAS SET OR TIED.
MM INDICATES DATA IS MISSING.
T  INDICATES TRACE AMOUNT.




$$
