000
CDUS44 KHUN 250807
CLIMSL


CLIMATE REPORT
NATIONAL WEATHER SERVICE HUNTSVILLE AL
205 AM CST SAT FEB 25 2017


...................................

...THE MUSCLE SHOALS CLIMATE SUMMARY FOR FEBRUARY 24 2017...

CLIMATE NORMAL PERIOD 1981 TO 2010
CLIMATE RECORD PERIOD 1893 TO 2017


WEATHER ITEM   OBSERVED TIME   RECORD YEAR NORMAL DEPARTURE LAST
                VALUE   (LST)  VALUE       VALUE  FROM      YEAR
                                                  NORMAL
..................................................................
TEMPERATURE (F)
 YESTERDAY
  MAXIMUM         81R   135 PM  78    1930  58     23       64
  MINIMUM         56    648 AM  17    1989  37     19       40
                                      1967
  AVERAGE         69                        48     21       52

PRECIPITATION (IN)
  YESTERDAY        0.01          2.00 1909   0.18  -0.17     0.28
  MONTH TO DATE    1.57                      3.99  -2.42     3.48
  SINCE DEC 1     11.63                     14.28  -2.65    14.07
  SINCE JAN 1      6.29                      8.60  -2.31     7.13

SNOWFALL (IN)
  YESTERDAY        0.0
  MONTH TO DATE    0.0
  SINCE DEC 1      T
  SINCE JUL 1      T
  SNOW DEPTH       0

DEGREE DAYS
 HEATING
  YESTERDAY        0                        17    -17       13
  MONTH TO DATE  272                       488   -216      444
  SINCE DEC 1   1300                      1906   -606     1558
  SINCE JUL 1   1628                      2468   -840     1923

 COOLING
  YESTERDAY        4                         0      4        0
  MONTH TO DATE    4                         0      4        0
  SINCE DEC 1     10                         1      9       22
  SINCE JAN 1      8                         0      8        0
..................................................................


WIND (MPH)
  HIGHEST WIND SPEED    30   HIGHEST WIND DIRECTION    SW (210)
  HIGHEST GUST SPEED    39   HIGHEST GUST DIRECTION    SW (210)
  AVERAGE WIND SPEED    12.8


SKY COVER
  POSSIBLE SUNSHINE  MM
  AVERAGE SKY COVER 0.3


WEATHER CONDITIONS
 THE FOLLOWING WEATHER WAS RECORDED YESTERDAY.
  THUNDERSTORM
  LIGHT RAIN


RELATIVE HUMIDITY (PERCENT)
 HIGHEST    87           600 AM
 LOWEST     36           200 PM
 AVERAGE    62

..........................................................


THE MUSCLE SHOALS CLIMATE NORMALS FOR TODAY
                         NORMAL    RECORD    YEAR
 MAXIMUM TEMPERATURE (F)   58        79      1930
 MINIMUM TEMPERATURE (F)   38        10      1967


SUNRISE AND SUNSET
FEBRUARY 25 2017......SUNRISE   624 AM CST   SUNSET   543 PM CST
FEBRUARY 26 2017......SUNRISE   623 AM CST   SUNSET   544 PM CST


-  INDICATES NEGATIVE NUMBERS.
R  INDICATES RECORD WAS SET OR TIED.
MM INDICATES DATA IS MISSING.
T  INDICATES TRACE AMOUNT.




$$
