000
CDUS45 KMSO 020742
CLIMSO


CLIMATE REPORT
NATIONAL WEATHER SERVICE MISSOULA, MT
1241 AM MST MON MAR 2 2015


...................................

...THE MISSOULA MT CLIMATE SUMMARY FOR MARCH 1 2015...

CLIMATE NORMAL PERIOD 1981 TO 2010
CLIMATE RECORD PERIOD 1893 TO 2015


WEATHER ITEM   OBSERVED TIME   RECORD YEAR NORMAL DEPARTURE LAST
                VALUE   (LST)  VALUE       VALUE  FROM      YEAR
                                                  NORMAL
..................................................................
TEMPERATURE (F)
 YESTERDAY
  MAXIMUM         38    500 PM  61    1994  44     -6        5
  MINIMUM         12    624 AM  -3    1960  24    -12        0
  AVERAGE         25                        34     -9        3

PRECIPITATION (IN)
  YESTERDAY        0.00          0.40 1904   0.03  -0.03     0.01
  MONTH TO DATE    0.00                      0.03  -0.03     0.01
  SINCE OCT 1      7.52                      4.51   3.01     5.07
  SINCE JAN 1      2.21                      1.58   0.63     3.36

SNOWFALL (IN)
  YESTERDAY        0.0
  MONTH TO DATE    0.0
  SINCE JAN 1     12.7
  SINCE JUL 1     33.3
  SNOW DEPTH       0

DEGREE DAYS
 HEATING
  YESTERDAY       40                        31      9       62
  MONTH TO DATE   40                        31      9       62
  SINCE MAR 1     40                        31      9       62
  SINCE JUL 1   5032                      5400   -368     5572

 COOLING
  YESTERDAY        0                         0      0        0
  MONTH TO DATE    0                         0      0        0
  SINCE MAR 1      0                         0      0        0
  SINCE JAN 1      0                         0      0        0
..................................................................


WIND (MPH)
  HIGHEST WIND SPEED    10   HIGHEST WIND DIRECTION    SE (120)
  HIGHEST GUST SPEED    14   HIGHEST GUST DIRECTION     E (110)
  AVERAGE WIND SPEED     3.8


SKY COVER
  POSSIBLE SUNSHINE  MM
  AVERAGE SKY COVER 0.1


WEATHER CONDITIONS
 THE FOLLOWING WEATHER WAS RECORDED YESTERDAY.
  NO SIGNIFICANT WEATHER WAS OBSERVED.


RELATIVE HUMIDITY (PERCENT)
 HIGHEST    73           100 AM
 LOWEST     25           500 PM
 AVERAGE    49

..........................................................


THE MISSOULA MT CLIMATE NORMALS FOR TODAY
                         NORMAL    RECORD    YEAR
 MAXIMUM TEMPERATURE (F)   44        66      1994
 MINIMUM TEMPERATURE (F)   24        -8      1960


SUNRISE AND SUNSET
MARCH  2 2015.........SUNRISE   715 AM MST   SUNSET   623 PM MST
MARCH  3 2015.........SUNRISE   713 AM MST   SUNSET   625 PM MST


-  INDICATES NEGATIVE NUMBERS.
R  INDICATES RECORD WAS SET OR TIED.
MM INDICATES DATA IS MISSING.
T  INDICATES TRACE AMOUNT.




$$
