104
CDUS45 KMSO 232230
CLIMSO


CLIMATE REPORT
NATIONAL WEATHER SERVICE MISSOULA, MT
430 PM MDT SAT SEP 23 2017


...................................

...THE MISSOULA MT CLIMATE SUMMARY FOR SEPTEMBER 23 2017...
VALID TODAY AS OF 0400 PM LOCAL TIME.

CLIMATE NORMAL PERIOD 1981 TO 2010
CLIMATE RECORD PERIOD 1893 TO 2017


WEATHER ITEM   OBSERVED TIME   RECORD YEAR NORMAL DEPARTURE LAST
                VALUE   (LST)  VALUE       VALUE  FROM      YEAR
                                                  NORMAL
..................................................................
TEMPERATURE (F)
 TODAY
  MAXIMUM         52    150 PM  91    1938  70    -18       63
  MINIMUM         31    651 AM  20    2000  39     -8       50
  AVERAGE         42                        54    -12       57

PRECIPITATION (IN)
  TODAY            0.00          1.01 2007   0.04  -0.04      T
  MONTH TO DATE    1.03                      0.94   0.09     1.13
  SINCE OCT 1     15.94                     13.90   2.04    12.72
  SINCE JAN 1     11.28                     10.97   0.31     9.33

SNOWFALL (IN)
  TODAY            0.0
  MONTH TO DATE    0.0
  SINCE JAN 1     38.2
  SINCE JUL 1      0.0
  SNOW DEPTH       0

DEGREE DAYS
 HEATING
  TODAY           23                        11     12        8
  MONTH TO DATE  186                       157     29      227
  SINCE SEP 1    186                       157     29      227
  SINCE JUL 1    187                       241    -54      325

 COOLING
  TODAY            0                         0      0        0
  MONTH TO DATE   34                        13     21        4
  SINCE SEP 1     34                        13     21        4
  SINCE JAN 1    509                       330    179      286
..................................................................


WIND (MPH)
  HIGHEST WIND SPEED     8   HIGHEST WIND DIRECTION     N (360)
  HIGHEST GUST SPEED    13   HIGHEST GUST DIRECTION    NW (300)
  AVERAGE WIND SPEED     1.5


SKY COVER
  POSSIBLE SUNSHINE  MM
  AVERAGE SKY COVER 0.8


WEATHER CONDITIONS
 THE FOLLOWING WEATHER WAS RECORDED TODAY.
  NO SIGNIFICANT WEATHER WAS OBSERVED.


RELATIVE HUMIDITY (PERCENT)
 HIGHEST   100           800 AM
 LOWEST     50           200 PM
 AVERAGE    75

..........................................................


THE MISSOULA MT CLIMATE NORMALS FOR TOMORROW
                         NORMAL    RECORD    YEAR
 MAXIMUM TEMPERATURE (F)   69        92      2014
 MINIMUM TEMPERATURE (F)   39        17      1926


SUNRISE AND SUNSET
SEPTEMBER 23 2017.....SUNRISE   725 AM MDT   SUNSET   731 PM MDT
SEPTEMBER 24 2017.....SUNRISE   726 AM MDT   SUNSET   729 PM MDT


-  INDICATES NEGATIVE NUMBERS.
R  INDICATES RECORD WAS SET OR TIED.
MM INDICATES DATA IS MISSING.
T  INDICATES TRACE AMOUNT.




$$
