000
CDUS45 KMSO 270742
CLIMSO


CLIMATE REPORT
NATIONAL WEATHER SERVICE MISSOULA, MT
141 AM MDT FRI MAY 27 2016


...................................

...THE MISSOULA MT CLIMATE SUMMARY FOR MAY 26 2016...

CLIMATE NORMAL PERIOD 1981 TO 2010
CLIMATE RECORD PERIOD 1893 TO 2016


WEATHER ITEM   OBSERVED TIME   RECORD YEAR NORMAL DEPARTURE LAST
                VALUE   (LST)  VALUE       VALUE  FROM      YEAR
                                                  NORMAL
..................................................................
TEMPERATURE (F)
 YESTERDAY
  MAXIMUM         66   1257 PM  93    1986  70     -4       71
  MINIMUM         49   1159 PM  26    1893  43      6       41
  AVERAGE         58                        56      2       56

PRECIPITATION (IN)
  YESTERDAY        0.24          0.99 1998   0.08   0.16      T
  MONTH TO DATE    1.70                      1.58   0.12     0.37
  SINCE OCT 1      8.37                      8.28   0.09     8.84
  SINCE JAN 1      4.98                      5.35  -0.37     3.53

SNOWFALL (IN)
  YESTERDAY        0.0
  MONTH TO DATE    0.0
  SINCE JAN 1     13.1
  SINCE JUL 1     30.2
  SNOW DEPTH       0

DEGREE DAYS
 HEATING
  YESTERDAY        7                         9     -2        9
  MONTH TO DATE  274                       317    -43      293
  SINCE MAR 1   1488                      1711   -223     1634
  SINCE JUL 1   6672                      7080   -408     6626

 COOLING
  YESTERDAY        0                         0      0        0
  MONTH TO DATE    0                         0      0        0
  SINCE MAR 1      0                         0      0        0
  SINCE JAN 1      0                         0      0        0
..................................................................


WIND (MPH)
  HIGHEST WIND SPEED    29   HIGHEST WIND DIRECTION    SW (240)
  HIGHEST GUST SPEED    35   HIGHEST GUST DIRECTION    SW (240)
  AVERAGE WIND SPEED     3.9


SKY COVER
  POSSIBLE SUNSHINE  MM
  AVERAGE SKY COVER 0.7


WEATHER CONDITIONS
 THE FOLLOWING WEATHER WAS RECORDED YESTERDAY.
  HEAVY RAIN
  LIGHT RAIN
  FOG


RELATIVE HUMIDITY (PERCENT)
 HIGHEST    93          1100 PM
 LOWEST     52          1200 PM
 AVERAGE    73

..........................................................


THE MISSOULA MT CLIMATE NORMALS FOR TODAY
                         NORMAL    RECORD    YEAR
 MAXIMUM TEMPERATURE (F)   70        92      1986
                                             1934
 MINIMUM TEMPERATURE (F)   43        28      1973
                                             1918


SUNRISE AND SUNSET
MAY 27 2016...........SUNRISE   549 AM MDT   SUNSET   919 PM MDT
MAY 28 2016...........SUNRISE   548 AM MDT   SUNSET   920 PM MDT


-  INDICATES NEGATIVE NUMBERS.
R  INDICATES RECORD WAS SET OR TIED.
MM INDICATES DATA IS MISSING.
T  INDICATES TRACE AMOUNT.




$$
