000
CDUS45 KMSO 262233
CLIMSO


CLIMATE REPORT
NATIONAL WEATHER SERVICE MISSOULA, MT
432 PM MDT WED JUL 26 2017


...................................

...THE MISSOULA MT CLIMATE SUMMARY FOR JULY 26 2017...
VALID TODAY AS OF 0400 PM LOCAL TIME.

CLIMATE NORMAL PERIOD 1981 TO 2010
CLIMATE RECORD PERIOD 1893 TO 2017


WEATHER ITEM   OBSERVED TIME   RECORD YEAR NORMAL DEPARTURE LAST
                VALUE   (LST)  VALUE       VALUE  FROM      YEAR
                                                  NORMAL
..................................................................
TEMPERATURE (F)
 TODAY
  MAXIMUM         93    259 PM 101    1994  88      5       94
                                      1933
  MINIMUM         51    511 AM  38    1963  53     -2       54
  AVERAGE         72                        70      2       74

PRECIPITATION (IN)
  TODAY            0.00          0.60 2009   0.03  -0.03     0.00
  MONTH TO DATE    T                         0.85  -0.85     2.06
  SINCE OCT 1     14.71                     11.63   3.08    11.31
  SINCE JAN 1     10.05                      8.70   1.35     7.92

SNOWFALL (IN)
  TODAY            0.0
  MONTH TO DATE    0.0
  SINCE JAN 1     38.2
  SINCE JUL 1      0.0
  SNOW DEPTH       0

DEGREE DAYS
 HEATING
  TODAY            0                         1     -1        0
  MONTH TO DATE    0                        37    -37       57
  SINCE JUN 1    115                       197    -82      176
  SINCE JUL 1      0                        37    -37       57

 COOLING
  TODAY            7                         6      1        9
  MONTH TO DATE  223                       122    101       74
  SINCE JUN 1    263                       159    104      145
  SINCE JAN 1    272                       165    107      145
..................................................................


WIND (MPH)
  HIGHEST WIND SPEED    12   HIGHEST WIND DIRECTION     W (280)
  HIGHEST GUST SPEED    14   HIGHEST GUST DIRECTION    NW (320)
  AVERAGE WIND SPEED     2.1


SKY COVER
  POSSIBLE SUNSHINE  MM
  AVERAGE SKY COVER 0.0


WEATHER CONDITIONS
 THE FOLLOWING WEATHER WAS RECORDED TODAY.
  HAZE


RELATIVE HUMIDITY (PERCENT)
 HIGHEST    54           500 AM
 LOWEST     13           300 PM
 AVERAGE    34

..........................................................


THE MISSOULA MT CLIMATE NORMALS FOR TOMORROW
                         NORMAL    RECORD    YEAR
 MAXIMUM TEMPERATURE (F)   88       103      1939
 MINIMUM TEMPERATURE (F)   53        43      1983
                                             1969
                                             1964


SUNRISE AND SUNSET
JULY 26 2017..........SUNRISE   609 AM MDT   SUNSET   916 PM MDT
JULY 27 2017..........SUNRISE   610 AM MDT   SUNSET   915 PM MDT


-  INDICATES NEGATIVE NUMBERS.
R  INDICATES RECORD WAS SET OR TIED.
MM INDICATES DATA IS MISSING.
T  INDICATES TRACE AMOUNT.




$$
