000
CDUS45 KMSO 172331
CLIMSO


CLIMATE REPORT
NATIONAL WEATHER SERVICE MISSOULA, MT
431 PM MST WED DEC 17 2014


...................................

...THE MISSOULA MT CLIMATE SUMMARY FOR DECEMBER 17 2014...
VALID TODAY AS OF 0400 PM LOCAL TIME.

CLIMATE NORMAL PERIOD 1981 TO 2010
CLIMATE RECORD PERIOD 1893 TO 2014


WEATHER ITEM   OBSERVED TIME   RECORD YEAR NORMAL DEPARTURE LAST
                VALUE   (LST)  VALUE       VALUE  FROM      YEAR
                                                  NORMAL
..................................................................
TEMPERATURE (F)
 TODAY
  MAXIMUM         37    252 PM  50    1904  30      7       39
  MINIMUM         26    817 AM -30    1964  16     10       18
  AVERAGE         32                        23      9       29

PRECIPITATION (IN)
  TODAY            0.00          0.56 1917   0.03  -0.03     0.00
  MONTH TO DATE    0.36                      0.57  -0.21     0.54
  SINCE OCT 1      4.41                      2.46   1.95     1.13
  SINCE JAN 1     14.71                     13.66   1.05     8.86

SNOWFALL (IN)
  TODAY            0.0
  MONTH TO DATE    2.5
  SINCE JAN 1     64.4
  SINCE JUL 1     12.5
  SNOW DEPTH       0

DEGREE DAYS
 HEATING
  TODAY           33                        42     -9       36
  MONTH TO DATE  618                       688    -70      810
  SINCE DEC 1    618                       688    -70      810
  SINCE JUL 1   2374                      2584   -210     2665

 COOLING
  TODAY            0                         0      0        0
  MONTH TO DATE    0                         0      0        0
  SINCE DEC 1      0                         0      0        0
  SINCE JAN 1    390                       332     58      579
..................................................................


WIND (MPH)
  HIGHEST WIND SPEED     6   HIGHEST WIND DIRECTION     W (250)
  HIGHEST GUST SPEED     7   HIGHEST GUST DIRECTION     W (250)
  AVERAGE WIND SPEED     0.7


SKY COVER
  POSSIBLE SUNSHINE  MM
  AVERAGE SKY COVER 0.7


WEATHER CONDITIONS
 THE FOLLOWING WEATHER WAS RECORDED TODAY.
  NO SIGNIFICANT WEATHER WAS OBSERVED.


RELATIVE HUMIDITY (PERCENT)
 HIGHEST    84           400 AM
 LOWEST     56           100 PM
 AVERAGE    70

..........................................................


THE MISSOULA MT CLIMATE NORMALS FOR TOMORROW
                         NORMAL    RECORD    YEAR
 MAXIMUM TEMPERATURE (F)   30        50      1917
 MINIMUM TEMPERATURE (F)   16       -18      1964
                                             1924


SUNRISE AND SUNSET
DECEMBER 17 2014......SUNRISE   816 AM MST   SUNSET   449 PM MST
DECEMBER 18 2014......SUNRISE   817 AM MST   SUNSET   449 PM MST


-  INDICATES NEGATIVE NUMBERS.
R  INDICATES RECORD WAS SET OR TIED.
MM INDICATES DATA IS MISSING.
T  INDICATES TRACE AMOUNT.




$$
