000
CDUS45 KMSO 042231
CLIMSO


CLIMATE REPORT
NATIONAL WEATHER SERVICE MISSOULA, MT
430 PM MDT SAT JUL 4 2015


...................................

...THE MISSOULA MT CLIMATE SUMMARY FOR JULY 4 2015...
VALID TODAY AS OF 0400 PM LOCAL TIME.

CLIMATE NORMAL PERIOD 1981 TO 2010
CLIMATE RECORD PERIOD 1893 TO 2015


WEATHER ITEM   OBSERVED TIME   RECORD YEAR NORMAL DEPARTURE LAST
                VALUE   (LST)  VALUE       VALUE  FROM      YEAR
                                                  NORMAL
..................................................................
TEMPERATURE (F)
 TODAY
  MAXIMUM         96    257 PM 101    1937  82     14       90
  MINIMUM         60    450 AM  34    1962  50     10       53
  AVERAGE         78                        66     12       72

PRECIPITATION (IN)
  TODAY            0.00          1.38 1902   0.04  -0.04     0.00
  MONTH TO DATE    0.00                      0.16  -0.16      T
  SINCE OCT 1      9.74                     10.94  -1.20    10.55
  SINCE JAN 1      4.43                      8.01  -3.58     8.84

SNOWFALL (IN)
  TODAY            0.0
  MONTH TO DATE    0.0
  SINCE JAN 1     13.3
  SINCE JUL 1      0.0
  SNOW DEPTH       0

DEGREE DAYS
 HEATING
  TODAY            0                         2     -2        0
  MONTH TO DATE    0                         9     -9        0
  SINCE JUN 1     47                       169   -122      177
  SINCE JUL 1      0                         9     -9        0

 COOLING
  TODAY           13                         3     10        7
  MONTH TO DATE   53                        12     41       28
  SINCE JUN 1    195                        49    146       36
  SINCE JAN 1    195                        55    140       36
..................................................................


WIND (MPH)
  HIGHEST WIND SPEED    13   HIGHEST WIND DIRECTION     S (160)
  HIGHEST GUST SPEED    15   HIGHEST GUST DIRECTION    NW (320)
  AVERAGE WIND SPEED     3.7


SKY COVER
  POSSIBLE SUNSHINE  MM
  AVERAGE SKY COVER 0.0


WEATHER CONDITIONS
 THE FOLLOWING WEATHER WAS RECORDED TODAY.
  NO SIGNIFICANT WEATHER WAS OBSERVED.


RELATIVE HUMIDITY (PERCENT)
 HIGHEST    60           500 AM
 LOWEST     11           300 PM
 AVERAGE    36

..........................................................


THE MISSOULA MT CLIMATE NORMALS FOR TOMORROW
                         NORMAL    RECORD    YEAR
 MAXIMUM TEMPERATURE (F)   83       102      2007
 MINIMUM TEMPERATURE (F)   50        37      2000
                                             1893


SUNRISE AND SUNSET
JULY  4 2015..........SUNRISE   547 AM MDT   SUNSET   934 PM MDT
JULY  5 2015..........SUNRISE   548 AM MDT   SUNSET   933 PM MDT


-  INDICATES NEGATIVE NUMBERS.
R  INDICATES RECORD WAS SET OR TIED.
MM INDICATES DATA IS MISSING.
T  INDICATES TRACE AMOUNT.




$$
