000
CDUS43 KMPX 160708
CLIMSP


CLIMATE REPORT
NATIONAL WEATHER SERVICE CHANHASSEN MN
107 AM CST SAT DEC 16 2017


...................................

...THE TWIN CITIES MN CLIMATE SUMMARY FOR DECEMBER 15 2017...

CLIMATE NORMAL PERIOD 1981 TO 2010
CLIMATE RECORD PERIOD 1871 TO 2017


WEATHER ITEM   OBSERVED TIME   RECORD YEAR NORMAL DEPARTURE LAST
                VALUE   (LST)  VALUE       VALUE  FROM      YEAR
                                                  NORMAL
..................................................................
TEMPERATURE (F)
 YESTERDAY
  MAXIMUM         30   1159 PM  51    2014  27      3        4
  MINIMUM         22    711 AM -21    1901  12     10       -9
  AVERAGE         26                        20      6       -2

PRECIPITATION (IN)
  YESTERDAY        0.05          0.71 1902   0.03   0.02     0.03
  MONTH TO DATE    0.63                      0.60   0.03     0.65
  SINCE DEC 1      0.63                      0.60   0.03     0.65
  SINCE JAN 1     32.20                     30.05   2.15    38.83

SNOWFALL (IN)
  YESTERDAY        0.7           7.0  1902   0.4    0.3      0.2
  MONTH TO DATE    4.3                       6.1   -1.8      9.7
  SINCE DEC 1      4.3                       6.1   -1.8      9.7
  SINCE JUL 1      5.0                      16.0  -11.0     12.0
  SNOW DEPTH       2

DEGREE DAYS
 HEATING
  YESTERDAY       39                        46     -7       67
  MONTH TO DATE  573                       644    -71      689
  SINCE DEC 1    573                       644    -71      689
  SINCE JUL 1   1983                      2263   -280     1733

 COOLING
  YESTERDAY        0                         0      0        0
  MONTH TO DATE    0                         0      0        0
  SINCE DEC 1      0                         0      0        0
  SINCE JAN 1    830                       753     77      964
..................................................................


WIND (MPH)
  HIGHEST WIND SPEED    15   HIGHEST WIND DIRECTION     W (290)
  HIGHEST GUST SPEED    23   HIGHEST GUST DIRECTION     W (280)
  AVERAGE WIND SPEED     5.5


SKY COVER
  POSSIBLE SUNSHINE  MM
  AVERAGE SKY COVER 1.0


WEATHER CONDITIONS
 THE FOLLOWING WEATHER WAS RECORDED YESTERDAY.
  LIGHT SNOW
  FOG


RELATIVE HUMIDITY (PERCENT)
 HIGHEST   100           900 PM
 LOWEST     74          1200 AM
 AVERAGE    87

..........................................................


THE TWIN CITIES MN CLIMATE NORMALS FOR TODAY
                         NORMAL    RECORD    YEAR
 MAXIMUM TEMPERATURE (F)   27        58      1939
 MINIMUM TEMPERATURE (F)   12       -22      1876


SUNRISE AND SUNSET
DECEMBER 16 2017......SUNRISE   745 AM CST   SUNSET   433 PM CST
DECEMBER 17 2017......SUNRISE   745 AM CST   SUNSET   433 PM CST


-  INDICATES NEGATIVE NUMBERS.
R  INDICATES RECORD WAS SET OR TIED.
MM INDICATES DATA IS MISSING.
T  INDICATES TRACE AMOUNT.




$$
