000
CDUS43 KMPX 200750
CLIMSP


CLIMATE REPORT
NATIONAL WEATHER SERVICE CHANHASSEN MN
249 AM CDT FRI OCT 20 2017


...................................

...THE TWIN CITIES MN CLIMATE SUMMARY FOR OCTOBER 19 2017...

CLIMATE NORMAL PERIOD 1981 TO 2010
CLIMATE RECORD PERIOD 1871 TO 2017


WEATHER ITEM   OBSERVED TIME   RECORD YEAR NORMAL DEPARTURE LAST
                VALUE   (LST)  VALUE       VALUE  FROM      YEAR
                                                  NORMAL
..................................................................
TEMPERATURE (F)
 YESTERDAY
  MAXIMUM         74    245 PM  84    2000  57     17       56
  MINIMUM         43    644 AM  15    1972  39      4       43
  AVERAGE         59                        48     11       50

PRECIPITATION (IN)
  YESTERDAY        0.00          2.75 1934   0.07  -0.07     0.00
  MONTH TO DATE    3.76                      1.66   2.10     2.46
  SINCE SEP 1      4.80                      4.74   0.06     7.93
  SINCE JAN 1     30.45                     26.91   3.54    34.25

SNOWFALL (IN)
  YESTERDAY        0.0           1.3  1916   0.0    0.0      0.0
  MONTH TO DATE    0.0                       0.1   -0.1      0.0
  SINCE SEP 1      0.0                       0.1   -0.1       T
  SINCE JUL 1      0.0                       0.1   -0.1       T
  SNOW DEPTH       0

DEGREE DAYS
 HEATING
  YESTERDAY        6                        17    -11       15
  MONTH TO DATE  182                       264    -82      171
  SINCE SEP 1    247                       418   -171      221
  SINCE JUL 1    254                       437   -183      224

 COOLING
  YESTERDAY        0                         0      0        0
  MONTH TO DATE    0                         3     -3        2
  SINCE SEP 1    141                        69     72       93
  SINCE JAN 1    829                       750     79      964
..................................................................


WIND (MPH)
  HIGHEST WIND SPEED    18   HIGHEST WIND DIRECTION     S (180)
  HIGHEST GUST SPEED    26   HIGHEST GUST DIRECTION     S (170)
  AVERAGE WIND SPEED     7.4


SKY COVER
  POSSIBLE SUNSHINE  MM
  AVERAGE SKY COVER 0.3


WEATHER CONDITIONS
 THE FOLLOWING WEATHER WAS RECORDED YESTERDAY.
  NO SIGNIFICANT WEATHER WAS OBSERVED.


RELATIVE HUMIDITY (PERCENT)
 HIGHEST    70           700 AM
 LOWEST     23           200 PM
 AVERAGE    47

..........................................................


THE TWIN CITIES MN CLIMATE NORMALS FOR TODAY
                         NORMAL    RECORD    YEAR
 MAXIMUM TEMPERATURE (F)   56        83      1953
 MINIMUM TEMPERATURE (F)   38        18      1960


SUNRISE AND SUNSET
OCTOBER 20 2017.......SUNRISE   735 AM CDT   SUNSET   619 PM CDT
OCTOBER 21 2017.......SUNRISE   737 AM CDT   SUNSET   617 PM CDT


-  INDICATES NEGATIVE NUMBERS.
R  INDICATES RECORD WAS SET OR TIED.
MM INDICATES DATA IS MISSING.
T  INDICATES TRACE AMOUNT.




$$
