000
CDUS43 KMPX 060648
CLIMSP


CLIMATE REPORT
NATIONAL WEATHER SERVICE CHANHASSEN MN
1247 AM CST FRI MAR 6 2015


...................................

...THE TWIN CITIES MN CLIMATE SUMMARY FOR MARCH 5 2015...

CLIMATE NORMAL PERIOD 1981 TO 2010
CLIMATE RECORD PERIOD 1871 TO 2015


WEATHER ITEM   OBSERVED TIME   RECORD YEAR NORMAL DEPARTURE LAST
                VALUE   (LST)  VALUE       VALUE  FROM      YEAR
                                                  NORMAL
..................................................................
TEMPERATURE (F)
 YESTERDAY
  MAXIMUM         15    557 PM  72    2000  36    -21       24
  MINIMUM         -7    644 AM -14    1960  20    -27       12
  AVERAGE          4                        28    -24       18

PRECIPITATION (IN)
  YESTERDAY        0.00          0.70 1961   0.05  -0.05     0.00
  MONTH TO DATE    0.13                      0.25  -0.12     0.02
  SINCE MAR 1      0.13                      0.25  -0.12     0.02
  SINCE JAN 1      0.82                      1.92  -1.10     2.85

SNOWFALL (IN)
  YESTERDAY        0.0          11.0  1915   0.4   -0.4      0.0
  MONTH TO DATE    1.9                       2.1   -0.2      0.3
  SINCE MAR 1      1.9                       2.1   -0.2      0.3
  SINCE JUL 1     27.2                      43.8  -16.6     58.4
  SNOW DEPTH       2

DEGREE DAYS
 HEATING
  YESTERDAY       61                        37     24       47
  MONTH TO DATE  259                       190     69      299
  SINCE MAR 1    259                       190     69      299
  SINCE JUL 1   6224                      5980    244     6752

 COOLING
  YESTERDAY        0                         0      0        0
  MONTH TO DATE    0                         0      0        0
  SINCE MAR 1      0                         0      0        0
  SINCE JAN 1      0                         0      0        0
..................................................................


WIND (MPH)
  HIGHEST WIND SPEED    13   HIGHEST WIND DIRECTION     S (200)
  HIGHEST GUST SPEED    18   HIGHEST GUST DIRECTION     S (180)
  AVERAGE WIND SPEED     6.9


SKY COVER
  POSSIBLE SUNSHINE  MM
  AVERAGE SKY COVER 0.0


WEATHER CONDITIONS
 THE FOLLOWING WEATHER WAS RECORDED YESTERDAY.
  NO SIGNIFICANT WEATHER WAS OBSERVED.


RELATIVE HUMIDITY (PERCENT)
 HIGHEST    79           900 AM
 LOWEST     48           200 PM
 AVERAGE    64

..........................................................


THE TWIN CITIES MN CLIMATE NORMALS FOR TODAY
                         NORMAL    RECORD    YEAR
 MAXIMUM TEMPERATURE (F)   36        69      2000
 MINIMUM TEMPERATURE (F)   20       -16      1890


SUNRISE AND SUNSET
MARCH  6 2015.........SUNRISE   642 AM CST   SUNSET   607 PM CST
MARCH  7 2015.........SUNRISE   640 AM CST   SUNSET   608 PM CST


-  INDICATES NEGATIVE NUMBERS.
R  INDICATES RECORD WAS SET OR TIED.
MM INDICATES DATA IS MISSING.
T  INDICATES TRACE AMOUNT.




$$
