000
CDUS41 KBTV 310600
CLIMSS


CLIMATE REPORT
NATIONAL WEATHER SERVICE BURLINGTON VT
1256 AM EST SAT JAN 31 2015


...................................

...THE MASSENA NY CLIMATE SUMMARY FOR JANUARY 30 2015...

CLIMATE NORMAL PERIOD 1981 TO 2010
CLIMATE RECORD PERIOD 1948 TO 2015


WEATHER ITEM   OBSERVED TIME   RECORD YEAR NORMAL DEPARTURE LAST
                VALUE   (LST)  VALUE       VALUE  FROM      YEAR
                                                  NORMAL
..................................................................
TEMPERATURE (F)
 YESTERDAY
  MAXIMUM         29    443 AM  63    2013  25      4       28
  MINIMUM         -1   1159 PM -22    2007   5     -6        7
  AVERAGE         14                        15     -1       18

PRECIPITATION (IN)
  YESTERDAY        0.11          1.06        0.06   0.05     0.00
  MONTH TO DATE    1.28                      2.12  -0.84     1.46
  SINCE DEC 1      2.26                      4.55  -2.29     3.09
  SINCE JAN 1      1.28                      2.12  -0.84     1.46

DEGREE DAYS
 HEATING
  YESTERDAY       51                        50      1       47
  MONTH TO DATE 1612                      1515     97     1535
  SINCE DEC 1   2792                      2845    -53     2995
  SINCE JUL 1   4353                      4614   -261     4746

 COOLING
  YESTERDAY        0                         0      0        0
  MONTH TO DATE    0                         0      0        0
  SINCE DEC 1      0                         0      0        0
  SINCE JAN 1      0                         0      0        0
..................................................................


WIND (MPH)
  HIGHEST WIND SPEED    24   HIGHEST WIND DIRECTION     W (290)
  HIGHEST GUST SPEED    29   HIGHEST GUST DIRECTION    NW (310)
  AVERAGE WIND SPEED    11.6


SKY COVER
  AVERAGE SKY COVER 0.7


WEATHER CONDITIONS
 THE FOLLOWING WEATHER WAS RECORDED YESTERDAY.
  LIGHT SNOW
  FOG
  HAZE


RELATIVE HUMIDITY (PERCENT)
 HIGHEST   100          1200 AM
 LOWEST     53           400 PM
 AVERAGE    77

..........................................................


THE MASSENA NY CLIMATE NORMALS FOR TODAY
                         NORMAL    RECORD    YEAR
 MAXIMUM TEMPERATURE (F)   25        59      1988
 MINIMUM TEMPERATURE (F)    5       -24      1994


SUNRISE AND SUNSET
JANUARY 31 2015.......SUNRISE   720 AM EST   SUNSET   506 PM EST
FEBRUARY  1 2015......SUNRISE   719 AM EST   SUNSET   507 PM EST


-  INDICATES NEGATIVE NUMBERS.
R  INDICATES RECORD WAS SET OR TIED.
MM INDICATES DATA IS MISSING.
T  INDICATES TRACE AMOUNT.




$$
