000
CDUS41 KBTV 160536
CLIMSS


CLIMATE REPORT
NATIONAL WEATHER SERVICE BURLINGTON VT
1234 AM EST SAT DEC 16 2017


...................................

...THE MASSENA NY CLIMATE SUMMARY FOR DECEMBER 15 2017...

CLIMATE NORMAL PERIOD 1981 TO 2010
CLIMATE RECORD PERIOD 1948 TO 2017


WEATHER ITEM   OBSERVED TIME   RECORD YEAR NORMAL DEPARTURE LAST
                VALUE   (LST)  VALUE       VALUE  FROM      YEAR
                                                  NORMAL
..................................................................
TEMPERATURE (F)
 YESTERDAY
  MAXIMUM         20    440 PM  56    1975  31    -11       20
  MINIMUM        -12    536 AM -15    1989  14    -26       -2
  AVERAGE          4                        22    -18        9

PRECIPITATION (IN)
  YESTERDAY        T             0.83        0.08  -0.08      T
  MONTH TO DATE    0.30                      1.27  -0.97     0.76
  SINCE DEC 1      0.30                      1.27  -0.97     0.76
  SINCE JAN 1     38.35                     33.80   4.55    28.64

DEGREE DAYS
 HEATING
  YESTERDAY       61                        43     18       56
  MONTH TO DATE  570                       593    -23      548
  SINCE DEC 1    570                       593    -23      548
  SINCE JUL 1   1969                      2362   -393     1954

 COOLING
  YESTERDAY        0                         0      0        0
  MONTH TO DATE    0                         0      0        0
  SINCE DEC 1      0                         0      0        0
  SINCE JAN 1    399                       363     36      527
..................................................................


WIND (MPH)
  HIGHEST WIND SPEED     8   HIGHEST WIND DIRECTION    NE (50)
  HIGHEST GUST SPEED     9   HIGHEST GUST DIRECTION    NE (40)
  AVERAGE WIND SPEED     2.8


SKY COVER
  AVERAGE SKY COVER 0.7


WEATHER CONDITIONS
 THE FOLLOWING WEATHER WAS RECORDED YESTERDAY.
  LIGHT SNOW
  FOG


RELATIVE HUMIDITY (PERCENT)
 HIGHEST    95          1200 AM
 LOWEST     73           100 PM
 AVERAGE    84

..........................................................


THE MASSENA NY CLIMATE NORMALS FOR TODAY
                         NORMAL    RECORD    YEAR
 MAXIMUM TEMPERATURE (F)   30        54      1992
 MINIMUM TEMPERATURE (F)   14       -21      2013


SUNRISE AND SUNSET
DECEMBER 16 2017......SUNRISE   731 AM EST   SUNSET   419 PM EST
DECEMBER 17 2017......SUNRISE   732 AM EST   SUNSET   419 PM EST


-  INDICATES NEGATIVE NUMBERS.
R  INDICATES RECORD WAS SET OR TIED.
MM INDICATES DATA IS MISSING.
T  INDICATES TRACE AMOUNT.




$$
