000
CDUS41 KBTV 190612
CLIMSS


CLIMATE REPORT
NATIONAL WEATHER SERVICE BURLINGTON VT
210 AM EDT SAT AUG 19 2017


...................................

...THE MASSENA NY CLIMATE SUMMARY FOR AUGUST 18 2017...

CLIMATE NORMAL PERIOD 1981 TO 2010
CLIMATE RECORD PERIOD 1948 TO 2017


WEATHER ITEM   OBSERVED TIME   RECORD YEAR NORMAL DEPARTURE LAST
                VALUE   (LST)  VALUE       VALUE  FROM      YEAR
                                                  NORMAL
..................................................................
TEMPERATURE (F)
 YESTERDAY
  MAXIMUM         87    237 PM  91    1955  78      9       81
  MINIMUM         63    448 AM  42    1968  55      8       60
  AVERAGE         75                        66      9       71

PRECIPITATION (IN)
  YESTERDAY        0.81R         0.81        0.11   0.70      T
  MONTH TO DATE    2.89                      2.12   0.77     1.63
  SINCE JUN 1     14.23                      9.21   5.02     9.29
  SINCE JAN 1     28.88                     21.14   7.74    18.63

DEGREE DAYS
 HEATING
  YESTERDAY        0                         2     -2        0
  MONTH TO DATE    4                        20    -16        0
  SINCE JUN 1    109                       139    -30       74
  SINCE JUL 1     15                        43    -28        9

 COOLING
  YESTERDAY       10                         3      7        6
  MONTH TO DATE   78                        68     10      135
  SINCE JUN 1    281                       288     -7      363
  SINCE JAN 1    297                       302     -5      409
..................................................................


WIND (MPH)
  HIGHEST WIND SPEED    20   HIGHEST WIND DIRECTION    SW (220)
  HIGHEST GUST SPEED    25   HIGHEST GUST DIRECTION     S (200)
  AVERAGE WIND SPEED     6.9


SKY COVER
  AVERAGE SKY COVER 0.6


WEATHER CONDITIONS
 THE FOLLOWING WEATHER WAS RECORDED YESTERDAY.
  HEAVY RAIN
  RAIN
  LIGHT RAIN
  FOG


RELATIVE HUMIDITY (PERCENT)
 HIGHEST   100           700 AM
 LOWEST     55           300 PM
 AVERAGE    78

..........................................................


THE MASSENA NY CLIMATE NORMALS FOR TODAY
                         NORMAL    RECORD    YEAR
 MAXIMUM TEMPERATURE (F)   78        91      1971
 MINIMUM TEMPERATURE (F)   55        41      1977


SUNRISE AND SUNSET
AUGUST 19 2017........SUNRISE   606 AM EDT   SUNSET   759 PM EDT
AUGUST 20 2017........SUNRISE   607 AM EDT   SUNSET   757 PM EDT


-  INDICATES NEGATIVE NUMBERS.
R  INDICATES RECORD WAS SET OR TIED.
MM INDICATES DATA IS MISSING.
T  INDICATES TRACE AMOUNT.




$$
