000
CDUS41 KBTV 280546
CLIMSS


CLIMATE REPORT
NATIONAL WEATHER SERVICE BURLINGTON VT
144 AM EDT MON JUL 28 2014


...................................

...THE MASSENA NY CLIMATE SUMMARY FOR JULY 27 2014...

CLIMATE NORMAL PERIOD 1981 TO 2010
CLIMATE RECORD PERIOD 1948 TO 2014


WEATHER ITEM   OBSERVED TIME   RECORD YEAR NORMAL DEPARTURE LAST
                VALUE   (LST)  VALUE       VALUE  FROM      YEAR
                                                  NORMAL
..................................................................
TEMPERATURE (F)
 YESTERDAY
  MAXIMUM         78    306 PM  96    1949  80     -2       81
  MINIMUM         61   1112 PM  40    2001  58      3       47
  AVERAGE         70                        69      1       64

PRECIPITATION (IN)
  YESTERDAY        0.46          0.64        0.12   0.34     0.04
  MONTH TO DATE    4.21                      3.10   1.11     3.17
  SINCE JUN 1      9.14                      6.62   2.52    10.79
  SINCE JAN 1     19.07                     18.55   0.52    19.09

DEGREE DAYS
 HEATING
  YESTERDAY        0                         1     -1        1
  MONTH TO DATE    9                        27    -18       21
  SINCE JUN 1     47                       123    -76      137
  SINCE JUL 1      9                        27    -18       21

 COOLING
  YESTERDAY        5                         5      0        0
  MONTH TO DATE  107                       132    -25      190
  SINCE JUN 1    191                       207    -16      267
  SINCE JAN 1    206                       221    -15      290
..................................................................


WIND (MPH)
  HIGHEST WIND SPEED    16   HIGHEST WIND DIRECTION     W (280)
  HIGHEST GUST SPEED    23   HIGHEST GUST DIRECTION    NW (320)
  AVERAGE WIND SPEED     5.8


SKY COVER
  AVERAGE SKY COVER 0.5


WEATHER CONDITIONS
 THE FOLLOWING WEATHER WAS RECORDED YESTERDAY.
  THUNDERSTORM
  HEAVY RAIN
  RAIN
  LIGHT RAIN
  FOG


RELATIVE HUMIDITY (PERCENT)
 HIGHEST   100           200 AM
 LOWEST     67           300 PM
 AVERAGE    84

..........................................................


THE MASSENA NY CLIMATE NORMALS FOR TODAY
                         NORMAL    RECORD    YEAR
 MAXIMUM TEMPERATURE (F)   80        95      1949
 MINIMUM TEMPERATURE (F)   58        42      2001


SUNRISE AND SUNSET
JULY 28 2014..........SUNRISE   540 AM EDT   SUNSET   831 PM EDT
JULY 29 2014..........SUNRISE   542 AM EDT   SUNSET   830 PM EDT


-  INDICATES NEGATIVE NUMBERS.
R  INDICATES RECORD WAS SET OR TIED.
MM INDICATES DATA IS MISSING.
T  INDICATES TRACE AMOUNT.




$$
