000
CDUS41 KBTV 180542
CLIMSS


CLIMATE REPORT
NATIONAL WEATHER SERVICE BURLINGTON VT
1240 AM EST THU DEC 18 2014


...................................

...THE MASSENA NY CLIMATE SUMMARY FOR DECEMBER 17 2014...

CLIMATE NORMAL PERIOD 1981 TO 2010
CLIMATE RECORD PERIOD 1948 TO 2014


WEATHER ITEM   OBSERVED TIME   RECORD YEAR NORMAL DEPARTURE LAST
                VALUE   (LST)  VALUE       VALUE  FROM      YEAR
                                                  NORMAL
..................................................................
TEMPERATURE (F)
 YESTERDAY
  MAXIMUM         39    202 PM  54    1996  30      9        7
  MINIMUM         33    813 AM -25    2013  13     20      -25
  AVERAGE         36                        21     15       -9

PRECIPITATION (IN)
  YESTERDAY        0.03          0.75        0.08  -0.05      T
  MONTH TO DATE    0.47                      1.42  -0.95     0.23
  SINCE DEC 1      0.47                      1.42  -0.95     0.23
  SINCE JAN 1     30.63                     33.95  -3.32    34.11

DEGREE DAYS
 HEATING
  YESTERDAY       29                        44    -15       74
  MONTH TO DATE  648                       680    -32      785
  SINCE DEC 1    648                       680    -32      785
  SINCE JUL 1   2209                      2449   -240     2536

 COOLING
  YESTERDAY        0                         0      0        0
  MONTH TO DATE    0                         0      0        0
  SINCE DEC 1      0                         0      0        0
  SINCE JAN 1    336                       363    -27      418
..................................................................


WIND (MPH)
  HIGHEST WIND SPEED    15   HIGHEST WIND DIRECTION    SW (220)
  HIGHEST GUST SPEED    19   HIGHEST GUST DIRECTION    SW (220)
  AVERAGE WIND SPEED     5.9


SKY COVER
  AVERAGE SKY COVER 1.0


WEATHER CONDITIONS
 THE FOLLOWING WEATHER WAS RECORDED YESTERDAY.
  LIGHT RAIN
  LIGHT SNOW
  FOG


RELATIVE HUMIDITY (PERCENT)
 HIGHEST   100           800 AM
 LOWEST     89           100 AM
 AVERAGE    95

..........................................................


THE MASSENA NY CLIMATE NORMALS FOR TODAY
                         NORMAL    RECORD    YEAR
 MAXIMUM TEMPERATURE (F)   29        44      1949
 MINIMUM TEMPERATURE (F)   13       -16      1985


SUNRISE AND SUNSET
DECEMBER 18 2014......SUNRISE   733 AM EST   SUNSET   419 PM EST
DECEMBER 19 2014......SUNRISE   733 AM EST   SUNSET   420 PM EST


-  INDICATES NEGATIVE NUMBERS.
R  INDICATES RECORD WAS SET OR TIED.
MM INDICATES DATA IS MISSING.
T  INDICATES TRACE AMOUNT.




$$
