000
CDUS41 KBTV 250539
CLIMSS


CLIMATE REPORT
NATIONAL WEATHER SERVICE BURLINGTON VT
134 AM EDT MON MAY 25 2015


...................................

...THE MASSENA NY CLIMATE SUMMARY FOR MAY 24 2015...

CLIMATE NORMAL PERIOD 1981 TO 2010
CLIMATE RECORD PERIOD 1948 TO 2015


WEATHER ITEM   OBSERVED TIME   RECORD YEAR NORMAL DEPARTURE LAST
                VALUE   (LST)  VALUE       VALUE  FROM      YEAR
                                                  NORMAL
..................................................................
TEMPERATURE (F)
 YESTERDAY
  MAXIMUM         80    342 PM  88    1966  69     11       72
  MINIMUM         53    539 AM  29    1956  46      7       48
  AVERAGE         67                        58      9       60

PRECIPITATION (IN)
  YESTERDAY        T             1.14        0.11  -0.11     0.10
  MONTH TO DATE    0.54                      2.36  -1.82     2.04
  SINCE MAR 1      3.56                      7.27  -3.71     7.12
  SINCE JAN 1      4.98                     11.22  -6.24     9.86

DEGREE DAYS
 HEATING
  YESTERDAY        0                         8     -8        5
  MONTH TO DATE  159                       270   -111      226
  SINCE MAR 1   2094                      2065     29     2353
  SINCE JUL 1   8260                      8052    208     8522

 COOLING
  YESTERDAY        2                         1      1        0
  MONTH TO DATE   22                         5     17       11
  SINCE MAR 1     22                         6     16       11
  SINCE JAN 1     22                         6     16       11
..................................................................


WIND (MPH)
  HIGHEST WIND SPEED    29   HIGHEST WIND DIRECTION    SW (230)
  HIGHEST GUST SPEED    37   HIGHEST GUST DIRECTION    SW (220)
  AVERAGE WIND SPEED    14.7


SKY COVER
  AVERAGE SKY COVER 0.1


WEATHER CONDITIONS
 THE FOLLOWING WEATHER WAS RECORDED YESTERDAY.
  NO SIGNIFICANT WEATHER WAS OBSERVED.


RELATIVE HUMIDITY (PERCENT)
 HIGHEST    46           600 AM
 LOWEST     26           500 PM
 AVERAGE    36

..........................................................


THE MASSENA NY CLIMATE NORMALS FOR TODAY
                         NORMAL    RECORD    YEAR
 MAXIMUM TEMPERATURE (F)   69        89      2010
 MINIMUM TEMPERATURE (F)   47        28      2002


SUNRISE AND SUNSET
MAY 25 2015...........SUNRISE   521 AM EDT   SUNSET   832 PM EDT
MAY 26 2015...........SUNRISE   520 AM EDT   SUNSET   833 PM EDT


-  INDICATES NEGATIVE NUMBERS.
R  INDICATES RECORD WAS SET OR TIED.
MM INDICATES DATA IS MISSING.
T  INDICATES TRACE AMOUNT.




$$
