000
CDUS41 KBTV 220941
CLIMSS


CLIMATE REPORT
NATIONAL WEATHER SERVICE BURLINGTON VT
539 AM EDT THU JUN 22 2017


...................................

...THE MASSENA NY CLIMATE SUMMARY FOR JUNE 21 2017...

CLIMATE NORMAL PERIOD 1981 TO 2010
CLIMATE RECORD PERIOD 1948 TO 2017


WEATHER ITEM   OBSERVED TIME   RECORD YEAR NORMAL DEPARTURE LAST
                VALUE   (LST)  VALUE       VALUE  FROM      YEAR
                                                  NORMAL
..................................................................
TEMPERATURE (F)
 YESTERDAY
  MAXIMUM         72    350 PM  95    1953  77     -5       76
  MINIMUM         57    501 AM  43    1969  55      2       54
  AVERAGE         65                        66     -1       65

PRECIPITATION (IN)
  YESTERDAY        0.06          1.63        0.12  -0.06     0.00
  MONTH TO DATE    1.47                      2.46  -0.99     2.74
  SINCE JUN 1      1.47                      2.46  -0.99     2.74
  SINCE JAN 1     16.12                     14.39   1.73    12.08

DEGREE DAYS
 HEATING
  YESTERDAY        0                         2     -2        0
  MONTH TO DATE   77                        81     -4       58
  SINCE JUN 1     77                        81     -4       58
  SINCE JUL 1   7094                      8182  -1088     7156

 COOLING
  YESTERDAY        0                         3     -3        0
  MONTH TO DATE   64                        41     23       37
  SINCE JUN 1     64                        41     23       37
  SINCE JAN 1     80                        55     25       83
..................................................................


WIND (MPH)
  HIGHEST WIND SPEED    20   HIGHEST WIND DIRECTION    SW (220)
  HIGHEST GUST SPEED    25   HIGHEST GUST DIRECTION    SW (220)
  AVERAGE WIND SPEED    10.8


SKY COVER
  AVERAGE SKY COVER 0.5


WEATHER CONDITIONS
 THE FOLLOWING WEATHER WAS RECORDED YESTERDAY.
  LIGHT RAIN


RELATIVE HUMIDITY (PERCENT)
 HIGHEST    97           900 PM
 LOWEST     68           400 PM
 AVERAGE    83

..........................................................


THE MASSENA NY CLIMATE NORMALS FOR TODAY
                         NORMAL    RECORD    YEAR
 MAXIMUM TEMPERATURE (F)   77        91      1983
 MINIMUM TEMPERATURE (F)   55        41      1950


SUNRISE AND SUNSET
JUNE 22 2017..........SUNRISE   513 AM EDT   SUNSET   850 PM EDT
JUNE 23 2017..........SUNRISE   514 AM EDT   SUNSET   850 PM EDT


-  INDICATES NEGATIVE NUMBERS.
R  INDICATES RECORD WAS SET OR TIED.
MM INDICATES DATA IS MISSING.
T  INDICATES TRACE AMOUNT.




$$
