000
CDUS41 KBTV 260531
CLIMSS


CLIMATE REPORT
NATIONAL WEATHER SERVICE BURLINGTON VT
129 AM EDT FRI AUG 26 2016


...................................

...THE MASSENA NY CLIMATE SUMMARY FOR AUGUST 25 2016...

CLIMATE NORMAL PERIOD 1981 TO 2010
CLIMATE RECORD PERIOD 1948 TO 2016


WEATHER ITEM   OBSERVED TIME   RECORD YEAR NORMAL DEPARTURE LAST
                VALUE   (LST)  VALUE       VALUE  FROM      YEAR
                                                  NORMAL
..................................................................
TEMPERATURE (F)
 YESTERDAY
  MAXIMUM         83    348 PM  91    2012  76      7       79
  MINIMUM         69   1258 AM  36    1989  54     15       52
  AVERAGE         76                        65     11       66

PRECIPITATION (IN)
  YESTERDAY        0.11          2.94        0.11   0.00     0.00
  MONTH TO DATE    2.31                      2.87  -0.56     3.24
  SINCE JUN 1      9.97                      9.96   0.01    11.78
  SINCE JAN 1     19.31                     21.89  -2.58    17.77

DEGREE DAYS
 HEATING
  YESTERDAY        0                         2     -2        0
  MONTH TO DATE    2                        34    -32        7
  SINCE JUN 1     76                       153    -77      130
  SINCE JUL 1     11                        57    -46       29

 COOLING
  YESTERDAY       11                         2      9        1
  MONTH TO DATE  175                        88     87      117
  SINCE JUN 1    403                       308     95      320
  SINCE JAN 1    449                       322    127      365
..................................................................


WIND (MPH)
  HIGHEST WIND SPEED    17   HIGHEST WIND DIRECTION    SW (210)
  HIGHEST GUST SPEED    22   HIGHEST GUST DIRECTION    SW (210)
  AVERAGE WIND SPEED     9.8


SKY COVER
  AVERAGE SKY COVER 0.4


WEATHER CONDITIONS
 THE FOLLOWING WEATHER WAS RECORDED YESTERDAY.
  RAIN
  LIGHT RAIN
  FOG


RELATIVE HUMIDITY (PERCENT)
 HIGHEST    90          1000 AM
 LOWEST     60           300 AM
 AVERAGE    75

..........................................................


THE MASSENA NY CLIMATE NORMALS FOR TODAY
                         NORMAL    RECORD    YEAR
 MAXIMUM TEMPERATURE (F)   76        92      1949
 MINIMUM TEMPERATURE (F)   54        37      1987


SUNRISE AND SUNSET
AUGUST 26 2016........SUNRISE   615 AM EDT   SUNSET   746 PM EDT
AUGUST 27 2016........SUNRISE   616 AM EDT   SUNSET   745 PM EDT


-  INDICATES NEGATIVE NUMBERS.
R  INDICATES RECORD WAS SET OR TIED.
MM INDICATES DATA IS MISSING.
T  INDICATES TRACE AMOUNT.




$$
